-- Dumping data for table `report_viewed_product_aggregated_monthly`
--


--
-- Table structure for table `report_viewed_product_aggregated_yearly`
--

CREATE TABLE `report_viewed_product_aggregated_yearly` (
  `id` int unsigned NOT NULL AUTO_INCREMENT COMMENT 'ID',
  `period` date DEFAULT NULL COMMENT 'Period',
  `store_id` smallint unsigned DEFAULT NULL COMMENT 'Store ID',
  `product_id` int unsigned DEFAULT NULL COMMENT 'Product ID',
  `product_name` varchar(255) DEFAULT NULL COMMENT 'Product Name',
  `product_price` decimal(12,4) NOT NULL DEFAULT '0.0000' COMMENT 'Product Price',
  `views_num` int NOT NULL DEFAULT '0' COMMENT 'Number of Views',
  `rating_pos` smallint unsigned NOT NULL DEFAULT '0' COMMENT 'Rating Pos',
  PRIMARY KEY (`id`),
  UNIQUE KEY `REPORT_VIEWED_PRD_AGGRED_YEARLY_PERIOD_STORE_ID_PRD_ID` (`period`,`store_id`,`product_id`),
  KEY `REPORT_VIEWED_PRODUCT_AGGREGATED_YEARLY_STORE_ID` (`store_id`),
  KEY `REPORT_VIEWED_PRODUCT_AGGREGATED_YEARLY_PRODUCT_ID` (`product_id`),
  CONSTRAINT `REPORT_VIEWED_PRD_AGGRED_YEARLY_PRD_ID_CAT_PRD_ENTT_ENTT_ID` FOREIGN KEY (`product_id`) REFERENCES `catalog_product_entity` (`entity_id`) ON DELETE CASCADE,
  CONSTRAINT `REPORT_VIEWED_PRODUCT_AGGREGATED_YEARLY_STORE_ID_STORE_STORE_ID` FOREIGN KEY (`store_id`) REFERENCES `store` (`store_id`) ON DELETE CASCADE
) ENGINE=InnoDB DEFAULT CHARSET=utf8mb3 COMMENT='Most Viewed Products Aggregated Yearly';

--
-- Dumping data for table `report_viewed_product_aggregated_yearly`
--


--
-- Table structure for table `report_viewed_product_index`
--

CREATE TABLE `report_viewed_product_index` (
  `index_id` bigint unsigned NOT NULL AUTO_INCREMENT COMMENT 'Index ID',
  `visitor_id` int unsigned DEFAULT NULL COMMENT 'Visitor ID',
  `customer_id` int unsigned DEFAULT NULL COMMENT 'Customer ID',
  `product_id` int unsigned NOT NULL COMMENT 'Product ID',
  `store_id` smallint unsigned DEFAULT NULL COMMENT 'Store ID',
  `added_at` timestamp NOT NULL DEFAULT CURRENT_TIMESTAMP COMMENT 'Added At',
  PRIMARY KEY (`index_id`),
  UNIQUE KEY `REPORT_VIEWED_PRODUCT_INDEX_VISITOR_ID_PRODUCT_ID` (`visitor_id`,`product_id`),
  UNIQUE KEY `REPORT_VIEWED_PRODUCT_INDEX_CUSTOMER_ID_PRODUCT_ID` (`customer_id`,`product_id`),
  KEY `REPORT_VIEWED_PRODUCT_INDEX_STORE_ID` (`store_id`),
  KEY `REPORT_VIEWED_PRODUCT_INDEX_ADDED_AT` (`added_at`),
  KEY `REPORT_VIEWED_PRODUCT_INDEX_PRODUCT_ID` (`product_id`),
  CONSTRAINT `REPORT_VIEWED_PRD_IDX_CSTR_ID_CSTR_ENTT_ENTT_ID` FOREIGN KEY (`customer_id`) REFERENCES `customer_entity` (`entity_id`) ON DELETE CASCADE,
  CONSTRAINT `REPORT_VIEWED_PRD_IDX_PRD_ID_CAT_PRD_ENTT_ENTT_ID` FOREIGN KEY (`product_id`) REFERENCES `catalog_product_entity` (`entity_id`) ON DELETE CASCADE,
  CONSTRAINT `REPORT_VIEWED_PRODUCT_INDEX_STORE_ID_STORE_STORE_ID` FOREIGN KEY (`store_id`) REFERENCES `store` (`store_id`) ON DELETE SET NULL
) ENGINE=InnoDB DEFAULT CHARSET=utf8mb3 COMMENT='Reports Viewed Product Index Table';

--
-- Dumping data for table `report_viewed_product_index`
--


--
-- Table structure for table `reporting_counts`
--

CREATE TABLE `reporting_counts` (
  `entity_id` int unsigned NOT NULL AUTO_INCREMENT COMMENT 'Entity ID',
  `type` varchar(255) DEFAULT NULL COMMENT 'Item Reported',
  `count` int unsigned DEFAULT NULL COMMENT 'Count Value',
  `updated_at` timestamp NOT NULL DEFAULT CURRENT_TIMESTAMP ON UPDATE CURRENT_TIMESTAMP COMMENT 'Updated At',
  PRIMARY KEY (`entity_id`)
) ENGINE=InnoDB DEFAULT CHARSET=utf8mb3 COMMENT='Reporting for all count related events generated via the cron job';

--
-- Dumping data for table `reporting_counts`
--


--
-- Table structure for table `reporting_module_status`
--

CREATE TABLE `reporting_module_status` (
  `entity_id` int unsigned NOT NULL AUTO_INCREMENT COMMENT 'Module ID',
  `name` varchar(255) DEFAULT NULL COMMENT 'Module Name',
  `active` varchar(255) DEFAULT NULL COMMENT 'Module Active Status',
  `setup_version` varchar(255) DEFAULT NULL COMMENT 'Module Version',
  `state` varchar(255) DEFAULT NULL COMMENT 'Module State',
  `updated_at` timestamp NOT NULL DEFAULT CURRENT_TIMESTAMP ON UPDATE CURRENT_TIMESTAMP COMMENT 'Updated At',
  PRIMARY KEY (`entity_id`)
) ENGINE=InnoDB DEFAULT CHARSET=utf8mb3 COMMENT='Module Status Table';

--
-- Dumping data for table `reporting_module_status`
--


--
-- Table structure for table `reporting_orders`
--

CREATE TABLE `reporting_orders` (
  `entity_id` int unsigned NOT NULL AUTO_INCREMENT COMMENT 'Entity ID',
  `customer_id` int unsigned DEFAULT NULL COMMENT 'Customer ID',
  `total` decimal(20,4) unsigned DEFAULT NULL,
  `total_base` decimal(20,4) unsigned DEFAULT NULL,
  `item_count` int unsigned NOT NULL COMMENT 'Line Item Count',
  `updated_at` timestamp NOT NULL DEFAULT CURRENT_TIMESTAMP COMMENT 'Updated At',
  PRIMARY KEY (`entity_id`)
) ENGINE=InnoDB DEFAULT CHARSET=utf8mb3 COMMENT='Reporting for all orders';

--
-- Dumping data for table `reporting_orders`
--


--
-- Table structure for table `reporting_system_updates`
--

CREATE TABLE `reporting_system_updates` (
  `entity_id` int unsigned NOT NULL AUTO_INCREMENT COMMENT 'Entity ID',
  `type` varchar(255) DEFAULT NULL COMMENT 'Update Type',
  `action` varchar(255) DEFAULT NULL COMMENT 'Action Performed',
  `updated_at` timestamp NOT NULL DEFAULT CURRENT_TIMESTAMP COMMENT 'Updated At',
  PRIMARY KEY (`entity_id`)
) ENGINE=InnoDB DEFAULT CHARSET=utf8mb3 COMMENT='Reporting for system updates';

--
-- Dumping data for table `reporting_system_updates`
--


--
-- Table structure for table `reporting_users`
--

CREATE TABLE `reporting_users` (
  `entity_id` int unsigned NOT NULL AUTO_INCREMENT COMMENT 'Entity ID',
  `type` varchar(255) DEFAULT NULL COMMENT 'User Type',
  `action` varchar(255) DEFAULT NULL COMMENT 'Action Performed',
  `updated_at` timestamp NOT NULL DEFAULT CURRENT_TIMESTAMP COMMENT 'Updated At',
  PRIMARY KEY (`entity_id`)
) ENGINE=InnoDB DEFAULT CHARSET=utf8mb3 COMMENT='Reporting for user actions';

--
-- Dumping data for table `reporting_users`
--


--
-- Table structure for table `review`
--

CREATE TABLE `review` (
  `review_id` bigint unsigned NOT NULL AUTO_INCREMENT COMMENT 'Review ID',
  `created_at` timestamp NOT NULL DEFAULT CURRENT_TIMESTAMP COMMENT 'Review create date',
  `entity_id` smallint unsigned NOT NULL DEFAULT '0' COMMENT 'Entity ID',
  `entity_pk_value` int unsigned NOT NULL DEFAULT '0' COMMENT 'Product ID',
  `status_id` smallint unsigned NOT NULL DEFAULT '0' COMMENT 'Status code',
  PRIMARY KEY (`review_id`),
  KEY `REVIEW_ENTITY_ID` (`entity_id`),
  KEY `REVIEW_STATUS_ID` (`status_id`),
  KEY `REVIEW_ENTITY_PK_VALUE` (`entity_pk_value`),
  CONSTRAINT `REVIEW_ENTITY_ID_REVIEW_ENTITY_ENTITY_ID` FOREIGN KEY (`entity_id`) REFERENCES `review_entity` (`entity_id`) ON DELETE CASCADE,
  CONSTRAINT `REVIEW_STATUS_ID_REVIEW_STATUS_STATUS_ID` FOREIGN KEY (`status_id`) REFERENCES `review_status` (`status_id`)
) ENGINE=InnoDB AUTO_INCREMENT=109 DEFAULT CHARSET=utf8mb3 COMMENT='Review base information';

--
-- Dumping data for table `review`
--

INSERT INTO `review` VALUES (2,'2024-01-27 00:55:12',1,3,1),(3,'2024-01-27 01:10:07',1,7,1),(4,'2024-01-27 01:19:30',1,7,1),(5,'2024-01-27 01:22:06',1,7,1),(6,'2024-01-27 01:25:29',1,8,1),(7,'2024-01-27 01:28:38',1,8,1),(8,'2024-01-27 01:30:08',1,8,1),(9,'2024-01-27 01:32:37',1,9,1),(10,'2024-01-27 01:35:02',1,9,1),(11,'2024-01-27 01:47:02',1,9,1),(12,'2024-01-27 01:48:04',1,9,1),(13,'2024-01-27 01:50:27',1,7,1),(14,'2024-01-27 01:52:40',1,3,1),(15,'2024-01-27 02:07:03',1,3,1),(16,'2024-01-29 15:42:28',1,11,1),(17,'2024-01-29 15:43:11',1,11,1),(18,'2024-01-29 15:43:41',1,11,1),(19,'2024-01-29 15:50:23',1,12,1),(20,'2024-01-29 15:51:31',1,12,1),(21,'2024-01-29 15:52:03',1,12,1),(22,'2024-01-29 15:53:17',1,13,1),(23,'2024-01-29 15:54:25',1,13,1),(24,'2024-01-29 15:55:02',1,13,1),(25,'2024-01-29 15:56:16',1,13,1),(26,'2024-01-29 15:57:31',1,13,1),(27,'2024-01-29 16:01:27',1,19,1),(28,'2024-01-29 16:05:36',1,19,1),(29,'2024-01-29 16:06:10',1,19,1),(30,'2024-01-29 16:14:35',1,14,1),(31,'2024-01-29 16:16:22',1,14,1),(32,'2024-01-29 16:18:40',1,14,1),(33,'2024-01-29 16:21:11',1,16,1),(34,'2024-01-29 16:23:02',1,16,1),(35,'2024-01-29 16:23:31',1,16,1),(36,'2024-01-29 16:24:15',1,17,1),(37,'2024-01-29 16:25:22',1,17,1),(38,'2024-01-29 16:25:56',1,17,1),(39,'2024-01-29 16:27:32',1,17,1),(40,'2024-01-29 16:31:21',1,18,1),(41,'2024-01-29 16:31:51',1,18,1),(42,'2024-01-29 16:35:11',1,18,1),(43,'2024-01-29 17:16:27',1,20,1),(44,'2024-01-29 17:16:51',1,20,1),(45,'2024-01-29 17:17:32',1,20,1),(46,'2024-01-29 17:18:55',1,23,1),(47,'2024-01-29 17:19:44',1,23,1),(48,'2024-01-29 17:23:53',1,23,1),(49,'2024-01-29 19:02:00',1,27,1),(50,'2024-01-29 19:07:04',1,27,1),(51,'2024-01-29 19:07:26',1,27,1),(52,'2024-01-29 19:36:28',1,29,1),(53,'2024-01-29 19:37:06',1,29,1),(54,'2024-01-29 19:37:47',1,29,1),(55,'2024-01-29 19:40:18',1,21,1),(56,'2024-01-29 19:40:59',1,21,1),(57,'2024-01-29 19:41:39',1,21,1),(58,'2024-01-29 19:44:19',1,36,1),(59,'2024-01-29 19:45:01',1,36,1),(60,'2024-01-29 19:45:48',1,36,1),(61,'2024-01-29 19:48:17',1,35,1),(62,'2024-01-29 19:49:17',1,35,1),(63,'2024-01-29 19:50:10',1,35,1),(64,'2024-01-29 19:51:31',1,33,1),(65,'2024-01-29 19:52:00',1,33,1),(66,'2024-01-29 19:55:08',1,33,1),(67,'2024-01-29 19:55:46',1,33,1),(68,'2024-01-29 19:57:14',1,33,1),(69,'2024-01-29 20:00:11',1,32,1),(70,'2024-01-29 20:00:53',1,32,1),(71,'2024-01-29 20:01:32',1,32,1),(72,'2024-01-29 20:03:35',1,30,1),(73,'2024-01-29 20:04:11',1,30,1),(74,'2024-01-29 20:04:41',1,30,1),(75,'2024-01-29 20:05:50',1,31,1),(76,'2024-01-29 20:08:57',1,31,1),(77,'2024-01-29 20:10:47',1,31,1),(78,'2024-01-29 20:11:30',1,31,1),(79,'2024-01-29 20:24:43',1,28,1),(80,'2024-01-29 20:25:40',1,28,1),(81,'2024-01-29 20:26:36',1,28,1),(82,'2024-01-29 20:36:28',1,22,1),(83,'2024-01-29 20:37:08',1,22,1),(84,'2024-01-29 20:37:50',1,22,1),(85,'2024-01-29 20:38:45',1,25,1),(86,'2024-01-29 20:39:27',1,25,1),(87,'2024-01-29 20:40:07',1,25,1),(88,'2024-01-29 20:40:54',1,25,1),(89,'2024-01-29 20:41:39',1,26,1),(90,'2024-01-29 20:42:02',1,26,1),(91,'2024-01-29 20:42:48',1,26,1),(92,'2024-01-29 20:44:25',1,37,1),(93,'2024-01-29 20:45:10',1,37,1),(94,'2024-01-29 20:45:50',1,37,1),(95,'2024-01-29 21:06:47',1,15,1),(96,'2024-01-29 22:02:14',1,15,1),(97,'2024-01-29 22:02:55',1,15,1),(98,'2024-01-29 22:03:28',1,15,1),(99,'2024-01-29 22:07:44',1,34,1),(100,'2024-01-29 22:08:39',1,34,1),(101,'2024-01-29 22:09:18',1,34,1),(102,'2024-01-29 22:12:53',1,3,1),(103,'2024-02-01 17:46:32',1,3,1),(104,'2024-02-08 00:51:19',1,3,1),(105,'2024-02-08 01:52:00',1,3,1),(106,'2024-02-08 03:06:16',1,28,2),(107,'2024-02-08 04:03:36',1,3,1),(108,'2024-02-10 00:03:39',1,7,2);

--
-- Table structure for table `review_detail`
--

CREATE TABLE `review_detail` (
  `detail_id` bigint unsigned NOT NULL AUTO_INCREMENT COMMENT 'Review detail ID',
  `review_id` bigint unsigned NOT NULL DEFAULT '0' COMMENT 'Review ID',
  `store_id` smallint unsigned DEFAULT '0' COMMENT 'Store ID',
  `title` varchar(255) NOT NULL COMMENT 'Title',
  `detail` text NOT NULL COMMENT 'Detail description',
  `nickname` varchar(128) NOT NULL COMMENT 'User nickname',
  `customer_id` int unsigned DEFAULT NULL COMMENT 'Customer ID',
  PRIMARY KEY (`detail_id`),
  KEY `REVIEW_DETAIL_REVIEW_ID` (`review_id`),
  KEY `REVIEW_DETAIL_STORE_ID` (`store_id`),
  KEY `REVIEW_DETAIL_CUSTOMER_ID` (`customer_id`),
  CONSTRAINT `REVIEW_DETAIL_CUSTOMER_ID_CUSTOMER_ENTITY_ENTITY_ID` FOREIGN KEY (`customer_id`) REFERENCES `customer_entity` (`entity_id`) ON DELETE SET NULL,
  CONSTRAINT `REVIEW_DETAIL_REVIEW_ID_REVIEW_REVIEW_ID` FOREIGN KEY (`review_id`) REFERENCES `review` (`review_id`) ON DELETE CASCADE,
  CONSTRAINT `REVIEW_DETAIL_STORE_ID_STORE_STORE_ID` FOREIGN KEY (`store_id`) REFERENCES `store` (`store_id`) ON DELETE SET NULL
) ENGINE=InnoDB AUTO_INCREMENT=109 DEFAULT CHARSET=utf8mb3 COMMENT='Review detail information';

--
-- Dumping data for table `review_detail`
--

INSERT INTO `review_detail` VALUES (2,2,1,'Comida deliciosa','Me gustó el sabor de la comida, la atención y que todo estaba fresco y servido al instante.\r\nLo recomiendo bastante!! \r\n','Axel',NULL),(3,3,1,'Comida deliciosa','Me encanto la comida y el servicio, asi como el ambiente del lugar muy hogareño.\r\nEn definitiva regresaré!!','Axl',NULL),(4,4,1,'Excelente ambiente y buena presentación','Agradable ambiente, buen espacio para que quepan desde familias pequeñas a numerosas.\r\nLa comida es servida al momento y muy deliciosa.\r\nLo recomiendo.','José Torres',NULL),(5,5,1,'Excelente servició','Te entregan el pedido bastante rapido, la atención al cliente es muy buena y los alimentas ni se diga.\r\nEn definitiva un buen lugar para ir a comer y pasar el rato con la familia.\r\n5 Estrellas.','Abraham pérez',NULL),(6,6,1,'Excelente servicio','Vaya sabores los que encuentras en este lugar! el servicio es muy bueno y los alimentos son servidos al momento, además de que todo es delicioso.\r\nAmpliamente recomendado si vas con familia o solo, de igual manera hay área para todo tipo de ocasiones. ','Carlos mendez',NULL),(7,7,1,'Excelente coctelería y buena atención','Me gusto mucho la amplia coctelería que manejan, también que tengan una barra para pedir servicio al momento. \r\nBuenas botanas y amplia gama de comida corrida.\r\nLo recomiendo bastante!!','Joaquín Fernandez',NULL),(8,8,1,'Buen Lugar para ir a desayunar o comer!','Muy buen Lugar con buena variedad de alimentos, además de que todo se ve fresco y servido al momento.\r\nSi tienes ganas de comer en un lugar confiable y sabroso es el lugar adecuado. \r\nRecomendado.','Daniel Castillo',NULL),(9,9,1,'Buena variedad de alimentos!','Bastantes alimentos para escoger y una gama amplia de bebidas.\r\nBuen lugar para ir a merendar.\r\nRecomendado!','Ramón Valdéz',NULL),(10,10,1,'Buenos precios y comida sabrosa','Muy contento con el precio de los alimentos, asi como la variedad y recomendaciones de los meseros.\r\nTodo muy rico y llenador. bastante recomendado!!','Oscar almanza',NULL),(11,11,1,'Bueno, bonito y buen precio.','Si quieren optar por un lugar con buenos precios, buena comida y excelente ambiente, les recomiendo mucho este lugar.\r\nBuena atención al cliente y muy limpio.','Carmen avila',NULL),(12,12,1,'Buen servicio.','La comida 10/10\r\nServicio 10/10\r\nBebidas 10/10\r\nExcelente servicio','Gerardo Garcia',NULL),(13,13,1,'Buena presentación y comida sabrosa','Buena presentacion, el sabor es muy bueno y los alimentos son preparados al momento.\r\nBastante recomendable','Javier hernandez',NULL),(14,14,1,'vaya sabores los de este lugar!','Buenos tacos y buenas bebidas!\r\nLo recomiendo por la variedad de alimentos y variedad de bebidas y cocteles que preparan..','Jonathan orozco',NULL),(15,15,1,'%100 recomendado','Buen sabor de los alimentos, variedad y buenos precios!!','Mario gomez',NULL),(16,16,1,'Buena atención','Quedé satisfecho con la atención del lugar y la buena presentacion de los alimentos.','José',NULL),(17,17,1,'Excelentes precios','Muy buenos precios de acuerdo a las porciones de la comida y excelente sabor.\r\nRecomendado!','Carlos',NULL),(18,18,1,'Me encantó ','Lo recomiendo bastante, buena comida, buen lugar y buenos precios.','Alejandro',NULL),(19,19,1,'Encantado con la cocteleria','Buena gama de cocteles para disfrutar solo o en compañia.','Ivette',NULL),(20,20,1,'Alimentos frescos','Recomendado por los alimentos frescos y de temporada!','Azael',NULL),(21,21,1,'Excelente ambiente familiar','Buen espacio, buen ambiente y buena comida. Recomendado!!','Fabian',NULL),(22,22,1,'Exquisito','Bastante recomendado por la buena atención y buena seleccion de alimentos de temporada!','Ramón',NULL),(23,23,1,'Buen servicio','Buena atención al cliente y atención al detalle de la comida, muy recomendable.','Andrea',NULL),(24,24,1,'Buen sabor','El sabor de los postres es muy bueno y las bebidas para acompañar son de buena tamaño, recomendable','Sofia',NULL),(25,25,1,'Excelente ambiente','Muy buen ambiente conceptual y decorativo, asi como la comida servida al momento y a buena temperatura.','Maria',NULL),(26,26,1,'Buena gastronomia','Bastantes alimentos que escoger que no sabes cual elegir, muy recomendable.','Helena',NULL),(27,27,1,'Buen Lugar familiar','Excelente ambiente familiar y buen menú.','Luz',NULL),(28,28,1,'Servido al momento','Alimentos servidos al momento, buena temperatura y buenos precios.\r\nRecomendado.','Juan',NULL),(29,29,1,'Bebidas calientes','Recomiendo las bebidas calientes, muy buen sabor y buenos precios.','Leo',NULL),(30,30,1,'Muy buen sabor','Productos de calidad y muy buen sabor','Raul',NULL),(31,31,1,'Buenos sabores','Excelente gama de sabores, precios y buen ambiente para comer.','Jaime',NULL),(32,32,1,'Excelente sabor y buenas porciones.','Muy buen sabor de la comida y buenas porciones de servido.\r\nRecomendado el lugar!','Julio',NULL),(33,33,1,'Variedad y sabor','Buenas opciones, precios y sabores. Recomendado!','Enrique',NULL),(34,34,1,'Buen servicio','Buena atencion al cliente y comida deliciosa.','Brandon',NULL),(35,35,1,'Vale la pena venir','Buena presentacion de los alimentos y buenos precios','Marco',NULL),(36,36,1,'Buenos precios y sabores','Buyen sabor de la comida y los precios son razonables. Recomendado.','Javier',NULL),(37,37,1,'Excelente atencion al cliente','Buen servicio, servido al momento y los precios se ajustan al menú','Luis',NULL),(38,38,1,'Recomendado por las bebidas','Buena cocteleria, precios y botana.. Recomedado !','Joaquin',NULL),(39,39,1,'Vale la pena la botana','Buenas botana y  fritangas para compartir., Recomendado por el sabor y precios.','Gloria',NULL),(40,40,1,'Buena seleccion de cervezas','Excelente ambiente, cerveza de calidad y buena botana!','Jorge',NULL),(41,41,1,'Buenos precios','Sabores y precios de acuerdo al sabor y porcion, recomendado!','Sergio',NULL),(42,42,1,'Menú delicioso','Lugar recomendado para ir solo o en familia, buena seleccion de alimentos y buena atención al cliente!','Brenda',NULL),(43,43,1,'Buenos precios y porciones','Buenos precios en comparación a la porción y excelente ambiente familiar.','Joel',NULL),(44,44,1,'Recomendado','Buen lugar para ir a desayunar, comer o cenar. ','Jesus ',NULL),(45,45,1,'Menú grande Buena variedad de alimentos frescos a escoger y buena atencion al cliente.','Buena variedad de alimentos frescos a escoger y buena atencion al cliente.','Luisa',NULL),(46,46,1,'buena atención y excelente servicio','Buena comida, buena atencion y buenos precios.\r\nRecomendado.','Sonia',NULL),(47,47,1,'Buen ambiente familiar','Excelente comida y b8uen ambiente para disfrutar en familia.','Memo',NULL),(48,48,1,'Buenas botanas y precios','Recomiendo este lugar por el sabor de las botanas y los precios son bastante buenos!','Robert',NULL),(49,49,1,'Ampliamente recomendado','Buena presentación, menú variado, buenos precios.','Lorenzo',NULL),(50,50,1,'Excelente elaboración','Buenos platillos y hechos al momento de ordenar, muy buen lugar.,....','Ana',NULL),(51,51,1,'Buena comida','Buenas porciones, buen sabor y buenos precios.','Israel',NULL),(52,52,1,'Muy recomendable','Bastante amplio el menú de comida y la sugerencia de los meseros excelente','Julieta',NULL),(53,53,1,'Buena atención','Muy buena atención del personal del restaurante y bien servidos los platillos.,\r\nRecomendable.','Armando',NULL),(54,54,1,'Muy rico y buena presentación','Bastante exisito el menú y frescos los alimentos. bastante recomendable','Jairo',NULL),(55,55,1,'Buena comida rapida','Buen servicio, bastante variedad y buen servicio del lugar!','Carl',NULL),(56,56,1,'5 estrellas','todo esta delicioso y tienen buenas porciones.','Josh',NULL),(57,57,1,'Me encanto el menú','Muy buenas propuestas, diferente y delicioso.\r\nLugar ampliamente recomendable','Erick',NULL),(58,58,1,'Excelente vista y ambiente','Un lugar freso y relajado para venir a degustar tus alimentos de temporada.\r\nLo recomiendo bastante.','Jonathan',NULL),(59,59,1,'Vengan vengan!','Buena opción para la gente con hábitos veganos y muy buena variedad de alimentos, además de tener todo fresco.','Rosa',NULL),(60,60,1,'Muy buenos sabores','Todo en el menú esta excelente y la presentación de los platillos impecable ademas del ambiente relajado muy bueno para venir a comer con tranquilidad.','Alan',NULL),(61,61,1,'Buenas opciones veganas','Todo esta muy bueno y tienen buenos precios. además de una vista muy linda.\r\nLo recomiendo bastante!','Spencer',NULL),(62,62,1,'Vale la pena','Buenas opciones, buena comida, buenos precios.\r\nVengan a probar y no se decepcionarán...','Adrian',NULL),(63,63,1,'Todo muy limpio!','Muy buena higiene del lugar, buenos precios y la comida esta muy bien servida,\r\nvale la pena en costo y relacion/Precio','Saúl',NULL),(64,64,1,'Buen sazón','Todo esta muy delicioso, y la presentación ni se diga.\r\nLe doy 5 estrellas al lugar y la comida!!','Omar',NULL),(65,65,1,'Vaya delicia','Lo recomiendo por la tranquilidad del lugar, higiene y sabor de los alimentos!!\r\n','Raquel',NULL),(66,66,1,'10 de 10','Todo muy bien servido y el sabor excepcional, buenas opciones de platillos. Recomendable.','Victoria',NULL),(67,67,1,'Rico Rico..','Todo esta muy bueno, volveré a comer aqui. excelente servicio!!','Joshua',NULL),(68,68,1,'Buena calidad!','Muy buena calidad de los alimentos y el servicio es excelente.\r\n5 estrellas al lugar!','Ashley',NULL),(69,69,1,'Bien servido!','Quedé contento y satisfecho con la variedad de los platillos y la atención fue muy buena!','Adán',NULL),(70,70,1,'Delicia japonesa','Quedé sorprendido con el Menú y la preparación artesanal de los alimentos.\r\n\r\nBastante recomendable y muy amplio el lugar!','Diego',NULL),(71,71,1,'Excelente servicio','5 estrellas. todo muy bien y la calidad de la comida muy buena, volvere!!','León',NULL),(72,72,1,'Buena experiencia!','Vaya experiencia al preparar los alimentos, buena calidad de los mismos y el Lugar esta excelente.\r\nBuena recomendación para ir solo o en compañia!','Sebastian',NULL),(73,73,1,'Quede sorprendida!1','Buen show al preparar los alimentos, todo muy  rico y los precios son accesibles!!\r\nPruébenlo ustedes mismos!','Lorena',NULL),(74,74,1,'Muy buen servicio e impresionante la comida!','Todo esta 10 de 10 y el servicio muy bueno, sin duda regresaré!!','Thalia',NULL),(75,75,1,'Buena opcion','Buena opcion para ir solo o en compañia, la comida es excelente!!','Jonás',NULL),(76,76,1,'Buen servicio!','Todo estuvo excelente, buenas porciones y precios accesibles!','Baruc',NULL),(77,77,1,'Excelente lugar!','Lo recomiendo bastante. todo en orden con el servicio y la comida!','Daniel',NULL),(78,78,1,'De buen gusto!','Ampliamente recomendado, todo esta excelente en el menú y el servicio es muy bueno!','anahí',NULL),(79,79,1,'Buena propuesta!','Me gustó la propuesta en el servido de los platillos y eerl servicio muy bueno!\r\nRecomendable...','jhoanna',NULL),(80,80,1,'Muy buen sabor y servicio!','Todo excelente, regresare con mi familia a probar todo el menú!','jocelyn',NULL),(81,81,1,'Excelente concepto!','Los platillos estan muy bien servidos y la calidad de la comida es muy buena, todo fresco y servido al momento!','Vero',NULL),(82,82,1,'Vaya sabores!','Quede fascinada con los postres y bebidas.\r\nTodo muy delicioso!!','Alma',NULL),(83,83,1,'Deliciosos y buena porción!','Muy rico todo y buenas porciones individuales.\r\n5 estrellas de sabor!!','Diana',NULL),(84,84,1,'wow con los postres','Quede impresionado con la explosión de sabores y la variedad de postres que ofrecen!','José',NULL),(85,85,1,'Deli deli!','Los helados están muy buenos y las porciones son grandes!\r\nRecomendable!','Miriam',NULL),(86,86,1,'Volvere por un postre!','todo el menú 10 de 10 y el servicio es muy rapido.\r\nTe quita el antojo de inmediato!!','Ximena',NULL),(87,87,1,'Helado rico!','Muy recomendable el lugar y los sabores exquisitos que ofrecen, vayan y no se arrepentirán!!','Laura',NULL),(88,88,1,'Recomendado','Vaya sabores los que ofrecen y el lugar es muy bonito para ir a disfrutar de tu postre favorito!!','Alex',NULL),(89,89,1,'Se nota el cariño','Todo esta hecho artesanalmente, que delicia de pasteles!!','Susana',NULL),(90,90,1,'Delicia artesanal!','Si quieren un buen postre, este es el lugar indicado!!','Mayra',NULL),(91,91,1,'10 de 10 los pasteles!','Quede impresionado con lo deliciosos que estan los pasteles y los sabores exoticos!\r\nMuy recomendables!','Chucho',NULL),(92,92,1,'Ambiente hogareño','Que rica comida y el ambiente se siente muy hogareño!!\r\nMuy recomendable!','gerardo',NULL),(93,93,1,'Buenas porciones y buena atencion!','Regresare ya que la comida es muy buena y la atención tambien!\r\n5 estrellas','Marisela',NULL),(94,94,1,'Delicia vegetariana','Gran opción de platillos y la comida se ve muy fresca y recien hecha.\r\nVolvere con toda la familia!!','Teresa',NULL),(95,95,1,'Excelentes precios.','Debido a los cortes de buena calidad esperaría que los precios fueran más altos, pero me parecen bastante económicos para la buena calidad de cortes y presentaciones.','Denise',NULL),(96,96,1,'Excelente servicio','restaurante elegante y sofisticado que ofrece una experiencia gastronómica inolvidable. Los platos están elaborados con ingredientes de la más alta calidad, y se preparan con un toque moderno. El ambiente es elegante y sofisticado, y el servicio es impecable.','Charlie',NULL),(97,97,1,'Para ocasiones especiales','Mi pareja y yo celebramos nuestra aniversario en Il Ristorante di Marco y fue una experiencia maravillosa. El restaurante es elegante y romántico, y el servicio es excelente.','Luz',NULL),(98,98,1,'Agradable','En general, tuvimos una experiencia muy agradable en Il Ristorante di Marco. La comida era deliciosa, el ambiente era elegante y el servicio era impecable. Sin embargo, encontramos que los precios eran un poco elevados.\"\r\n\r\n','Marco paz',NULL),(99,99,1,'Una experiencia gastronómica inolvidable','El ambiente es mágico. El restaurante está decorado con elementos forestales, como árboles, hojas y rocas. La música de fondo es suave y relajante. El servicio es atento y amable.','José Páramo',NULL),(100,100,1,'Una cena romántica perfecta','Nos encantó la experiencia en El Bosque. La comida era deliciosa, el ambiente era romántico y el servicio era excelente. Sin duda, volveremos','Armando castelán',NULL),(101,101,1,'Un lugar para relajarse y disfrutar de la comida',' El restaurante está inspirado en el bosque, un lugar de paz y tranquilidad.\r\n\r\nEl ambiente es relajado y acogedor. El restaurante está decorado con elementos forestales, como árboles, hojas y rocas. La música de fondo es suave y relajante. El servicio es atento y amable.','Brenda Lemus',NULL),(102,102,1,'Excelente presentación','Para ser una taquería tienen una presentación muy agradable, incluso al traerte los tacos los platos se sirven con un diseño único.','Carlos Castelan',NULL),(103,103,1,'buen servicio','excelente servicio','pedro',17),(104,104,1,'nueva reseña','nueva reseña','nueva reseña',NULL),(105,105,1,'otra reseña','otra reseña','otra reseña',NULL),(106,106,1,'asdasdas','asdasdasdasd','Jose Alberto',NULL),(107,107,1,'reseña test','reseña test','reseña test',NULL),(108,108,1,'rterwter','erterter','Jose Alberto',2);

--
-- Table structure for table `review_entity`
--

CREATE TABLE `review_entity` (
  `entity_id` smallint unsigned NOT NULL AUTO_INCREMENT COMMENT 'Review entity ID',
  `entity_code` varchar(32) NOT NULL COMMENT 'Review entity code',
  PRIMARY KEY (`entity_id`)
) ENGINE=InnoDB AUTO_INCREMENT=4 DEFAULT CHARSET=utf8mb3 COMMENT='Review entities';

--
-- Dumping data for table `review_entity`
--

INSERT INTO `review_entity` VALUES (1,'product'),(2,'customer'),(3,'category');

--
-- Table structure for table `review_entity_summary`
--

CREATE TABLE `review_entity_summary` (
  `primary_id` bigint NOT NULL AUTO_INCREMENT COMMENT 'Summary review entity ID',
  `entity_pk_value` bigint NOT NULL DEFAULT '0' COMMENT 'Product ID',
  `entity_type` smallint NOT NULL DEFAULT '0' COMMENT 'Entity type ID',
  `reviews_count` smallint NOT NULL DEFAULT '0' COMMENT 'Qty of reviews',
  `rating_summary` smallint NOT NULL DEFAULT '0' COMMENT 'Summarized rating',
  `store_id` smallint unsigned NOT NULL DEFAULT '0' COMMENT 'Store ID',
  PRIMARY KEY (`primary_id`),
  UNIQUE KEY `REVIEW_ENTITY_SUMMARY_ENTITY_PK_VALUE_STORE_ID_ENTITY_TYPE` (`entity_pk_value`,`store_id`,`entity_type`),
  KEY `REVIEW_ENTITY_SUMMARY_STORE_ID` (`store_id`),
  CONSTRAINT `REVIEW_ENTITY_SUMMARY_STORE_ID_STORE_STORE_ID` FOREIGN KEY (`store_id`) REFERENCES `store` (`store_id`) ON DELETE CASCADE
) ENGINE=InnoDB AUTO_INCREMENT=32 DEFAULT CHARSET=utf8mb3 COMMENT='Review aggregates';

--
-- Dumping data for table `review_entity_summary`
--

INSERT INTO `review_entity_summary` VALUES (1,3,1,8,95,1),(2,7,1,4,0,1),(3,8,1,3,0,1),(4,9,1,4,0,1),(5,11,1,3,0,1),(6,12,1,3,0,1),(7,13,1,5,0,1),(8,19,1,3,0,1),(9,14,1,3,0,1),(10,16,1,3,0,1),(11,17,1,4,0,1),(12,18,1,3,0,1),(13,20,1,3,0,1),(14,23,1,3,0,1),(15,27,1,3,0,1),(16,29,1,3,0,1),(17,21,1,3,0,1),(18,36,1,3,0,1),(19,35,1,3,0,1),(20,33,1,5,0,1),(21,32,1,3,0,1),(22,30,1,3,0,1),(23,31,1,4,0,1),(24,28,1,3,0,1),(25,22,1,3,0,1),(26,25,1,4,0,1),(27,26,1,3,0,1),(28,37,1,3,0,1),(29,15,1,4,0,1),(30,34,1,3,0,1),(31,3,1,8,95,0);

--
-- Table structure for table `review_status`
--

CREATE TABLE `review_status` (
  `status_id` smallint unsigned NOT NULL AUTO_INCREMENT COMMENT 'Status ID',
  `status_code` varchar(32) NOT NULL COMMENT 'Status code',
  PRIMARY KEY (`status_id`)
) ENGINE=InnoDB AUTO_INCREMENT=4 DEFAULT CHARSET=utf8mb3 COMMENT='Review statuses';

--
-- Dumping data for table `review_status`
--

INSERT INTO `review_status` VALUES (1,'Approved'),(2,'Pending'),(3,'Not Approved');

--
-- Table structure for table `review_store`
--

CREATE TABLE `review_store` (
  `review_id` bigint unsigned NOT NULL COMMENT 'Review ID',
  `store_id` smallint unsigned NOT NULL COMMENT 'Store ID',
  PRIMARY KEY (`review_id`,`store_id`),
  KEY `REVIEW_STORE_STORE_ID` (`store_id`),
  CONSTRAINT `REVIEW_STORE_REVIEW_ID_REVIEW_REVIEW_ID` FOREIGN KEY (`review_id`) REFERENCES `review` (`review_id`) ON DELETE CASCADE,
  CONSTRAINT `REVIEW_STORE_STORE_ID_STORE_STORE_ID` FOREIGN KEY (`store_id`) REFERENCES `store` (`store_id`) ON DELETE CASCADE
) ENGINE=InnoDB DEFAULT CHARSET=utf8mb3 COMMENT='Review Store';

--
-- Dumping data for table `review_store`
--

INSERT INTO `review_store` VALUES (2,0),(3,0),(4,0),(5,0),(6,0),(7,0),(8,0),(9,0),(10,0),(11,0),(12,0),(13,0),(14,0),(15,0),(16,0),(17,0),(18,0),(19,0),(20,0),(21,0),(22,0),(23,0),(24,0),(25,0),(26,0),(27,0),(28,0),(29,0),(30,0),(31,0),(32,0),(33,0),(34,0),(35,0),(36,0),(37,0),(38,0),(39,0),(40,0),(41,0),(42,0),(43,0),(44,0),(45,0),(46,0),(47,0),(48,0),(49,0),(50,0),(51,0),(52,0),(53,0),(54,0),(55,0),(56,0),(57,0),(58,0),(59,0),(60,0),(61,0),(62,0),(63,0),(64,0),(65,0),(66,0),(67,0),(68,0),(69,0),(70,0),(71,0),(72,0),(73,0),(74,0),(75,0),(76,0),(77,0),(78,0),(79,0),(80,0),(81,0),(82,0),(83,0),(84,0),(85,0),(86,0),(87,0),(88,0),(89,0),(90,0),(91,0),(92,0),(93,0),(94,0),(95,0),(96,0),(97,0),(98,0),(99,0),(100,0),(101,0),(102,0),(103,0),(104,0),(105,0),(106,0),(107,0),(108,0),(2,1),(3,1),(4,1),(5,1),(6,1),(7,1),(8,1),(9,1),(10,1),(11,1),(12,1),(13,1),(14,1),(15,1),(16,1),(17,1),(18,1),(19,1),(20,1),(21,1),(22,1),(23,1),(24,1),(25,1),(26,1),(27,1),(28,1),(29,1),(30,1),(31,1),(32,1),(33,1),(34,1),(35,1),(36,1),(37,1),(38,1),(39,1),(40,1),(41,1),(42,1),(43,1),(44,1),(45,1),(46,1),(47,1),(48,1),(49,1),(50,1),(51,1),(52,1),(53,1),(54,1),(55,1),(56,1),(57,1),(58,1),(59,1),(60,1),(61,1),(62,1),(63,1),(64,1),(65,1),(66,1),(67,1),(68,1),(69,1),(70,1),(71,1),(72,1),(73,1),(74,1),(75,1),(76,1),(77,1),(78,1),(79,1),(80,1),(81,1),(82,1),(83,1),(84,1),(85,1),(86,1),(87,1),(88,1),(89,1),(90,1),(91,1),(92,1),(93,1),(94,1),(95,1),(96,1),(97,1),(98,1),(99,1),(100,1),(101,1),(102,1),(103,1),(104,1),(105,1),(106,1),(107,1),(108,1);

--
-- Table structure for table `sales_bestsellers_aggregated_daily`
--

CREATE TABLE `sales_bestsellers_aggregated_daily` (
  `id` int unsigned NOT NULL AUTO_INCREMENT COMMENT 'ID',
  `period` date DEFAULT NULL COMMENT 'Period',
  `store_id` smallint unsigned DEFAULT NULL COMMENT 'Store ID',
  `product_id` int unsigned DEFAULT NULL COMMENT 'Product ID',
  `product_name` varchar(255) DEFAULT NULL COMMENT 'Product Name',
  `product_price` decimal(12,4) NOT NULL DEFAULT '0.0000' COMMENT 'Product Price',
  `qty_ordered` decimal(12,4) NOT NULL DEFAULT '0.0000' COMMENT 'Qty Ordered',
  `rating_pos` smallint unsigned NOT NULL DEFAULT '0' COMMENT 'Rating Pos',
  PRIMARY KEY (`id`),
  UNIQUE KEY `SALES_BESTSELLERS_AGGREGATED_DAILY_PERIOD_STORE_ID_PRODUCT_ID` (`period`,`store_id`,`product_id`),
  KEY `SALES_BESTSELLERS_AGGREGATED_DAILY_STORE_ID` (`store_id`),
  KEY `SALES_BESTSELLERS_AGGREGATED_DAILY_PRODUCT_ID` (`product_id`),
  CONSTRAINT `SALES_BESTSELLERS_AGGREGATED_DAILY_STORE_ID_STORE_STORE_ID` FOREIGN KEY (`store_id`) REFERENCES `store` (`store_id`) ON DELETE CASCADE
) ENGINE=InnoDB AUTO_INCREMENT=15 DEFAULT CHARSET=utf8mb3 COMMENT='Sales Bestsellers Aggregated Daily';

--
-- Dumping data for table `sales_bestsellers_aggregated_daily`
--

INSERT INTO `sales_bestsellers_aggregated_daily` VALUES (1,'2024-01-30',1,37,'La Cocina',450.0000,1.0000,1),(2,'2024-01-30',0,37,'La Cocina',450.0000,1.0000,1),(9,'2024-02-09',1,3,'El Taconazo',250.0000,2.0000,1),(10,'2024-02-09',1,7,'La Cocina de Abuelita',350.0000,1.0000,2),(12,'2024-02-09',0,3,'El Taconazo',250.0000,2.0000,1),(13,'2024-02-09',0,7,'La Cocina de Abuelita',350.0000,1.0000,2);

--
-- Table structure for table `sales_bestsellers_aggregated_monthly`
--

CREATE TABLE `sales_bestsellers_aggregated_monthly` (
  `id` int unsigned NOT NULL AUTO_INCREMENT COMMENT 'ID',
  `period` date DEFAULT NULL COMMENT 'Period',
  `store_id` smallint unsigned DEFAULT NULL COMMENT 'Store ID',
  `product_id` int unsigned DEFAULT NULL COMMENT 'Product ID',
  `product_name` varchar(255) DEFAULT NULL COMMENT 'Product Name',
  `product_price` decimal(12,4) NOT NULL DEFAULT '0.0000' COMMENT 'Product Price',
  `qty_ordered` decimal(12,4) NOT NULL DEFAULT '0.0000' COMMENT 'Qty Ordered',
  `rating_pos` smallint unsigned NOT NULL DEFAULT '0' COMMENT 'Rating Pos',
  PRIMARY KEY (`id`),
  UNIQUE KEY `SALES_BESTSELLERS_AGGREGATED_MONTHLY_PERIOD_STORE_ID_PRODUCT_ID` (`period`,`store_id`,`product_id`),
  KEY `SALES_BESTSELLERS_AGGREGATED_MONTHLY_STORE_ID` (`store_id`),
  KEY `SALES_BESTSELLERS_AGGREGATED_MONTHLY_PRODUCT_ID` (`product_id`),
  CONSTRAINT `SALES_BESTSELLERS_AGGREGATED_MONTHLY_STORE_ID_STORE_STORE_ID` FOREIGN KEY (`store_id`) REFERENCES `store` (`store_id`) ON DELETE CASCADE
) ENGINE=InnoDB AUTO_INCREMENT=24 DEFAULT CHARSET=utf8mb3 COMMENT='Sales Bestsellers Aggregated Monthly';

--
-- Dumping data for table `sales_bestsellers_aggregated_monthly`
--

INSERT INTO `sales_bestsellers_aggregated_monthly` VALUES (1,'2024-01-01',0,37,'La Cocina',450.0000,1.0000,1),(2,'2024-01-01',1,37,'La Cocina',450.0000,1.0000,1),(13,'2024-02-01',0,3,'El Taconazo',250.0000,2.0000,1),(14,'2024-02-01',0,7,'La Cocina de Abuelita',350.0000,1.0000,2),(15,'2024-02-01',1,3,'El Taconazo',250.0000,2.0000,1),(16,'2024-02-01',1,7,'La Cocina de Abuelita',350.0000,1.0000,2);

--
-- Table structure for table `sales_bestsellers_aggregated_yearly`
--

CREATE TABLE `sales_bestsellers_aggregated_yearly` (
  `id` int unsigned NOT NULL AUTO_INCREMENT COMMENT 'ID',
  `period` date DEFAULT NULL COMMENT 'Period',
  `store_id` smallint unsigned DEFAULT NULL COMMENT 'Store ID',
  `product_id` int unsigned DEFAULT NULL COMMENT 'Product ID',
  `product_name` varchar(255) DEFAULT NULL COMMENT 'Product Name',
  `product_price` decimal(12,4) NOT NULL DEFAULT '0.0000' COMMENT 'Product Price',
  `qty_ordered` decimal(12,4) NOT NULL DEFAULT '0.0000' COMMENT 'Qty Ordered',
  `rating_pos` smallint unsigned NOT NULL DEFAULT '0' COMMENT 'Rating Pos',
  PRIMARY KEY (`id`),
  UNIQUE KEY `SALES_BESTSELLERS_AGGREGATED_YEARLY_PERIOD_STORE_ID_PRODUCT_ID` (`period`,`store_id`,`product_id`),
  KEY `SALES_BESTSELLERS_AGGREGATED_YEARLY_STORE_ID` (`store_id`),
  KEY `SALES_BESTSELLERS_AGGREGATED_YEARLY_PRODUCT_ID` (`product_id`),
  CONSTRAINT `SALES_BESTSELLERS_AGGREGATED_YEARLY_STORE_ID_STORE_STORE_ID` FOREIGN KEY (`store_id`) REFERENCES `store` (`store_id`) ON DELETE CASCADE
) ENGINE=InnoDB AUTO_INCREMENT=24 DEFAULT CHARSET=utf8mb3 COMMENT='Sales Bestsellers Aggregated Yearly';

--
-- Dumping data for table `sales_bestsellers_aggregated_yearly`
--

INSERT INTO `sales_bestsellers_aggregated_yearly` VALUES (1,'2024-01-01',0,37,'La Cocina',450.0000,1.0000,2),(2,'2024-01-01',1,37,'La Cocina',450.0000,1.0000,2),(13,'2024-01-01',0,3,'El Taconazo',250.0000,2.0000,1),(14,'2024-01-01',0,7,'La Cocina de Abuelita',350.0000,1.0000,3),(15,'2024-01-01',1,3,'El Taconazo',250.0000,2.0000,1),(16,'2024-01-01',1,7,'La Cocina de Abuelita',350.0000,1.0000,3);

--
-- Table structure for table `sales_creditmemo`
--

CREATE TABLE `sales_creditmemo` (
  `entity_id` int unsigned NOT NULL AUTO_INCREMENT COMMENT 'Entity ID',
  `store_id` smallint unsigned DEFAULT NULL COMMENT 'Store ID',
  `adjustment_positive` decimal(20,4) DEFAULT NULL COMMENT 'Adjustment Positive',
  `base_shipping_tax_amount` decimal(20,4) DEFAULT NULL COMMENT 'Base Shipping Tax Amount',
  `store_to_order_rate` decimal(20,4) DEFAULT NULL COMMENT 'Store To Order Rate',
  `base_discount_amount` decimal(20,4) DEFAULT NULL COMMENT 'Base Discount Amount',
  `base_to_order_rate` decimal(20,4) DEFAULT NULL COMMENT 'Base To Order Rate',
  `grand_total` decimal(20,4) DEFAULT NULL COMMENT 'Grand Total',
  `base_adjustment_negative` decimal(20,4) DEFAULT NULL COMMENT 'Base Adjustment Negative',
  `base_subtotal_incl_tax` decimal(20,4) DEFAULT NULL COMMENT 'Base Subtotal Incl Tax',
  `shipping_amount` decimal(20,4) DEFAULT NULL COMMENT 'Shipping Amount',
  `subtotal_incl_tax` decimal(20,4) DEFAULT NULL COMMENT 'Subtotal Incl Tax',
  `adjustment_negative` decimal(20,4) DEFAULT NULL COMMENT 'Adjustment Negative',
  `base_shipping_amount` decimal(20,4) DEFAULT NULL COMMENT 'Base Shipping Amount',
  `store_to_base_rate` decimal(20,4) DEFAULT NULL COMMENT 'Store To Base Rate',
  `base_to_global_rate` decimal(20,4) DEFAULT NULL COMMENT 'Base To Global Rate',
  `base_adjustment` decimal(20,4) DEFAULT NULL COMMENT 'Base Adjustment',
  `base_subtotal` decimal(20,4) DEFAULT NULL COMMENT 'Base Subtotal',
  `discount_amount` decimal(20,4) DEFAULT NULL COMMENT 'Discount Amount',
  `subtotal` decimal(20,4) DEFAULT NULL COMMENT 'Subtotal',
  `adjustment` decimal(20,4) DEFAULT NULL COMMENT 'Adjustment',
  `base_grand_total` decimal(20,4) DEFAULT NULL COMMENT 'Base Grand Total',
  `base_adjustment_positive` decimal(20,4) DEFAULT NULL COMMENT 'Base Adjustment Positive',
  `base_tax_amount` decimal(20,4) DEFAULT NULL COMMENT 'Base Tax Amount',
  `shipping_tax_amount` decimal(20,4) DEFAULT NULL COMMENT 'Shipping Tax Amount',
  `tax_amount` decimal(20,4) DEFAULT NULL COMMENT 'Tax Amount',
  `order_id` int unsigned NOT NULL COMMENT 'Order ID',
  `email_sent` smallint unsigned DEFAULT NULL COMMENT 'Email Sent',
  `send_email` smallint unsigned DEFAULT NULL COMMENT 'Send Email',
  `creditmemo_status` int DEFAULT NULL COMMENT 'Creditmemo Status',
  `state` int DEFAULT NULL COMMENT 'State',
  `shipping_address_id` int DEFAULT NULL COMMENT 'Shipping Address ID',
  `billing_address_id` int DEFAULT NULL COMMENT 'Billing Address ID',
  `invoice_id` int DEFAULT NULL COMMENT 'Invoice ID',
  `store_currency_code` varchar(3) DEFAULT NULL COMMENT 'Store Currency Code',
  `order_currency_code` varchar(3) DEFAULT NULL COMMENT 'Order Currency Code',
  `base_currency_code` varchar(3) DEFAULT NULL COMMENT 'Base Currency Code',
  `global_currency_code` varchar(3) DEFAULT NULL COMMENT 'Global Currency Code',
  `transaction_id` varchar(255) DEFAULT NULL COMMENT 'Transaction ID',
  `increment_id` varchar(50) DEFAULT NULL COMMENT 'Increment ID',
  `created_at` timestamp NOT NULL DEFAULT CURRENT_TIMESTAMP COMMENT 'Created At',
  `updated_at` timestamp NOT NULL DEFAULT CURRENT_TIMESTAMP ON UPDATE CURRENT_TIMESTAMP COMMENT 'Updated At',
  `discount_tax_compensation_amount` decimal(20,4) DEFAULT NULL COMMENT 'Discount Tax Compensation Amount',
  `base_discount_tax_compensation_amount` decimal(20,4) DEFAULT NULL COMMENT 'Base Discount Tax Compensation Amount',
  `shipping_discount_tax_compensation_amount` decimal(20,4) DEFAULT NULL COMMENT 'Shipping Discount Tax Compensation Amount',
  `base_shipping_discount_tax_compensation_amnt` decimal(20,4) DEFAULT NULL COMMENT 'Base Shipping Discount Tax Compensation Amount',
  `shipping_incl_tax` decimal(20,4) DEFAULT NULL COMMENT 'Shipping Incl Tax',
  `base_shipping_incl_tax` decimal(20,4) DEFAULT NULL COMMENT 'Base Shipping Incl Tax',
  `discount_description` varchar(255) DEFAULT NULL COMMENT 'Discount Description',
  `customer_note` text COMMENT 'Customer Note',
  `customer_note_notify` smallint unsigned DEFAULT NULL COMMENT 'Customer Note Notify',
  PRIMARY KEY (`entity_id`),
  UNIQUE KEY `SALES_CREDITMEMO_INCREMENT_ID_STORE_ID` (`increment_id`,`store_id`),
  KEY `SALES_CREDITMEMO_STORE_ID` (`store_id`),
  KEY `SALES_CREDITMEMO_ORDER_ID` (`order_id`),
  KEY `SALES_CREDITMEMO_CREDITMEMO_STATUS` (`creditmemo_status`),
  KEY `SALES_CREDITMEMO_STATE` (`state`),
  KEY `SALES_CREDITMEMO_CREATED_AT` (`created_at`),
  KEY `SALES_CREDITMEMO_UPDATED_AT` (`updated_at`),
  KEY `SALES_CREDITMEMO_SEND_EMAIL` (`send_email`),
  KEY `SALES_CREDITMEMO_EMAIL_SENT` (`email_sent`),
  CONSTRAINT `SALES_CREDITMEMO_ORDER_ID_SALES_ORDER_ENTITY_ID` FOREIGN KEY (`order_id`) REFERENCES `sales_order` (`entity_id`) ON DELETE CASCADE,
  CONSTRAINT `SALES_CREDITMEMO_STORE_ID_STORE_STORE_ID` FOREIGN KEY (`store_id`) REFERENCES `store` (`store_id`) ON DELETE SET NULL
) ENGINE=InnoDB DEFAULT CHARSET=utf8mb3 COMMENT='Sales Flat Creditmemo';

--
-- Dumping data for table `sales_creditmemo`
--


--
-- Table structure for table `sales_creditmemo_comment`
--

CREATE TABLE `sales_creditmemo_comment` (
  `entity_id` int unsigned NOT NULL AUTO_INCREMENT COMMENT 'Entity ID',
  `parent_id` int unsigned NOT NULL COMMENT 'Parent ID',
  `is_customer_notified` int DEFAULT NULL COMMENT 'Is Customer Notified',
  `is_visible_on_front` smallint unsigned NOT NULL DEFAULT '0' COMMENT 'Is Visible On Front',
  `comment` text COMMENT 'Comment',
  `created_at` timestamp NOT NULL DEFAULT CURRENT_TIMESTAMP COMMENT 'Created At',
  PRIMARY KEY (`entity_id`),
  KEY `SALES_CREDITMEMO_COMMENT_CREATED_AT` (`created_at`),
  KEY `SALES_CREDITMEMO_COMMENT_PARENT_ID` (`parent_id`),
  CONSTRAINT `SALES_CREDITMEMO_COMMENT_PARENT_ID_SALES_CREDITMEMO_ENTITY_ID` FOREIGN KEY (`parent_id`) REFERENCES `sales_creditmemo` (`entity_id`) ON DELETE CASCADE
) ENGINE=InnoDB DEFAULT CHARSET=utf8mb3 COMMENT='Sales Flat Creditmemo Comment';

--
-- Dumping data for table `sales_creditmemo_comment`
--


--
-- Table structure for table `sales_creditmemo_grid`
--

CREATE TABLE `sales_creditmemo_grid` (
  `entity_id` int unsigned NOT NULL COMMENT 'Entity ID',
  `increment_id` varchar(50) DEFAULT NULL COMMENT 'Increment ID',
  `created_at` timestamp NULL DEFAULT NULL COMMENT 'Created At',
  `updated_at` timestamp NULL DEFAULT NULL COMMENT 'Updated At',
  `order_id` int unsigned NOT NULL COMMENT 'Order ID',
  `order_increment_id` varchar(50) DEFAULT NULL COMMENT 'Order Increment ID',
  `order_created_at` timestamp NULL DEFAULT NULL COMMENT 'Order Created At',
  `billing_name` varchar(255) DEFAULT NULL COMMENT 'Billing Name',
  `state` int DEFAULT NULL COMMENT 'Status',
  `base_grand_total` decimal(20,4) DEFAULT NULL COMMENT 'Base Grand Total',
  `order_status` varchar(32) DEFAULT NULL COMMENT 'Order Status',
  `store_id` smallint unsigned DEFAULT NULL COMMENT 'Store ID',
  `billing_address` varchar(255) DEFAULT NULL COMMENT 'Billing Address',
  `shipping_address` varchar(255) DEFAULT NULL COMMENT 'Shipping Address',
  `customer_name` varchar(128) NOT NULL COMMENT 'Customer Name',
  `customer_email` varchar(128) DEFAULT NULL COMMENT 'Customer Email',
  `customer_group_id` smallint DEFAULT NULL COMMENT 'Customer Group ID',
  `payment_method` varchar(32) DEFAULT NULL COMMENT 'Payment Method',
  `shipping_information` varchar(255) DEFAULT NULL COMMENT 'Shipping Method Name',
  `subtotal` decimal(20,4) DEFAULT NULL COMMENT 'Subtotal',
  `shipping_and_handling` decimal(20,4) DEFAULT NULL COMMENT 'Shipping and handling amount',
  `adjustment_positive` decimal(20,4) DEFAULT NULL COMMENT 'Adjustment Positive',
  `adjustment_negative` decimal(20,4) DEFAULT NULL COMMENT 'Adjustment Negative',
  `order_base_grand_total` decimal(20,4) DEFAULT NULL COMMENT 'Order Grand Total',
  PRIMARY KEY (`entity_id`),
  UNIQUE KEY `SALES_CREDITMEMO_GRID_INCREMENT_ID_STORE_ID` (`increment_id`,`store_id`),
  KEY `SALES_CREDITMEMO_GRID_ORDER_INCREMENT_ID` (`order_increment_id`),
  KEY `SALES_CREDITMEMO_GRID_CREATED_AT` (`created_at`),
  KEY `SALES_CREDITMEMO_GRID_UPDATED_AT` (`updated_at`),
  KEY `SALES_CREDITMEMO_GRID_ORDER_CREATED_AT` (`order_created_at`),
  KEY `SALES_CREDITMEMO_GRID_STATE` (`state`),
  KEY `SALES_CREDITMEMO_GRID_BILLING_NAME` (`billing_name`),
  KEY `SALES_CREDITMEMO_GRID_ORDER_STATUS` (`order_status`),
  KEY `SALES_CREDITMEMO_GRID_BASE_GRAND_TOTAL` (`base_grand_total`),
  KEY `SALES_CREDITMEMO_GRID_STORE_ID` (`store_id`),
  KEY `SALES_CREDITMEMO_GRID_ORDER_BASE_GRAND_TOTAL` (`order_base_grand_total`),
  KEY `SALES_CREDITMEMO_GRID_ORDER_ID` (`order_id`),
  FULLTEXT KEY `FTI_32B7BA885941A8254EE84AE650ABDC86` (`increment_id`,`order_increment_id`,`billing_name`,`billing_address`,`shipping_address`,`customer_name`,`customer_email`)
) ENGINE=InnoDB DEFAULT CHARSET=utf8mb3 COMMENT='Sales Flat Creditmemo Grid';

--
-- Dumping data for table `sales_creditmemo_grid`
--


--
-- Table structure for table `sales_creditmemo_item`
--

CREATE TABLE `sales_creditmemo_item` (
  `entity_id` int unsigned NOT NULL AUTO_INCREMENT COMMENT 'Entity ID',
  `parent_id` int unsigned NOT NULL COMMENT 'Parent ID',
  `base_price` decimal(12,4) DEFAULT NULL COMMENT 'Base Price',
  `tax_amount` decimal(12,4) DEFAULT NULL COMMENT 'Tax Amount',
  `base_row_total` decimal(12,4) DEFAULT NULL COMMENT 'Base Row Total',
  `discount_amount` decimal(12,4) DEFAULT NULL COMMENT 'Discount Amount',
  `row_total` decimal(12,4) DEFAULT NULL COMMENT 'Row Total',
  `base_discount_amount` decimal(12,4) DEFAULT NULL COMMENT 'Base Discount Amount',
  `price_incl_tax` decimal(12,4) DEFAULT NULL COMMENT 'Price Incl Tax',
  `base_tax_amount` decimal(12,4) DEFAULT NULL COMMENT 'Base Tax Amount',
  `base_price_incl_tax` decimal(12,4) DEFAULT NULL COMMENT 'Base Price Incl Tax',
  `qty` decimal(12,4) DEFAULT NULL COMMENT 'Qty',
  `base_cost` decimal(12,4) DEFAULT NULL COMMENT 'Base Cost',
  `price` decimal(12,4) DEFAULT NULL COMMENT 'Price',
  `base_row_total_incl_tax` decimal(12,4) DEFAULT NULL COMMENT 'Base Row Total Incl Tax',
  `row_total_incl_tax` decimal(12,4) DEFAULT NULL COMMENT 'Row Total Incl Tax',
  `product_id` int DEFAULT NULL COMMENT 'Product ID',
  `order_item_id` int DEFAULT NULL COMMENT 'Order Item ID',
  `additional_data` text COMMENT 'Additional Data',
  `description` text COMMENT 'Description',
  `sku` varchar(255) DEFAULT NULL COMMENT 'Sku',
  `name` varchar(255) DEFAULT NULL COMMENT 'Name',
  `discount_tax_compensation_amount` decimal(12,4) DEFAULT NULL COMMENT 'Discount Tax Compensation Amount',
  `base_discount_tax_compensation_amount` decimal(12,4) DEFAULT NULL COMMENT 'Base Discount Tax Compensation Amount',
  `tax_ratio` text COMMENT 'Ratio of tax in the creditmemo item over tax of the order item',
  `weee_tax_applied` text COMMENT 'Weee Tax Applied',
  `weee_tax_applied_amount` decimal(12,4) DEFAULT NULL COMMENT 'Weee Tax Applied Amount',
  `weee_tax_applied_row_amount` decimal(12,4) DEFAULT NULL COMMENT 'Weee Tax Applied Row Amount',
  `weee_tax_disposition` decimal(12,4) DEFAULT NULL COMMENT 'Weee Tax Disposition',
  `weee_tax_row_disposition` decimal(12,4) DEFAULT NULL COMMENT 'Weee Tax Row Disposition',
  `base_weee_tax_applied_amount` decimal(12,4) DEFAULT NULL COMMENT 'Base Weee Tax Applied Amount',
  `base_weee_tax_applied_row_amnt` decimal(12,4) DEFAULT NULL COMMENT 'Base Weee Tax Applied Row Amnt',
  `base_weee_tax_disposition` decimal(12,4) DEFAULT NULL COMMENT 'Base Weee Tax Disposition',
  `base_weee_tax_row_disposition` decimal(12,4) DEFAULT NULL COMMENT 'Base Weee Tax Row Disposition',
  PRIMARY KEY (`entity_id`),
  KEY `SALES_CREDITMEMO_ITEM_PARENT_ID` (`parent_id`),
  CONSTRAINT `SALES_CREDITMEMO_ITEM_PARENT_ID_SALES_CREDITMEMO_ENTITY_ID` FOREIGN KEY (`parent_id`) REFERENCES `sales_creditmemo` (`entity_id`) ON DELETE CASCADE
) ENGINE=InnoDB DEFAULT CHARSET=utf8mb3 COMMENT='Sales Flat Creditmemo Item';

--
-- Dumping data for table `sales_creditmemo_item`
--


--
-- Table structure for table `sales_invoice`
--

CREATE TABLE `sales_invoice` (
  `entity_id` int unsigned NOT NULL AUTO_INCREMENT COMMENT 'Entity ID',
  `store_id` smallint unsigned DEFAULT NULL COMMENT 'Store ID',
  `base_grand_total` decimal(20,4) DEFAULT NULL COMMENT 'Base Grand Total',
  `shipping_tax_amount` decimal(20,4) DEFAULT NULL COMMENT 'Shipping Tax Amount',
  `tax_amount` decimal(20,4) DEFAULT NULL COMMENT 'Tax Amount',
  `base_tax_amount` decimal(20,4) DEFAULT NULL COMMENT 'Base Tax Amount',
  `store_to_order_rate` decimal(20,4) DEFAULT NULL COMMENT 'Store To Order Rate',
  `base_shipping_tax_amount` decimal(20,4) DEFAULT NULL COMMENT 'Base Shipping Tax Amount',
  `base_discount_amount` decimal(20,4) DEFAULT NULL COMMENT 'Base Discount Amount',
  `base_to_order_rate` decimal(20,4) DEFAULT NULL COMMENT 'Base To Order Rate',
  `grand_total` decimal(20,4) DEFAULT NULL COMMENT 'Grand Total',
  `shipping_amount` decimal(20,4) DEFAULT NULL COMMENT 'Shipping Amount',
  `subtotal_incl_tax` decimal(20,4) DEFAULT NULL COMMENT 'Subtotal Incl Tax',
  `base_subtotal_incl_tax` decimal(20,4) DEFAULT NULL COMMENT 'Base Subtotal Incl Tax',
  `store_to_base_rate` decimal(20,4) DEFAULT NULL COMMENT 'Store To Base Rate',
  `base_shipping_amount` decimal(20,4) DEFAULT NULL COMMENT 'Base Shipping Amount',
  `total_qty` decimal(12,4) DEFAULT NULL COMMENT 'Total Qty',
  `base_to_global_rate` decimal(20,4) DEFAULT NULL COMMENT 'Base To Global Rate',
  `subtotal` decimal(20,4) DEFAULT NULL COMMENT 'Subtotal',
  `base_subtotal` decimal(20,4) DEFAULT NULL COMMENT 'Base Subtotal',
  `discount_amount` decimal(20,4) DEFAULT NULL COMMENT 'Discount Amount',
  `billing_address_id` int DEFAULT NULL COMMENT 'Billing Address ID',
  `is_used_for_refund` smallint unsigned DEFAULT NULL COMMENT 'Is Used For Refund',
  `order_id` int unsigned NOT NULL COMMENT 'Order ID',
  `email_sent` smallint unsigned DEFAULT NULL COMMENT 'Email Sent',
  `send_email` smallint unsigned DEFAULT NULL COMMENT 'Send Email',
  `can_void_flag` smallint unsigned DEFAULT NULL COMMENT 'Can Void Flag',
  `state` int DEFAULT NULL COMMENT 'State',
  `shipping_address_id` int DEFAULT NULL COMMENT 'Shipping Address ID',
  `store_currency_code` varchar(3) DEFAULT NULL COMMENT 'Store Currency Code',
  `transaction_id` varchar(255) DEFAULT NULL COMMENT 'Transaction ID',
  `order_currency_code` varchar(3) DEFAULT NULL COMMENT 'Order Currency Code',
  `base_currency_code` varchar(3) DEFAULT NULL COMMENT 'Base Currency Code',
  `global_currency_code` varchar(3) DEFAULT NULL COMMENT 'Global Currency Code',
  `increment_id` varchar(50) DEFAULT NULL COMMENT 'Increment ID',
  `created_at` timestamp NOT NULL DEFAULT CURRENT_TIMESTAMP COMMENT 'Created At',
  `updated_at` timestamp NOT NULL DEFAULT CURRENT_TIMESTAMP ON UPDATE CURRENT_TIMESTAMP COMMENT 'Updated At',
  `discount_tax_compensation_amount` decimal(20,4) DEFAULT NULL COMMENT 'Discount Tax Compensation Amount',
  `base_discount_tax_compensation_amount` decimal(20,4) DEFAULT NULL COMMENT 'Base Discount Tax Compensation Amount',
  `shipping_discount_tax_compensation_amount` decimal(20,4) DEFAULT NULL COMMENT 'Shipping Discount Tax Compensation Amount',
  `base_shipping_discount_tax_compensation_amnt` decimal(20,4) DEFAULT NULL COMMENT 'Base Shipping Discount Tax Compensation Amount',
  `shipping_incl_tax` decimal(20,4) DEFAULT NULL COMMENT 'Shipping Incl Tax',
  `base_shipping_incl_tax` decimal(20,4) DEFAULT NULL COMMENT 'Base Shipping Incl Tax',
  `base_total_refunded` decimal(20,4) DEFAULT NULL COMMENT 'Base Total Refunded',
  `discount_description` varchar(255) DEFAULT NULL COMMENT 'Discount Description',
  `customer_note` text COMMENT 'Customer Note',
  `customer_note_notify` smallint unsigned DEFAULT NULL COMMENT 'Customer Note Notify',
  PRIMARY KEY (`entity_id`),
  UNIQUE KEY `SALES_INVOICE_INCREMENT_ID_STORE_ID` (`increment_id`,`store_id`),
  KEY `SALES_INVOICE_STORE_ID` (`store_id`),
  KEY `SALES_INVOICE_GRAND_TOTAL` (`grand_total`),
  KEY `SALES_INVOICE_ORDER_ID` (`order_id`),
  KEY `SALES_INVOICE_STATE` (`state`),
  KEY `SALES_INVOICE_CREATED_AT` (`created_at`),
  KEY `SALES_INVOICE_UPDATED_AT` (`updated_at`),
  KEY `SALES_INVOICE_SEND_EMAIL` (`send_email`),
  KEY `SALES_INVOICE_EMAIL_SENT` (`email_sent`),
  CONSTRAINT `SALES_INVOICE_ORDER_ID_SALES_ORDER_ENTITY_ID` FOREIGN KEY (`order_id`) REFERENCES `sales_order` (`entity_id`) ON DELETE CASCADE,
  CONSTRAINT `SALES_INVOICE_STORE_ID_STORE_STORE_ID` FOREIGN KEY (`store_id`) REFERENCES `store` (`store_id`) ON DELETE SET NULL
) ENGINE=InnoDB AUTO_INCREMENT=2 DEFAULT CHARSET=utf8mb3 COMMENT='Sales Flat Invoice';

--
-- Dumping data for table `sales_invoice`
--

INSERT INTO `sales_invoice` VALUES (1,1,5000.0000,0.0000,0.0000,0.0000,0.0000,0.0000,0.0000,0.7067,3533.5000,0.0000,3533.5000,5000.0000,0.0000,0.0000,1.0000,1.0000,3533.5000,5000.0000,0.0000,1,NULL,1,NULL,NULL,0,2,NULL,'USD',NULL,'EUR','USD','USD','000000001','2024-01-23 05:08:36','2024-01-23 05:08:36',0.0000,0.0000,0.0000,0.0000,0.0000,0.0000,NULL,NULL,NULL,NULL);

--
-- Table structure for table `sales_invoice_comment`
--

CREATE TABLE `sales_invoice_comment` (
  `entity_id` int unsigned NOT NULL AUTO_INCREMENT COMMENT 'Entity ID',
  `parent_id` int unsigned NOT NULL COMMENT 'Parent ID',
  `is_customer_notified` smallint unsigned DEFAULT NULL COMMENT 'Is Customer Notified',
  `is_visible_on_front` smallint unsigned NOT NULL DEFAULT '0' COMMENT 'Is Visible On Front',
  `comment` text COMMENT 'Comment',
  `created_at` timestamp NOT NULL DEFAULT CURRENT_TIMESTAMP COMMENT 'Created At',
  PRIMARY KEY (`entity_id`),
  KEY `SALES_INVOICE_COMMENT_CREATED_AT` (`created_at`),
  KEY `SALES_INVOICE_COMMENT_PARENT_ID` (`parent_id`),
  CONSTRAINT `SALES_INVOICE_COMMENT_PARENT_ID_SALES_INVOICE_ENTITY_ID` FOREIGN KEY (`parent_id`) REFERENCES `sales_invoice` (`entity_id`) ON DELETE CASCADE
) ENGINE=InnoDB DEFAULT CHARSET=utf8mb3 COMMENT='Sales Flat Invoice Comment';

--
-- Dumping data for table `sales_invoice_comment`
--


--
-- Table structure for table `sales_invoice_grid`
--

CREATE TABLE `sales_invoice_grid` (
  `entity_id` int unsigned NOT NULL COMMENT 'Entity ID',
  `increment_id` varchar(50) DEFAULT NULL COMMENT 'Increment ID',
  `state` int DEFAULT NULL COMMENT 'State',
  `store_id` smallint unsigned DEFAULT NULL COMMENT 'Store ID',
  `store_name` varchar(255) DEFAULT NULL COMMENT 'Store Name',
  `order_id` int unsigned NOT NULL COMMENT 'Order ID',
  `order_increment_id` varchar(50) DEFAULT NULL COMMENT 'Order Increment ID',
  `order_created_at` timestamp NULL DEFAULT NULL COMMENT 'Order Created At',
  `customer_name` varchar(255) DEFAULT NULL COMMENT 'Customer Name',
  `customer_email` varchar(255) DEFAULT NULL COMMENT 'Customer Email',
  `customer_group_id` int DEFAULT NULL,
  `payment_method` varchar(128) DEFAULT NULL COMMENT 'Payment Method',
  `store_currency_code` varchar(3) DEFAULT NULL COMMENT 'Store Currency Code',
  `order_currency_code` varchar(3) DEFAULT NULL COMMENT 'Order Currency Code',
  `base_currency_code` varchar(3) DEFAULT NULL COMMENT 'Base Currency Code',
  `global_currency_code` varchar(3) DEFAULT NULL COMMENT 'Global Currency Code',
  `billing_name` varchar(255) DEFAULT NULL COMMENT 'Billing Name',
  `billing_address` varchar(255) DEFAULT NULL COMMENT 'Billing Address',
  `shipping_address` varchar(255) DEFAULT NULL COMMENT 'Shipping Address',
  `shipping_information` varchar(255) DEFAULT NULL COMMENT 'Shipping Method Name',
  `subtotal` decimal(20,4) DEFAULT NULL COMMENT 'Subtotal',
  `shipping_and_handling` decimal(20,4) DEFAULT NULL COMMENT 'Shipping and handling amount',
  `grand_total` decimal(20,4) DEFAULT NULL COMMENT 'Grand Total',
  `created_at` timestamp NULL DEFAULT NULL COMMENT 'Created At',
  `updated_at` timestamp NULL DEFAULT NULL COMMENT 'Updated At',
  `base_grand_total` decimal(20,4) DEFAULT NULL COMMENT 'Base Grand Total',
  PRIMARY KEY (`entity_id`),
  UNIQUE KEY `SALES_INVOICE_GRID_INCREMENT_ID_STORE_ID` (`increment_id`,`store_id`),
  KEY `SALES_INVOICE_GRID_STORE_ID` (`store_id`),
  KEY `SALES_INVOICE_GRID_GRAND_TOTAL` (`grand_total`),
  KEY `SALES_INVOICE_GRID_ORDER_ID` (`order_id`),
  KEY `SALES_INVOICE_GRID_STATE` (`state`),
  KEY `SALES_INVOICE_GRID_ORDER_INCREMENT_ID` (`order_increment_id`),
  KEY `SALES_INVOICE_GRID_CREATED_AT` (`created_at`),
  KEY `SALES_INVOICE_GRID_UPDATED_AT` (`updated_at`),
  KEY `SALES_INVOICE_GRID_ORDER_CREATED_AT` (`order_created_at`),
  KEY `SALES_INVOICE_GRID_BILLING_NAME` (`billing_name`),
  KEY `SALES_INVOICE_GRID_BASE_GRAND_TOTAL` (`base_grand_total`),
  FULLTEXT KEY `FTI_95D9C924DD6A8734EB8B5D01D60F90DE` (`increment_id`,`order_increment_id`,`billing_name`,`billing_address`,`shipping_address`,`customer_name`,`customer_email`)
) ENGINE=InnoDB DEFAULT CHARSET=utf8mb3 COMMENT='Sales Flat Invoice Grid';

--
-- Dumping data for table `sales_invoice_grid`
--

INSERT INTO `sales_invoice_grid` VALUES (1,'000000001',2,1,'Main Website\nMain Website Store\nDefault Store View',1,'000000001','2024-01-23 05:06:55','Jose Alberto Contreras Montiel','acontreras@3dpro.mx',1,'checkmo','USD','EUR','USD','USD','Jose Alberto Contreras Montiel','Azka,yacasta 336,MONTERREY,Nuevo León,64350','',NULL,5000.0000,0.0000,3533.5000,'2024-01-23 05:08:36','2024-01-23 05:08:36',5000.0000);

--
-- Table structure for table `sales_invoice_item`
--

CREATE TABLE `sales_invoice_item` (
  `entity_id` int unsigned NOT NULL AUTO_INCREMENT COMMENT 'Entity ID',
  `parent_id` int unsigned NOT NULL COMMENT 'Parent ID',
  `base_price` decimal(12,4) DEFAULT NULL COMMENT 'Base Price',
  `tax_amount` decimal(12,4) DEFAULT NULL COMMENT 'Tax Amount',
  `base_row_total` decimal(20,4) DEFAULT NULL COMMENT 'Base Row Total',
  `discount_amount` decimal(12,4) DEFAULT NULL COMMENT 'Discount Amount',
  `row_total` decimal(20,4) DEFAULT NULL COMMENT 'Row Total',
  `base_discount_amount` decimal(12,4) DEFAULT NULL COMMENT 'Base Discount Amount',
  `price_incl_tax` decimal(12,4) DEFAULT NULL COMMENT 'Price Incl Tax',
  `base_tax_amount` decimal(12,4) DEFAULT NULL COMMENT 'Base Tax Amount',
  `base_price_incl_tax` decimal(12,4) DEFAULT NULL COMMENT 'Base Price Incl Tax',
  `qty` decimal(12,4) DEFAULT NULL COMMENT 'Qty',
  `base_cost` decimal(12,4) DEFAULT NULL COMMENT 'Base Cost',
  `price` decimal(12,4) DEFAULT NULL COMMENT 'Price',
  `base_row_total_incl_tax` decimal(12,4) DEFAULT NULL COMMENT 'Base Row Total Incl Tax',
  `row_total_incl_tax` decimal(12,4) DEFAULT NULL COMMENT 'Row Total Incl Tax',
  `product_id` int DEFAULT NULL COMMENT 'Product ID',
  `order_item_id` int DEFAULT NULL COMMENT 'Order Item ID',
  `additional_data` text COMMENT 'Additional Data',
  `description` text COMMENT 'Description',
  `sku` varchar(255) DEFAULT NULL COMMENT 'Sku',
  `name` varchar(255) DEFAULT NULL COMMENT 'Name',
  `discount_tax_compensation_amount` decimal(12,4) DEFAULT NULL COMMENT 'Discount Tax Compensation Amount',
  `base_discount_tax_compensation_amount` decimal(12,4) DEFAULT NULL COMMENT 'Base Discount Tax Compensation Amount',
  `tax_ratio` text COMMENT 'Ratio of tax invoiced over tax of the order item',
  `weee_tax_applied` text COMMENT 'Weee Tax Applied',
  `weee_tax_applied_amount` decimal(12,4) DEFAULT NULL COMMENT 'Weee Tax Applied Amount',
  `weee_tax_applied_row_amount` decimal(12,4) DEFAULT NULL COMMENT 'Weee Tax Applied Row Amount',
  `weee_tax_disposition` decimal(12,4) DEFAULT NULL COMMENT 'Weee Tax Disposition',
  `weee_tax_row_disposition` decimal(12,4) DEFAULT NULL COMMENT 'Weee Tax Row Disposition',
  `base_weee_tax_applied_amount` decimal(12,4) DEFAULT NULL COMMENT 'Base Weee Tax Applied Amount',
  `base_weee_tax_applied_row_amnt` decimal(12,4) DEFAULT NULL COMMENT 'Base Weee Tax Applied Row Amnt',
  `base_weee_tax_disposition` decimal(12,4) DEFAULT NULL COMMENT 'Base Weee Tax Disposition',
  `base_weee_tax_row_disposition` decimal(12,4) DEFAULT NULL COMMENT 'Base Weee Tax Row Disposition',
  PRIMARY KEY (`entity_id`),
  KEY `SALES_INVOICE_ITEM_PARENT_ID` (`parent_id`),
  CONSTRAINT `SALES_INVOICE_ITEM_PARENT_ID_SALES_INVOICE_ENTITY_ID` FOREIGN KEY (`parent_id`) REFERENCES `sales_invoice` (`entity_id`) ON DELETE CASCADE
) ENGINE=InnoDB AUTO_INCREMENT=2 DEFAULT CHARSET=utf8mb3 COMMENT='Sales Flat Invoice Item';

--
-- Dumping data for table `sales_invoice_item`
--

INSERT INTO `sales_invoice_item` VALUES (1,1,5000.0000,0.0000,5000.0000,NULL,3533.5000,NULL,3533.5000,0.0000,5000.0000,1.0000,NULL,3533.5000,5000.0000,3533.5000,3,1,NULL,NULL,'SKU00001','Antojitos Veroka',0.0000,0.0000,NULL,'[]',NULL,0.0000,NULL,0.0000,NULL,NULL,NULL,0.0000);

--
-- Table structure for table `sales_invoiced_aggregated`
--

CREATE TABLE `sales_invoiced_aggregated` (
  `id` int unsigned NOT NULL AUTO_INCREMENT COMMENT 'ID',
  `period` date DEFAULT NULL COMMENT 'Period',
  `store_id` smallint unsigned DEFAULT NULL COMMENT 'Store ID',
  `order_status` varchar(50) DEFAULT NULL COMMENT 'Order Status',
  `orders_count` int NOT NULL DEFAULT '0' COMMENT 'Orders Count',
  `orders_invoiced` decimal(12,4) DEFAULT NULL COMMENT 'Orders Invoiced',
  `invoiced` decimal(12,4) DEFAULT NULL COMMENT 'Invoiced',
  `invoiced_captured` decimal(12,4) DEFAULT NULL COMMENT 'Invoiced Captured',
  `invoiced_not_captured` decimal(12,4) DEFAULT NULL COMMENT 'Invoiced Not Captured',
  PRIMARY KEY (`id`),
  UNIQUE KEY `SALES_INVOICED_AGGREGATED_PERIOD_STORE_ID_ORDER_STATUS` (`period`,`store_id`,`order_status`),
  KEY `SALES_INVOICED_AGGREGATED_STORE_ID` (`store_id`),
  CONSTRAINT `SALES_INVOICED_AGGREGATED_STORE_ID_STORE_STORE_ID` FOREIGN KEY (`store_id`) REFERENCES `store` (`store_id`) ON DELETE SET NULL
) ENGINE=InnoDB DEFAULT CHARSET=utf8mb3 COMMENT='Sales Invoiced Aggregated';

--
-- Dumping data for table `sales_invoiced_aggregated`
--


--
-- Table structure for table `sales_invoiced_aggregated_order`
--

CREATE TABLE `sales_invoiced_aggregated_order` (
  `id` int unsigned NOT NULL AUTO_INCREMENT COMMENT 'ID',
  `period` date DEFAULT NULL COMMENT 'Period',
  `store_id` smallint unsigned DEFAULT NULL COMMENT 'Store ID',
  `order_status` varchar(50) NOT NULL COMMENT 'Order Status',
  `orders_count` int NOT NULL DEFAULT '0' COMMENT 'Orders Count',
  `orders_invoiced` decimal(12,4) DEFAULT NULL COMMENT 'Orders Invoiced',
  `invoiced` decimal(12,4) DEFAULT NULL COMMENT 'Invoiced',
  `invoiced_captured` decimal(12,4) DEFAULT NULL COMMENT 'Invoiced Captured',
  `invoiced_not_captured` decimal(12,4) DEFAULT NULL COMMENT 'Invoiced Not Captured',
  PRIMARY KEY (`id`),
  UNIQUE KEY `SALES_INVOICED_AGGREGATED_ORDER_PERIOD_STORE_ID_ORDER_STATUS` (`period`,`store_id`,`order_status`),
  KEY `SALES_INVOICED_AGGREGATED_ORDER_STORE_ID` (`store_id`),
  CONSTRAINT `SALES_INVOICED_AGGREGATED_ORDER_STORE_ID_STORE_STORE_ID` FOREIGN KEY (`store_id`) REFERENCES `store` (`store_id`) ON DELETE SET NULL
) ENGINE=InnoDB DEFAULT CHARSET=utf8mb3 COMMENT='Sales Invoiced Aggregated Order';

--
-- Dumping data for table `sales_invoiced_aggregated_order`
--


--
-- Table structure for table `sales_order`
--

CREATE TABLE `sales_order` (
  `entity_id` int unsigned NOT NULL AUTO_INCREMENT COMMENT 'Entity ID',
  `state` varchar(32) DEFAULT NULL COMMENT 'State',
  `status` varchar(32) DEFAULT NULL COMMENT 'Status',
  `coupon_code` varchar(255) DEFAULT NULL COMMENT 'Coupon Code',
  `protect_code` varchar(255) DEFAULT NULL COMMENT 'Protect Code',
  `shipping_description` varchar(255) DEFAULT NULL COMMENT 'Shipping Description',
  `is_virtual` smallint unsigned DEFAULT NULL COMMENT 'Is Virtual',
  `store_id` smallint unsigned DEFAULT NULL COMMENT 'Store ID',
  `customer_id` int unsigned DEFAULT NULL COMMENT 'Customer ID',
  `base_discount_amount` decimal(20,4) DEFAULT NULL COMMENT 'Base Discount Amount',
  `base_discount_canceled` decimal(20,4) DEFAULT NULL COMMENT 'Base Discount Canceled',
  `base_discount_invoiced` decimal(20,4) DEFAULT NULL COMMENT 'Base Discount Invoiced',
  `base_discount_refunded` decimal(20,4) DEFAULT NULL COMMENT 'Base Discount Refunded',
  `base_grand_total` decimal(20,4) DEFAULT NULL COMMENT 'Base Grand Total',
  `base_shipping_amount` decimal(20,4) DEFAULT NULL COMMENT 'Base Shipping Amount',
  `base_shipping_canceled` decimal(20,4) DEFAULT NULL COMMENT 'Base Shipping Canceled',
  `base_shipping_invoiced` decimal(20,4) DEFAULT NULL COMMENT 'Base Shipping Invoiced',
  `base_shipping_refunded` decimal(20,4) DEFAULT NULL COMMENT 'Base Shipping Refunded',
  `base_shipping_tax_amount` decimal(20,4) DEFAULT NULL COMMENT 'Base Shipping Tax Amount',
  `base_shipping_tax_refunded` decimal(20,4) DEFAULT NULL COMMENT 'Base Shipping Tax Refunded',
  `base_subtotal` decimal(20,4) DEFAULT NULL COMMENT 'Base Subtotal',
  `base_subtotal_canceled` decimal(20,4) DEFAULT NULL COMMENT 'Base Subtotal Canceled',
  `base_subtotal_invoiced` decimal(20,4) DEFAULT NULL COMMENT 'Base Subtotal Invoiced',
  `base_subtotal_refunded` decimal(20,4) DEFAULT NULL COMMENT 'Base Subtotal Refunded',
  `base_tax_amount` decimal(20,4) DEFAULT NULL COMMENT 'Base Tax Amount',
  `base_tax_canceled` decimal(20,4) DEFAULT NULL COMMENT 'Base Tax Canceled',
  `base_tax_invoiced` decimal(20,4) DEFAULT NULL COMMENT 'Base Tax Invoiced',
  `base_tax_refunded` decimal(20,4) DEFAULT NULL COMMENT 'Base Tax Refunded',
  `base_to_global_rate` decimal(20,4) DEFAULT NULL COMMENT 'Base To Global Rate',
  `base_to_order_rate` decimal(20,4) DEFAULT NULL COMMENT 'Base To Order Rate',
  `base_total_canceled` decimal(20,4) DEFAULT NULL COMMENT 'Base Total Canceled',
  `base_total_invoiced` decimal(20,4) DEFAULT NULL COMMENT 'Base Total Invoiced',
  `base_total_invoiced_cost` decimal(20,4) DEFAULT NULL COMMENT 'Base Total Invoiced Cost',
  `base_total_offline_refunded` decimal(20,4) DEFAULT NULL COMMENT 'Base Total Offline Refunded',
  `base_total_online_refunded` decimal(20,4) DEFAULT NULL COMMENT 'Base Total Online Refunded',
  `base_total_paid` decimal(20,4) DEFAULT NULL COMMENT 'Base Total Paid',
  `base_total_qty_ordered` decimal(12,4) DEFAULT NULL COMMENT 'Base Total Qty Ordered',
  `base_total_refunded` decimal(20,4) DEFAULT NULL COMMENT 'Base Total Refunded',
  `discount_amount` decimal(20,4) DEFAULT NULL COMMENT 'Discount Amount',
  `discount_canceled` decimal(20,4) DEFAULT NULL COMMENT 'Discount Canceled',
  `discount_invoiced` decimal(20,4) DEFAULT NULL COMMENT 'Discount Invoiced',
  `discount_refunded` decimal(20,4) DEFAULT NULL COMMENT 'Discount Refunded',
  `grand_total` decimal(20,4) DEFAULT NULL COMMENT 'Grand Total',
  `shipping_amount` decimal(20,4) DEFAULT NULL COMMENT 'Shipping Amount',
  `shipping_canceled` decimal(20,4) DEFAULT NULL COMMENT 'Shipping Canceled',
  `shipping_invoiced` decimal(20,4) DEFAULT NULL COMMENT 'Shipping Invoiced',
  `shipping_refunded` decimal(20,4) DEFAULT NULL COMMENT 'Shipping Refunded',
  `shipping_tax_amount` decimal(20,4) DEFAULT NULL COMMENT 'Shipping Tax Amount',
  `shipping_tax_refunded` decimal(20,4) DEFAULT NULL COMMENT 'Shipping Tax Refunded',
  `store_to_base_rate` decimal(12,4) DEFAULT NULL COMMENT 'Store To Base Rate',
  `store_to_order_rate` decimal(12,4) DEFAULT NULL COMMENT 'Store To Order Rate',
  `subtotal` decimal(20,4) DEFAULT NULL COMMENT 'Subtotal',
  `subtotal_canceled` decimal(20,4) DEFAULT NULL COMMENT 'Subtotal Canceled',
  `subtotal_invoiced` decimal(20,4) DEFAULT NULL COMMENT 'Subtotal Invoiced',
  `subtotal_refunded` decimal(20,4) DEFAULT NULL COMMENT 'Subtotal Refunded',
  `tax_amount` decimal(20,4) DEFAULT NULL COMMENT 'Tax Amount',
  `tax_canceled` decimal(20,4) DEFAULT NULL COMMENT 'Tax Canceled',
  `tax_invoiced` decimal(20,4) DEFAULT NULL COMMENT 'Tax Invoiced',
  `tax_refunded` decimal(20,4) DEFAULT NULL COMMENT 'Tax Refunded',
  `total_canceled` decimal(20,4) DEFAULT NULL COMMENT 'Total Canceled',
  `total_invoiced` decimal(20,4) DEFAULT NULL COMMENT 'Total Invoiced',
  `total_offline_refunded` decimal(20,4) DEFAULT NULL COMMENT 'Total Offline Refunded',
  `total_online_refunded` decimal(20,4) DEFAULT NULL COMMENT 'Total Online Refunded',
  `total_paid` decimal(20,4) DEFAULT NULL COMMENT 'Total Paid',
  `total_qty_ordered` decimal(12,4) DEFAULT NULL COMMENT 'Total Qty Ordered',
  `total_refunded` decimal(20,4) DEFAULT NULL COMMENT 'Total Refunded',
  `can_ship_partially` smallint unsigned DEFAULT NULL COMMENT 'Can Ship Partially',
  `can_ship_partially_item` smallint unsigned DEFAULT NULL COMMENT 'Can Ship Partially Item',
  `customer_is_guest` smallint unsigned DEFAULT NULL COMMENT 'Customer Is Guest',
  `customer_note_notify` smallint unsigned DEFAULT NULL COMMENT 'Customer Note Notify',
  `billing_address_id` int DEFAULT NULL COMMENT 'Billing Address ID',
  `customer_group_id` int DEFAULT NULL,
  `edit_increment` int DEFAULT NULL COMMENT 'Edit Increment',
  `email_sent` smallint unsigned DEFAULT NULL COMMENT 'Email Sent',
  `send_email` smallint unsigned DEFAULT NULL COMMENT 'Send Email',
  `forced_shipment_with_invoice` smallint unsigned DEFAULT NULL COMMENT 'Forced Do Shipment With Invoice',
  `payment_auth_expiration` int DEFAULT NULL COMMENT 'Payment Authorization Expiration',
  `quote_address_id` int DEFAULT NULL COMMENT 'Quote Address ID',
  `quote_id` int DEFAULT NULL COMMENT 'Quote ID',
  `shipping_address_id` int DEFAULT NULL COMMENT 'Shipping Address ID',
  `adjustment_negative` decimal(20,4) DEFAULT NULL COMMENT 'Adjustment Negative',
  `adjustment_positive` decimal(20,4) DEFAULT NULL COMMENT 'Adjustment Positive',
  `base_adjustment_negative` decimal(20,4) DEFAULT NULL COMMENT 'Base Adjustment Negative',
  `base_adjustment_positive` decimal(20,4) DEFAULT NULL COMMENT 'Base Adjustment Positive',
  `base_shipping_discount_amount` decimal(20,4) DEFAULT NULL COMMENT 'Base Shipping Discount Amount',
  `base_subtotal_incl_tax` decimal(20,4) DEFAULT NULL COMMENT 'Base Subtotal Incl Tax',
  `base_total_due` decimal(20,4) DEFAULT NULL COMMENT 'Base Total Due',
  `payment_authorization_amount` decimal(20,4) DEFAULT NULL COMMENT 'Payment Authorization Amount',
  `shipping_discount_amount` decimal(20,4) DEFAULT NULL COMMENT 'Shipping Discount Amount',
  `subtotal_incl_tax` decimal(20,4) DEFAULT NULL COMMENT 'Subtotal Incl Tax',
  `total_due` decimal(20,4) DEFAULT NULL COMMENT 'Total Due',
  `weight` decimal(12,4) DEFAULT NULL COMMENT 'Weight',
  `customer_dob` datetime DEFAULT NULL COMMENT 'Customer Dob',
  `increment_id` varchar(50) DEFAULT NULL COMMENT 'Increment ID',
  `applied_rule_ids` varchar(128) DEFAULT NULL COMMENT 'Applied Rule Ids',
  `base_currency_code` varchar(3) DEFAULT NULL COMMENT 'Base Currency Code',
  `customer_email` varchar(128) DEFAULT NULL COMMENT 'Customer Email',
  `customer_firstname` varchar(128) DEFAULT NULL COMMENT 'Customer Firstname',
  `customer_lastname` varchar(128) DEFAULT NULL COMMENT 'Customer Lastname',
  `customer_middlename` varchar(128) DEFAULT NULL COMMENT 'Customer Middlename',
  `customer_prefix` varchar(32) DEFAULT NULL COMMENT 'Customer Prefix',
  `customer_suffix` varchar(32) DEFAULT NULL COMMENT 'Customer Suffix',
  `customer_taxvat` varchar(32) DEFAULT NULL COMMENT 'Customer Taxvat',
  `discount_description` varchar(255) DEFAULT NULL COMMENT 'Discount Description',
  `ext_customer_id` varchar(32) DEFAULT NULL COMMENT 'Ext Customer ID',
  `ext_order_id` varchar(32) DEFAULT NULL COMMENT 'Ext Order ID',
  `global_currency_code` varchar(3) DEFAULT NULL COMMENT 'Global Currency Code',
  `hold_before_state` varchar(32) DEFAULT NULL COMMENT 'Hold Before State',
  `hold_before_status` varchar(32) DEFAULT NULL COMMENT 'Hold Before Status',
  `order_currency_code` varchar(3) DEFAULT NULL COMMENT 'Order Currency Code',
  `original_increment_id` varchar(50) DEFAULT NULL COMMENT 'Original Increment ID',
  `relation_child_id` varchar(32) DEFAULT NULL COMMENT 'Relation Child ID',
  `relation_child_real_id` varchar(32) DEFAULT NULL COMMENT 'Relation Child Real ID',
  `relation_parent_id` varchar(32) DEFAULT NULL COMMENT 'Relation Parent ID',
  `relation_parent_real_id` varchar(32) DEFAULT NULL COMMENT 'Relation Parent Real ID',
  `remote_ip` varchar(45) DEFAULT NULL COMMENT 'Remote Ip',
  `shipping_method` varchar(120) DEFAULT NULL,
  `store_currency_code` varchar(3) DEFAULT NULL COMMENT 'Store Currency Code',
  `store_name` varchar(255) DEFAULT NULL COMMENT 'Store Name',
  `x_forwarded_for` varchar(255) DEFAULT NULL COMMENT 'X Forwarded For',
  `customer_note` text COMMENT 'Customer Note',
  `created_at` timestamp NOT NULL DEFAULT CURRENT_TIMESTAMP COMMENT 'Created At',
  `updated_at` timestamp NOT NULL DEFAULT CURRENT_TIMESTAMP ON UPDATE CURRENT_TIMESTAMP COMMENT 'Updated At',
  `total_item_count` smallint unsigned NOT NULL DEFAULT '0' COMMENT 'Total Item Count',
  `customer_gender` int DEFAULT NULL COMMENT 'Customer Gender',
  `discount_tax_compensation_amount` decimal(20,4) DEFAULT NULL COMMENT 'Discount Tax Compensation Amount',
  `base_discount_tax_compensation_amount` decimal(20,4) DEFAULT NULL COMMENT 'Base Discount Tax Compensation Amount',
  `shipping_discount_tax_compensation_amount` decimal(20,4) DEFAULT NULL COMMENT 'Shipping Discount Tax Compensation Amount',
  `base_shipping_discount_tax_compensation_amnt` decimal(20,4) DEFAULT NULL COMMENT 'Base Shipping Discount Tax Compensation Amount',
  `discount_tax_compensation_invoiced` decimal(20,4) DEFAULT NULL COMMENT 'Discount Tax Compensation Invoiced',
  `base_discount_tax_compensation_invoiced` decimal(20,4) DEFAULT NULL COMMENT 'Base Discount Tax Compensation Invoiced',
  `discount_tax_compensation_refunded` decimal(20,4) DEFAULT NULL COMMENT 'Discount Tax Compensation Refunded',
  `base_discount_tax_compensation_refunded` decimal(20,4) DEFAULT NULL COMMENT 'Base Discount Tax Compensation Refunded',
  `shipping_incl_tax` decimal(20,4) DEFAULT NULL COMMENT 'Shipping Incl Tax',
  `base_shipping_incl_tax` decimal(20,4) DEFAULT NULL COMMENT 'Base Shipping Incl Tax',
  `coupon_rule_name` varchar(255) DEFAULT NULL COMMENT 'Coupon Sales Rule Name',
  `gift_message_id` int DEFAULT NULL COMMENT 'Gift Message ID',
  `paypal_ipn_customer_notified` int DEFAULT '0' COMMENT 'Paypal Ipn Customer Notified',
  PRIMARY KEY (`entity_id`),
  UNIQUE KEY `SALES_ORDER_INCREMENT_ID_STORE_ID` (`increment_id`,`store_id`),
  KEY `SALES_ORDER_STATUS` (`status`),
  KEY `SALES_ORDER_STATE` (`state`),
  KEY `SALES_ORDER_STORE_ID` (`store_id`),
  KEY `SALES_ORDER_CREATED_AT` (`created_at`),
  KEY `SALES_ORDER_CUSTOMER_ID` (`customer_id`),
  KEY `SALES_ORDER_EXT_ORDER_ID` (`ext_order_id`),
  KEY `SALES_ORDER_QUOTE_ID` (`quote_id`),
  KEY `SALES_ORDER_UPDATED_AT` (`updated_at`),
  KEY `SALES_ORDER_SEND_EMAIL` (`send_email`),
  KEY `SALES_ORDER_EMAIL_SENT` (`email_sent`),
  CONSTRAINT `SALES_ORDER_CUSTOMER_ID_CUSTOMER_ENTITY_ENTITY_ID` FOREIGN KEY (`customer_id`) REFERENCES `customer_entity` (`entity_id`) ON DELETE SET NULL,
  CONSTRAINT `SALES_ORDER_STORE_ID_STORE_STORE_ID` FOREIGN KEY (`store_id`) REFERENCES `store` (`store_id`) ON DELETE SET NULL
) ENGINE=InnoDB AUTO_INCREMENT=14 DEFAULT CHARSET=utf8mb3 COMMENT='Sales Flat Order';

--
-- Dumping data for table `sales_order`
--

INSERT INTO `sales_order` VALUES (1,'complete','complete',NULL,'1b1061c4e9393ecc0162558e9a3d4290',NULL,1,1,2,0.0000,NULL,0.0000,NULL,5000.0000,0.0000,NULL,0.0000,NULL,0.0000,NULL,5000.0000,NULL,5000.0000,NULL,0.0000,NULL,0.0000,NULL,1.0000,0.7067,NULL,5000.0000,0.0000,NULL,NULL,5000.0000,NULL,NULL,0.0000,NULL,0.0000,NULL,3533.5000,0.0000,NULL,0.0000,NULL,0.0000,NULL,0.0000,0.0000,3533.5000,NULL,3533.5000,NULL,0.0000,NULL,0.0000,NULL,NULL,3533.5000,NULL,NULL,3533.5000,1.0000,NULL,NULL,NULL,0,0,1,1,NULL,NULL,1,NULL,NULL,NULL,2,NULL,NULL,NULL,NULL,NULL,0.0000,5000.0000,0.0000,NULL,0.0000,3533.5000,0.0000,0.0000,NULL,'000000001',NULL,'USD','acontreras@3dpro.mx','Jose Alberto','Contreras Montiel',NULL,NULL,NULL,NULL,NULL,NULL,NULL,'USD',NULL,NULL,'EUR',NULL,NULL,NULL,NULL,NULL,'187.195.243.140',NULL,'USD','Main Website\nMain Website Store\nDefault Store View',NULL,NULL,'2024-01-23 05:06:55','2024-01-23 05:08:37',1,NULL,0.0000,0.0000,0.0000,0.0000,0.0000,0.0000,NULL,NULL,0.0000,0.0000,NULL,NULL,0),(2,'new','pending',NULL,'4c29ca6a5284a329105ecd7b2b33bc59',NULL,1,1,2,0.0000,NULL,NULL,NULL,0.0000,0.0000,NULL,NULL,NULL,0.0000,NULL,0.0000,NULL,NULL,NULL,0.0000,NULL,NULL,NULL,1.0000,0.7067,NULL,NULL,NULL,NULL,NULL,NULL,NULL,NULL,0.0000,NULL,NULL,NULL,0.0000,0.0000,NULL,NULL,NULL,0.0000,NULL,0.0000,0.0000,0.0000,NULL,NULL,NULL,0.0000,NULL,NULL,NULL,NULL,NULL,NULL,NULL,NULL,1.0000,NULL,NULL,NULL,0,1,2,1,NULL,NULL,1,NULL,NULL,NULL,3,NULL,NULL,NULL,NULL,NULL,0.0000,0.0000,0.0000,NULL,0.0000,0.0000,0.0000,0.0000,NULL,'000000002',NULL,'USD','acontreras@3dpro.mx','Jose Alberto','Contreras Montiel',NULL,NULL,NULL,NULL,NULL,NULL,NULL,'USD',NULL,NULL,'EUR',NULL,NULL,NULL,NULL,NULL,'187.195.243.140',NULL,'USD','Main Website\nMain Website Store\nDefault Store View',NULL,NULL,'2024-01-23 05:19:37','2024-01-23 05:19:38',1,NULL,0.0000,0.0000,0.0000,0.0000,NULL,NULL,NULL,NULL,0.0000,0.0000,NULL,NULL,0),(3,'new','pending',NULL,'ac184e9701ba457e7c045e20f42fe2d3',NULL,1,1,2,0.0000,NULL,NULL,NULL,0.0000,0.0000,NULL,NULL,NULL,0.0000,NULL,0.0000,NULL,NULL,NULL,0.0000,NULL,NULL,NULL,1.0000,1.0000,NULL,NULL,NULL,NULL,NULL,NULL,NULL,NULL,0.0000,NULL,NULL,NULL,0.0000,0.0000,NULL,NULL,NULL,0.0000,NULL,0.0000,0.0000,0.0000,NULL,NULL,NULL,0.0000,NULL,NULL,NULL,NULL,NULL,NULL,NULL,NULL,2.0000,NULL,NULL,NULL,0,1,3,1,NULL,NULL,1,NULL,NULL,NULL,16,NULL,NULL,NULL,NULL,NULL,0.0000,0.0000,0.0000,NULL,0.0000,0.0000,0.0000,0.0000,NULL,'000000003',NULL,'USD','acontreras@3dpro.mx','Jose Alberto','Contreras Montiel',NULL,NULL,NULL,NULL,NULL,NULL,NULL,'USD',NULL,NULL,'USD',NULL,NULL,NULL,NULL,NULL,'187.195.243.140',NULL,'USD','Main Website\nMain Website Store\nDefault Store View',NULL,NULL,'2024-01-23 06:41:39','2024-01-23 06:41:39',2,NULL,0.0000,0.0000,0.0000,0.0000,NULL,NULL,NULL,NULL,0.0000,0.0000,NULL,NULL,0),(4,'new','pending',NULL,'4eb273cae9a900bb3dfb9c1a031edab1',NULL,1,1,2,0.0000,NULL,NULL,NULL,0.0000,0.0000,NULL,NULL,NULL,0.0000,NULL,0.0000,NULL,NULL,NULL,0.0000,NULL,NULL,NULL,1.0000,1.0000,NULL,NULL,NULL,NULL,NULL,NULL,NULL,NULL,0.0000,NULL,NULL,NULL,0.0000,0.0000,NULL,NULL,NULL,0.0000,NULL,0.0000,0.0000,0.0000,NULL,NULL,NULL,0.0000,NULL,NULL,NULL,NULL,NULL,NULL,NULL,NULL,1.0000,NULL,NULL,NULL,0,1,4,1,NULL,NULL,1,NULL,NULL,NULL,19,NULL,NULL,NULL,NULL,NULL,0.0000,0.0000,0.0000,NULL,0.0000,0.0000,0.0000,0.0000,NULL,'000000004',NULL,'USD','acontreras@3dpro.mx','Jose Alberto','Contreras Montiel',NULL,NULL,NULL,NULL,NULL,NULL,NULL,'USD',NULL,NULL,'USD',NULL,NULL,NULL,NULL,NULL,'187.195.243.140',NULL,'USD','Main Website\nMain Website Store\nDefault Store View',NULL,NULL,'2024-01-23 06:43:05','2024-01-23 06:43:06',1,NULL,0.0000,0.0000,0.0000,0.0000,NULL,NULL,NULL,NULL,0.0000,0.0000,NULL,NULL,0),(5,'new','pending',NULL,'0797cf38207ebccd05e44c9bff4ea2c7',NULL,1,1,2,0.0000,NULL,NULL,NULL,0.0000,0.0000,NULL,NULL,NULL,0.0000,NULL,0.0000,NULL,NULL,NULL,0.0000,NULL,NULL,NULL,1.0000,1.0000,NULL,NULL,NULL,NULL,NULL,NULL,NULL,NULL,0.0000,NULL,NULL,NULL,0.0000,0.0000,NULL,NULL,NULL,0.0000,NULL,0.0000,0.0000,0.0000,NULL,NULL,NULL,0.0000,NULL,NULL,NULL,NULL,NULL,NULL,NULL,NULL,1.0000,NULL,NULL,NULL,0,1,5,1,NULL,NULL,1,NULL,NULL,NULL,20,NULL,NULL,NULL,NULL,NULL,0.0000,0.0000,0.0000,NULL,0.0000,0.0000,0.0000,0.0000,NULL,'000000005',NULL,'USD','acontreras@3dpro.mx','Jose Alberto','Contreras Montiel',NULL,NULL,NULL,NULL,NULL,NULL,NULL,'USD',NULL,NULL,'USD',NULL,NULL,NULL,NULL,NULL,'187.195.243.140',NULL,'USD','Main Website\nMain Website Store\nDefault Store View',NULL,NULL,'2024-01-23 16:45:44','2024-01-23 16:45:44',1,NULL,0.0000,0.0000,0.0000,0.0000,NULL,NULL,NULL,NULL,0.0000,0.0000,NULL,NULL,0),(6,'new','pending',NULL,'7385781f0a5898ad367054c5130d0385',NULL,1,1,2,0.0000,NULL,NULL,NULL,0.0000,0.0000,NULL,NULL,NULL,0.0000,NULL,0.0000,NULL,NULL,NULL,0.0000,NULL,NULL,NULL,1.0000,1.0000,NULL,NULL,NULL,NULL,NULL,NULL,NULL,NULL,0.0000,NULL,NULL,NULL,0.0000,0.0000,NULL,NULL,NULL,0.0000,NULL,0.0000,0.0000,0.0000,NULL,NULL,NULL,0.0000,NULL,NULL,NULL,NULL,NULL,NULL,NULL,NULL,2.0000,NULL,NULL,NULL,0,1,6,1,NULL,NULL,1,NULL,NULL,NULL,23,NULL,NULL,NULL,NULL,NULL,0.0000,0.0000,0.0000,NULL,0.0000,0.0000,0.0000,0.0000,NULL,'000000006',NULL,'USD','acontreras@3dpro.mx','Jose Alberto','Contreras Montiel',NULL,NULL,NULL,NULL,NULL,NULL,NULL,'USD',NULL,NULL,'USD',NULL,NULL,NULL,NULL,NULL,'189.191.231.128',NULL,'USD','Main Website\nMain Website Store\nDefault Store View',NULL,NULL,'2024-01-23 19:52:44','2024-01-23 19:52:44',1,NULL,0.0000,0.0000,0.0000,0.0000,NULL,NULL,NULL,NULL,0.0000,0.0000,NULL,NULL,0),(7,'new','pending',NULL,'f33b61f95caa6eba79bacd6131e637ec',NULL,1,1,2,0.0000,NULL,NULL,NULL,0.0000,0.0000,NULL,NULL,NULL,0.0000,NULL,0.0000,NULL,NULL,NULL,0.0000,NULL,NULL,NULL,1.0000,1.0000,NULL,NULL,NULL,NULL,NULL,NULL,NULL,NULL,0.0000,NULL,NULL,NULL,0.0000,0.0000,NULL,NULL,NULL,0.0000,NULL,0.0000,0.0000,0.0000,NULL,NULL,NULL,0.0000,NULL,NULL,NULL,NULL,NULL,NULL,NULL,NULL,1.0000,NULL,NULL,NULL,0,1,7,1,NULL,NULL,1,NULL,NULL,NULL,27,NULL,NULL,NULL,NULL,NULL,0.0000,0.0000,0.0000,NULL,0.0000,0.0000,0.0000,0.0000,NULL,'000000007',NULL,'MXN','acontreras@3dpro.mx','Jose Alberto','Contreras Montiel',NULL,NULL,NULL,NULL,NULL,NULL,NULL,'MXN',NULL,NULL,'MXN',NULL,NULL,NULL,NULL,NULL,'189.153.130.21',NULL,'MXN','Main Website\nMain Website Store\nDefault Store View',NULL,NULL,'2024-01-25 17:38:10','2024-01-25 17:38:10',1,NULL,0.0000,0.0000,0.0000,0.0000,NULL,NULL,NULL,NULL,0.0000,0.0000,NULL,NULL,0),(8,'new','pending',NULL,'01c9e9b8ef80fc6ade886d11daa869fc',NULL,1,1,17,0.0000,NULL,NULL,NULL,0.0000,0.0000,NULL,NULL,NULL,0.0000,NULL,0.0000,NULL,NULL,NULL,0.0000,NULL,NULL,NULL,1.0000,1.0000,NULL,NULL,NULL,NULL,NULL,NULL,NULL,NULL,0.0000,NULL,NULL,NULL,0.0000,0.0000,NULL,NULL,NULL,0.0000,NULL,0.0000,0.0000,0.0000,NULL,NULL,NULL,0.0000,NULL,NULL,NULL,NULL,NULL,NULL,NULL,NULL,2.0000,NULL,NULL,NULL,0,1,8,5,NULL,NULL,1,NULL,NULL,NULL,29,NULL,NULL,NULL,NULL,NULL,0.0000,0.0000,0.0000,NULL,0.0000,0.0000,0.0000,0.0000,NULL,'000000008',NULL,'MXN','pedroparama@correo.com','pedro','paramo',NULL,NULL,NULL,NULL,NULL,NULL,NULL,'MXN',NULL,NULL,'MXN',NULL,NULL,NULL,NULL,NULL,'189.180.67.134',NULL,'MXN','Main Website\nMain Website Store\nDefault Store View',NULL,NULL,'2024-01-26 00:52:44','2024-01-26 00:52:45',1,NULL,0.0000,0.0000,0.0000,0.0000,NULL,NULL,NULL,NULL,0.0000,0.0000,NULL,NULL,0),(9,'canceled','canceled',NULL,'f646d3d585705ed7160b16232e6150b9',NULL,1,1,2,0.0000,0.0000,NULL,NULL,0.0000,0.0000,0.0000,NULL,NULL,0.0000,NULL,0.0000,0.0000,NULL,NULL,0.0000,0.0000,NULL,NULL,1.0000,1.0000,0.0000,NULL,NULL,NULL,NULL,NULL,NULL,NULL,0.0000,0.0000,NULL,NULL,0.0000,0.0000,0.0000,NULL,NULL,0.0000,NULL,0.0000,0.0000,0.0000,0.0000,NULL,NULL,0.0000,0.0000,NULL,NULL,0.0000,NULL,NULL,NULL,NULL,2.0000,NULL,NULL,NULL,0,1,9,1,NULL,NULL,1,NULL,NULL,NULL,28,NULL,NULL,NULL,NULL,NULL,0.0000,0.0000,0.0000,NULL,0.0000,0.0000,0.0000,0.0000,NULL,'000000009',NULL,'MXN','acontreras@3dpro.mx','Jose Alberto','Contreras Montiel',NULL,NULL,NULL,NULL,NULL,NULL,NULL,'MXN',NULL,NULL,'MXN',NULL,NULL,NULL,NULL,NULL,'189.153.130.21',NULL,'MXN','Main Website\nMain Website Store\nDefault Store View',NULL,NULL,'2024-01-26 00:58:05','2024-01-26 00:59:21',2,NULL,0.0000,0.0000,0.0000,0.0000,NULL,NULL,NULL,NULL,0.0000,0.0000,NULL,NULL,0),(10,'new','pending',NULL,'bfa18d97baed99f43361793ea6d4c6b0',NULL,1,1,2,0.0000,NULL,NULL,NULL,0.0000,0.0000,NULL,NULL,NULL,0.0000,NULL,0.0000,NULL,NULL,NULL,0.0000,NULL,NULL,NULL,1.0000,1.0000,NULL,NULL,NULL,NULL,NULL,NULL,NULL,NULL,0.0000,NULL,NULL,NULL,0.0000,0.0000,NULL,NULL,NULL,0.0000,NULL,0.0000,0.0000,0.0000,NULL,NULL,NULL,0.0000,NULL,NULL,NULL,NULL,NULL,NULL,NULL,NULL,1.0000,NULL,NULL,NULL,0,1,10,1,NULL,NULL,1,NULL,NULL,NULL,33,NULL,NULL,NULL,NULL,NULL,0.0000,0.0000,0.0000,NULL,0.0000,0.0000,0.0000,0.0000,NULL,'000000010',NULL,'MXN','acontreras@3dpro.mx','Jose Alberto','Contreras Montiel',NULL,NULL,NULL,NULL,NULL,NULL,NULL,'MXN',NULL,NULL,'MXN',NULL,NULL,NULL,NULL,NULL,'189.153.130.21',NULL,'MXN','Main Website\nMain Website Store\nDefault Store View',NULL,NULL,'2024-01-26 20:14:42','2024-01-26 20:14:42',1,NULL,0.0000,0.0000,0.0000,0.0000,NULL,NULL,NULL,NULL,0.0000,0.0000,NULL,NULL,0),(11,'new','pending',NULL,'0d7b9fcce1d23f64e18be424e7005e07',NULL,1,1,2,0.0000,NULL,NULL,NULL,450.0000,0.0000,NULL,NULL,NULL,0.0000,NULL,450.0000,NULL,NULL,NULL,0.0000,NULL,NULL,NULL,1.0000,1.0000,NULL,NULL,NULL,NULL,NULL,NULL,NULL,NULL,0.0000,NULL,NULL,NULL,450.0000,0.0000,NULL,NULL,NULL,0.0000,NULL,0.0000,0.0000,450.0000,NULL,NULL,NULL,0.0000,NULL,NULL,NULL,NULL,NULL,NULL,NULL,NULL,1.0000,NULL,NULL,NULL,0,1,11,1,NULL,NULL,1,NULL,NULL,NULL,34,NULL,NULL,NULL,NULL,NULL,0.0000,450.0000,450.0000,NULL,0.0000,450.0000,450.0000,0.0000,NULL,'000000011',NULL,'MXN','acontreras@3dpro.mx','Jose Alberto','Contreras Montiel',NULL,NULL,NULL,NULL,NULL,NULL,NULL,'MXN',NULL,NULL,'MXN',NULL,NULL,NULL,NULL,NULL,'189.153.130.21',NULL,'MXN','Main Website\nMain Website Store\nDefault Store View',NULL,NULL,'2024-01-30 18:18:04','2024-01-30 18:18:06',1,NULL,0.0000,0.0000,0.0000,0.0000,NULL,NULL,NULL,NULL,0.0000,0.0000,NULL,NULL,0),(12,'new','pending',NULL,'4b44e518132486e653dd3c7db32406f4',NULL,1,1,2,0.0000,NULL,NULL,NULL,500.0000,0.0000,NULL,NULL,NULL,0.0000,NULL,500.0000,NULL,NULL,NULL,0.0000,NULL,NULL,NULL,1.0000,1.0000,NULL,NULL,NULL,NULL,NULL,NULL,NULL,NULL,0.0000,NULL,NULL,NULL,500.0000,0.0000,NULL,NULL,NULL,0.0000,NULL,0.0000,0.0000,500.0000,NULL,NULL,NULL,0.0000,NULL,NULL,NULL,NULL,NULL,NULL,NULL,NULL,2.0000,NULL,NULL,NULL,0,1,12,1,NULL,NULL,1,NULL,NULL,NULL,48,NULL,NULL,NULL,NULL,NULL,0.0000,500.0000,500.0000,NULL,0.0000,500.0000,500.0000,0.0000,NULL,'000000012',NULL,'MXN','acontreras@3dpro.mx','Jose Alberto','Contreras Montiel',NULL,NULL,NULL,NULL,NULL,NULL,NULL,'MXN',NULL,NULL,'MXN',NULL,NULL,NULL,NULL,NULL,'189.153.108.25',NULL,'MXN','Main Website\nMain Website Store\nDefault Store View',NULL,NULL,'2024-02-09 21:28:49','2024-02-09 21:28:50',1,NULL,0.0000,0.0000,0.0000,0.0000,NULL,NULL,NULL,NULL,0.0000,0.0000,NULL,NULL,0),(13,'new','pending',NULL,'c0cff7b7c4ffdd8b173095a489abae57',NULL,1,1,2,0.0000,NULL,NULL,NULL,350.0000,0.0000,NULL,NULL,NULL,0.0000,NULL,350.0000,NULL,NULL,NULL,0.0000,NULL,NULL,NULL,1.0000,1.0000,NULL,NULL,NULL,NULL,NULL,NULL,NULL,NULL,0.0000,NULL,NULL,NULL,350.0000,0.0000,NULL,NULL,NULL,0.0000,NULL,0.0000,0.0000,350.0000,NULL,NULL,NULL,0.0000,NULL,NULL,NULL,NULL,NULL,NULL,NULL,NULL,1.0000,NULL,NULL,NULL,0,1,13,1,NULL,NULL,1,NULL,NULL,NULL,49,NULL,NULL,NULL,NULL,NULL,0.0000,350.0000,350.0000,NULL,0.0000,350.0000,350.0000,0.0000,NULL,'000000013',NULL,'MXN','acontreras@3dpro.mx','Jose Alberto','Contreras Montiel',NULL,NULL,NULL,NULL,NULL,NULL,NULL,'MXN',NULL,NULL,'MXN',NULL,NULL,NULL,NULL,NULL,'189.153.108.25',NULL,'MXN','Main Website\nMain Website Store\nDefault Store View',NULL,NULL,'2024-02-10 00:04:47','2024-02-10 00:04:48',1,NULL,0.0000,0.0000,0.0000,0.0000,NULL,NULL,NULL,NULL,0.0000,0.0000,NULL,NULL,0);

--
-- Table structure for table `sales_order_address`
--

CREATE TABLE `sales_order_address` (
  `entity_id` int unsigned NOT NULL AUTO_INCREMENT COMMENT 'Entity ID',
  `parent_id` int unsigned DEFAULT NULL COMMENT 'Parent ID',
  `customer_address_id` int DEFAULT NULL COMMENT 'Customer Address ID',
  `quote_address_id` int DEFAULT NULL COMMENT 'Quote Address ID',
  `region_id` int DEFAULT NULL COMMENT 'Region ID',
  `customer_id` int DEFAULT NULL COMMENT 'Customer ID',
  `fax` varchar(255) DEFAULT NULL COMMENT 'Fax',
  `region` varchar(255) DEFAULT NULL COMMENT 'Region',
  `postcode` varchar(255) DEFAULT NULL COMMENT 'Postcode',
  `lastname` varchar(255) DEFAULT NULL COMMENT 'Lastname',
  `street` varchar(255) DEFAULT NULL COMMENT 'Street',
  `city` varchar(255) DEFAULT NULL COMMENT 'City',
  `email` varchar(255) DEFAULT NULL COMMENT 'Email',
  `telephone` varchar(255) DEFAULT NULL COMMENT 'Phone Number',
  `country_id` varchar(2) DEFAULT NULL COMMENT 'Country ID',
  `firstname` varchar(255) DEFAULT NULL COMMENT 'Firstname',
  `address_type` varchar(255) DEFAULT NULL COMMENT 'Address Type',
  `prefix` varchar(255) DEFAULT NULL COMMENT 'Prefix',
  `middlename` varchar(255) DEFAULT NULL COMMENT 'Middlename',
  `suffix` varchar(255) DEFAULT NULL COMMENT 'Suffix',
  `company` varchar(255) DEFAULT NULL COMMENT 'Company',
  `vat_id` text COMMENT 'Vat ID',
  `vat_is_valid` smallint DEFAULT NULL COMMENT 'Vat Is Valid',
  `vat_request_id` text COMMENT 'Vat Request ID',
  `vat_request_date` text COMMENT 'Vat Request Date',
  `vat_request_success` smallint DEFAULT NULL COMMENT 'Vat Request Success',
  PRIMARY KEY (`entity_id`),
  KEY `SALES_ORDER_ADDRESS_PARENT_ID` (`parent_id`),
  CONSTRAINT `SALES_ORDER_ADDRESS_PARENT_ID_SALES_ORDER_ENTITY_ID` FOREIGN KEY (`parent_id`) REFERENCES `sales_order` (`entity_id`) ON DELETE CASCADE
) ENGINE=InnoDB AUTO_INCREMENT=14 DEFAULT CHARSET=utf8mb3 COMMENT='Sales Flat Order Address';

--
-- Dumping data for table `sales_order_address`
--

INSERT INTO `sales_order_address` VALUES (1,1,NULL,6,953,NULL,NULL,'Nuevo León','64350','Contreras Montiel','yacasta 336','MONTERREY','acontreras@3dpro.mx','5514778086','MX','Jose Alberto','billing',NULL,NULL,NULL,'Azka',NULL,NULL,NULL,NULL,NULL),(2,2,1,35,953,NULL,NULL,'Nuevo León','64350','Contreras Montiel','yacasta 336','MONTERREY','acontreras@3dpro.mx','5514778086','MX','Jose Alberto','billing',NULL,NULL,NULL,'Azka',NULL,NULL,NULL,NULL,NULL),(3,3,1,42,953,NULL,NULL,'Nuevo León','64350','Contreras Montiel','yacasta 336','MONTERREY','acontreras@3dpro.mx','5514778086','MX','Jose Alberto','billing',NULL,NULL,NULL,'Azka',NULL,NULL,NULL,NULL,NULL),(4,4,1,45,953,NULL,NULL,'Nuevo León','64350','Contreras Montiel','yacasta 336','MONTERREY','acontreras@3dpro.mx','5514778086','MX','Jose Alberto','billing',NULL,NULL,NULL,'Azka',NULL,NULL,NULL,NULL,NULL),(5,5,1,52,953,NULL,NULL,'Nuevo León','64350','Contreras Montiel','yacasta 336','MONTERREY','acontreras@3dpro.mx','5514778086','MX','Jose Alberto','billing',NULL,NULL,NULL,'Azka',NULL,NULL,NULL,NULL,NULL),(6,6,1,55,953,NULL,NULL,'Nuevo León','64350','Contreras Montiel','yacasta 336','MONTERREY','acontreras@3dpro.mx','5514778086','MX','Jose Alberto','billing',NULL,NULL,NULL,'Azka',NULL,NULL,NULL,NULL,NULL),(7,7,1,64,953,NULL,NULL,'Nuevo León','64350','Contreras Montiel','yacasta 336','MONTERREY','acontreras@3dpro.mx','5514778086','MX','Jose Alberto','billing',NULL,NULL,NULL,'Azka',NULL,NULL,NULL,NULL,NULL),(8,8,2,72,957,NULL,NULL,'Quintana Roo','77518','Cabañas','Privadas Turquesa Manzana 14 Lote 6 Casa 63\nCasa 63','Cancun','pedroparama@correo.com','+529981235542','MX','Azael','billing',NULL,NULL,NULL,NULL,NULL,NULL,NULL,NULL,NULL),(9,9,1,77,953,NULL,NULL,'Nuevo León','64350','Contreras Montiel','yacasta 336','MONTERREY','acontreras@3dpro.mx','5514778086','MX','Jose Alberto','billing',NULL,NULL,NULL,'Azka',NULL,NULL,NULL,NULL,NULL),(10,10,1,80,953,NULL,NULL,'Nuevo León','64350','Contreras Montiel','yacasta 336','MONTERREY','acontreras@3dpro.mx','5514778086','MX','Jose Alberto','billing',NULL,NULL,NULL,'Azka',NULL,NULL,NULL,NULL,NULL),(11,11,1,95,953,NULL,NULL,'Nuevo León','64350','Contreras Montiel','yacasta 336','MONTERREY','acontreras@3dpro.mx','5514778086','MX','Jose Alberto','billing',NULL,NULL,NULL,'Azka',NULL,NULL,NULL,NULL,NULL),(12,12,1,112,953,NULL,NULL,'Nuevo León','64350','Contreras Montiel','yacasta 336','MONTERREY','acontreras@3dpro.mx','5514778086','MX','Jose Alberto','billing',NULL,NULL,NULL,'Azka',NULL,NULL,NULL,NULL,NULL),(13,13,1,119,953,NULL,NULL,'Nuevo León','64350','Contreras Montiel','yacasta 336','MONTERREY','acontreras@3dpro.mx','5514778086','MX','Jose Alberto','billing',NULL,NULL,NULL,'Azka',NULL,NULL,NULL,NULL,NULL);

--
-- Table structure for table `sales_order_aggregated_created`
--

CREATE TABLE `sales_order_aggregated_created` (
  `id` int unsigned NOT NULL AUTO_INCREMENT COMMENT 'ID',
  `period` date DEFAULT NULL COMMENT 'Period',
  `store_id` smallint unsigned DEFAULT NULL COMMENT 'Store ID',
  `order_status` varchar(50) NOT NULL COMMENT 'Order Status',
  `orders_count` int NOT NULL DEFAULT '0' COMMENT 'Orders Count',
  `total_qty_ordered` decimal(12,4) NOT NULL DEFAULT '0.0000' COMMENT 'Total Qty Ordered',
  `total_qty_invoiced` decimal(12,4) NOT NULL DEFAULT '0.0000' COMMENT 'Total Qty Invoiced',
  `total_income_amount` decimal(20,4) NOT NULL DEFAULT '0.0000' COMMENT 'Total Income Amount',
  `total_revenue_amount` decimal(20,4) NOT NULL DEFAULT '0.0000' COMMENT 'Total Revenue Amount',
  `total_profit_amount` decimal(20,4) NOT NULL DEFAULT '0.0000' COMMENT 'Total Profit Amount',
  `total_invoiced_amount` decimal(20,4) NOT NULL DEFAULT '0.0000' COMMENT 'Total Invoiced Amount',
  `total_canceled_amount` decimal(20,4) NOT NULL DEFAULT '0.0000' COMMENT 'Total Canceled Amount',
  `total_paid_amount` decimal(20,4) NOT NULL DEFAULT '0.0000' COMMENT 'Total Paid Amount',
  `total_refunded_amount` decimal(20,4) NOT NULL DEFAULT '0.0000' COMMENT 'Total Refunded Amount',
  `total_tax_amount` decimal(20,4) NOT NULL DEFAULT '0.0000' COMMENT 'Total Tax Amount',
  `total_tax_amount_actual` decimal(20,4) NOT NULL DEFAULT '0.0000' COMMENT 'Total Tax Amount Actual',
  `total_shipping_amount` decimal(20,4) NOT NULL DEFAULT '0.0000' COMMENT 'Total Shipping Amount',
  `total_shipping_amount_actual` decimal(20,4) NOT NULL DEFAULT '0.0000' COMMENT 'Total Shipping Amount Actual',
  `total_discount_amount` decimal(20,4) NOT NULL DEFAULT '0.0000' COMMENT 'Total Discount Amount',
  `total_discount_amount_actual` decimal(20,4) NOT NULL DEFAULT '0.0000' COMMENT 'Total Discount Amount Actual',
  PRIMARY KEY (`id`),
  UNIQUE KEY `SALES_ORDER_AGGREGATED_CREATED_PERIOD_STORE_ID_ORDER_STATUS` (`period`,`store_id`,`order_status`),
  KEY `SALES_ORDER_AGGREGATED_CREATED_STORE_ID` (`store_id`),
  CONSTRAINT `SALES_ORDER_AGGREGATED_CREATED_STORE_ID_STORE_STORE_ID` FOREIGN KEY (`store_id`) REFERENCES `store` (`store_id`) ON DELETE SET NULL
) ENGINE=InnoDB DEFAULT CHARSET=utf8mb3 COMMENT='Sales Order Aggregated Created';

--
-- Dumping data for table `sales_order_aggregated_created`
--


--
-- Table structure for table `sales_order_aggregated_updated`
--

CREATE TABLE `sales_order_aggregated_updated` (
  `id` int unsigned NOT NULL AUTO_INCREMENT COMMENT 'ID',
  `period` date DEFAULT NULL COMMENT 'Period',
  `store_id` smallint unsigned DEFAULT NULL COMMENT 'Store ID',
  `order_status` varchar(50) NOT NULL COMMENT 'Order Status',
  `orders_count` int NOT NULL DEFAULT '0' COMMENT 'Orders Count',
  `total_qty_ordered` decimal(12,4) NOT NULL DEFAULT '0.0000' COMMENT 'Total Qty Ordered',
  `total_qty_invoiced` decimal(12,4) NOT NULL DEFAULT '0.0000' COMMENT 'Total Qty Invoiced',
  `total_income_amount` decimal(20,4) NOT NULL DEFAULT '0.0000' COMMENT 'Total Income Amount',
  `total_revenue_amount` decimal(20,4) NOT NULL DEFAULT '0.0000' COMMENT 'Total Revenue Amount',
  `total_profit_amount` decimal(20,4) NOT NULL DEFAULT '0.0000' COMMENT 'Total Profit Amount',
  `total_invoiced_amount` decimal(20,4) NOT NULL DEFAULT '0.0000' COMMENT 'Total Invoiced Amount',
  `total_canceled_amount` decimal(20,4) NOT NULL DEFAULT '0.0000' COMMENT 'Total Canceled Amount',
  `total_paid_amount` decimal(20,4) NOT NULL DEFAULT '0.0000' COMMENT 'Total Paid Amount',
  `total_refunded_amount` decimal(20,4) NOT NULL DEFAULT '0.0000' COMMENT 'Total Refunded Amount',
  `total_tax_amount` decimal(20,4) NOT NULL DEFAULT '0.0000' COMMENT 'Total Tax Amount',
  `total_tax_amount_actual` decimal(20,4) NOT NULL DEFAULT '0.0000' COMMENT 'Total Tax Amount Actual',
  `total_shipping_amount` decimal(20,4) NOT NULL DEFAULT '0.0000' COMMENT 'Total Shipping Amount',
  `total_shipping_amount_actual` decimal(20,4) NOT NULL DEFAULT '0.0000' COMMENT 'Total Shipping Amount Actual',
  `total_discount_amount` decimal(20,4) NOT NULL DEFAULT '0.0000' COMMENT 'Total Discount Amount',
  `total_discount_amount_actual` decimal(20,4) NOT NULL DEFAULT '0.0000' COMMENT 'Total Discount Amount Actual',
  PRIMARY KEY (`id`),
  UNIQUE KEY `SALES_ORDER_AGGREGATED_UPDATED_PERIOD_STORE_ID_ORDER_STATUS` (`period`,`store_id`,`order_status`),
  KEY `SALES_ORDER_AGGREGATED_UPDATED_STORE_ID` (`store_id`),
  CONSTRAINT `SALES_ORDER_AGGREGATED_UPDATED_STORE_ID_STORE_STORE_ID` FOREIGN KEY (`store_id`) REFERENCES `store` (`store_id`) ON DELETE SET NULL
) ENGINE=InnoDB DEFAULT CHARSET=utf8mb3 COMMENT='Sales Order Aggregated Updated';

--
-- Dumping data for table `sales_order_aggregated_updated`
--


--
-- Table structure for table `sales_order_grid`
--

CREATE TABLE `sales_order_grid` (
  `entity_id` int unsigned NOT NULL COMMENT 'Entity ID',
  `status` varchar(32) DEFAULT NULL COMMENT 'Status',
  `store_id` smallint unsigned DEFAULT NULL COMMENT 'Store ID',
  `store_name` varchar(255) DEFAULT NULL COMMENT 'Store Name',
  `customer_id` int unsigned DEFAULT NULL COMMENT 'Customer ID',
  `base_grand_total` decimal(20,4) DEFAULT NULL COMMENT 'Base Grand Total',
  `base_total_paid` decimal(20,4) DEFAULT NULL COMMENT 'Base Total Paid',
  `grand_total` decimal(20,4) DEFAULT NULL COMMENT 'Grand Total',
  `total_paid` decimal(20,4) DEFAULT NULL COMMENT 'Total Paid',
  `increment_id` varchar(50) DEFAULT NULL COMMENT 'Increment ID',
  `base_currency_code` varchar(3) DEFAULT NULL COMMENT 'Base Currency Code',
  `order_currency_code` varchar(255) DEFAULT NULL COMMENT 'Order Currency Code',
  `shipping_name` varchar(255) DEFAULT NULL COMMENT 'Shipping Name',
  `billing_name` varchar(255) DEFAULT NULL COMMENT 'Billing Name',
  `created_at` timestamp NULL DEFAULT NULL COMMENT 'Created At',
  `updated_at` timestamp NULL DEFAULT NULL COMMENT 'Updated At',
  `billing_address` varchar(255) DEFAULT NULL COMMENT 'Billing Address',
  `shipping_address` varchar(255) DEFAULT NULL COMMENT 'Shipping Address',
  `shipping_information` varchar(255) DEFAULT NULL COMMENT 'Shipping Method Name',
  `customer_email` varchar(255) DEFAULT NULL COMMENT 'Customer Email',
  `customer_group` varchar(255) DEFAULT NULL COMMENT 'Customer Group',
  `subtotal` decimal(20,4) DEFAULT NULL COMMENT 'Subtotal',
  `shipping_and_handling` decimal(20,4) DEFAULT NULL COMMENT 'Shipping and handling amount',
  `customer_name` varchar(255) DEFAULT NULL COMMENT 'Customer Name',
  `payment_method` varchar(255) DEFAULT NULL COMMENT 'Payment Method',
  `total_refunded` decimal(20,4) DEFAULT NULL COMMENT 'Total Refunded',
  `pickup_location_code` varchar(255) DEFAULT NULL COMMENT 'Pickup Location Code',
  PRIMARY KEY (`entity_id`),
  UNIQUE KEY `SALES_ORDER_GRID_INCREMENT_ID_STORE_ID` (`increment_id`,`store_id`),
  KEY `SALES_ORDER_GRID_STATUS` (`status`),
  KEY `SALES_ORDER_GRID_STORE_ID` (`store_id`),
  KEY `SALES_ORDER_GRID_BASE_GRAND_TOTAL` (`base_grand_total`),
  KEY `SALES_ORDER_GRID_BASE_TOTAL_PAID` (`base_total_paid`),
  KEY `SALES_ORDER_GRID_GRAND_TOTAL` (`grand_total`),
  KEY `SALES_ORDER_GRID_TOTAL_PAID` (`total_paid`),
  KEY `SALES_ORDER_GRID_SHIPPING_NAME` (`shipping_name`),
  KEY `SALES_ORDER_GRID_BILLING_NAME` (`billing_name`),
  KEY `SALES_ORDER_GRID_CREATED_AT` (`created_at`),
  KEY `SALES_ORDER_GRID_CUSTOMER_ID` (`customer_id`),
  KEY `SALES_ORDER_GRID_UPDATED_AT` (`updated_at`),
  KEY `SALES_ORDER_GRID_PICKUP_LOCATION_CODE` (`pickup_location_code`),
  FULLTEXT KEY `FTI_65B9E9925EC58F0C7C2E2F6379C233E7` (`increment_id`,`billing_name`,`shipping_name`,`shipping_address`,`billing_address`,`customer_name`,`customer_email`)
) ENGINE=InnoDB DEFAULT CHARSET=utf8mb3 COMMENT='Sales Flat Order Grid';

--
-- Dumping data for table `sales_order_grid`
--

INSERT INTO `sales_order_grid` VALUES (1,'complete',1,'Main Website\nMain Website Store\nDefault Store View',2,5000.0000,5000.0000,3533.5000,3533.5000,'000000001','USD','EUR','','Jose Alberto Contreras Montiel','2024-01-23 05:06:55','2024-01-23 05:08:37','Azka,yacasta 336,MONTERREY,Nuevo León,64350','',NULL,'acontreras@3dpro.mx','1',5000.0000,0.0000,'Jose Alberto Contreras Montiel','checkmo',NULL,NULL),(2,'pending',1,'Main Website\nMain Website Store\nDefault Store View',2,0.0000,NULL,0.0000,NULL,'000000002','USD','EUR','','Jose Alberto Contreras Montiel','2024-01-23 05:19:37','2024-01-23 05:19:37','Azka,yacasta 336,MONTERREY,Nuevo León,64350','',NULL,'acontreras@3dpro.mx','1',0.0000,0.0000,'Jose Alberto Contreras Montiel','free',NULL,NULL),(3,'pending',1,'Main Website\nMain Website Store\nDefault Store View',2,0.0000,NULL,0.0000,NULL,'000000003','USD','USD','','Jose Alberto Contreras Montiel','2024-01-23 06:41:39','2024-01-23 06:41:39','Azka,yacasta 336,MONTERREY,Nuevo León,64350','',NULL,'acontreras@3dpro.mx','1',0.0000,0.0000,'Jose Alberto Contreras Montiel','free',NULL,NULL),(4,'pending',1,'Main Website\nMain Website Store\nDefault Store View',2,0.0000,NULL,0.0000,NULL,'000000004','USD','USD','','Jose Alberto Contreras Montiel','2024-01-23 06:43:05','2024-01-23 06:43:05','Azka,yacasta 336,MONTERREY,Nuevo León,64350','',NULL,'acontreras@3dpro.mx','1',0.0000,0.0000,'Jose Alberto Contreras Montiel','free',NULL,NULL),(5,'pending',1,'Main Website\nMain Website Store\nDefault Store View',2,0.0000,NULL,0.0000,NULL,'000000005','USD','USD','','Jose Alberto Contreras Montiel','2024-01-23 16:45:44','2024-01-23 16:45:44','Azka,yacasta 336,MONTERREY,Nuevo León,64350','',NULL,'acontreras@3dpro.mx','1',0.0000,0.0000,'Jose Alberto Contreras Montiel','free',NULL,NULL),(6,'pending',1,'Main Website\nMain Website Store\nDefault Store View',2,0.0000,NULL,0.0000,NULL,'000000006','USD','USD','','Jose Alberto Contreras Montiel','2024-01-23 19:52:44','2024-01-23 19:52:44','Azka,yacasta 336,MONTERREY,Nuevo León,64350','',NULL,'acontreras@3dpro.mx','1',0.0000,0.0000,'Jose Alberto Contreras Montiel','free',NULL,NULL),(7,'pending',1,'Main Website\nMain Website Store\nDefault Store View',2,0.0000,NULL,0.0000,NULL,'000000007','MXN','MXN','','Jose Alberto Contreras Montiel','2024-01-25 17:38:10','2024-01-25 17:38:10','Azka,yacasta 336,MONTERREY,Nuevo León,64350','',NULL,'acontreras@3dpro.mx','1',0.0000,0.0000,'Jose Alberto Contreras Montiel','free',NULL,NULL),(8,'pending',1,'Main Website\nMain Website Store\nDefault Store View',17,0.0000,NULL,0.0000,NULL,'000000008','MXN','MXN','','Azael Cabañas','2024-01-26 00:52:44','2024-01-26 00:52:44','Privadas Turquesa Manzana 14 Lote 6 Casa 63\nCasa 63,Cancun,Quintana Roo,77518','',NULL,'pedroparama@correo.com','5',0.0000,0.0000,'pedro paramo','free',NULL,NULL),(9,'canceled',1,'Main Website\nMain Website Store\nDefault Store View',2,0.0000,NULL,0.0000,NULL,'000000009','MXN','MXN','','Jose Alberto Contreras Montiel','2024-01-26 00:58:05','2024-01-26 00:59:21','Azka,yacasta 336,MONTERREY,Nuevo León,64350','',NULL,'acontreras@3dpro.mx','1',0.0000,0.0000,'Jose Alberto Contreras Montiel','free',NULL,NULL),(10,'pending',1,'Main Website\nMain Website Store\nDefault Store View',2,0.0000,NULL,0.0000,NULL,'000000010','MXN','MXN','','Jose Alberto Contreras Montiel','2024-01-26 20:14:42','2024-01-26 20:14:42','Azka,yacasta 336,MONTERREY,Nuevo León,64350','',NULL,'acontreras@3dpro.mx','1',0.0000,0.0000,'Jose Alberto Contreras Montiel','free',NULL,NULL),(11,'pending',1,'Main Website\nMain Website Store\nDefault Store View',2,450.0000,NULL,450.0000,NULL,'000000011','MXN','MXN','','Jose Alberto Contreras Montiel','2024-01-30 18:18:04','2024-01-30 18:18:04','Azka,yacasta 336,MONTERREY,Nuevo León,64350','',NULL,'acontreras@3dpro.mx','1',450.0000,0.0000,'Jose Alberto Contreras Montiel','checkmo',NULL,NULL),(12,'pending',1,'Main Website\nMain Website Store\nDefault Store View',2,500.0000,NULL,500.0000,NULL,'000000012','MXN','MXN','','Jose Alberto Contreras Montiel','2024-02-09 21:28:49','2024-02-09 21:28:49','Azka,yacasta 336,MONTERREY,Nuevo León,64350','',NULL,'acontreras@3dpro.mx','1',500.0000,0.0000,'Jose Alberto Contreras Montiel','checkmo',NULL,NULL),(13,'pending',1,'Main Website\nMain Website Store\nDefault Store View',2,350.0000,NULL,350.0000,NULL,'000000013','MXN','MXN','','Jose Alberto Contreras Montiel','2024-02-10 00:04:47','2024-02-10 00:04:47','Azka,yacasta 336,MONTERREY,Nuevo León,64350','',NULL,'acontreras@3dpro.mx','1',350.0000,0.0000,'Jose Alberto Contreras Montiel','checkmo',NULL,NULL);

--
-- Table structure for table `sales_order_item`
--

CREATE TABLE `sales_order_item` (
  `item_id` int unsigned NOT NULL AUTO_INCREMENT COMMENT 'Item ID',
  `order_id` int unsigned NOT NULL DEFAULT '0' COMMENT 'Order ID',
  `parent_item_id` int unsigned DEFAULT NULL COMMENT 'Parent Item ID',
  `quote_item_id` int unsigned DEFAULT NULL COMMENT 'Quote Item ID',
  `store_id` smallint unsigned DEFAULT NULL COMMENT 'Store ID',
  `created_at` timestamp NOT NULL DEFAULT CURRENT_TIMESTAMP COMMENT 'Created At',
  `updated_at` timestamp NOT NULL DEFAULT CURRENT_TIMESTAMP ON UPDATE CURRENT_TIMESTAMP COMMENT 'Updated At',
  `product_id` int unsigned DEFAULT NULL COMMENT 'Product ID',
  `product_type` varchar(255) DEFAULT NULL COMMENT 'Product Type',
  `product_options` longtext COMMENT 'Product Options',
  `weight` decimal(12,4) DEFAULT '0.0000' COMMENT 'Weight',
  `is_virtual` smallint unsigned DEFAULT NULL COMMENT 'Is Virtual',
  `sku` varchar(255) DEFAULT NULL COMMENT 'Sku',
  `name` varchar(255) DEFAULT NULL COMMENT 'Name',
  `description` text COMMENT 'Description',
  `applied_rule_ids` text COMMENT 'Applied Rule Ids',
  `additional_data` text COMMENT 'Additional Data',
  `is_qty_decimal` smallint unsigned DEFAULT NULL COMMENT 'Is Qty Decimal',
  `no_discount` smallint unsigned NOT NULL DEFAULT '0' COMMENT 'No Discount',
  `qty_backordered` decimal(12,4) DEFAULT '0.0000' COMMENT 'Qty Backordered',
  `qty_canceled` decimal(12,4) DEFAULT '0.0000' COMMENT 'Qty Canceled',
  `qty_invoiced` decimal(12,4) DEFAULT '0.0000' COMMENT 'Qty Invoiced',
  `qty_ordered` decimal(12,4) DEFAULT '0.0000' COMMENT 'Qty Ordered',
  `qty_refunded` decimal(12,4) DEFAULT '0.0000' COMMENT 'Qty Refunded',
  `qty_shipped` decimal(12,4) DEFAULT '0.0000' COMMENT 'Qty Shipped',
  `base_cost` decimal(12,4) DEFAULT '0.0000' COMMENT 'Base Cost',
  `price` decimal(12,4) NOT NULL DEFAULT '0.0000' COMMENT 'Price',
  `base_price` decimal(12,4) NOT NULL DEFAULT '0.0000' COMMENT 'Base Price',
  `original_price` decimal(12,4) DEFAULT NULL COMMENT 'Original Price',
  `base_original_price` decimal(12,4) DEFAULT NULL COMMENT 'Base Original Price',
  `tax_percent` decimal(12,4) DEFAULT '0.0000' COMMENT 'Tax Percent',
  `tax_amount` decimal(20,4) DEFAULT '0.0000' COMMENT 'Tax Amount',
  `base_tax_amount` decimal(20,4) DEFAULT '0.0000' COMMENT 'Base Tax Amount',
  `tax_invoiced` decimal(20,4) DEFAULT '0.0000' COMMENT 'Tax Invoiced',
  `base_tax_invoiced` decimal(20,4) DEFAULT '0.0000' COMMENT 'Base Tax Invoiced',
  `discount_percent` decimal(12,4) DEFAULT '0.0000' COMMENT 'Discount Percent',
  `discount_amount` decimal(20,4) DEFAULT '0.0000' COMMENT 'Discount Amount',
  `base_discount_amount` decimal(20,4) DEFAULT '0.0000' COMMENT 'Base Discount Amount',
  `discount_invoiced` decimal(20,4) DEFAULT '0.0000' COMMENT 'Discount Invoiced',
  `base_discount_invoiced` decimal(20,4) DEFAULT '0.0000' COMMENT 'Base Discount Invoiced',
  `amount_refunded` decimal(20,4) DEFAULT '0.0000' COMMENT 'Amount Refunded',
  `base_amount_refunded` decimal(20,4) DEFAULT '0.0000' COMMENT 'Base Amount Refunded',
  `row_total` decimal(20,4) NOT NULL DEFAULT '0.0000' COMMENT 'Row Total',
  `base_row_total` decimal(20,4) NOT NULL DEFAULT '0.0000' COMMENT 'Base Row Total',
  `row_invoiced` decimal(20,4) NOT NULL DEFAULT '0.0000' COMMENT 'Row Invoiced',
  `base_row_invoiced` decimal(20,4) NOT NULL DEFAULT '0.0000' COMMENT 'Base Row Invoiced',
  `row_weight` decimal(12,4) DEFAULT '0.0000' COMMENT 'Row Weight',
  `base_tax_before_discount` decimal(20,4) DEFAULT NULL COMMENT 'Base Tax Before Discount',
  `tax_before_discount` decimal(20,4) DEFAULT NULL COMMENT 'Tax Before Discount',
  `ext_order_item_id` varchar(255) DEFAULT NULL COMMENT 'Ext Order Item ID',
  `locked_do_invoice` smallint unsigned DEFAULT NULL COMMENT 'Locked Do Invoice',
  `locked_do_ship` smallint unsigned DEFAULT NULL COMMENT 'Locked Do Ship',
  `price_incl_tax` decimal(20,4) DEFAULT NULL COMMENT 'Price Incl Tax',
  `base_price_incl_tax` decimal(20,4) DEFAULT NULL COMMENT 'Base Price Incl Tax',
  `row_total_incl_tax` decimal(20,4) DEFAULT NULL COMMENT 'Row Total Incl Tax',
  `base_row_total_incl_tax` decimal(20,4) DEFAULT NULL COMMENT 'Base Row Total Incl Tax',
  `discount_tax_compensation_amount` decimal(20,4) DEFAULT NULL COMMENT 'Discount Tax Compensation Amount',
  `base_discount_tax_compensation_amount` decimal(20,4) DEFAULT NULL COMMENT 'Base Discount Tax Compensation Amount',
  `discount_tax_compensation_invoiced` decimal(20,4) DEFAULT NULL COMMENT 'Discount Tax Compensation Invoiced',
  `base_discount_tax_compensation_invoiced` decimal(20,4) DEFAULT NULL COMMENT 'Base Discount Tax Compensation Invoiced',
  `discount_tax_compensation_refunded` decimal(20,4) DEFAULT NULL COMMENT 'Discount Tax Compensation Refunded',
  `base_discount_tax_compensation_refunded` decimal(20,4) DEFAULT NULL COMMENT 'Base Discount Tax Compensation Refunded',
  `tax_canceled` decimal(12,4) DEFAULT NULL COMMENT 'Tax Canceled',
  `discount_tax_compensation_canceled` decimal(20,4) DEFAULT NULL COMMENT 'Discount Tax Compensation Canceled',
  `tax_refunded` decimal(20,4) DEFAULT NULL COMMENT 'Tax Refunded',
  `base_tax_refunded` decimal(20,4) DEFAULT NULL COMMENT 'Base Tax Refunded',
  `discount_refunded` decimal(20,4) DEFAULT NULL COMMENT 'Discount Refunded',
  `base_discount_refunded` decimal(20,4) DEFAULT NULL COMMENT 'Base Discount Refunded',
  `gift_message_id` int DEFAULT NULL COMMENT 'Gift Message ID',
  `gift_message_available` int DEFAULT NULL COMMENT 'Gift Message Available',
  `free_shipping` smallint unsigned NOT NULL DEFAULT '0' COMMENT 'Free Shipping',
  `weee_tax_applied` text COMMENT 'Weee Tax Applied',
  `weee_tax_applied_amount` decimal(12,4) DEFAULT NULL COMMENT 'Weee Tax Applied Amount',
  `weee_tax_applied_row_amount` decimal(12,4) DEFAULT NULL COMMENT 'Weee Tax Applied Row Amount',
  `weee_tax_disposition` decimal(12,4) DEFAULT NULL COMMENT 'Weee Tax Disposition',
  `weee_tax_row_disposition` decimal(12,4) DEFAULT NULL COMMENT 'Weee Tax Row Disposition',
  `base_weee_tax_applied_amount` decimal(12,4) DEFAULT NULL COMMENT 'Base Weee Tax Applied Amount',
  `base_weee_tax_applied_row_amnt` decimal(12,4) DEFAULT NULL COMMENT 'Base Weee Tax Applied Row Amnt',
  `base_weee_tax_disposition` decimal(12,4) DEFAULT NULL COMMENT 'Base Weee Tax Disposition',
  `base_weee_tax_row_disposition` decimal(12,4) DEFAULT NULL COMMENT 'Base Weee Tax Row Disposition',
  `is_cancellation_available` smallint DEFAULT '0' COMMENT 'Booking Cancellation',
  PRIMARY KEY (`item_id`),
  KEY `SALES_ORDER_ITEM_ORDER_ID` (`order_id`),
  KEY `SALES_ORDER_ITEM_STORE_ID` (`store_id`),
  CONSTRAINT `SALES_ORDER_ITEM_ORDER_ID_SALES_ORDER_ENTITY_ID` FOREIGN KEY (`order_id`) REFERENCES `sales_order` (`entity_id`) ON DELETE CASCADE,
  CONSTRAINT `SALES_ORDER_ITEM_STORE_ID_STORE_STORE_ID` FOREIGN KEY (`store_id`) REFERENCES `store` (`store_id`) ON DELETE SET NULL
) ENGINE=InnoDB AUTO_INCREMENT=16 DEFAULT CHARSET=utf8mb3 COMMENT='Sales Flat Order Item';

--
-- Dumping data for table `sales_order_item`
--

INSERT INTO `sales_order_item` VALUES (1,1,NULL,2,1,'2024-01-23 05:06:55','2024-01-23 05:08:37',3,'booking','{\"info_buyRequest\":{\"uenc\":\"aHR0cDovL2FuZHJvbWVkYW1hZ2VudG8udGVzdC9hbnRvaml0b3MtdmVyb2thLmh0bWw~\",\"product\":\"3\",\"selected_configurable_option\":\"\",\"related_product\":\"\",\"item\":\"3\",\"booking_date\":\"01\\/24\\/2024\",\"booking_time\":\"02:00 pm\",\"temp_qty\":\"1\",\"qty\":\"1.0000\",\"options\":{\"1\":\"2024-01-24\",\"2\":\"02:00 pm\",\"3\":\"\",\"4\":\"Guest\"},\"parent_slot_id\":\"0\",\"slot_id\":\"3\",\"slot_day_index\":\"3\",\"charged_per_count\":\"1\"},\"options\":[{\"label\":\"Booking Date\",\"value\":\"2024-01-24\",\"print_value\":\"2024-01-24\",\"option_id\":\"1\",\"option_type\":\"field\",\"option_value\":\"2024-01-24\",\"custom_view\":false},{\"label\":\"Booking Slot\",\"value\":\"02:00 pm\",\"print_value\":\"02:00 pm\",\"option_id\":\"2\",\"option_type\":\"field\",\"option_value\":\"02:00 pm\",\"custom_view\":false},{\"label\":\"Charged Per\",\"value\":\"Guest\",\"print_value\":\"Guest\",\"option_id\":\"4\",\"option_type\":\"field\",\"option_value\":\"Guest\",\"custom_view\":false}]}',NULL,1,'SKU00001','Antojitos Veroka',NULL,NULL,NULL,0,0,NULL,0.0000,1.0000,1.0000,0.0000,0.0000,NULL,3533.5000,5000.0000,3533.5000,5000.0000,0.0000,0.0000,0.0000,0.0000,0.0000,0.0000,0.0000,0.0000,0.0000,0.0000,0.0000,0.0000,3533.5000,5000.0000,3533.5000,5000.0000,0.0000,NULL,NULL,NULL,NULL,NULL,3533.5000,5000.0000,3533.5000,5000.0000,0.0000,0.0000,0.0000,0.0000,NULL,NULL,NULL,NULL,NULL,NULL,NULL,NULL,NULL,NULL,0,'[]',NULL,NULL,NULL,NULL,NULL,NULL,NULL,NULL,1),(2,2,NULL,4,1,'2024-01-23 05:19:37','2024-01-23 05:19:38',3,'booking','{\"info_buyRequest\":{\"uenc\":\"aHR0cDovL2FuZHJvbWVkYW1hZ2VudG8udGVzdC9jYXJ0cXVpY2twcm8vY2F0YWxvZ19wcm9kdWN0L29wdGlvbnMvaWQvMy9yYW5kdGltZS8xNzA1OTg3MTA3NjA5Lw~~\",\"product\":\"3\",\"selected_configurable_option\":\"\",\"related_product\":\"\",\"item\":\"3\",\"booking_date\":\"01\\/27\\/2024\",\"booking_time\":\"5:00 pm\",\"qty\":\"1\",\"options\":{\"5\":\"2024-01-27\",\"6\":\"5:00 pm\",\"3\":\"jhhh\",\"4\":\"Table (2 Guests)\"},\"parent_slot_id\":\"1\",\"slot_id\":\"3\",\"slot_day_index\":\"6\",\"charged_per_count\":\"2\"},\"options\":[{\"label\":\"Booking Date\",\"value\":\"2024-01-27\",\"print_value\":\"2024-01-27\",\"option_id\":\"5\",\"option_type\":\"field\",\"option_value\":\"2024-01-27\",\"custom_view\":false},{\"label\":\"Booking Slot\",\"value\":\"5:00 pm\",\"print_value\":\"5:00 pm\",\"option_id\":\"6\",\"option_type\":\"field\",\"option_value\":\"5:00 pm\",\"custom_view\":false},{\"label\":\"Special Request\\/Notes\",\"value\":\"jhhh\",\"print_value\":\"jhhh\",\"option_id\":\"3\",\"option_type\":\"area\",\"option_value\":\"jhhh\",\"custom_view\":false},{\"label\":\"Charged Per\",\"value\":\"Table (2 Guests)\",\"print_value\":\"Table (2 Guests)\",\"option_id\":\"4\",\"option_type\":\"field\",\"option_value\":\"Table (2 Guests)\",\"custom_view\":false}]}',NULL,1,'SKU00001','Antojitos Veroka',NULL,NULL,NULL,0,0,NULL,0.0000,0.0000,1.0000,0.0000,0.0000,NULL,0.0000,0.0000,0.0000,0.0000,0.0000,0.0000,0.0000,0.0000,0.0000,0.0000,0.0000,0.0000,0.0000,0.0000,0.0000,0.0000,0.0000,0.0000,0.0000,0.0000,0.0000,NULL,NULL,NULL,NULL,NULL,0.0000,0.0000,0.0000,0.0000,0.0000,0.0000,NULL,NULL,NULL,NULL,NULL,NULL,NULL,NULL,NULL,NULL,NULL,NULL,0,NULL,NULL,NULL,NULL,NULL,NULL,NULL,NULL,NULL,1),(3,3,NULL,5,1,'2024-01-23 06:41:39','2024-01-23 06:41:40',3,'booking','{\"info_buyRequest\":{\"uenc\":\"aHR0cDovL2FuZHJvbWVkYW1hZ2VudG8udGVzdC9jYXJ0cXVpY2twcm8vY2F0YWxvZ19wcm9kdWN0L29wdGlvbnMvaWQvMy9yYW5kdGltZS8xNzA1OTg3MTA3NjA5Lw~~\",\"product\":\"3\",\"selected_configurable_option\":\"\",\"related_product\":\"\",\"item\":\"3\",\"booking_date\":\"01\\/27\\/2024\",\"booking_time\":\"5:00 pm\",\"qty\":\"1.0000\",\"options\":{\"5\":\"2024-01-27\",\"6\":\"5:00 pm\",\"3\":\"jhhh\",\"4\":\"Table (2 Guests)\"},\"parent_slot_id\":\"1\",\"slot_id\":\"3\",\"slot_day_index\":\"6\",\"charged_per_count\":\"2\"},\"options\":[{\"label\":\"Special Request\\/Notes\",\"value\":\"jhhh\",\"print_value\":\"jhhh\",\"option_id\":\"3\",\"option_type\":\"area\",\"option_value\":\"jhhh\",\"custom_view\":false},{\"label\":\"Charged Per\",\"value\":\"Table (2 Guests)\",\"print_value\":\"Table (2 Guests)\",\"option_id\":\"4\",\"option_type\":\"field\",\"option_value\":\"Table (2 Guests)\",\"custom_view\":false},{\"label\":\"Booking Date\",\"value\":\"2024-01-27\",\"print_value\":\"2024-01-27\",\"option_id\":\"5\",\"option_type\":\"field\",\"option_value\":\"2024-01-27\",\"custom_view\":false},{\"label\":\"Booking Slot\",\"value\":\"5:00 pm\",\"print_value\":\"5:00 pm\",\"option_id\":\"6\",\"option_type\":\"field\",\"option_value\":\"5:00 pm\",\"custom_view\":false}]}',NULL,1,'SKU00001','Antojitos Veroka',NULL,NULL,NULL,0,0,NULL,0.0000,0.0000,1.0000,0.0000,0.0000,NULL,0.0000,0.0000,0.0000,0.0000,0.0000,0.0000,0.0000,0.0000,0.0000,0.0000,0.0000,0.0000,0.0000,0.0000,0.0000,0.0000,0.0000,0.0000,0.0000,0.0000,0.0000,NULL,NULL,NULL,NULL,NULL,0.0000,0.0000,0.0000,0.0000,0.0000,0.0000,NULL,NULL,NULL,NULL,NULL,NULL,NULL,NULL,NULL,NULL,NULL,NULL,0,NULL,NULL,NULL,NULL,NULL,NULL,NULL,NULL,NULL,1),(4,3,NULL,7,1,'2024-01-23 06:41:39','2024-01-23 06:41:40',3,'booking','{\"info_buyRequest\":{\"uenc\":\"aHR0cDovL2FuZHJvbWVkYW1hZ2VudG8udGVzdC9hbnRvaml0b3MtdmVyb2thLmh0bWw~\",\"product\":\"3\",\"selected_configurable_option\":\"\",\"related_product\":\"\",\"item\":\"3\",\"booking_date\":\"01\\/30\\/2024\",\"booking_time\":\"5:00 pm\",\"qty\":\"1\",\"options\":{\"5\":\"2024-01-30\",\"6\":\"5:00 pm\",\"3\":\"sfdsfdsfsd\",\"4\":\"Table (2 Guests)\"},\"parent_slot_id\":\"1\",\"slot_id\":\"3\",\"slot_day_index\":\"2\",\"charged_per_count\":\"2\"},\"options\":[{\"label\":\"Booking Date\",\"value\":\"2024-01-30\",\"print_value\":\"2024-01-30\",\"option_id\":\"5\",\"option_type\":\"field\",\"option_value\":\"2024-01-30\",\"custom_view\":false},{\"label\":\"Booking Slot\",\"value\":\"5:00 pm\",\"print_value\":\"5:00 pm\",\"option_id\":\"6\",\"option_type\":\"field\",\"option_value\":\"5:00 pm\",\"custom_view\":false},{\"label\":\"Special Request\\/Notes\",\"value\":\"sfdsfdsfsd\",\"print_value\":\"sfdsfdsfsd\",\"option_id\":\"3\",\"option_type\":\"area\",\"option_value\":\"sfdsfdsfsd\",\"custom_view\":false},{\"label\":\"Charged Per\",\"value\":\"Table (2 Guests)\",\"print_value\":\"Table (2 Guests)\",\"option_id\":\"4\",\"option_type\":\"field\",\"option_value\":\"Table (2 Guests)\",\"custom_view\":false}]}',NULL,1,'SKU00001','Antojitos Veroka',NULL,NULL,NULL,0,0,NULL,0.0000,0.0000,1.0000,0.0000,0.0000,NULL,0.0000,0.0000,0.0000,0.0000,0.0000,0.0000,0.0000,0.0000,0.0000,0.0000,0.0000,0.0000,0.0000,0.0000,0.0000,0.0000,0.0000,0.0000,0.0000,0.0000,0.0000,NULL,NULL,NULL,NULL,NULL,0.0000,0.0000,0.0000,0.0000,0.0000,0.0000,NULL,NULL,NULL,NULL,NULL,NULL,NULL,NULL,NULL,NULL,NULL,NULL,0,NULL,NULL,NULL,NULL,NULL,NULL,NULL,NULL,NULL,1),(5,4,NULL,8,1,'2024-01-23 06:43:05','2024-01-23 06:43:07',3,'booking','{\"info_buyRequest\":{\"uenc\":\"aHR0cDovL2FuZHJvbWVkYW1hZ2VudG8udGVzdC9hbnRvaml0b3MtdmVyb2thLmh0bWw~\",\"product\":\"3\",\"selected_configurable_option\":\"\",\"related_product\":\"\",\"item\":\"3\",\"booking_date\":\"01\\/31\\/2024\",\"booking_time\":\"06:20 pm\",\"qty\":\"1\",\"options\":{\"5\":\"2024-01-31\",\"6\":\"06:20 pm\",\"3\":\"quiero molotes\",\"4\":\"Table (2 Guests)\"},\"parent_slot_id\":\"1\",\"slot_id\":\"4\",\"slot_day_index\":\"3\",\"charged_per_count\":\"2\"},\"options\":[{\"label\":\"Booking Date\",\"value\":\"2024-01-31\",\"print_value\":\"2024-01-31\",\"option_id\":\"5\",\"option_type\":\"field\",\"option_value\":\"2024-01-31\",\"custom_view\":false},{\"label\":\"Booking Slot\",\"value\":\"06:20 pm\",\"print_value\":\"06:20 pm\",\"option_id\":\"6\",\"option_type\":\"field\",\"option_value\":\"06:20 pm\",\"custom_view\":false},{\"label\":\"Special Request\\/Notes\",\"value\":\"quiero molotes\",\"print_value\":\"quiero molotes\",\"option_id\":\"3\",\"option_type\":\"area\",\"option_value\":\"quiero molotes\",\"custom_view\":false},{\"label\":\"Charged Per\",\"value\":\"Table (2 Guests)\",\"print_value\":\"Table (2 Guests)\",\"option_id\":\"4\",\"option_type\":\"field\",\"option_value\":\"Table (2 Guests)\",\"custom_view\":false}]}',NULL,1,'SKU00001','Antojitos Veroka',NULL,NULL,NULL,0,0,NULL,0.0000,0.0000,1.0000,0.0000,0.0000,NULL,0.0000,0.0000,0.0000,0.0000,0.0000,0.0000,0.0000,0.0000,0.0000,0.0000,0.0000,0.0000,0.0000,0.0000,0.0000,0.0000,0.0000,0.0000,0.0000,0.0000,0.0000,NULL,NULL,NULL,NULL,NULL,0.0000,0.0000,0.0000,0.0000,0.0000,0.0000,NULL,NULL,NULL,NULL,NULL,NULL,NULL,NULL,NULL,NULL,NULL,NULL,0,NULL,NULL,NULL,NULL,NULL,NULL,NULL,NULL,NULL,1),(6,5,NULL,10,1,'2024-01-23 16:45:44','2024-01-23 16:45:45',3,'booking','{\"info_buyRequest\":{\"uenc\":\"aHR0cDovL2FuZHJvbWVkYW1hZ2VudG8udGVzdC9hbnRvaml0b3MtdmVyb2thLmh0bWw~\",\"product\":\"3\",\"selected_configurable_option\":\"\",\"related_product\":\"\",\"item\":\"3\",\"booking_date\":\"01\\/25\\/2024\",\"booking_time\":\"12:40 pm\",\"qty\":\"1\",\"options\":{\"5\":\"2024-01-25\",\"6\":\"12:40 pm\",\"3\":\"sdgdfsdfsdfs\",\"4\":\"Table (2 Guests)\"},\"parent_slot_id\":\"0\",\"slot_id\":\"2\",\"slot_day_index\":\"4\",\"charged_per_count\":\"2\"},\"options\":[{\"label\":\"Booking Date\",\"value\":\"2024-01-25\",\"print_value\":\"2024-01-25\",\"option_id\":\"5\",\"option_type\":\"field\",\"option_value\":\"2024-01-25\",\"custom_view\":false},{\"label\":\"Booking Slot\",\"value\":\"12:40 pm\",\"print_value\":\"12:40 pm\",\"option_id\":\"6\",\"option_type\":\"field\",\"option_value\":\"12:40 pm\",\"custom_view\":false},{\"label\":\"Special Request\\/Notes\",\"value\":\"sdgdfsdfsdfs\",\"print_value\":\"sdgdfsdfsdfs\",\"option_id\":\"3\",\"option_type\":\"area\",\"option_value\":\"sdgdfsdfsdfs\",\"custom_view\":false},{\"label\":\"Charged Per\",\"value\":\"Table (2 Guests)\",\"print_value\":\"Table (2 Guests)\",\"option_id\":\"4\",\"option_type\":\"field\",\"option_value\":\"Table (2 Guests)\",\"custom_view\":false}]}',NULL,1,'SKU00001','Antojitos Veroka',NULL,NULL,NULL,0,0,NULL,0.0000,0.0000,1.0000,0.0000,0.0000,NULL,0.0000,0.0000,0.0000,0.0000,0.0000,0.0000,0.0000,0.0000,0.0000,0.0000,0.0000,0.0000,0.0000,0.0000,0.0000,0.0000,0.0000,0.0000,0.0000,0.0000,0.0000,NULL,NULL,NULL,NULL,NULL,0.0000,0.0000,0.0000,0.0000,0.0000,0.0000,NULL,NULL,NULL,NULL,NULL,NULL,NULL,NULL,NULL,NULL,NULL,NULL,0,NULL,NULL,NULL,NULL,NULL,NULL,NULL,NULL,NULL,1),(7,6,NULL,11,1,'2024-01-23 19:52:44','2024-01-23 19:52:45',3,'booking','{\"info_buyRequest\":{\"uenc\":\"aHR0cDovL2FuZHJvbWVkYW1hZ2VudG8udGVzdC9hbnRvaml0b3MtdmVyb2thLmh0bWw~\",\"product\":\"3\",\"selected_configurable_option\":\"\",\"related_product\":\"\",\"item\":\"3\",\"booking_date\":\"01\\/24\\/2024\",\"booking_time\":\"11:20 am\",\"qty\":\"2\",\"options\":{\"5\":\"2024-01-24\",\"6\":\"11:20 am\",\"3\":\"\",\"4\":\"Table (2 Guests)\"},\"parent_slot_id\":\"0\",\"slot_id\":\"1\",\"slot_day_index\":\"3\",\"charged_per_count\":\"2\"},\"options\":[{\"label\":\"Booking Date\",\"value\":\"2024-01-24\",\"print_value\":\"2024-01-24\",\"option_id\":\"5\",\"option_type\":\"field\",\"option_value\":\"2024-01-24\",\"custom_view\":false},{\"label\":\"Booking Slot\",\"value\":\"11:20 am\",\"print_value\":\"11:20 am\",\"option_id\":\"6\",\"option_type\":\"field\",\"option_value\":\"11:20 am\",\"custom_view\":false},{\"label\":\"Charged Per\",\"value\":\"Table (2 Guests)\",\"print_value\":\"Table (2 Guests)\",\"option_id\":\"4\",\"option_type\":\"field\",\"option_value\":\"Table (2 Guests)\",\"custom_view\":false}]}',NULL,1,'SKU00001','Antojitos Veroka',NULL,NULL,NULL,0,0,NULL,0.0000,0.0000,2.0000,0.0000,0.0000,NULL,0.0000,0.0000,0.0000,0.0000,0.0000,0.0000,0.0000,0.0000,0.0000,0.0000,0.0000,0.0000,0.0000,0.0000,0.0000,0.0000,0.0000,0.0000,0.0000,0.0000,0.0000,NULL,NULL,NULL,NULL,NULL,0.0000,0.0000,0.0000,0.0000,0.0000,0.0000,NULL,NULL,NULL,NULL,NULL,NULL,NULL,NULL,NULL,NULL,NULL,NULL,0,NULL,NULL,NULL,NULL,NULL,NULL,NULL,NULL,NULL,1),(8,7,NULL,12,1,'2024-01-25 17:38:10','2024-01-25 17:38:11',3,'booking','{\"info_buyRequest\":{\"uenc\":\"aHR0cDovL2FuZHJvbWVkYW1hZ2VudG8udGVzdC9hbnRvaml0b3MtdmVyb2thLmh0bWw~\",\"product\":\"3\",\"selected_configurable_option\":\"\",\"related_product\":\"\",\"item\":\"3\",\"booking_date\":\"01\\/31\\/2024\",\"booking_time\":\"5:00 pm\",\"qty\":\"1\",\"options\":{\"5\":\"2024-01-31\",\"6\":\"5:00 pm\",\"3\":\"La queremos en la terraza\",\"4\":\"Table (2 Guests)\"},\"parent_slot_id\":\"1\",\"slot_id\":\"3\",\"slot_day_index\":\"3\",\"charged_per_count\":\"2\"},\"options\":[{\"label\":\"Booking Date\",\"value\":\"2024-01-31\",\"print_value\":\"2024-01-31\",\"option_id\":\"5\",\"option_type\":\"field\",\"option_value\":\"2024-01-31\",\"custom_view\":false},{\"label\":\"Booking Slot\",\"value\":\"5:00 pm\",\"print_value\":\"5:00 pm\",\"option_id\":\"6\",\"option_type\":\"field\",\"option_value\":\"5:00 pm\",\"custom_view\":false},{\"label\":\"Special Request\\/Notes\",\"value\":\"La queremos en la terraza\",\"print_value\":\"La queremos en la terraza\",\"option_id\":\"3\",\"option_type\":\"area\",\"option_value\":\"La queremos en la terraza\",\"custom_view\":false},{\"label\":\"Charged Per\",\"value\":\"Table (2 Guests)\",\"print_value\":\"Table (2 Guests)\",\"option_id\":\"4\",\"option_type\":\"field\",\"option_value\":\"Table (2 Guests)\",\"custom_view\":false}]}',NULL,1,'SKU00001','Antojitos Veroka',NULL,NULL,NULL,0,0,NULL,0.0000,0.0000,1.0000,0.0000,0.0000,NULL,0.0000,0.0000,0.0000,0.0000,0.0000,0.0000,0.0000,0.0000,0.0000,0.0000,0.0000,0.0000,0.0000,0.0000,0.0000,0.0000,0.0000,0.0000,0.0000,0.0000,0.0000,NULL,NULL,NULL,NULL,NULL,0.0000,0.0000,0.0000,0.0000,0.0000,0.0000,NULL,NULL,NULL,NULL,NULL,NULL,NULL,NULL,NULL,NULL,NULL,NULL,0,NULL,NULL,NULL,NULL,NULL,NULL,NULL,NULL,NULL,1),(9,8,NULL,14,1,'2024-01-26 00:52:44','2024-01-26 00:52:46',3,'booking','{\"info_buyRequest\":{\"uenc\":\"aHR0cDovL2FuZHJvbWVkYW1hZ2VudG8udGVzdC9hbnRvaml0b3MtdmVyb2thLmh0bWw~\",\"product\":\"3\",\"selected_configurable_option\":\"\",\"related_product\":\"\",\"item\":\"3\",\"booking_date\":\"02\\/01\\/2024\",\"booking_time\":\"10:00 am\",\"qty\":\"2\",\"options\":{\"5\":\"2024-02-01\",\"6\":\"10:00 am\",\"3\":\"que este limpia y libre de moscas\",\"4\":\"Table (2 Guests)\"},\"parent_slot_id\":\"0\",\"slot_id\":\"0\",\"slot_day_index\":\"4\",\"charged_per_count\":\"2\"},\"options\":[{\"label\":\"Booking Date\",\"value\":\"2024-02-01\",\"print_value\":\"2024-02-01\",\"option_id\":\"5\",\"option_type\":\"field\",\"option_value\":\"2024-02-01\",\"custom_view\":false},{\"label\":\"Booking Slot\",\"value\":\"10:00 am\",\"print_value\":\"10:00 am\",\"option_id\":\"6\",\"option_type\":\"field\",\"option_value\":\"10:00 am\",\"custom_view\":false},{\"label\":\"Special Request\\/Notes\",\"value\":\"que este limpia y libre de moscas\",\"print_value\":\"que este limpia y libre de moscas\",\"option_id\":\"3\",\"option_type\":\"area\",\"option_value\":\"que este limpia y libre de moscas\",\"custom_view\":false},{\"label\":\"Charged Per\",\"value\":\"Table (2 Guests)\",\"print_value\":\"Table (2 Guests)\",\"option_id\":\"4\",\"option_type\":\"field\",\"option_value\":\"Table (2 Guests)\",\"custom_view\":false}]}',NULL,1,'SKU00001','Antojitos Veroka',NULL,NULL,NULL,0,0,NULL,0.0000,0.0000,2.0000,0.0000,0.0000,NULL,0.0000,0.0000,0.0000,0.0000,0.0000,0.0000,0.0000,0.0000,0.0000,0.0000,0.0000,0.0000,0.0000,0.0000,0.0000,0.0000,0.0000,0.0000,0.0000,0.0000,0.0000,NULL,NULL,NULL,NULL,NULL,0.0000,0.0000,0.0000,0.0000,0.0000,0.0000,NULL,NULL,NULL,NULL,NULL,NULL,NULL,NULL,NULL,NULL,NULL,NULL,0,NULL,NULL,NULL,NULL,NULL,NULL,NULL,NULL,NULL,1),(10,9,NULL,13,1,'2024-01-26 00:58:05','2024-01-26 00:59:21',3,'booking','{\"info_buyRequest\":{\"uenc\":\"aHR0cDovL2FuZHJvbWVkYW1hZ2VudG8udGVzdC9hbnRvaml0b3MtdmVyb2thLmh0bWw~\",\"product\":\"3\",\"selected_configurable_option\":\"\",\"related_product\":\"\",\"item\":\"3\",\"booking_date\":\"01\\/26\\/2024\",\"booking_time\":\"07:40 pm\",\"qty\":\"1.0000\",\"options\":{\"5\":\"2024-01-26\",\"6\":\"07:40 pm\",\"3\":\"\",\"4\":\"Table (2 Guests)\"},\"parent_slot_id\":\"1\",\"slot_id\":\"5\",\"slot_day_index\":\"5\",\"charged_per_count\":\"2\"},\"options\":[{\"label\":\"Booking Date\",\"value\":\"2024-01-26\",\"print_value\":\"2024-01-26\",\"option_id\":\"5\",\"option_type\":\"field\",\"option_value\":\"2024-01-26\",\"custom_view\":false},{\"label\":\"Booking Slot\",\"value\":\"07:40 pm\",\"print_value\":\"07:40 pm\",\"option_id\":\"6\",\"option_type\":\"field\",\"option_value\":\"07:40 pm\",\"custom_view\":false},{\"label\":\"Charged Per\",\"value\":\"Table (2 Guests)\",\"print_value\":\"Table (2 Guests)\",\"option_id\":\"4\",\"option_type\":\"field\",\"option_value\":\"Table (2 Guests)\",\"custom_view\":false}]}',NULL,1,'SKU00001','Antojitos Veroka',NULL,NULL,NULL,0,0,NULL,1.0000,0.0000,1.0000,0.0000,0.0000,NULL,0.0000,0.0000,0.0000,0.0000,0.0000,0.0000,0.0000,0.0000,0.0000,0.0000,0.0000,0.0000,0.0000,0.0000,0.0000,0.0000,0.0000,0.0000,0.0000,0.0000,0.0000,NULL,NULL,NULL,NULL,NULL,0.0000,0.0000,0.0000,0.0000,0.0000,0.0000,NULL,NULL,NULL,NULL,0.0000,0.0000,NULL,NULL,NULL,NULL,NULL,NULL,0,NULL,NULL,NULL,NULL,NULL,NULL,NULL,NULL,NULL,1),(11,9,NULL,15,1,'2024-01-26 00:58:05','2024-01-26 00:59:21',3,'booking','{\"info_buyRequest\":{\"uenc\":\"aHR0cDovL2FuZHJvbWVkYW1hZ2VudG8udGVzdC9hbnRvaml0b3MtdmVyb2thLmh0bWw_b3B0aW9ucz1jYXJ0\",\"product\":\"3\",\"selected_configurable_option\":\"\",\"related_product\":\"\",\"item\":\"3\",\"booking_date\":\"01\\/27\\/2024\",\"booking_time\":\"07:40 pm\",\"qty\":\"1.0000\",\"options\":{\"5\":\"2024-01-27\",\"6\":\"07:40 pm\",\"3\":\"jklasjlkasdjkldas\",\"4\":\"Table (2 Guests)\"},\"parent_slot_id\":\"1\",\"slot_id\":\"5\",\"slot_day_index\":\"6\",\"charged_per_count\":\"2\"},\"options\":[{\"label\":\"Booking Date\",\"value\":\"2024-01-27\",\"print_value\":\"2024-01-27\",\"option_id\":\"5\",\"option_type\":\"field\",\"option_value\":\"2024-01-27\",\"custom_view\":false},{\"label\":\"Booking Slot\",\"value\":\"07:40 pm\",\"print_value\":\"07:40 pm\",\"option_id\":\"6\",\"option_type\":\"field\",\"option_value\":\"07:40 pm\",\"custom_view\":false},{\"label\":\"Special Request\\/Notes\",\"value\":\"jklasjlkasdjkldas\",\"print_value\":\"jklasjlkasdjkldas\",\"option_id\":\"3\",\"option_type\":\"area\",\"option_value\":\"jklasjlkasdjkldas\",\"custom_view\":false},{\"label\":\"Charged Per\",\"value\":\"Table (2 Guests)\",\"print_value\":\"Table (2 Guests)\",\"option_id\":\"4\",\"option_type\":\"field\",\"option_value\":\"Table (2 Guests)\",\"custom_view\":false}]}',NULL,1,'SKU00001','Antojitos Veroka',NULL,NULL,NULL,0,0,NULL,1.0000,0.0000,1.0000,0.0000,0.0000,NULL,0.0000,0.0000,0.0000,0.0000,0.0000,0.0000,0.0000,0.0000,0.0000,0.0000,0.0000,0.0000,0.0000,0.0000,0.0000,0.0000,0.0000,0.0000,0.0000,0.0000,0.0000,NULL,NULL,NULL,NULL,NULL,0.0000,0.0000,0.0000,0.0000,0.0000,0.0000,NULL,NULL,NULL,NULL,0.0000,0.0000,NULL,NULL,NULL,NULL,NULL,NULL,0,NULL,NULL,NULL,NULL,NULL,NULL,NULL,NULL,NULL,1),(12,10,NULL,16,1,'2024-01-26 20:14:42','2024-01-26 20:14:43',3,'booking','{\"info_buyRequest\":{\"uenc\":\"aHR0cDovL2FuZHJvbWVkYW1hZ2VudG8udGVzdC9hbnRvaml0b3MtdmVyb2thLmh0bWw~\",\"product\":\"3\",\"selected_configurable_option\":\"\",\"related_product\":\"\",\"item\":\"3\",\"booking_date\":\"01\\/27\\/2024\",\"booking_time\":\"07:40 pm\",\"qty\":\"1\",\"options\":{\"5\":\"2024-01-27\",\"6\":\"07:40 pm\",\"3\":\"\",\"4\":\"Table (2 Guests)\"},\"parent_slot_id\":\"1\",\"slot_id\":\"5\",\"slot_day_index\":\"6\",\"charged_per_count\":\"2\"},\"options\":[{\"label\":\"Booking Date\",\"value\":\"2024-01-27\",\"print_value\":\"2024-01-27\",\"option_id\":\"5\",\"option_type\":\"field\",\"option_value\":\"2024-01-27\",\"custom_view\":false},{\"label\":\"Booking Slot\",\"value\":\"07:40 pm\",\"print_value\":\"07:40 pm\",\"option_id\":\"6\",\"option_type\":\"field\",\"option_value\":\"07:40 pm\",\"custom_view\":false},{\"label\":\"Charged Per\",\"value\":\"Table (2 Guests)\",\"print_value\":\"Table (2 Guests)\",\"option_id\":\"4\",\"option_type\":\"field\",\"option_value\":\"Table (2 Guests)\",\"custom_view\":false}]}',NULL,1,'SKU00001','Antojitos Veroka',NULL,NULL,NULL,0,0,NULL,0.0000,0.0000,1.0000,0.0000,0.0000,NULL,0.0000,0.0000,0.0000,0.0000,0.0000,0.0000,0.0000,0.0000,0.0000,0.0000,0.0000,0.0000,0.0000,0.0000,0.0000,0.0000,0.0000,0.0000,0.0000,0.0000,0.0000,NULL,NULL,NULL,NULL,NULL,0.0000,0.0000,0.0000,0.0000,0.0000,0.0000,NULL,NULL,NULL,NULL,NULL,NULL,NULL,NULL,NULL,NULL,NULL,NULL,0,NULL,NULL,NULL,NULL,NULL,NULL,NULL,NULL,NULL,1),(13,11,NULL,20,1,'2024-01-30 18:18:04','2024-01-30 18:18:08',37,'booking','{\"info_buyRequest\":{\"uenc\":\"aHR0cDovL2FuZHJvbWVkYW1hZ2VudG8udGVzdC9sYS1jb2NpbmEuaHRtbA~~\",\"product\":\"37\",\"selected_configurable_option\":\"\",\"related_product\":\"\",\"item\":\"37\",\"booking_date\":\"01\\/31\\/2024\",\"booking_time\":\"01:30 pm\",\"qty\":\"1\",\"options\":{\"249\":\"2024-01-31\",\"250\":\"01:30 pm\",\"191\":\"\\u00e1rea de fumadores\",\"192\":\"Table (4 Guests)\"},\"parent_slot_id\":\"0\",\"slot_id\":\"3\",\"slot_day_index\":\"3\",\"charged_per_count\":\"4\"},\"options\":[{\"label\":\"Booking Date\",\"value\":\"2024-01-31\",\"print_value\":\"2024-01-31\",\"option_id\":\"249\",\"option_type\":\"field\",\"option_value\":\"2024-01-31\",\"custom_view\":false},{\"label\":\"Booking Slot\",\"value\":\"01:30 pm\",\"print_value\":\"01:30 pm\",\"option_id\":\"250\",\"option_type\":\"field\",\"option_value\":\"01:30 pm\",\"custom_view\":false},{\"label\":\"Special Request\\/Notes\",\"value\":\"\\u00e1rea de fumadores\",\"print_value\":\"\\u00e1rea de fumadores\",\"option_id\":\"191\",\"option_type\":\"area\",\"option_value\":\"\\u00e1rea de fumadores\",\"custom_view\":false},{\"label\":\"Charged Per\",\"value\":\"Table (4 Guests)\",\"print_value\":\"Table (4 Guests)\",\"option_id\":\"192\",\"option_type\":\"field\",\"option_value\":\"Table (4 Guests)\",\"custom_view\":false}]}',NULL,1,'La Cocina','La Cocina',NULL,NULL,NULL,0,0,NULL,0.0000,0.0000,1.0000,0.0000,0.0000,NULL,450.0000,450.0000,450.0000,450.0000,0.0000,0.0000,0.0000,0.0000,0.0000,0.0000,0.0000,0.0000,0.0000,0.0000,0.0000,0.0000,450.0000,450.0000,0.0000,0.0000,0.0000,NULL,NULL,NULL,NULL,NULL,450.0000,450.0000,450.0000,450.0000,0.0000,0.0000,NULL,NULL,NULL,NULL,NULL,NULL,NULL,NULL,NULL,NULL,NULL,NULL,0,NULL,NULL,NULL,NULL,NULL,NULL,NULL,NULL,NULL,1),(14,12,NULL,22,1,'2024-02-09 21:28:49','2024-02-09 21:28:51',3,'booking','{\"info_buyRequest\":{\"uenc\":\"aHR0cDovL2FuZHJvbWVkYW1hZ2VudG8udGVzdC90YWNvbmF6by5odG1s\",\"product\":\"3\",\"selected_configurable_option\":\"\",\"related_product\":\"\",\"item\":\"3\",\"booking_date\":\"02\\/22\\/2024\",\"booking_time\":\"\\r\\n                        10:00 am                    \",\"qty\":\"2\",\"options\":{\"279\":\"2024-02-22\",\"280\":\"\\r\\n                        10:00 am                    \",\"3\":\"algomas \",\"4\":\"Table (2 Guests)\"},\"parent_slot_id\":\"0\",\"slot_id\":\"0\",\"slot_day_index\":\"4\",\"charged_per_count\":\"2\"},\"options\":[{\"label\":\"Booking Date\",\"value\":\"2024-02-22\",\"print_value\":\"2024-02-22\",\"option_id\":\"279\",\"option_type\":\"field\",\"option_value\":\"2024-02-22\",\"custom_view\":false},{\"label\":\"Booking Slot\",\"value\":\"10:00 am\",\"print_value\":\"10:00 am\",\"option_id\":\"280\",\"option_type\":\"field\",\"option_value\":\"10:00 am\",\"custom_view\":false},{\"label\":\"Special Request\\/Notes\",\"value\":\"algomas\",\"print_value\":\"algomas\",\"option_id\":\"3\",\"option_type\":\"area\",\"option_value\":\"algomas\",\"custom_view\":false},{\"label\":\"Charged Per\",\"value\":\"Table (2 Guests)\",\"print_value\":\"Table (2 Guests)\",\"option_id\":\"4\",\"option_type\":\"field\",\"option_value\":\"Table (2 Guests)\",\"custom_view\":false}]}',NULL,1,'SKU00001','El Taconazo',NULL,NULL,NULL,0,0,NULL,0.0000,0.0000,2.0000,0.0000,0.0000,NULL,250.0000,250.0000,250.0000,250.0000,0.0000,0.0000,0.0000,0.0000,0.0000,0.0000,0.0000,0.0000,0.0000,0.0000,0.0000,0.0000,500.0000,500.0000,0.0000,0.0000,0.0000,NULL,NULL,NULL,NULL,NULL,250.0000,250.0000,500.0000,500.0000,0.0000,0.0000,NULL,NULL,NULL,NULL,NULL,NULL,NULL,NULL,NULL,NULL,NULL,NULL,0,NULL,NULL,NULL,NULL,NULL,NULL,NULL,NULL,NULL,1),(15,13,NULL,23,1,'2024-02-10 00:04:47','2024-02-10 00:04:49',7,'booking','{\"info_buyRequest\":{\"uenc\":\"aHR0cDovL2FuZHJvbWVkYW1hZ2VudG8udGVzdC9sYS1jb2NpbmEtZGUtYWJ1ZWxpdGEuaHRtbA~~\",\"product\":\"7\",\"selected_configurable_option\":\"\",\"related_product\":\"\",\"item\":\"7\",\"booking_date\":\"02\\/23\\/2024\",\"booking_time\":\"11:40 am\",\"temp_qty\":\"4\",\"qty\":\"1\",\"options\":{\"281\":\"2024-02-23\",\"282\":\"11:40 am\",\"25\":\"dsfdsfsdfs\",\"26\":\"Guest\"},\"parent_slot_id\":\"1\",\"slot_id\":\"3\",\"slot_day_index\":\"5\",\"charged_per_count\":\"1\"},\"options\":[{\"label\":\"Booking Date\",\"value\":\"2024-02-23\",\"print_value\":\"2024-02-23\",\"option_id\":\"281\",\"option_type\":\"field\",\"option_value\":\"2024-02-23\",\"custom_view\":false},{\"label\":\"Booking Slot\",\"value\":\"11:40 am\",\"print_value\":\"11:40 am\",\"option_id\":\"282\",\"option_type\":\"field\",\"option_value\":\"11:40 am\",\"custom_view\":false},{\"label\":\"Special Request\\/Notes\",\"value\":\"dsfdsfsdfs\",\"print_value\":\"dsfdsfsdfs\",\"option_id\":\"25\",\"option_type\":\"area\",\"option_value\":\"dsfdsfsdfs\",\"custom_view\":false},{\"label\":\"Charged Per\",\"value\":\"Guest\",\"print_value\":\"Guest\",\"option_id\":\"26\",\"option_type\":\"field\",\"option_value\":\"Guest\",\"custom_view\":false}]}',NULL,1,'La Cocina de Abuelita','La Cocina de Abuelita',NULL,NULL,NULL,0,0,NULL,0.0000,0.0000,1.0000,0.0000,0.0000,NULL,350.0000,350.0000,350.0000,350.0000,0.0000,0.0000,0.0000,0.0000,0.0000,0.0000,0.0000,0.0000,0.0000,0.0000,0.0000,0.0000,350.0000,350.0000,0.0000,0.0000,0.0000,NULL,NULL,NULL,NULL,NULL,350.0000,350.0000,350.0000,350.0000,0.0000,0.0000,NULL,NULL,NULL,NULL,NULL,NULL,NULL,NULL,NULL,NULL,NULL,NULL,0,NULL,NULL,NULL,NULL,NULL,NULL,NULL,NULL,NULL,1);

--
-- Table structure for table `sales_order_payment`
--

CREATE TABLE `sales_order_payment` (
  `entity_id` int unsigned NOT NULL AUTO_INCREMENT COMMENT 'Entity ID',
  `parent_id` int unsigned NOT NULL COMMENT 'Parent ID',
  `base_shipping_captured` decimal(20,4) DEFAULT NULL COMMENT 'Base Shipping Captured',
  `shipping_captured` decimal(20,4) DEFAULT NULL COMMENT 'Shipping Captured',
  `amount_refunded` decimal(20,4) DEFAULT NULL COMMENT 'Amount Refunded',
  `base_amount_paid` decimal(20,4) DEFAULT NULL COMMENT 'Base Amount Paid',
  `amount_canceled` decimal(20,4) DEFAULT NULL COMMENT 'Amount Canceled',
  `base_amount_authorized` decimal(20,4) DEFAULT NULL COMMENT 'Base Amount Authorized',
  `base_amount_paid_online` decimal(20,4) DEFAULT NULL COMMENT 'Base Amount Paid Online',
  `base_amount_refunded_online` decimal(20,4) DEFAULT NULL COMMENT 'Base Amount Refunded Online',
  `base_shipping_amount` decimal(20,4) DEFAULT NULL COMMENT 'Base Shipping Amount',
  `shipping_amount` decimal(20,4) DEFAULT NULL COMMENT 'Shipping Amount',
  `amount_paid` decimal(20,4) DEFAULT NULL COMMENT 'Amount Paid',
  `amount_authorized` decimal(20,4) DEFAULT NULL COMMENT 'Amount Authorized',
  `base_amount_ordered` decimal(20,4) DEFAULT NULL COMMENT 'Base Amount Ordered',
  `base_shipping_refunded` decimal(20,4) DEFAULT NULL COMMENT 'Base Shipping Refunded',
  `shipping_refunded` decimal(20,4) DEFAULT NULL COMMENT 'Shipping Refunded',
  `base_amount_refunded` decimal(20,4) DEFAULT NULL COMMENT 'Base Amount Refunded',
  `amount_ordered` decimal(20,4) DEFAULT NULL COMMENT 'Amount Ordered',
  `base_amount_canceled` decimal(20,4) DEFAULT NULL COMMENT 'Base Amount Canceled',
  `quote_payment_id` int DEFAULT NULL COMMENT 'Quote Payment ID',
  `additional_data` text COMMENT 'Additional Data',
  `cc_exp_month` varchar(12) DEFAULT NULL COMMENT 'Cc Exp Month',
  `cc_ss_start_year` varchar(12) DEFAULT NULL COMMENT 'Cc Ss Start Year',
  `echeck_bank_name` varchar(128) DEFAULT NULL COMMENT 'Echeck Bank Name',
  `method` varchar(128) DEFAULT NULL COMMENT 'Method',
  `cc_debug_request_body` varchar(32) DEFAULT NULL COMMENT 'Cc Debug Request Body',
  `cc_secure_verify` varchar(32) DEFAULT NULL COMMENT 'Cc Secure Verify',
  `protection_eligibility` varchar(32) DEFAULT NULL COMMENT 'Protection Eligibility',
  `cc_approval` varchar(32) DEFAULT NULL COMMENT 'Cc Approval',
  `cc_last_4` varchar(100) DEFAULT NULL COMMENT 'Cc Last 4',
  `cc_status_description` varchar(32) DEFAULT NULL COMMENT 'Cc Status Description',
  `echeck_type` varchar(32) DEFAULT NULL COMMENT 'Echeck Type',
  `cc_debug_response_serialized` varchar(32) DEFAULT NULL COMMENT 'Cc Debug Response Serialized',
  `cc_ss_start_month` varchar(128) DEFAULT NULL COMMENT 'Cc Ss Start Month',
  `echeck_account_type` varchar(255) DEFAULT NULL COMMENT 'Echeck Account Type',
  `last_trans_id` varchar(255) DEFAULT NULL COMMENT 'Last Trans ID',
  `cc_cid_status` varchar(32) DEFAULT NULL COMMENT 'Cc Cid Status',
  `cc_owner` varchar(128) DEFAULT NULL COMMENT 'Cc Owner',
  `cc_type` varchar(32) DEFAULT NULL COMMENT 'Cc Type',
  `po_number` varchar(32) DEFAULT NULL COMMENT 'Po Number',
  `cc_exp_year` varchar(4) DEFAULT NULL COMMENT 'Cc Exp Year',
  `cc_status` varchar(4) DEFAULT NULL COMMENT 'Cc Status',
  `echeck_routing_number` varchar(32) DEFAULT NULL COMMENT 'Echeck Routing Number',
  `account_status` varchar(32) DEFAULT NULL COMMENT 'Account Status',
  `anet_trans_method` varchar(32) DEFAULT NULL COMMENT 'Anet Trans Method',
  `cc_debug_response_body` varchar(32) DEFAULT NULL COMMENT 'Cc Debug Response Body',
  `cc_ss_issue` varchar(32) DEFAULT NULL COMMENT 'Cc Ss Issue',
  `echeck_account_name` varchar(32) DEFAULT NULL COMMENT 'Echeck Account Name',
  `cc_avs_status` varchar(32) DEFAULT NULL COMMENT 'Cc Avs Status',
  `cc_number_enc` varchar(128) DEFAULT NULL,
  `cc_trans_id` varchar(32) DEFAULT NULL COMMENT 'Cc Trans ID',
  `address_status` varchar(32) DEFAULT NULL COMMENT 'Address Status',
  `additional_information` text COMMENT 'Additional Information',
  PRIMARY KEY (`entity_id`),
  KEY `SALES_ORDER_PAYMENT_PARENT_ID` (`parent_id`),
  CONSTRAINT `SALES_ORDER_PAYMENT_PARENT_ID_SALES_ORDER_ENTITY_ID` FOREIGN KEY (`parent_id`) REFERENCES `sales_order` (`entity_id`) ON DELETE CASCADE
) ENGINE=InnoDB AUTO_INCREMENT=14 DEFAULT CHARSET=utf8mb3 COMMENT='Sales Flat Order Payment';

--
-- Dumping data for table `sales_order_payment`
--

INSERT INTO `sales_order_payment` VALUES (1,1,0.0000,0.0000,NULL,5000.0000,NULL,NULL,NULL,NULL,0.0000,0.0000,3533.5000,NULL,5000.0000,NULL,NULL,NULL,3533.5000,NULL,NULL,NULL,NULL,'0',NULL,'checkmo',NULL,NULL,NULL,NULL,NULL,NULL,NULL,NULL,'0',NULL,NULL,NULL,NULL,NULL,NULL,'0',NULL,NULL,NULL,NULL,NULL,NULL,NULL,NULL,NULL,NULL,NULL,'{\"method_title\":\"Check \\/ Money order\"}'),(2,2,NULL,NULL,NULL,NULL,NULL,NULL,NULL,NULL,0.0000,0.0000,NULL,NULL,0.0000,NULL,NULL,NULL,0.0000,NULL,NULL,NULL,NULL,'0',NULL,'free',NULL,NULL,NULL,NULL,NULL,NULL,NULL,NULL,'0',NULL,NULL,NULL,NULL,NULL,NULL,'0',NULL,NULL,NULL,NULL,NULL,NULL,NULL,NULL,NULL,NULL,NULL,'{\"method_title\":\"No Payment Information Required\"}'),(3,3,NULL,NULL,NULL,NULL,NULL,NULL,NULL,NULL,0.0000,0.0000,NULL,NULL,0.0000,NULL,NULL,NULL,0.0000,NULL,NULL,NULL,NULL,'0',NULL,'free',NULL,NULL,NULL,NULL,NULL,NULL,NULL,NULL,'0',NULL,NULL,NULL,NULL,NULL,NULL,'0',NULL,NULL,NULL,NULL,NULL,NULL,NULL,NULL,NULL,NULL,NULL,'{\"method_title\":\"No Payment Information Required\"}'),(4,4,NULL,NULL,NULL,NULL,NULL,NULL,NULL,NULL,0.0000,0.0000,NULL,NULL,0.0000,NULL,NULL,NULL,0.0000,NULL,NULL,NULL,NULL,'0',NULL,'free',NULL,NULL,NULL,NULL,NULL,NULL,NULL,NULL,'0',NULL,NULL,NULL,NULL,NULL,NULL,'0',NULL,NULL,NULL,NULL,NULL,NULL,NULL,NULL,NULL,NULL,NULL,'{\"method_title\":\"No Payment Information Required\"}'),(5,5,NULL,NULL,NULL,NULL,NULL,NULL,NULL,NULL,0.0000,0.0000,NULL,NULL,0.0000,NULL,NULL,NULL,0.0000,NULL,NULL,NULL,NULL,'0',NULL,'free',NULL,NULL,NULL,NULL,NULL,NULL,NULL,NULL,'0',NULL,NULL,NULL,NULL,NULL,NULL,'0',NULL,NULL,NULL,NULL,NULL,NULL,NULL,NULL,NULL,NULL,NULL,'{\"method_title\":\"No Payment Information Required\"}'),(6,6,NULL,NULL,NULL,NULL,NULL,NULL,NULL,NULL,0.0000,0.0000,NULL,NULL,0.0000,NULL,NULL,NULL,0.0000,NULL,NULL,NULL,NULL,'0',NULL,'free',NULL,NULL,NULL,NULL,NULL,NULL,NULL,NULL,'0',NULL,NULL,NULL,NULL,NULL,NULL,'0',NULL,NULL,NULL,NULL,NULL,NULL,NULL,NULL,NULL,NULL,NULL,'{\"method_title\":\"No Payment Information Required\"}'),(7,7,NULL,NULL,NULL,NULL,NULL,NULL,NULL,NULL,0.0000,0.0000,NULL,NULL,0.0000,NULL,NULL,NULL,0.0000,NULL,NULL,NULL,NULL,'0',NULL,'free',NULL,NULL,NULL,NULL,NULL,NULL,NULL,NULL,'0',NULL,NULL,NULL,NULL,NULL,NULL,'0',NULL,NULL,NULL,NULL,NULL,NULL,NULL,NULL,NULL,NULL,NULL,'{\"method_title\":\"No Payment Information Required\"}'),(8,8,NULL,NULL,NULL,NULL,NULL,NULL,NULL,NULL,0.0000,0.0000,NULL,NULL,0.0000,NULL,NULL,NULL,0.0000,NULL,NULL,NULL,NULL,'0',NULL,'free',NULL,NULL,NULL,NULL,NULL,NULL,NULL,NULL,'0',NULL,NULL,NULL,NULL,NULL,NULL,'0',NULL,NULL,NULL,NULL,NULL,NULL,NULL,NULL,NULL,NULL,NULL,'{\"method_title\":\"No Payment Information Required\"}'),(9,9,NULL,NULL,NULL,NULL,NULL,NULL,NULL,NULL,0.0000,0.0000,NULL,NULL,0.0000,NULL,NULL,NULL,0.0000,NULL,NULL,NULL,NULL,'0',NULL,'free',NULL,NULL,NULL,NULL,NULL,NULL,NULL,NULL,'0',NULL,NULL,NULL,NULL,NULL,NULL,'0',NULL,NULL,NULL,NULL,NULL,NULL,NULL,NULL,NULL,NULL,NULL,'{\"method_title\":\"No Payment Information Required\"}'),(10,10,NULL,NULL,NULL,NULL,NULL,NULL,NULL,NULL,0.0000,0.0000,NULL,NULL,0.0000,NULL,NULL,NULL,0.0000,NULL,NULL,NULL,NULL,'0',NULL,'free',NULL,NULL,NULL,NULL,NULL,NULL,NULL,NULL,'0',NULL,NULL,NULL,NULL,NULL,NULL,'0',NULL,NULL,NULL,NULL,NULL,NULL,NULL,NULL,NULL,NULL,NULL,'{\"method_title\":\"No Payment Information Required\"}'),(11,11,NULL,NULL,NULL,NULL,NULL,NULL,NULL,NULL,0.0000,0.0000,NULL,NULL,450.0000,NULL,NULL,NULL,450.0000,NULL,NULL,NULL,NULL,'0',NULL,'checkmo',NULL,NULL,NULL,NULL,NULL,NULL,NULL,NULL,'0',NULL,NULL,NULL,NULL,NULL,NULL,'0',NULL,NULL,NULL,NULL,NULL,NULL,NULL,NULL,NULL,NULL,NULL,'{\"method_title\":\"Check \\/ Money order\"}'),(12,12,NULL,NULL,NULL,NULL,NULL,NULL,NULL,NULL,0.0000,0.0000,NULL,NULL,500.0000,NULL,NULL,NULL,500.0000,NULL,NULL,NULL,NULL,'0',NULL,'checkmo',NULL,NULL,NULL,NULL,NULL,NULL,NULL,NULL,'0',NULL,NULL,NULL,NULL,NULL,NULL,'0',NULL,NULL,NULL,NULL,NULL,NULL,NULL,NULL,NULL,NULL,NULL,'{\"method_title\":\"Check \\/ Money order\"}'),(13,13,NULL,NULL,NULL,NULL,NULL,NULL,NULL,NULL,0.0000,0.0000,NULL,NULL,350.0000,NULL,NULL,NULL,350.0000,NULL,NULL,NULL,NULL,'0',NULL,'checkmo',NULL,NULL,NULL,NULL,NULL,NULL,NULL,NULL,'0',NULL,NULL,NULL,NULL,NULL,NULL,'0',NULL,NULL,NULL,NULL,NULL,NULL,NULL,NULL,NULL,NULL,NULL,'{\"method_title\":\"Check \\/ Money order\"}');

--
-- Table structure for table `sales_order_status`
--

CREATE TABLE `sales_order_status` (
  `status` varchar(32) NOT NULL COMMENT 'Status',
  `label` varchar(128) NOT NULL COMMENT 'Label',
  PRIMARY KEY (`status`)
) ENGINE=InnoDB DEFAULT CHARSET=utf8mb3 COMMENT='Sales Order Status Table';

--
-- Dumping data for table `sales_order_status`
--

INSERT INTO `sales_order_status` VALUES ('canceled','Canceled'),('closed','Closed'),('complete','Complete'),('fraud','Suspected Fraud'),('holded','On Hold'),('payment_review','Payment Review'),('paypal_canceled_reversal','PayPal Canceled Reversal'),('paypal_reversed','PayPal Reversed'),('pending','Pending'),('pending_payment','Pending Payment'),('pending_paypal','Pending PayPal'),('processing','Processing');

--
-- Table structure for table `sales_order_status_history`
--

CREATE TABLE `sales_order_status_history` (
  `entity_id` int unsigned NOT NULL AUTO_INCREMENT COMMENT 'Entity ID',
  `parent_id` int unsigned NOT NULL COMMENT 'Parent ID',
  `is_customer_notified` int DEFAULT NULL COMMENT 'Is Customer Notified',
  `is_visible_on_front` smallint unsigned NOT NULL DEFAULT '0' COMMENT 'Is Visible On Front',
  `comment` text COMMENT 'Comment',
  `status` varchar(32) DEFAULT NULL COMMENT 'Status',
  `created_at` timestamp NOT NULL DEFAULT CURRENT_TIMESTAMP COMMENT 'Created At',
  `entity_name` varchar(32) DEFAULT NULL COMMENT 'Shows what entity history is bind to.',
  PRIMARY KEY (`entity_id`),
  KEY `SALES_ORDER_STATUS_HISTORY_PARENT_ID` (`parent_id`),
  KEY `SALES_ORDER_STATUS_HISTORY_CREATED_AT` (`created_at`),
  CONSTRAINT `SALES_ORDER_STATUS_HISTORY_PARENT_ID_SALES_ORDER_ENTITY_ID` FOREIGN KEY (`parent_id`) REFERENCES `sales_order` (`entity_id`) ON DELETE CASCADE
) ENGINE=InnoDB DEFAULT CHARSET=utf8mb3 COMMENT='Sales Flat Order Status History';

--
-- Dumping data for table `sales_order_status_history`
--


--
-- Table structure for table `sales_order_status_label`
--

CREATE TABLE `sales_order_status_label` (
  `status` varchar(32) NOT NULL COMMENT 'Status',
  `store_id` smallint unsigned NOT NULL COMMENT 'Store ID',
  `label` varchar(128) NOT NULL COMMENT 'Label',
  PRIMARY KEY (`status`,`store_id`),
  KEY `SALES_ORDER_STATUS_LABEL_STORE_ID` (`store_id`),
  CONSTRAINT `SALES_ORDER_STATUS_LABEL_STATUS_SALES_ORDER_STATUS_STATUS` FOREIGN KEY (`status`) REFERENCES `sales_order_status` (`status`) ON DELETE CASCADE,
  CONSTRAINT `SALES_ORDER_STATUS_LABEL_STORE_ID_STORE_STORE_ID` FOREIGN KEY (`store_id`) REFERENCES `store` (`store_id`) ON DELETE CASCADE
) ENGINE=InnoDB DEFAULT CHARSET=utf8mb3 COMMENT='Sales Order Status Label Table';

--
-- Dumping data for table `sales_order_status_label`
--


--
-- Table structure for table `sales_order_status_state`
--

CREATE TABLE `sales_order_status_state` (
  `status` varchar(32) NOT NULL COMMENT 'Status',
  `state` varchar(32) NOT NULL COMMENT 'Label',
  `is_default` smallint unsigned NOT NULL DEFAULT '0' COMMENT 'Is Default',
  `visible_on_front` smallint unsigned NOT NULL DEFAULT '0' COMMENT 'Visible on front',
  PRIMARY KEY (`status`,`state`),
  CONSTRAINT `SALES_ORDER_STATUS_STATE_STATUS_SALES_ORDER_STATUS_STATUS` FOREIGN KEY (`status`) REFERENCES `sales_order_status` (`status`) ON DELETE CASCADE
) ENGINE=InnoDB DEFAULT CHARSET=utf8mb3 COMMENT='Sales Order Status Table';

--
-- Dumping data for table `sales_order_status_state`
--

INSERT INTO `sales_order_status_state` VALUES ('canceled','canceled',1,1),('closed','closed',1,1),('complete','complete',1,1),('fraud','payment_review',0,1),('fraud','processing',0,1),('holded','holded',1,1),('payment_review','payment_review',1,1),('pending','new',1,1),('pending_payment','pending_payment',1,0),('processing','processing',1,1);

--
-- Table structure for table `sales_order_tax`
--

CREATE TABLE `sales_order_tax` (
  `tax_id` int unsigned NOT NULL AUTO_INCREMENT COMMENT 'Tax ID',
  `order_id` int unsigned NOT NULL COMMENT 'Order ID',
  `code` varchar(255) DEFAULT NULL COMMENT 'Code',
  `title` varchar(255) DEFAULT NULL COMMENT 'Title',
  `percent` decimal(12,4) DEFAULT NULL COMMENT 'Percent',
  `amount` decimal(20,4) DEFAULT NULL COMMENT 'Amount',
  `priority` int NOT NULL COMMENT 'Priority',
  `position` int NOT NULL COMMENT 'Position',
  `base_amount` decimal(20,4) DEFAULT NULL COMMENT 'Base Amount',
  `process` smallint NOT NULL COMMENT 'Process',
  `base_real_amount` decimal(20,4) DEFAULT NULL COMMENT 'Base Real Amount',
  PRIMARY KEY (`tax_id`),
  KEY `SALES_ORDER_TAX_ORDER_ID_PRIORITY_POSITION` (`order_id`,`priority`,`position`)
) ENGINE=InnoDB DEFAULT CHARSET=utf8mb3 COMMENT='Sales Order Tax Table';

--
-- Dumping data for table `sales_order_tax`
--


--
-- Table structure for table `sales_order_tax_item`
--

CREATE TABLE `sales_order_tax_item` (
  `tax_item_id` int unsigned NOT NULL AUTO_INCREMENT COMMENT 'Tax Item ID',
  `tax_id` int unsigned NOT NULL COMMENT 'Tax ID',
  `item_id` int unsigned DEFAULT NULL COMMENT 'Item ID',
  `tax_percent` decimal(12,4) NOT NULL COMMENT 'Real Tax Percent For Item',
  `amount` decimal(20,4) NOT NULL COMMENT 'Tax amount for the item and tax rate',
  `base_amount` decimal(20,4) NOT NULL COMMENT 'Base tax amount for the item and tax rate',
  `real_amount` decimal(20,4) NOT NULL COMMENT 'Real tax amount for the item and tax rate',
  `real_base_amount` decimal(20,4) NOT NULL COMMENT 'Real base tax amount for the item and tax rate',
  `associated_item_id` int unsigned DEFAULT NULL COMMENT 'Id of the associated item',
  `taxable_item_type` varchar(32) NOT NULL COMMENT 'Type of the taxable item',
  PRIMARY KEY (`tax_item_id`),
  UNIQUE KEY `SALES_ORDER_TAX_ITEM_TAX_ID_ITEM_ID` (`tax_id`,`item_id`),
  KEY `SALES_ORDER_TAX_ITEM_ASSOCIATED_ITEM_ID_SALES_ORDER_ITEM_ITEM_ID` (`associated_item_id`),
  KEY `SALES_ORDER_TAX_ITEM_ITEM_ID` (`item_id`),
  CONSTRAINT `SALES_ORDER_TAX_ITEM_ASSOCIATED_ITEM_ID_SALES_ORDER_ITEM_ITEM_ID` FOREIGN KEY (`associated_item_id`) REFERENCES `sales_order_item` (`item_id`) ON DELETE CASCADE,
  CONSTRAINT `SALES_ORDER_TAX_ITEM_ITEM_ID_SALES_ORDER_ITEM_ITEM_ID` FOREIGN KEY (`item_id`) REFERENCES `sales_order_item` (`item_id`) ON DELETE CASCADE,
  CONSTRAINT `SALES_ORDER_TAX_ITEM_TAX_ID_SALES_ORDER_TAX_TAX_ID` FOREIGN KEY (`tax_id`) REFERENCES `sales_order_tax` (`tax_id`) ON DELETE CASCADE
) ENGINE=InnoDB DEFAULT CHARSET=utf8mb3 COMMENT='Sales Order Tax Item';

--
-- Dumping data for table `sales_order_tax_item`
--


--
-- Table structure for table `sales_payment_transaction`
--

CREATE TABLE `sales_payment_transaction` (
  `transaction_id` int unsigned NOT NULL AUTO_INCREMENT COMMENT 'Transaction ID',
  `parent_id` int unsigned DEFAULT NULL COMMENT 'Parent ID',
  `order_id` int unsigned NOT NULL DEFAULT '0' COMMENT 'Order ID',
  `payment_id` int unsigned NOT NULL DEFAULT '0' COMMENT 'Payment ID',
  `txn_id` varchar(100) DEFAULT NULL COMMENT 'Txn ID',
  `parent_txn_id` varchar(100) DEFAULT NULL COMMENT 'Parent Txn ID',
  `txn_type` varchar(15) DEFAULT NULL COMMENT 'Txn Type',
  `is_closed` smallint unsigned NOT NULL DEFAULT '1' COMMENT 'Is Closed',
  `additional_information` blob COMMENT 'Additional Information',
  `created_at` timestamp NOT NULL DEFAULT CURRENT_TIMESTAMP COMMENT 'Created At',
  PRIMARY KEY (`transaction_id`),
  UNIQUE KEY `SALES_PAYMENT_TRANSACTION_ORDER_ID_PAYMENT_ID_TXN_ID` (`order_id`,`payment_id`,`txn_id`),
  KEY `SALES_PAYMENT_TRANSACTION_PARENT_ID` (`parent_id`),
  KEY `SALES_PAYMENT_TRANSACTION_PAYMENT_ID` (`payment_id`),
  CONSTRAINT `FK_B99FF1A06402D725EBDB0F3A7ECD47A2` FOREIGN KEY (`parent_id`) REFERENCES `sales_payment_transaction` (`transaction_id`) ON DELETE CASCADE,
  CONSTRAINT `SALES_PAYMENT_TRANSACTION_ORDER_ID_SALES_ORDER_ENTITY_ID` FOREIGN KEY (`order_id`) REFERENCES `sales_order` (`entity_id`) ON DELETE CASCADE,
  CONSTRAINT `SALES_PAYMENT_TRANSACTION_PAYMENT_ID_SALES_ORDER_PAYMENT_ENTT_ID` FOREIGN KEY (`payment_id`) REFERENCES `sales_order_payment` (`entity_id`) ON DELETE CASCADE
) ENGINE=InnoDB DEFAULT CHARSET=utf8mb3 COMMENT='Sales Payment Transaction';

--
-- Dumping data for table `sales_payment_transaction`
--


--
-- Table structure for table `sales_refunded_aggregated`
--

CREATE TABLE `sales_refunded_aggregated` (
  `id` int unsigned NOT NULL AUTO_INCREMENT COMMENT 'ID',
  `period` date DEFAULT NULL COMMENT 'Period',
  `store_id` smallint unsigned DEFAULT NULL COMMENT 'Store ID',
  `order_status` varchar(50) NOT NULL COMMENT 'Order Status',
  `orders_count` int NOT NULL DEFAULT '0' COMMENT 'Orders Count',
  `refunded` decimal(20,4) DEFAULT NULL COMMENT 'Refunded',
  `online_refunded` decimal(20,4) DEFAULT NULL COMMENT 'Online Refunded',
  `offline_refunded` decimal(20,4) DEFAULT NULL COMMENT 'Offline Refunded',
  PRIMARY KEY (`id`),
  UNIQUE KEY `SALES_REFUNDED_AGGREGATED_PERIOD_STORE_ID_ORDER_STATUS` (`period`,`store_id`,`order_status`),
  KEY `SALES_REFUNDED_AGGREGATED_STORE_ID` (`store_id`),
  CONSTRAINT `SALES_REFUNDED_AGGREGATED_STORE_ID_STORE_STORE_ID` FOREIGN KEY (`store_id`) REFERENCES `store` (`store_id`) ON DELETE SET NULL
) ENGINE=InnoDB DEFAULT CHARSET=utf8mb3 COMMENT='Sales Refunded Aggregated';

--
-- Dumping data for table `sales_refunded_aggregated`
--


--
-- Table structure for table `sales_refunded_aggregated_order`
--

CREATE TABLE `sales_refunded_aggregated_order` (
  `id` int unsigned NOT NULL AUTO_INCREMENT COMMENT 'ID',
  `period` date DEFAULT NULL COMMENT 'Period',
  `store_id` smallint unsigned DEFAULT NULL COMMENT 'Store ID',
  `order_status` varchar(50) DEFAULT NULL COMMENT 'Order Status',
  `orders_count` int NOT NULL DEFAULT '0' COMMENT 'Orders Count',
  `refunded` decimal(20,4) DEFAULT NULL COMMENT 'Refunded',
  `online_refunded` decimal(20,4) DEFAULT NULL COMMENT 'Online Refunded',
  `offline_refunded` decimal(20,4) DEFAULT NULL COMMENT 'Offline Refunded',
  PRIMARY KEY (`id`),
  UNIQUE KEY `SALES_REFUNDED_AGGREGATED_ORDER_PERIOD_STORE_ID_ORDER_STATUS` (`period`,`store_id`,`order_status`),
  KEY `SALES_REFUNDED_AGGREGATED_ORDER_STORE_ID` (`store_id`),
  CONSTRAINT `SALES_REFUNDED_AGGREGATED_ORDER_STORE_ID_STORE_STORE_ID` FOREIGN KEY (`store_id`) REFERENCES `store` (`store_id`) ON DELETE SET NULL
) ENGINE=InnoDB DEFAULT CHARSET=utf8mb3 COMMENT='Sales Refunded Aggregated Order';

--
-- Dumping data for table `sales_refunded_aggregated_order`
--


--
-- Table structure for table `sales_sequence_meta`
--

CREATE TABLE `sales_sequence_meta` (
  `meta_id` int unsigned NOT NULL AUTO_INCREMENT COMMENT 'ID',
  `entity_type` varchar(32) NOT NULL COMMENT 'Prefix',
  `store_id` smallint unsigned NOT NULL COMMENT 'Store ID',
  `sequence_table` varchar(64) NOT NULL COMMENT 'table for sequence',
  PRIMARY KEY (`meta_id`),
  UNIQUE KEY `SALES_SEQUENCE_META_ENTITY_TYPE_STORE_ID` (`entity_type`,`store_id`)
) ENGINE=InnoDB AUTO_INCREMENT=9 DEFAULT CHARSET=utf8mb3 COMMENT='sales_sequence_meta';

--
-- Dumping data for table `sales_sequence_meta`
--

INSERT INTO `sales_sequence_meta` VALUES (1,'order',0,'sequence_order_0'),(2,'invoice',0,'sequence_invoice_0'),(3,'creditmemo',0,'sequence_creditmemo_0'),(4,'shipment',0,'sequence_shipment_0'),(5,'order',1,'sequence_order_1'),(6,'invoice',1,'sequence_invoice_1'),(7,'creditmemo',1,'sequence_creditmemo_1'),(8,'shipment',1,'sequence_shipment_1');

--
-- Table structure for table `sales_sequence_profile`
--

CREATE TABLE `sales_sequence_profile` (
  `profile_id` int unsigned NOT NULL AUTO_INCREMENT COMMENT 'ID',
  `meta_id` int unsigned NOT NULL COMMENT 'Meta_id',
  `prefix` varchar(32) DEFAULT NULL COMMENT 'Prefix',
  `suffix` varchar(32) DEFAULT NULL COMMENT 'Suffix',
  `start_value` int unsigned NOT NULL DEFAULT '1' COMMENT 'Start value for sequence',
  `step` int unsigned NOT NULL DEFAULT '1' COMMENT 'Step for sequence',
  `max_value` int unsigned NOT NULL COMMENT 'MaxValue for sequence',
  `warning_value` int unsigned NOT NULL COMMENT 'WarningValue for sequence',
  `is_active` tinyint(1) NOT NULL DEFAULT '0' COMMENT 'isActive flag',
  PRIMARY KEY (`profile_id`),
  UNIQUE KEY `SALES_SEQUENCE_PROFILE_META_ID_PREFIX_SUFFIX` (`meta_id`,`prefix`,`suffix`),
  CONSTRAINT `SALES_SEQUENCE_PROFILE_META_ID_SALES_SEQUENCE_META_META_ID` FOREIGN KEY (`meta_id`) REFERENCES `sales_sequence_meta` (`meta_id`) ON DELETE CASCADE
) ENGINE=InnoDB AUTO_INCREMENT=9 DEFAULT CHARSET=utf8mb3 COMMENT='sales_sequence_profile';

--
-- Dumping data for table `sales_sequence_profile`
--

INSERT INTO `sales_sequence_profile` VALUES (1,1,NULL,NULL,1,1,4294967295,4294966295,1),(2,2,NULL,NULL,1,1,4294967295,4294966295,1),(3,3,NULL,NULL,1,1,4294967295,4294966295,1),(4,4,NULL,NULL,1,1,4294967295,4294966295,1),(5,5,NULL,NULL,1,1,4294967295,4294966295,1),(6,6,NULL,NULL,1,1,4294967295,4294966295,1),(7,7,NULL,NULL,1,1,4294967295,4294966295,1),(8,8,NULL,NULL,1,1,4294967295,4294966295,1);

--
-- Table structure for table `sales_shipment`
--

CREATE TABLE `sales_shipment` (
  `entity_id` int unsigned NOT NULL AUTO_INCREMENT COMMENT 'Entity ID',
  `store_id` smallint unsigned DEFAULT NULL COMMENT 'Store ID',
  `total_weight` decimal(12,4) DEFAULT NULL COMMENT 'Total Weight',
  `total_qty` decimal(12,4) DEFAULT NULL COMMENT 'Total Qty',
  `email_sent` smallint unsigned DEFAULT NULL COMMENT 'Email Sent',
  `send_email` smallint unsigned DEFAULT NULL COMMENT 'Send Email',
  `order_id` int unsigned NOT NULL COMMENT 'Order ID',
  `customer_id` int DEFAULT NULL COMMENT 'Customer ID',
  `shipping_address_id` int DEFAULT NULL COMMENT 'Shipping Address ID',
  `billing_address_id` int DEFAULT NULL COMMENT 'Billing Address ID',
  `shipment_status` int DEFAULT NULL COMMENT 'Shipment Status',
  `increment_id` varchar(50) DEFAULT NULL COMMENT 'Increment ID',
  `created_at` timestamp NOT NULL DEFAULT CURRENT_TIMESTAMP COMMENT 'Created At',
  `updated_at` timestamp NOT NULL DEFAULT CURRENT_TIMESTAMP ON UPDATE CURRENT_TIMESTAMP COMMENT 'Updated At',
  `packages` text COMMENT 'Packed Products in Packages',
  `shipping_label` mediumblob COMMENT 'Shipping Label Content',
  `customer_note` text COMMENT 'Customer Note',
  `customer_note_notify` smallint unsigned DEFAULT NULL COMMENT 'Customer Note Notify',
  PRIMARY KEY (`entity_id`),
  UNIQUE KEY `SALES_SHIPMENT_INCREMENT_ID_STORE_ID` (`increment_id`,`store_id`),
  KEY `SALES_SHIPMENT_STORE_ID` (`store_id`),
  KEY `SALES_SHIPMENT_TOTAL_QTY` (`total_qty`),
  KEY `SALES_SHIPMENT_ORDER_ID` (`order_id`),
  KEY `SALES_SHIPMENT_CREATED_AT` (`created_at`),
  KEY `SALES_SHIPMENT_UPDATED_AT` (`updated_at`),
  KEY `SALES_SHIPMENT_SEND_EMAIL` (`send_email`),
  KEY `SALES_SHIPMENT_EMAIL_SENT` (`email_sent`),
  CONSTRAINT `SALES_SHIPMENT_ORDER_ID_SALES_ORDER_ENTITY_ID` FOREIGN KEY (`order_id`) REFERENCES `sales_order` (`entity_id`) ON DELETE CASCADE,
  CONSTRAINT `SALES_SHIPMENT_STORE_ID_STORE_STORE_ID` FOREIGN KEY (`store_id`) REFERENCES `store` (`store_id`) ON DELETE SET NULL
) ENGINE=InnoDB DEFAULT CHARSET=utf8mb3 COMMENT='Sales Flat Shipment';

--
-- Dumping data for table `sales_shipment`
--


--
-- Table structure for table `sales_shipment_comment`
--

CREATE TABLE `sales_shipment_comment` (
  `entity_id` int unsigned NOT NULL AUTO_INCREMENT COMMENT 'Entity ID',
  `parent_id` int unsigned NOT NULL COMMENT 'Parent ID',
  `is_customer_notified` int DEFAULT NULL COMMENT 'Is Customer Notified',
  `is_visible_on_front` smallint unsigned NOT NULL DEFAULT '0' COMMENT 'Is Visible On Front',
  `comment` text COMMENT 'Comment',
  `created_at` timestamp NOT NULL DEFAULT CURRENT_TIMESTAMP COMMENT 'Created At',
  PRIMARY KEY (`entity_id`),
  KEY `SALES_SHIPMENT_COMMENT_CREATED_AT` (`created_at`),
  KEY `SALES_SHIPMENT_COMMENT_PARENT_ID` (`parent_id`),
  CONSTRAINT `SALES_SHIPMENT_COMMENT_PARENT_ID_SALES_SHIPMENT_ENTITY_ID` FOREIGN KEY (`parent_id`) REFERENCES `sales_shipment` (`entity_id`) ON DELETE CASCADE
) ENGINE=InnoDB DEFAULT CHARSET=utf8mb3 COMMENT='Sales Flat Shipment Comment';

--
-- Dumping data for table `sales_shipment_comment`
--


--
-- Table structure for table `sales_shipment_grid`
--

CREATE TABLE `sales_shipment_grid` (
  `entity_id` int unsigned NOT NULL COMMENT 'Entity ID',
  `increment_id` varchar(50) DEFAULT NULL COMMENT 'Increment ID',
  `store_id` smallint unsigned DEFAULT NULL COMMENT 'Store ID',
  `order_increment_id` varchar(32) NOT NULL COMMENT 'Order Increment ID',
  `order_id` int unsigned NOT NULL COMMENT 'Order ID',
  `order_created_at` timestamp NOT NULL DEFAULT CURRENT_TIMESTAMP COMMENT 'Order Increment ID',
  `customer_name` varchar(128) NOT NULL COMMENT 'Customer Name',
  `total_qty` decimal(12,4) DEFAULT NULL COMMENT 'Total Qty',
  `shipment_status` int DEFAULT NULL COMMENT 'Shipment Status',
  `order_status` varchar(32) DEFAULT NULL COMMENT 'Order',
  `billing_address` varchar(255) DEFAULT NULL COMMENT 'Billing Address',
  `shipping_address` varchar(255) DEFAULT NULL COMMENT 'Shipping Address',
  `billing_name` varchar(128) DEFAULT NULL COMMENT 'Billing Name',
  `shipping_name` varchar(128) DEFAULT NULL COMMENT 'Shipping Name',
  `customer_email` varchar(128) DEFAULT NULL COMMENT 'Customer Email',
  `customer_group_id` int DEFAULT NULL,
  `payment_method` varchar(32) DEFAULT NULL COMMENT 'Payment Method',
  `shipping_information` varchar(255) DEFAULT NULL COMMENT 'Shipping Method Name',
  `created_at` timestamp NULL DEFAULT NULL COMMENT 'Created At',
  `updated_at` timestamp NULL DEFAULT NULL COMMENT 'Updated At',
  PRIMARY KEY (`entity_id`),
  UNIQUE KEY `SALES_SHIPMENT_GRID_INCREMENT_ID_STORE_ID` (`increment_id`,`store_id`),
  KEY `SALES_SHIPMENT_GRID_STORE_ID` (`store_id`),
  KEY `SALES_SHIPMENT_GRID_TOTAL_QTY` (`total_qty`),
  KEY `SALES_SHIPMENT_GRID_ORDER_INCREMENT_ID` (`order_increment_id`),
  KEY `SALES_SHIPMENT_GRID_SHIPMENT_STATUS` (`shipment_status`),
  KEY `SALES_SHIPMENT_GRID_ORDER_STATUS` (`order_status`),
  KEY `SALES_SHIPMENT_GRID_CREATED_AT` (`created_at`),
  KEY `SALES_SHIPMENT_GRID_UPDATED_AT` (`updated_at`),
  KEY `SALES_SHIPMENT_GRID_ORDER_CREATED_AT` (`order_created_at`),
  KEY `SALES_SHIPMENT_GRID_SHIPPING_NAME` (`shipping_name`),
  KEY `SALES_SHIPMENT_GRID_BILLING_NAME` (`billing_name`),
  KEY `SALES_SHIPMENT_GRID_ORDER_ID` (`order_id`),
  FULLTEXT KEY `FTI_086B40C8955F167B8EA76653437879B4` (`increment_id`,`order_increment_id`,`shipping_name`,`customer_name`,`customer_email`,`billing_address`,`shipping_address`)
) ENGINE=InnoDB DEFAULT CHARSET=utf8mb3 COMMENT='Sales Flat Shipment Grid';

--
-- Dumping data for table `sales_shipment_grid`
--


--
-- Table structure for table `sales_shipment_item`
--

CREATE TABLE `sales_shipment_item` (
  `entity_id` int unsigned NOT NULL AUTO_INCREMENT COMMENT 'Entity ID',
  `parent_id` int unsigned NOT NULL COMMENT 'Parent ID',
  `row_total` decimal(20,4) DEFAULT NULL COMMENT 'Row Total',
  `price` decimal(20,4) DEFAULT NULL COMMENT 'Price',
  `weight` decimal(12,4) DEFAULT NULL COMMENT 'Weight',
  `qty` decimal(12,4) DEFAULT NULL COMMENT 'Qty',
  `product_id` int DEFAULT NULL COMMENT 'Product ID',
  `order_item_id` int DEFAULT NULL COMMENT 'Order Item ID',
  `additional_data` text COMMENT 'Additional Data',
  `description` text COMMENT 'Description',
  `name` varchar(255) DEFAULT NULL COMMENT 'Name',
  `sku` varchar(255) DEFAULT NULL COMMENT 'Sku',
  PRIMARY KEY (`entity_id`),
  KEY `SALES_SHIPMENT_ITEM_PARENT_ID` (`parent_id`),
  CONSTRAINT `SALES_SHIPMENT_ITEM_PARENT_ID_SALES_SHIPMENT_ENTITY_ID` FOREIGN KEY (`parent_id`) REFERENCES `sales_shipment` (`entity_id`) ON DELETE CASCADE
) ENGINE=InnoDB DEFAULT CHARSET=utf8mb3 COMMENT='Sales Flat Shipment Item';

--
-- Dumping data for table `sales_shipment_item`
--


--
-- Table structure for table `sales_shipment_track`
--

CREATE TABLE `sales_shipment_track` (
  `entity_id` int unsigned NOT NULL AUTO_INCREMENT COMMENT 'Entity ID',
  `parent_id` int unsigned NOT NULL COMMENT 'Parent ID',
  `weight` decimal(12,4) DEFAULT NULL COMMENT 'Weight',
  `qty` decimal(12,4) DEFAULT NULL COMMENT 'Qty',
  `order_id` int unsigned NOT NULL COMMENT 'Order ID',
  `track_number` text COMMENT 'Number',
  `description` text COMMENT 'Description',
  `title` varchar(255) DEFAULT NULL COMMENT 'Title',
  `carrier_code` varchar(32) DEFAULT NULL COMMENT 'Carrier Code',
  `created_at` timestamp NOT NULL DEFAULT CURRENT_TIMESTAMP COMMENT 'Created At',
  `updated_at` timestamp NOT NULL DEFAULT CURRENT_TIMESTAMP ON UPDATE CURRENT_TIMESTAMP COMMENT 'Updated At',
  PRIMARY KEY (`entity_id`),
  KEY `SALES_SHIPMENT_TRACK_PARENT_ID` (`parent_id`),
  KEY `SALES_SHIPMENT_TRACK_ORDER_ID` (`order_id`),
  KEY `SALES_SHIPMENT_TRACK_CREATED_AT` (`created_at`),
  CONSTRAINT `SALES_SHIPMENT_TRACK_PARENT_ID_SALES_SHIPMENT_ENTITY_ID` FOREIGN KEY (`parent_id`) REFERENCES `sales_shipment` (`entity_id`) ON DELETE CASCADE
) ENGINE=InnoDB DEFAULT CHARSET=utf8mb3 COMMENT='Sales Flat Shipment Track';

--
-- Dumping data for table `sales_shipment_track`
--


--
-- Table structure for table `sales_shipping_aggregated`
--

CREATE TABLE `sales_shipping_aggregated` (
  `id` int unsigned NOT NULL AUTO_INCREMENT COMMENT 'ID',
  `period` date DEFAULT NULL COMMENT 'Period',
  `store_id` smallint unsigned DEFAULT NULL COMMENT 'Store ID',
  `order_status` varchar(50) DEFAULT NULL COMMENT 'Order Status',
  `shipping_description` varchar(255) DEFAULT NULL COMMENT 'Shipping Description',
  `orders_count` int NOT NULL DEFAULT '0' COMMENT 'Orders Count',
  `total_shipping` decimal(20,4) DEFAULT NULL COMMENT 'Total Shipping',
  `total_shipping_actual` decimal(20,4) DEFAULT NULL COMMENT 'Total Shipping Actual',
  PRIMARY KEY (`id`),
  UNIQUE KEY `SALES_SHPP_AGGRED_PERIOD_STORE_ID_ORDER_STS_SHPP_DESCRIPTION` (`period`,`store_id`,`order_status`,`shipping_description`),
  KEY `SALES_SHIPPING_AGGREGATED_STORE_ID` (`store_id`),
  CONSTRAINT `SALES_SHIPPING_AGGREGATED_STORE_ID_STORE_STORE_ID` FOREIGN KEY (`store_id`) REFERENCES `store` (`store_id`) ON DELETE SET NULL
) ENGINE=InnoDB DEFAULT CHARSET=utf8mb3 COMMENT='Sales Shipping Aggregated';

--
-- Dumping data for table `sales_shipping_aggregated`
--


--
-- Table structure for table `sales_shipping_aggregated_order`
--

CREATE TABLE `sales_shipping_aggregated_order` (
  `id` int unsigned NOT NULL AUTO_INCREMENT COMMENT 'ID',
  `period` date DEFAULT NULL COMMENT 'Period',
  `store_id` smallint unsigned DEFAULT NULL COMMENT 'Store ID',
  `order_status` varchar(50) DEFAULT NULL COMMENT 'Order Status',
  `shipping_description` varchar(255) DEFAULT NULL COMMENT 'Shipping Description',
  `orders_count` int NOT NULL DEFAULT '0' COMMENT 'Orders Count',
  `total_shipping` decimal(20,4) DEFAULT NULL COMMENT 'Total Shipping',
  `total_shipping_actual` decimal(20,4) DEFAULT NULL COMMENT 'Total Shipping Actual',
  PRIMARY KEY (`id`),
  UNIQUE KEY `UNQ_C05FAE47282EEA68654D0924E946761F` (`period`,`store_id`,`order_status`,`shipping_description`),
  KEY `SALES_SHIPPING_AGGREGATED_ORDER_STORE_ID` (`store_id`),
  CONSTRAINT `SALES_SHIPPING_AGGREGATED_ORDER_STORE_ID_STORE_STORE_ID` FOREIGN KEY (`store_id`) REFERENCES `store` (`store_id`) ON DELETE SET NULL
) ENGINE=InnoDB DEFAULT CHARSET=utf8mb3 COMMENT='Sales Shipping Aggregated Order';

--
-- Dumping data for table `sales_shipping_aggregated_order`
--


--
-- Table structure for table `salesrule`
--

CREATE TABLE `salesrule` (
  `rule_id` int unsigned NOT NULL AUTO_INCREMENT COMMENT 'Entity ID',
  `name` varchar(255) DEFAULT NULL COMMENT 'Name',
  `description` text COMMENT 'Description',
  `from_date` date DEFAULT NULL COMMENT 'From',
  `to_date` date DEFAULT NULL COMMENT 'To',
  `uses_per_customer` int NOT NULL DEFAULT '0' COMMENT 'Uses Per Customer',
  `is_active` smallint NOT NULL DEFAULT '0' COMMENT 'Is Active',
  `conditions_serialized` mediumtext COMMENT 'Conditions Serialized',
  `actions_serialized` mediumtext COMMENT 'Actions Serialized',
  `stop_rules_processing` smallint NOT NULL DEFAULT '1' COMMENT 'Stop Rules Processing',
  `is_advanced` smallint unsigned NOT NULL DEFAULT '1' COMMENT 'Is Advanced',
  `product_ids` text COMMENT 'Product Ids',
  `sort_order` int unsigned NOT NULL DEFAULT '0' COMMENT 'Sort Order',
  `simple_action` varchar(32) DEFAULT NULL COMMENT 'Simple Action',
  `discount_amount` decimal(12,4) NOT NULL DEFAULT '0.0000' COMMENT 'Discount Amount',
  `discount_qty` decimal(12,4) DEFAULT NULL COMMENT 'Discount Qty',
  `discount_step` int unsigned NOT NULL DEFAULT '0' COMMENT 'Discount Step',
  `apply_to_shipping` smallint unsigned NOT NULL DEFAULT '0' COMMENT 'Apply To Shipping',
  `times_used` int unsigned NOT NULL DEFAULT '0' COMMENT 'Times Used',
  `is_rss` smallint NOT NULL DEFAULT '0' COMMENT 'Is Rss',
  `coupon_type` smallint unsigned NOT NULL DEFAULT '1' COMMENT 'Coupon Type',
  `use_auto_generation` smallint NOT NULL DEFAULT '0' COMMENT 'Use Auto Generation',
  `uses_per_coupon` int NOT NULL DEFAULT '0' COMMENT 'User Per Coupon',
  `simple_free_shipping` smallint unsigned DEFAULT NULL COMMENT 'Simple Free Shipping',
  PRIMARY KEY (`rule_id`),
  KEY `SALESRULE_IS_ACTIVE_SORT_ORDER_TO_DATE_FROM_DATE` (`is_active`,`sort_order`,`to_date`,`from_date`)
) ENGINE=InnoDB DEFAULT CHARSET=utf8mb3 COMMENT='Salesrule';

--
-- Dumping data for table `salesrule`
--


--
-- Table structure for table `salesrule_coupon`
--

CREATE TABLE `salesrule_coupon` (
  `coupon_id` int unsigned NOT NULL AUTO_INCREMENT COMMENT 'Coupon ID',
  `rule_id` int unsigned NOT NULL COMMENT 'Rule ID',
  `code` varchar(255) DEFAULT NULL COMMENT 'Code',
  `usage_limit` int unsigned DEFAULT NULL COMMENT 'Usage Limit',
  `usage_per_customer` int unsigned DEFAULT NULL COMMENT 'Usage Per Customer',
  `times_used` int unsigned NOT NULL DEFAULT '0' COMMENT 'Times Used',
  `expiration_date` datetime DEFAULT NULL COMMENT 'Expiration Date',
  `is_primary` smallint unsigned DEFAULT NULL COMMENT 'Is Primary',
  `created_at` timestamp NULL DEFAULT NULL COMMENT 'Coupon Code Creation Date',
  `type` smallint DEFAULT '0' COMMENT 'Coupon Code Type',
  PRIMARY KEY (`coupon_id`),
  UNIQUE KEY `SALESRULE_COUPON_CODE` (`code`),
  UNIQUE KEY `SALESRULE_COUPON_RULE_ID_IS_PRIMARY` (`rule_id`,`is_primary`),
  KEY `SALESRULE_COUPON_RULE_ID` (`rule_id`),
  CONSTRAINT `SALESRULE_COUPON_RULE_ID_SALESRULE_RULE_ID` FOREIGN KEY (`rule_id`) REFERENCES `salesrule` (`rule_id`) ON DELETE CASCADE
) ENGINE=InnoDB DEFAULT CHARSET=utf8mb3 COMMENT='Salesrule Coupon';

--
-- Dumping data for table `salesrule_coupon`
--


--
-- Table structure for table `salesrule_coupon_aggregated`
--

CREATE TABLE `salesrule_coupon_aggregated` (
  `id` int unsigned NOT NULL AUTO_INCREMENT COMMENT 'ID',
  `period` date NOT NULL COMMENT 'Period',
  `store_id` smallint unsigned DEFAULT NULL COMMENT 'Store ID',
  `order_status` varchar(50) DEFAULT NULL COMMENT 'Order Status',
  `coupon_code` varchar(50) DEFAULT NULL COMMENT 'Coupon Code',
  `coupon_uses` int NOT NULL DEFAULT '0' COMMENT 'Coupon Uses',
  `subtotal_amount` decimal(20,4) NOT NULL DEFAULT '0.0000' COMMENT 'Subtotal Amount',
  `discount_amount` decimal(12,4) NOT NULL DEFAULT '0.0000' COMMENT 'Discount Amount',
  `total_amount` decimal(20,4) NOT NULL DEFAULT '0.0000' COMMENT 'Total Amount',
  `subtotal_amount_actual` decimal(20,4) NOT NULL DEFAULT '0.0000' COMMENT 'Subtotal Amount Actual',
  `discount_amount_actual` decimal(12,4) NOT NULL DEFAULT '0.0000' COMMENT 'Discount Amount Actual',
  `total_amount_actual` decimal(20,4) NOT NULL DEFAULT '0.0000' COMMENT 'Total Amount Actual',
  `rule_name` varchar(255) DEFAULT NULL COMMENT 'Rule Name',
  PRIMARY KEY (`id`),
  UNIQUE KEY `SALESRULE_COUPON_AGGRED_PERIOD_STORE_ID_ORDER_STS_COUPON_CODE` (`period`,`store_id`,`order_status`,`coupon_code`),
  KEY `SALESRULE_COUPON_AGGREGATED_STORE_ID` (`store_id`),
  KEY `SALESRULE_COUPON_AGGREGATED_RULE_NAME` (`rule_name`),
  CONSTRAINT `SALESRULE_COUPON_AGGREGATED_STORE_ID_STORE_STORE_ID` FOREIGN KEY (`store_id`) REFERENCES `store` (`store_id`) ON DELETE CASCADE
) ENGINE=InnoDB DEFAULT CHARSET=utf8mb3 COMMENT='Coupon Aggregated';

--
-- Dumping data for table `salesrule_coupon_aggregated`
--


--
-- Table structure for table `salesrule_coupon_aggregated_order`
--

CREATE TABLE `salesrule_coupon_aggregated_order` (
  `id` int unsigned NOT NULL AUTO_INCREMENT COMMENT 'ID',
  `period` date NOT NULL COMMENT 'Period',
  `store_id` smallint unsigned DEFAULT NULL COMMENT 'Store ID',
  `order_status` varchar(50) DEFAULT NULL COMMENT 'Order Status',
  `coupon_code` varchar(50) DEFAULT NULL COMMENT 'Coupon Code',
  `coupon_uses` int NOT NULL DEFAULT '0' COMMENT 'Coupon Uses',
  `subtotal_amount` decimal(20,4) NOT NULL DEFAULT '0.0000' COMMENT 'Subtotal Amount',
  `discount_amount` decimal(12,4) NOT NULL DEFAULT '0.0000' COMMENT 'Discount Amount',
  `total_amount` decimal(20,4) NOT NULL DEFAULT '0.0000' COMMENT 'Total Amount',
  `rule_name` varchar(255) DEFAULT NULL COMMENT 'Rule Name',
  PRIMARY KEY (`id`),
  UNIQUE KEY `UNQ_1094D1FBBCBB11704A29DEF3ACC37D2B` (`period`,`store_id`,`order_status`,`coupon_code`),
  KEY `SALESRULE_COUPON_AGGREGATED_ORDER_STORE_ID` (`store_id`),
  KEY `SALESRULE_COUPON_AGGREGATED_ORDER_RULE_NAME` (`rule_name`),
  CONSTRAINT `SALESRULE_COUPON_AGGREGATED_ORDER_STORE_ID_STORE_STORE_ID` FOREIGN KEY (`store_id`) REFERENCES `store` (`store_id`) ON DELETE CASCADE
) ENGINE=InnoDB DEFAULT CHARSET=utf8mb3 COMMENT='Coupon Aggregated Order';

--
-- Dumping data for table `salesrule_coupon_aggregated_order`
--


--
-- Table structure for table `salesrule_coupon_aggregated_updated`
--

CREATE TABLE `salesrule_coupon_aggregated_updated` (
  `id` int unsigned NOT NULL AUTO_INCREMENT COMMENT 'ID',
  `period` date NOT NULL COMMENT 'Period',
  `store_id` smallint unsigned DEFAULT NULL COMMENT 'Store ID',
  `order_status` varchar(50) DEFAULT NULL COMMENT 'Order Status',
  `coupon_code` varchar(50) DEFAULT NULL COMMENT 'Coupon Code',
  `coupon_uses` int NOT NULL DEFAULT '0' COMMENT 'Coupon Uses',
  `subtotal_amount` decimal(20,4) NOT NULL DEFAULT '0.0000' COMMENT 'Subtotal Amount',
  `discount_amount` decimal(12,4) NOT NULL DEFAULT '0.0000' COMMENT 'Discount Amount',
  `total_amount` decimal(20,4) NOT NULL DEFAULT '0.0000' COMMENT 'Total Amount',
  `subtotal_amount_actual` decimal(20,4) NOT NULL DEFAULT '0.0000' COMMENT 'Subtotal Amount Actual',
  `discount_amount_actual` decimal(12,4) NOT NULL DEFAULT '0.0000' COMMENT 'Discount Amount Actual',
  `total_amount_actual` decimal(20,4) NOT NULL DEFAULT '0.0000' COMMENT 'Total Amount Actual',
  `rule_name` varchar(255) DEFAULT NULL COMMENT 'Rule Name',
  PRIMARY KEY (`id`),
  UNIQUE KEY `UNQ_7196FA120A4F0F84E1B66605E87E213E` (`period`,`store_id`,`order_status`,`coupon_code`),
  KEY `SALESRULE_COUPON_AGGREGATED_UPDATED_STORE_ID` (`store_id`),
  KEY `SALESRULE_COUPON_AGGREGATED_UPDATED_RULE_NAME` (`rule_name`),
  CONSTRAINT `SALESRULE_COUPON_AGGREGATED_UPDATED_STORE_ID_STORE_STORE_ID` FOREIGN KEY (`store_id`) REFERENCES `store` (`store_id`) ON DELETE CASCADE
) ENGINE=InnoDB DEFAULT CHARSET=utf8mb3 COMMENT='Salesrule Coupon Aggregated Updated';

--
-- Dumping data for table `salesrule_coupon_aggregated_updated`
--


--
-- Table structure for table `salesrule_coupon_usage`
--

CREATE TABLE `salesrule_coupon_usage` (
  `coupon_id` int unsigned NOT NULL COMMENT 'Coupon ID',
  `customer_id` int unsigned NOT NULL COMMENT 'Customer ID',
  `times_used` int unsigned NOT NULL DEFAULT '0' COMMENT 'Times Used',
  PRIMARY KEY (`coupon_id`,`customer_id`),
  KEY `SALESRULE_COUPON_USAGE_CUSTOMER_ID` (`customer_id`),
  CONSTRAINT `SALESRULE_COUPON_USAGE_COUPON_ID_SALESRULE_COUPON_COUPON_ID` FOREIGN KEY (`coupon_id`) REFERENCES `salesrule_coupon` (`coupon_id`) ON DELETE CASCADE,
  CONSTRAINT `SALESRULE_COUPON_USAGE_CUSTOMER_ID_CUSTOMER_ENTITY_ENTITY_ID` FOREIGN KEY (`customer_id`) REFERENCES `customer_entity` (`entity_id`) ON DELETE CASCADE
) ENGINE=InnoDB DEFAULT CHARSET=utf8mb3 COMMENT='Salesrule Coupon Usage';

--
-- Dumping data for table `salesrule_coupon_usage`
--


--
-- Table structure for table `salesrule_customer`
--

CREATE TABLE `salesrule_customer` (
  `rule_customer_id` int unsigned NOT NULL AUTO_INCREMENT COMMENT 'Rule Customer ID',
  `rule_id` int unsigned NOT NULL DEFAULT '0' COMMENT 'Rule ID',
  `customer_id` int unsigned NOT NULL DEFAULT '0' COMMENT 'Customer ID',
  `times_used` smallint unsigned NOT NULL DEFAULT '0' COMMENT 'Times Used',
  PRIMARY KEY (`rule_customer_id`),
  KEY `SALESRULE_CUSTOMER_RULE_ID_CUSTOMER_ID` (`rule_id`,`customer_id`),
  KEY `SALESRULE_CUSTOMER_CUSTOMER_ID_RULE_ID` (`customer_id`,`rule_id`),
  CONSTRAINT `SALESRULE_CUSTOMER_CUSTOMER_ID_CUSTOMER_ENTITY_ENTITY_ID` FOREIGN KEY (`customer_id`) REFERENCES `customer_entity` (`entity_id`) ON DELETE CASCADE,
  CONSTRAINT `SALESRULE_CUSTOMER_RULE_ID_SALESRULE_RULE_ID` FOREIGN KEY (`rule_id`) REFERENCES `salesrule` (`rule_id`) ON DELETE CASCADE
) ENGINE=InnoDB DEFAULT CHARSET=utf8mb3 COMMENT='Salesrule Customer';

--
-- Dumping data for table `salesrule_customer`
--


--
-- Table structure for table `salesrule_customer_group`
--

CREATE TABLE `salesrule_customer_group` (
  `rule_id` int unsigned NOT NULL COMMENT 'Rule ID',
  `customer_group_id` int unsigned NOT NULL COMMENT 'Customer Group ID',
  PRIMARY KEY (`rule_id`,`customer_group_id`),
  KEY `SALESRULE_CUSTOMER_GROUP_CUSTOMER_GROUP_ID` (`customer_group_id`),
  CONSTRAINT `SALESRULE_CSTR_GROUP_CSTR_GROUP_ID_CSTR_GROUP_CSTR_GROUP_ID` FOREIGN KEY (`customer_group_id`) REFERENCES `customer_group` (`customer_group_id`) ON DELETE CASCADE,
  CONSTRAINT `SALESRULE_CUSTOMER_GROUP_RULE_ID_SALESRULE_RULE_ID` FOREIGN KEY (`rule_id`) REFERENCES `salesrule` (`rule_id`) ON DELETE CASCADE
) ENGINE=InnoDB DEFAULT CHARSET=utf8mb3 COMMENT='Sales Rules To Customer Groups Relations';

--
-- Dumping data for table `salesrule_customer_group`
--


--
-- Table structure for table `salesrule_label`
--

CREATE TABLE `salesrule_label` (
  `label_id` int unsigned NOT NULL AUTO_INCREMENT COMMENT 'Label ID',
  `rule_id` int unsigned NOT NULL COMMENT 'Rule ID',
  `store_id` smallint unsigned NOT NULL COMMENT 'Store ID',
  `label` varchar(255) DEFAULT NULL COMMENT 'Label',
  PRIMARY KEY (`label_id`),
  UNIQUE KEY `SALESRULE_LABEL_RULE_ID_STORE_ID` (`rule_id`,`store_id`),
  KEY `SALESRULE_LABEL_STORE_ID` (`store_id`),
  CONSTRAINT `SALESRULE_LABEL_RULE_ID_SALESRULE_RULE_ID` FOREIGN KEY (`rule_id`) REFERENCES `salesrule` (`rule_id`) ON DELETE CASCADE,
  CONSTRAINT `SALESRULE_LABEL_STORE_ID_STORE_STORE_ID` FOREIGN KEY (`store_id`) REFERENCES `store` (`store_id`) ON DELETE CASCADE
) ENGINE=InnoDB DEFAULT CHARSET=utf8mb3 COMMENT='Salesrule Label';

--
-- Dumping data for table `salesrule_label`
--


--
-- Table structure for table `salesrule_product_attribute`
--

CREATE TABLE `salesrule_product_attribute` (
  `rule_id` int unsigned NOT NULL COMMENT 'Rule ID',
  `website_id` smallint unsigned NOT NULL COMMENT 'Website ID',
  `customer_group_id` int unsigned NOT NULL COMMENT 'Customer Group ID',
  `attribute_id` smallint unsigned NOT NULL COMMENT 'Attribute ID',
  PRIMARY KEY (`rule_id`,`website_id`,`customer_group_id`,`attribute_id`),
  KEY `SALESRULE_PRODUCT_ATTRIBUTE_WEBSITE_ID` (`website_id`),
  KEY `SALESRULE_PRODUCT_ATTRIBUTE_CUSTOMER_GROUP_ID` (`customer_group_id`),
  KEY `SALESRULE_PRODUCT_ATTRIBUTE_ATTRIBUTE_ID` (`attribute_id`),
  CONSTRAINT `SALESRULE_PRD_ATTR_ATTR_ID_EAV_ATTR_ATTR_ID` FOREIGN KEY (`attribute_id`) REFERENCES `eav_attribute` (`attribute_id`) ON DELETE CASCADE,
  CONSTRAINT `SALESRULE_PRD_ATTR_CSTR_GROUP_ID_CSTR_GROUP_CSTR_GROUP_ID` FOREIGN KEY (`customer_group_id`) REFERENCES `customer_group` (`customer_group_id`) ON DELETE CASCADE,
  CONSTRAINT `SALESRULE_PRODUCT_ATTRIBUTE_RULE_ID_SALESRULE_RULE_ID` FOREIGN KEY (`rule_id`) REFERENCES `salesrule` (`rule_id`) ON DELETE CASCADE,
  CONSTRAINT `SALESRULE_PRODUCT_ATTRIBUTE_WEBSITE_ID_STORE_WEBSITE_WEBSITE_ID` FOREIGN KEY (`website_id`) REFERENCES `store_website` (`website_id`) ON DELETE CASCADE
) ENGINE=InnoDB DEFAULT CHARSET=utf8mb3 COMMENT='Salesrule Product Attribute';

--
-- Dumping data for table `salesrule_product_attribute`
--


--
-- Table structure for table `salesrule_website`
--

CREATE TABLE `salesrule_website` (
  `rule_id` int unsigned NOT NULL COMMENT 'Rule ID',
  `website_id` smallint unsigned NOT NULL COMMENT 'Website ID',
  PRIMARY KEY (`rule_id`,`website_id`),
  KEY `SALESRULE_WEBSITE_WEBSITE_ID` (`website_id`),
  CONSTRAINT `SALESRULE_WEBSITE_RULE_ID_SALESRULE_RULE_ID` FOREIGN KEY (`rule_id`) REFERENCES `salesrule` (`rule_id`) ON DELETE CASCADE,
  CONSTRAINT `SALESRULE_WEBSITE_WEBSITE_ID_STORE_WEBSITE_WEBSITE_ID` FOREIGN KEY (`website_id`) REFERENCES `store_website` (`website_id`) ON DELETE CASCADE
) ENGINE=InnoDB DEFAULT CHARSET=utf8mb3 COMMENT='Sales Rules To Websites Relations';

--
-- Dumping data for table `salesrule_website`
--


--
-- Table structure for table `search_query`
--

CREATE TABLE `search_query` (
  `query_id` int unsigned NOT NULL AUTO_INCREMENT COMMENT 'Query ID',
  `query_text` varchar(255) DEFAULT NULL COMMENT 'Query text',
  `num_results` int unsigned NOT NULL DEFAULT '0' COMMENT 'Num results',
  `popularity` int unsigned NOT NULL DEFAULT '0' COMMENT 'Popularity',
  `redirect` varchar(255) DEFAULT NULL COMMENT 'Redirect',
  `store_id` smallint unsigned NOT NULL DEFAULT '0' COMMENT 'Store ID',
  `display_in_terms` smallint NOT NULL DEFAULT '1' COMMENT 'Display in terms',
  `is_active` smallint DEFAULT '1' COMMENT 'Active status',
  `is_processed` smallint DEFAULT '0' COMMENT 'Processed status',
  `updated_at` timestamp NOT NULL DEFAULT CURRENT_TIMESTAMP ON UPDATE CURRENT_TIMESTAMP COMMENT 'Updated at',
  PRIMARY KEY (`query_id`),
  UNIQUE KEY `SEARCH_QUERY_QUERY_TEXT_STORE_ID` (`query_text`,`store_id`),
  KEY `SEARCH_QUERY_QUERY_TEXT_STORE_ID_POPULARITY` (`query_text`,`store_id`,`popularity`),
  KEY `SEARCH_QUERY_STORE_ID` (`store_id`),
  KEY `SEARCH_QUERY_IS_PROCESSED` (`is_processed`),
  KEY `SEARCH_QUERY_STORE_ID_POPULARITY` (`store_id`,`popularity`),
  CONSTRAINT `SEARCH_QUERY_STORE_ID_STORE_STORE_ID` FOREIGN KEY (`store_id`) REFERENCES `store` (`store_id`) ON DELETE CASCADE
) ENGINE=InnoDB AUTO_INCREMENT=128 DEFAULT CHARSET=utf8mb3 COMMENT='Search query table';

--
-- Dumping data for table `search_query`
--

INSERT INTO `search_query` VALUES (1,'Televisor',0,1,NULL,1,1,1,0,'2023-11-09 22:54:45'),(3,'antojito',0,8,NULL,1,1,1,0,'2024-02-07 18:12:03'),(5,'monterrey',0,1,NULL,1,1,1,0,'2024-01-23 05:14:23'),(7,'antojitos',1,12,NULL,1,1,1,0,'2024-01-26 00:56:47'),(18,'antoji',0,2,NULL,1,1,1,0,'2024-01-30 18:14:24'),(20,'veroka',1,1,NULL,1,1,1,0,'2024-01-23 06:44:43'),(28,'sabor',1,1,NULL,1,1,1,0,'2024-01-23 20:02:11'),(30,'ant',1,1,NULL,1,1,1,0,'2024-01-24 04:15:05'),(52,'bar',2,2,NULL,1,1,1,0,'2024-01-27 02:39:20'),(56,'jazz',1,2,NULL,1,1,1,0,'2024-01-29 22:10:34'),(58,'la pasteleria de julia',30,1,NULL,1,1,1,0,'2024-01-29 20:30:36'),(60,'dulce',3,1,NULL,1,1,1,0,'2024-01-29 20:33:12'),(62,'helado',1,1,NULL,1,1,1,0,'2024-01-29 20:33:30'),(64,'julia',1,1,NULL,1,1,1,0,'2024-01-29 20:33:48'),(66,'el bosque',30,1,NULL,1,1,1,0,'2024-01-29 20:51:57'),(68,'bosque',1,3,NULL,1,1,1,0,'2024-01-29 22:10:05'),(70,'marco',1,1,NULL,1,1,1,0,'2024-01-29 21:05:47'),(77,'musica',20,1,NULL,1,1,1,0,'2024-01-29 22:10:20'),(81,'tacon',1,1,NULL,1,1,1,0,'2024-01-29 22:12:06'),(83,'asiatica',1,1,NULL,1,1,1,0,'2024-01-30 02:05:13'),(85,'asia',1,3,NULL,1,1,1,0,'2024-01-30 02:05:46'),(91,'ramen',1,3,NULL,1,1,1,0,'2024-01-30 02:11:42'),(93,'tigre',1,3,NULL,1,1,1,0,'2024-01-30 16:13:40'),(95,'Kimchi',1,2,NULL,1,1,1,0,'2024-01-30 02:08:09'),(97,'El Wok de Pekín',30,2,NULL,1,1,1,0,'2024-01-30 02:08:06'),(103,'pekin',1,1,NULL,1,1,1,0,'2024-01-30 02:08:17'),(105,'sushi',1,4,NULL,1,1,1,0,'2024-01-30 02:14:44'),(117,'togre',0,1,NULL,1,1,1,0,'2024-01-30 16:13:34'),(122,'cocina',5,2,NULL,1,1,1,0,'2024-01-30 18:15:23');

--
-- Table structure for table `search_synonyms`
--

CREATE TABLE `search_synonyms` (
  `group_id` bigint unsigned NOT NULL AUTO_INCREMENT COMMENT 'Synonyms Group ID',
  `synonyms` text NOT NULL COMMENT 'list of synonyms making up this group',
  `store_id` smallint unsigned NOT NULL DEFAULT '0' COMMENT 'Store ID - identifies the store view these synonyms belong to',
  `website_id` smallint unsigned NOT NULL DEFAULT '0' COMMENT 'Website ID - identifies the website ID these synonyms belong to',
  PRIMARY KEY (`group_id`),
  KEY `SEARCH_SYNONYMS_STORE_ID` (`store_id`),
  KEY `SEARCH_SYNONYMS_WEBSITE_ID` (`website_id`),
  FULLTEXT KEY `SEARCH_SYNONYMS_SYNONYMS` (`synonyms`),
  CONSTRAINT `SEARCH_SYNONYMS_STORE_ID_STORE_STORE_ID` FOREIGN KEY (`store_id`) REFERENCES `store` (`store_id`) ON DELETE CASCADE,
  CONSTRAINT `SEARCH_SYNONYMS_WEBSITE_ID_STORE_WEBSITE_WEBSITE_ID` FOREIGN KEY (`website_id`) REFERENCES `store_website` (`website_id`) ON DELETE CASCADE
) ENGINE=InnoDB DEFAULT CHARSET=utf8mb3 COMMENT='table storing various synonyms groups';

--
-- Dumping data for table `search_synonyms`
--


--
-- Table structure for table `sendfriend_log`
--

CREATE TABLE `sendfriend_log` (
  `log_id` int unsigned NOT NULL AUTO_INCREMENT COMMENT 'Log ID',
  `ip` bigint unsigned NOT NULL DEFAULT '0' COMMENT 'Customer IP address',
  `time` int unsigned NOT NULL DEFAULT '0' COMMENT 'Log time',
  `website_id` smallint unsigned NOT NULL DEFAULT '0' COMMENT 'Website ID',
  PRIMARY KEY (`log_id`),
  KEY `SENDFRIEND_LOG_IP` (`ip`),
  KEY `SENDFRIEND_LOG_TIME` (`time`)
) ENGINE=InnoDB DEFAULT CHARSET=utf8mb3 COMMENT='Send to friend function log storage table';

--
-- Dumping data for table `sendfriend_log`
--


--
-- Table structure for table `sequence_creditmemo_0`
--

CREATE TABLE `sequence_creditmemo_0` (
  `sequence_value` int unsigned NOT NULL AUTO_INCREMENT,
  PRIMARY KEY (`sequence_value`)
) ENGINE=InnoDB DEFAULT CHARSET=utf8mb4 COLLATE=utf8mb4_0900_ai_ci;

--
-- Dumping data for table `sequence_creditmemo_0`
--


--
-- Table structure for table `sequence_creditmemo_1`
--

CREATE TABLE `sequence_creditmemo_1` (
  `sequence_value` int unsigned NOT NULL AUTO_INCREMENT,
  PRIMARY KEY (`sequence_value`)
) ENGINE=InnoDB DEFAULT CHARSET=utf8mb4 COLLATE=utf8mb4_0900_ai_ci;

--
-- Dumping data for table `sequence_creditmemo_1`
--


--
-- Table structure for table `sequence_invoice_0`
--

CREATE TABLE `sequence_invoice_0` (
  `sequence_value` int unsigned NOT NULL AUTO_INCREMENT,
  PRIMARY KEY (`sequence_value`)
) ENGINE=InnoDB DEFAULT CHARSET=utf8mb4 COLLATE=utf8mb4_0900_ai_ci;

--
-- Dumping data for table `sequence_invoice_0`
--


--
-- Table structure for table `sequence_invoice_1`
--

CREATE TABLE `sequence_invoice_1` (
  `sequence_value` int unsigned NOT NULL AUTO_INCREMENT,
  PRIMARY KEY (`sequence_value`)
) ENGINE=InnoDB AUTO_INCREMENT=2 DEFAULT CHARSET=utf8mb4 COLLATE=utf8mb4_0900_ai_ci;

--
-- Dumping data for table `sequence_invoice_1`
--

INSERT INTO `sequence_invoice_1` VALUES (1);

--
-- Table structure for table `sequence_order_0`
--

CREATE TABLE `sequence_order_0` (
  `sequence_value` int unsigned NOT NULL AUTO_INCREMENT,
  PRIMARY KEY (`sequence_value`)
) ENGINE=InnoDB DEFAULT CHARSET=utf8mb4 COLLATE=utf8mb4_0900_ai_ci;

--
-- Dumping data for table `sequence_order_0`
--


--
-- Table structure for table `sequence_order_1`
--

CREATE TABLE `sequence_order_1` (
  `sequence_value` int unsigned NOT NULL AUTO_INCREMENT,
  PRIMARY KEY (`sequence_value`)
) ENGINE=InnoDB AUTO_INCREMENT=14 DEFAULT CHARSET=utf8mb4 COLLATE=utf8mb4_0900_ai_ci;

--
-- Dumping data for table `sequence_order_1`
--

INSERT INTO `sequence_order_1` VALUES (1),(2),(3),(4),(5),(6),(7),(8),(9),(10),(11),(12),(13);

--
-- Table structure for table `sequence_shipment_0`
--

CREATE TABLE `sequence_shipment_0` (
  `sequence_value` int unsigned NOT NULL AUTO_INCREMENT,
  PRIMARY KEY (`sequence_value`)
) ENGINE=InnoDB DEFAULT CHARSET=utf8mb4 COLLATE=utf8mb4_0900_ai_ci;

--
-- Dumping data for table `sequence_shipment_0`
--


--
-- Table structure for table `sequence_shipment_1`
--

CREATE TABLE `sequence_shipment_1` (
  `sequence_value` int unsigned NOT NULL AUTO_INCREMENT,
  PRIMARY KEY (`sequence_value`)
) ENGINE=InnoDB DEFAULT CHARSET=utf8mb4 COLLATE=utf8mb4_0900_ai_ci;

--
-- Dumping data for table `sequence_shipment_1`
--


--
-- Table structure for table `session`
--

CREATE TABLE `session` (
  `session_id` varchar(255) NOT NULL COMMENT 'Session Id',
  `session_expires` int unsigned NOT NULL DEFAULT '0' COMMENT 'Date of Session Expiration',
  `session_data` mediumblob NOT NULL COMMENT 'Session Data',
  PRIMARY KEY (`session_id`)
) ENGINE=InnoDB DEFAULT CHARSET=utf8mb3 COMMENT='Database Sessions Storage';

--
-- Dumping data for table `session`
--


--
-- Table structure for table `setup_module`
--

CREATE TABLE `setup_module` (
  `module` varchar(50) NOT NULL COMMENT 'Module',
  `schema_version` varchar(50) DEFAULT NULL COMMENT 'Schema Version',
  `data_version` varchar(50) DEFAULT NULL COMMENT 'Data Version',
  PRIMARY KEY (`module`)
) ENGINE=InnoDB DEFAULT CHARSET=utf8mb3 COMMENT='Module versions registry';

--
-- Dumping data for table `setup_module`
--

INSERT INTO `setup_module` VALUES ('Magefan_AdminUserGuide','2.0.1','2.0.1'),('Magefan_Blog','2.10.7','2.10.7'),('Magefan_WysiwygAdvanced','2.0.11','2.0.11'),('Magento_ComposerRootUpdatePlugin','0.1.0','0.1.0'),('Magento_GoogleShoppingAds','4.0.1','4.0.1'),('Magento_Securitytxt','1.0.0','1.0.0'),('PayPal_Braintree','4.4.0','4.4.0'),('Sm_BackEnd','1.0.0','1.0.0'),('Sm_CartQuickPro','1.5.0','1.5.0'),('Sm_FilterProducts','1.3.0','1.3.0'),('Sm_MegaMenu','3.3.0','3.3.0'),('Sm_Multe','1.0.0','1.0.0'),('Sm_ShopBy','2.0.0','2.0.0'),('Threedadv_Catalog','1.0.0','1.0.0'),('Threedadv_CustomerGroup','1.0.0','1.0.0'),('Threedadv_RestaurantProduct','1.0.0','1.0.0'),('Threedadv_Reviews','1.0.0','1.0.0'),('Threedadv_Wishlist','1.0.0','1.0.0'),('Threedadv_WishlistApi','1.0.0','1.0.0');

--
-- Table structure for table `shipping_tablerate`
--

CREATE TABLE `shipping_tablerate` (
  `pk` int unsigned NOT NULL AUTO_INCREMENT COMMENT 'Primary key',
  `website_id` int NOT NULL DEFAULT '0' COMMENT 'Website ID',
  `dest_country_id` varchar(4) NOT NULL DEFAULT '0' COMMENT 'Destination coutry ISO/2 or ISO/3 code',
  `dest_region_id` int NOT NULL DEFAULT '0' COMMENT 'Destination Region ID',
  `dest_zip` varchar(10) NOT NULL DEFAULT '*' COMMENT 'Destination Post Code (Zip)',
  `condition_name` varchar(30) NOT NULL COMMENT 'Rate Condition name',
  `condition_value` decimal(12,4) NOT NULL DEFAULT '0.0000' COMMENT 'Rate condition value',
  `price` decimal(12,4) NOT NULL DEFAULT '0.0000' COMMENT 'Price',
  `cost` decimal(12,4) NOT NULL DEFAULT '0.0000' COMMENT 'Cost',
  PRIMARY KEY (`pk`),
  UNIQUE KEY `UNQ_D60821CDB2AFACEE1566CFC02D0D4CAA` (`website_id`,`dest_country_id`,`dest_region_id`,`dest_zip`,`condition_name`,`condition_value`)
) ENGINE=InnoDB DEFAULT CHARSET=utf8mb3 COMMENT='Shipping Tablerate';

--
-- Dumping data for table `shipping_tablerate`
--


--
-- Table structure for table `sitemap`
--

CREATE TABLE `sitemap` (
  `sitemap_id` int unsigned NOT NULL AUTO_INCREMENT COMMENT 'Sitemap ID',
  `sitemap_type` varchar(32) DEFAULT NULL COMMENT 'Sitemap Type',
  `sitemap_filename` varchar(32) DEFAULT NULL COMMENT 'Sitemap Filename',
  `sitemap_path` varchar(255) DEFAULT NULL COMMENT 'Sitemap Path',
  `sitemap_time` timestamp NULL DEFAULT NULL COMMENT 'Sitemap Time',
  `store_id` smallint unsigned NOT NULL DEFAULT '0' COMMENT 'Store ID',
  PRIMARY KEY (`sitemap_id`),
  KEY `SITEMAP_STORE_ID` (`store_id`),
  CONSTRAINT `SITEMAP_STORE_ID_STORE_STORE_ID` FOREIGN KEY (`store_id`) REFERENCES `store` (`store_id`) ON DELETE CASCADE
) ENGINE=InnoDB DEFAULT CHARSET=utf8mb3 COMMENT='XML Sitemap';

--
-- Dumping data for table `sitemap`
--


--
-- Table structure for table `sm_megamenu_groups`
--

CREATE TABLE `sm_megamenu_groups` (
  `group_id` int unsigned NOT NULL AUTO_INCREMENT COMMENT 'Groups ID',
  `title` varchar(255) NOT NULL COMMENT 'Groups Title',
  `status` smallint NOT NULL DEFAULT '1' COMMENT 'Status',
  `content` mediumtext COMMENT 'Content',
  PRIMARY KEY (`group_id`),
  FULLTEXT KEY `SM_MEGAMENU_GROUPS_TITLE_CONTENT` (`title`,`content`)
) ENGINE=InnoDB AUTO_INCREMENT=3 DEFAULT CHARSET=utf8mb3 COMMENT='SM Mega Menu Groups';

--
-- Dumping data for table `sm_megamenu_groups`
--

INSERT INTO `sm_megamenu_groups` VALUES (1,'Restaurantes',1,NULL),(2,'Bares',1,NULL);

--
-- Table structure for table `sm_megamenu_items`
--

CREATE TABLE `sm_megamenu_items` (
  `items_id` int unsigned NOT NULL AUTO_INCREMENT COMMENT 'Items ID',
  `title` varchar(255) NOT NULL COMMENT 'Items Title',
  `show_title` smallint NOT NULL DEFAULT '1' COMMENT 'Show Title',
  `description` mediumtext COMMENT 'Description',
  `status` smallint NOT NULL DEFAULT '1' COMMENT 'Status',
  `align` smallint NOT NULL DEFAULT '1' COMMENT 'Align',
  `depth` smallint NOT NULL DEFAULT '0' COMMENT 'Depth',
  `group_id` int NOT NULL DEFAULT '0' COMMENT 'Group ID',
  `cols_nb` smallint NOT NULL DEFAULT '0' COMMENT 'Cols Number',
  `icon_url` text NOT NULL COMMENT 'Icon Url',
  `target` smallint NOT NULL DEFAULT '1' COMMENT 'Target',
  `type` smallint NOT NULL DEFAULT '0' COMMENT 'Type',
  `data_type` varchar(255) NOT NULL COMMENT 'Data Type',
  `content` mediumtext COMMENT 'Content',
  `custom_class` varchar(255) NOT NULL COMMENT 'Custom Class',
  `parent_id` int NOT NULL DEFAULT '0' COMMENT 'Parent ID',
  `order_item` int NOT NULL DEFAULT '0' COMMENT 'Order Items',
  `position_item` smallint NOT NULL DEFAULT '2' COMMENT 'Position Items',
  `priorities` int NOT NULL DEFAULT '0' COMMENT 'Priorities',
  `show_image_product` smallint NOT NULL DEFAULT '0' COMMENT 'Show Image Products',
  `show_title_product` smallint NOT NULL DEFAULT '0' COMMENT 'Show Title Products',
  `show_rating_product` smallint NOT NULL DEFAULT '0' COMMENT 'Show Rating Products',
  `show_price_product` smallint NOT NULL DEFAULT '0' COMMENT 'Show Price Products',
  `show_title_category` smallint NOT NULL DEFAULT '0' COMMENT 'Show Title Category',
  `limit_category` varchar(255) NOT NULL COMMENT 'Limit Category',
  `show_sub_category` smallint NOT NULL DEFAULT '1' COMMENT 'Show Sub Category',
  `limit_sub_category` varchar(255) NOT NULL COMMENT 'Limit Sub Category',
  PRIMARY KEY (`items_id`),
  FULLTEXT KEY `SM_MEGAMENU_ITEMS_TTL_DESCRIPTION_ICON_URL_CONTENT_CUSTOM_CLASS` (`title`,`description`,`icon_url`,`content`,`custom_class`)
) ENGINE=InnoDB AUTO_INCREMENT=15 DEFAULT CHARSET=utf8mb3 COMMENT='SM Mega Menu Items';

--
-- Dumping data for table `sm_megamenu_items`
--

INSERT INTO `sm_megamenu_items` VALUES (1,'Root[Restaurantes]',1,NULL,1,1,0,1,0,'',1,0,'',NULL,'',0,0,2,0,0,0,0,0,0,'',1,''),(4,'Root[Bares]',1,NULL,1,1,0,2,0,'',1,0,'',NULL,'',0,0,2,0,0,0,0,0,0,'',1,''),(5,'Discotecas',1,NULL,1,1,1,2,6,'',3,1,'',NULL,'',4,0,2,1,0,0,0,0,0,'',1,''),(14,'Restaurantes',1,NULL,1,1,1,1,6,'',3,4,'category/3',NULL,'',1,0,2,1,0,0,0,0,1,'',1,'');

--
-- Table structure for table `store`
--

CREATE TABLE `store` (
  `store_id` smallint unsigned NOT NULL AUTO_INCREMENT COMMENT 'Store ID',
  `code` varchar(32) DEFAULT NULL COMMENT 'Code',
  `website_id` smallint unsigned NOT NULL DEFAULT '0' COMMENT 'Website ID',
  `group_id` smallint unsigned NOT NULL DEFAULT '0' COMMENT 'Group ID',
  `name` varchar(255) NOT NULL COMMENT 'Store Name',
  `sort_order` smallint unsigned NOT NULL DEFAULT '0' COMMENT 'Store Sort Order',
  `is_active` smallint unsigned NOT NULL DEFAULT '0' COMMENT 'Store Activity',
  PRIMARY KEY (`store_id`),
  UNIQUE KEY `STORE_CODE` (`code`),
  KEY `STORE_WEBSITE_ID` (`website_id`),
  KEY `STORE_IS_ACTIVE_SORT_ORDER` (`is_active`,`sort_order`),
  KEY `STORE_GROUP_ID` (`group_id`),
  CONSTRAINT `STORE_GROUP_ID_STORE_GROUP_GROUP_ID` FOREIGN KEY (`group_id`) REFERENCES `store_group` (`group_id`) ON DELETE CASCADE,
  CONSTRAINT `STORE_WEBSITE_ID_STORE_WEBSITE_WEBSITE_ID` FOREIGN KEY (`website_id`) REFERENCES `store_website` (`website_id`) ON DELETE CASCADE
) ENGINE=InnoDB AUTO_INCREMENT=2 DEFAULT CHARSET=utf8mb3 COMMENT='Stores';

--
-- Dumping data for table `store`
--

INSERT INTO `store` VALUES (0,'admin',0,0,'Admin',0,1),(1,'default',1,1,'Default Store View',0,1);

--
-- Table structure for table `store_group`
--

CREATE TABLE `store_group` (
  `group_id` smallint unsigned NOT NULL AUTO_INCREMENT COMMENT 'Group ID',
  `website_id` smallint unsigned NOT NULL DEFAULT '0' COMMENT 'Website ID',
  `name` varchar(255) NOT NULL COMMENT 'Store Group Name',
  `root_category_id` int unsigned NOT NULL DEFAULT '0' COMMENT 'Root Category ID',
  `default_store_id` smallint unsigned NOT NULL DEFAULT '0' COMMENT 'Default Store ID',
  `code` varchar(32) DEFAULT NULL COMMENT 'Store group unique code',
  PRIMARY KEY (`group_id`),
  UNIQUE KEY `STORE_GROUP_CODE` (`code`),
  KEY `STORE_GROUP_WEBSITE_ID` (`website_id`),
  KEY `STORE_GROUP_DEFAULT_STORE_ID` (`default_store_id`),
  CONSTRAINT `STORE_GROUP_WEBSITE_ID_STORE_WEBSITE_WEBSITE_ID` FOREIGN KEY (`website_id`) REFERENCES `store_website` (`website_id`) ON DELETE CASCADE
) ENGINE=InnoDB AUTO_INCREMENT=2 DEFAULT CHARSET=utf8mb3 COMMENT='Store Groups';

--
-- Dumping data for table `store_group`
--

INSERT INTO `store_group` VALUES (0,0,'Default',0,0,'default'),(1,1,'Main Website Store',2,1,'main_website_store');

--
-- Table structure for table `store_website`
--

CREATE TABLE `store_website` (
  `website_id` smallint unsigned NOT NULL AUTO_INCREMENT COMMENT 'Website ID',
  `code` varchar(32) DEFAULT NULL COMMENT 'Code',
  `name` varchar(64) DEFAULT NULL COMMENT 'Website Name',
  `sort_order` smallint unsigned NOT NULL DEFAULT '0' COMMENT 'Sort Order',
  `default_group_id` smallint unsigned NOT NULL DEFAULT '0' COMMENT 'Default Group ID',
  `is_default` smallint unsigned DEFAULT '0' COMMENT 'Defines Is Website Default',
  PRIMARY KEY (`website_id`),
  UNIQUE KEY `STORE_WEBSITE_CODE` (`code`),
  KEY `STORE_WEBSITE_SORT_ORDER` (`sort_order`),
  KEY `STORE_WEBSITE_DEFAULT_GROUP_ID` (`default_group_id`)
) ENGINE=InnoDB AUTO_INCREMENT=2 DEFAULT CHARSET=utf8mb3 COMMENT='Websites';

--
-- Dumping data for table `store_website`
--

INSERT INTO `store_website` VALUES (0,'admin','Admin',0,0,0),(1,'base','Main Website',0,1,1);

--
-- Table structure for table `tax_calculation`
--

CREATE TABLE `tax_calculation` (
  `tax_calculation_id` int NOT NULL AUTO_INCREMENT COMMENT 'Tax Calculation ID',
  `tax_calculation_rate_id` int NOT NULL COMMENT 'Tax Calculation Rate ID',
  `tax_calculation_rule_id` int NOT NULL COMMENT 'Tax Calculation Rule ID',
  `customer_tax_class_id` smallint NOT NULL COMMENT 'Customer Tax Class ID',
  `product_tax_class_id` smallint NOT NULL COMMENT 'Product Tax Class ID',
  PRIMARY KEY (`tax_calculation_id`),
  KEY `TAX_CALCULATION_TAX_CALCULATION_RULE_ID` (`tax_calculation_rule_id`),
  KEY `TAX_CALCULATION_CUSTOMER_TAX_CLASS_ID` (`customer_tax_class_id`),
  KEY `TAX_CALCULATION_PRODUCT_TAX_CLASS_ID` (`product_tax_class_id`),
  KEY `TAX_CALC_TAX_CALC_RATE_ID_CSTR_TAX_CLASS_ID_PRD_TAX_CLASS_ID` (`tax_calculation_rate_id`,`customer_tax_class_id`,`product_tax_class_id`),
  CONSTRAINT `TAX_CALC_TAX_CALC_RATE_ID_TAX_CALC_RATE_TAX_CALC_RATE_ID` FOREIGN KEY (`tax_calculation_rate_id`) REFERENCES `tax_calculation_rate` (`tax_calculation_rate_id`) ON DELETE CASCADE,
  CONSTRAINT `TAX_CALC_TAX_CALC_RULE_ID_TAX_CALC_RULE_TAX_CALC_RULE_ID` FOREIGN KEY (`tax_calculation_rule_id`) REFERENCES `tax_calculation_rule` (`tax_calculation_rule_id`) ON DELETE CASCADE,
  CONSTRAINT `TAX_CALCULATION_CUSTOMER_TAX_CLASS_ID_TAX_CLASS_CLASS_ID` FOREIGN KEY (`customer_tax_class_id`) REFERENCES `tax_class` (`class_id`) ON DELETE CASCADE,
  CONSTRAINT `TAX_CALCULATION_PRODUCT_TAX_CLASS_ID_TAX_CLASS_CLASS_ID` FOREIGN KEY (`product_tax_class_id`) REFERENCES `tax_class` (`class_id`) ON DELETE CASCADE
) ENGINE=InnoDB DEFAULT CHARSET=utf8mb3 COMMENT='Tax Calculation';

--
-- Dumping data for table `tax_calculation`
--


--
-- Table structure for table `tax_calculation_rate`
--

CREATE TABLE `tax_calculation_rate` (
  `tax_calculation_rate_id` int NOT NULL AUTO_INCREMENT COMMENT 'Tax Calculation Rate ID',
  `tax_country_id` varchar(2) NOT NULL COMMENT 'Tax Country ID',
  `tax_region_id` int NOT NULL COMMENT 'Tax Region ID',
  `tax_postcode` varchar(21) DEFAULT NULL COMMENT 'Tax Postcode',
  `code` varchar(255) NOT NULL COMMENT 'Code',
  `rate` decimal(12,4) NOT NULL COMMENT 'Rate',
  `zip_is_range` smallint DEFAULT NULL COMMENT 'Zip Is Range',
  `zip_from` int unsigned DEFAULT NULL COMMENT 'Zip From',
  `zip_to` int unsigned DEFAULT NULL COMMENT 'Zip To',
  PRIMARY KEY (`tax_calculation_rate_id`),
  KEY `TAX_CALCULATION_RATE_TAX_COUNTRY_ID_TAX_REGION_ID_TAX_POSTCODE` (`tax_country_id`,`tax_region_id`,`tax_postcode`),
  KEY `TAX_CALCULATION_RATE_CODE` (`code`),
  KEY `IDX_CA799F1E2CB843495F601E56C84A626D` (`tax_calculation_rate_id`,`tax_country_id`,`tax_region_id`,`zip_is_range`,`tax_postcode`)
) ENGINE=InnoDB AUTO_INCREMENT=3 DEFAULT CHARSET=utf8mb3 COMMENT='Tax Calculation Rate';

--
-- Dumping data for table `tax_calculation_rate`
--

INSERT INTO `tax_calculation_rate` VALUES (1,'US',12,'*','US-CA-*-Rate 1',8.2500,NULL,NULL,NULL),(2,'US',43,'*','US-NY-*-Rate 1',8.3750,NULL,NULL,NULL);

--
-- Table structure for table `tax_calculation_rate_title`
--

CREATE TABLE `tax_calculation_rate_title` (
  `tax_calculation_rate_title_id` int NOT NULL AUTO_INCREMENT COMMENT 'Tax Calculation Rate Title ID',
  `tax_calculation_rate_id` int NOT NULL COMMENT 'Tax Calculation Rate ID',
  `store_id` smallint unsigned NOT NULL COMMENT 'Store ID',
  `value` varchar(255) NOT NULL COMMENT 'Value',
  PRIMARY KEY (`tax_calculation_rate_title_id`),
  KEY `TAX_CALCULATION_RATE_TITLE_TAX_CALCULATION_RATE_ID_STORE_ID` (`tax_calculation_rate_id`,`store_id`),
  KEY `TAX_CALCULATION_RATE_TITLE_STORE_ID` (`store_id`),
  CONSTRAINT `FK_37FB965F786AD5897BB3AE90470C42AB` FOREIGN KEY (`tax_calculation_rate_id`) REFERENCES `tax_calculation_rate` (`tax_calculation_rate_id`) ON DELETE CASCADE,
  CONSTRAINT `TAX_CALCULATION_RATE_TITLE_STORE_ID_STORE_STORE_ID` FOREIGN KEY (`store_id`) REFERENCES `store` (`store_id`) ON DELETE CASCADE
) ENGINE=InnoDB DEFAULT CHARSET=utf8mb3 COMMENT='Tax Calculation Rate Title';

--
-- Dumping data for table `tax_calculation_rate_title`
--


--
-- Table structure for table `tax_calculation_rule`
--

CREATE TABLE `tax_calculation_rule` (
  `tax_calculation_rule_id` int NOT NULL AUTO_INCREMENT COMMENT 'Tax Calculation Rule ID',
  `code` varchar(255) NOT NULL COMMENT 'Code',
  `priority` int NOT NULL COMMENT 'Priority',
  `position` int NOT NULL COMMENT 'Position',
  `calculate_subtotal` int NOT NULL COMMENT 'Calculate off subtotal option',
  PRIMARY KEY (`tax_calculation_rule_id`),
  KEY `TAX_CALCULATION_RULE_PRIORITY_POSITION` (`priority`,`position`),
  KEY `TAX_CALCULATION_RULE_CODE` (`code`)
) ENGINE=InnoDB DEFAULT CHARSET=utf8mb3 COMMENT='Tax Calculation Rule';

--
-- Dumping data for table `tax_calculation_rule`
--


--
-- Table structure for table `tax_class`
--

CREATE TABLE `tax_class` (
  `class_id` smallint NOT NULL AUTO_INCREMENT COMMENT 'Class ID',
  `class_name` varchar(255) NOT NULL COMMENT 'Class Name',
  `class_type` varchar(8) NOT NULL DEFAULT 'CUSTOMER' COMMENT 'Class Type',
  PRIMARY KEY (`class_id`)
) ENGINE=InnoDB AUTO_INCREMENT=4 DEFAULT CHARSET=utf8mb3 COMMENT='Tax Class';

--
-- Dumping data for table `tax_class`
--

INSERT INTO `tax_class` VALUES (2,'Taxable Goods','PRODUCT'),(3,'Retail Customer','CUSTOMER');

--
-- Table structure for table `tax_order_aggregated_created`
--

CREATE TABLE `tax_order_aggregated_created` (
  `id` int unsigned NOT NULL AUTO_INCREMENT COMMENT 'ID',
  `period` date DEFAULT NULL COMMENT 'Period',
  `store_id` smallint unsigned DEFAULT NULL COMMENT 'Store ID',
  `code` varchar(255) NOT NULL COMMENT 'Code',
  `order_status` varchar(50) NOT NULL COMMENT 'Order Status',
  `percent` float DEFAULT NULL COMMENT 'Percent',
  `orders_count` int unsigned NOT NULL DEFAULT '0' COMMENT 'Orders Count',
  `tax_base_amount_sum` float DEFAULT NULL COMMENT 'Tax Base Amount Sum',
  PRIMARY KEY (`id`),
  UNIQUE KEY `TAX_ORDER_AGGRED_CREATED_PERIOD_STORE_ID_CODE_PERCENT_ORDER_STS` (`period`,`store_id`,`code`,`percent`,`order_status`),
  KEY `TAX_ORDER_AGGREGATED_CREATED_STORE_ID` (`store_id`),
  CONSTRAINT `TAX_ORDER_AGGREGATED_CREATED_STORE_ID_STORE_STORE_ID` FOREIGN KEY (`store_id`) REFERENCES `store` (`store_id`) ON DELETE CASCADE
) ENGINE=InnoDB DEFAULT CHARSET=utf8mb3 COMMENT='Tax Order Aggregation';

--
-- Dumping data for table `tax_order_aggregated_created`
--


--
-- Table structure for table `tax_order_aggregated_updated`
--

CREATE TABLE `tax_order_aggregated_updated` (
  `id` int unsigned NOT NULL AUTO_INCREMENT COMMENT 'ID',
  `period` date DEFAULT NULL COMMENT 'Period',
  `store_id` smallint unsigned DEFAULT NULL COMMENT 'Store ID',
  `code` varchar(255) NOT NULL COMMENT 'Code',
  `order_status` varchar(50) NOT NULL COMMENT 'Order Status',
  `percent` float DEFAULT NULL COMMENT 'Percent',
  `orders_count` int unsigned NOT NULL DEFAULT '0' COMMENT 'Orders Count',
  `tax_base_amount_sum` float DEFAULT NULL COMMENT 'Tax Base Amount Sum',
  PRIMARY KEY (`id`),
  UNIQUE KEY `TAX_ORDER_AGGRED_UPDATED_PERIOD_STORE_ID_CODE_PERCENT_ORDER_STS` (`period`,`store_id`,`code`,`percent`,`order_status`),
  KEY `TAX_ORDER_AGGREGATED_UPDATED_STORE_ID` (`store_id`),
  CONSTRAINT `TAX_ORDER_AGGREGATED_UPDATED_STORE_ID_STORE_STORE_ID` FOREIGN KEY (`store_id`) REFERENCES `store` (`store_id`) ON DELETE CASCADE
) ENGINE=InnoDB DEFAULT CHARSET=utf8mb3 COMMENT='Tax Order Aggregated Updated';

--
-- Dumping data for table `tax_order_aggregated_updated`
--


--
-- Table structure for table `temp_sepomex`
--

CREATE TABLE `temp_sepomex` (
  `d_CP` text,
  `d_estado` text,
  `d_ciudad` varchar(255) DEFAULT NULL
) ENGINE=InnoDB DEFAULT CHARSET=utf8mb4 COLLATE=utf8mb4_0900_ai_ci;

--
-- Dumping data for table `temp_sepomex`
--

INSERT INTO `temp_sepomex` VALUES ('20001','Aguascalientes','Aguascalientes'),('20293','Aguascalientes','Aguascalientes'),('20671','Aguascalientes','San Francisco de los Romo'),('20999','Aguascalientes','Aguascalientes'),('20921','Aguascalientes','Aguascalientes'),('20999','Aguascalientes','El Llano'),('20999','Aguascalientes','San Francisco de los Romo'),('20001','Aguascalientes','San Francisco de los Romo'),('20401','Aguascalientes','Rincón de Romos'),('20671','Aguascalientes','Rincón de Romos'),('20401','Aguascalientes','Cosío'),('20671','Aguascalientes','San José de Gracia'),('20401','Aguascalientes','Tepezalá'),('20671','Aguascalientes','Tepezalá'),('20671','Aguascalientes','Pabellón de Arteaga'),('20999','Aguascalientes','Asientos'),('20401','Aguascalientes','Asientos'),('20671','Aguascalientes','Asientos'),('20801','Aguascalientes','Calvillo'),('20921','Aguascalientes','Jesús María'),('20671','Aguascalientes','Jesús María'),('20999','Aguascalientes','Jesús María'),('21101','Baja California','Mexicali'),('21105','Baja California','Mexicali'),('21392','Baja California','Mexicali'),('21401','Baja California','Tecate'),('21724','Baja California','Mexicali'),('21901','Baja California','Mexicali'),('21851','Baja California','San Felipe'),('22001','Baja California','Tijuana'),('22101','Baja California','Tijuana'),('22701','Baja California','Playas de Rosarito'),('22801','Baja California','Playas de Rosarito'),('22801','Baja California','Ensenada'),('22901','Baja California','Ensenada'),('22923','Baja California','Ensenada'),('22923','Baja California','San Quintín'),('22935','Baja California','San Quintín'),('23941','Baja California','San Quintín'),('23001','Baja California Sur','La Paz'),('23202','Baja California Sur','La Paz'),('23601','Baja California Sur','La Paz'),('23231','Baja California Sur','La Paz'),('23301','Baja California Sur','La Paz'),('23331','Baja California Sur','La Paz'),('23401','Baja California Sur','La Paz'),('23401','Baja California Sur','Los Cabos'),('23452','Baja California Sur','Los Cabos'),('23502','Baja California Sur','Los Cabos'),('23331','Baja California Sur','Los Cabos'),('23601','Baja California Sur','Comondú'),('23702','Baja California Sur','Comondú'),('23711','Baja California Sur','Comondú'),('23741','Baja California Sur','Comondú'),('23881','Baja California Sur','Loreto'),('23901','Baja California Sur','Mulegé'),('23925','Baja California Sur','Mulegé'),('23932','Baja California Sur','Mulegé'),('23941','Baja California Sur','Mulegé'),('23953','Baja California Sur','Mulegé'),('24003','Campeche','Campeche'),('24101','Campeche','Carmen'),('86784','Campeche','Palizada'),('24401','Campeche','Carmen'),('24351','Campeche','Carmen'),('24331','Campeche','Candelaria'),('24351','Campeche','Escárcega'),('24401','Campeche','Champotón'),('24351','Campeche','Champotón'),('24001','Campeche','Seybaplaya'),('24401','Campeche','Seybaplaya'),('24001','Campeche','Campeche'),('24571','Campeche','Campeche'),('24001','Campeche','Hopelchén'),('24351','Campeche','Calakmul'),('24801','Campeche','Tenabo'),('24801','Campeche','Hecelchakán'),('24901','Campeche','Calkiní'),('24901','Campeche','Dzitbalché'),('29002','Chiapas','Tuxtla Gutiérrez'),('29052','Chiapas','Tuxtla Gutiérrez'),('29041','Chiapas','Tuxtla Gutiérrez'),('29121','Chiapas','San Fernando'),('29131','Chiapas','Berriozábal'),('29141','Chiapas','Ocozocoautla de Espinosa'),('29002','Chiapas','Suchiapa'),('29161','Chiapas','Chiapa de Corzo'),('29041','Chiapas','Chiapa de Corzo'),('29002','Chiapas','Osumacinta'),('29201','Chiapas','San Cristóbal de las Casas'),('29201','Chiapas','Chamula'),('29002','Chiapas','Ixtapa'),('29201','Chiapas','Zinacantán'),('29371','Chiapas','Acala'),('29371','Chiapas','Emiliano Zapata'),('29371','Chiapas','Chiapilla'),('29161','Chiapas','San Lucas'),('30351','Chiapas','Teopisca'),('30351','Chiapas','Amatenango del Valle'),('29201','Chiapas','Chanal'),('29201','Chiapas','Oxchuc'),('29201','Chiapas','Huixtán'),('29201','Chiapas','Tenejapa'),('29201','Chiapas','Mitontic'),('29501','Chiapas','Reforma'),('29521','Chiapas','Juárez'),('29521','Chiapas','Pichucalco'),('29521','Chiapas','Sunuapa'),('29521','Chiapas','Ostuacán'),('29521','Chiapas','Francisco León'),('29611','Chiapas','Francisco León'),('29521','Chiapas','Ixtacomitán'),('29521','Chiapas','Solosuchiapa'),('29521','Chiapas','Ixtapangajoya'),('29602','Chiapas','Mezcalapa'),('29611','Chiapas','Tecpatán'),('29621','Chiapas','Copainalá'),('29002','Chiapas','Chicoasén'),('29621','Chiapas','Coapilla'),('29731','Chiapas','Pantepec'),('29731','Chiapas','Tapalapa'),('29621','Chiapas','Ocotepec'),('29521','Chiapas','Chapultenango'),('29521','Chiapas','Amatán'),('29821','Chiapas','Huitiupán'),('29731','Chiapas','Ixhuatán'),('29731','Chiapas','Tapilula'),('29731','Chiapas','Rayón'),('29771','Chiapas','Pueblo Nuevo Solistahuacán'),('29771','Chiapas','Rincón Chamula San Pedro'),('29771','Chiapas','Jitotol'),('29771','Chiapas','Bochil'),('29002','Chiapas','Soyaló'),('29201','Chiapas','San Juan Cancuc'),('29931','Chiapas','Sabanilla'),('29821','Chiapas','Simojovel'),('29771','Chiapas','San Andrés Duraznal'),('29771','Chiapas','El Bosque'),('29201','Chiapas','Chalchihuitán'),('29201','Chiapas','Larráinzar'),('29201','Chiapas','Santiago el Pinar'),('29201','Chiapas','Chenalhó'),('29201','Chiapas','Aldama'),('29201','Chiapas','Pantelhó'),('29931','Chiapas','Sitalá'),('29901','Chiapas','Salto de Agua'),('29931','Chiapas','Tila'),('29931','Chiapas','Tumbalá'),('29931','Chiapas','Yajalón'),('29951','Chiapas','Ocosingo'),('29931','Chiapas','Chilón'),('29961','Chiapas','Benemérito de las Américas'),('29961','Chiapas','Marqués de Comillas'),('29961','Chiapas','Palenque'),('86991','Chiapas','La Libertad'),('29961','Chiapas','La Libertad'),('29981','Chiapas','Catazajá'),('30001','Chiapas','Comitán de Domínguez'),('30001','Chiapas','Tzimol'),('30141','Chiapas','Chicomuselo'),('30141','Chiapas','Bella Vista'),('30141','Chiapas','Frontera Comalapa'),('30161','Chiapas','La Trinitaria'),('30001','Chiapas','La Independencia'),('30186','Chiapas','Maravilla Tenejapa'),('30186','Chiapas','Las Margaritas'),('29951','Chiapas','Altamirano'),('30201','Chiapas','Venustiano Carranza'),('30351','Chiapas','Venustiano Carranza'),('30361','Chiapas','Venustiano Carranza'),('29951','Chiapas','Las Margaritas'),('29161','Chiapas','Totolapa'),('30351','Chiapas','Nicolás Ruíz'),('30351','Chiapas','Las Rosas'),('30361','Chiapas','La Concordia'),('30361','Chiapas','Ángel Albino Corzo'),('30361','Chiapas','Montecristo de Guerrero'),('30351','Chiapas','Socoltenango'),('30401','Chiapas','Cintalapa de Figueroa'),('30401','Chiapas','Jiquipilas'),('30451','Chiapas','Arriaga'),('30477','Chiapas','Villaflores'),('30501','Chiapas','Tonalá'),('30521','Chiapas','Villa Corzo'),('30531','Chiapas','El Parral'),('30541','Chiapas','Pijijiapan'),('30561','Chiapas','Mapastepec'),('30581','Chiapas','Acapetahua'),('30591','Chiapas','Acacoyagua'),('30602','Chiapas','Escuintla'),('30621','Chiapas','Villa Comaltitlán'),('30641','Chiapas','Huixtla'),('30652','Chiapas','Mazatán'),('30661','Chiapas','Huehuetán'),('30681','Chiapas','Tuzantán'),('30701','Chiapas','Tapachula'),('30891','Chiapas','Tapachula'),('30831','Chiapas','Tapachula'),('30842','Chiapas','Suchiate'),('30842','Chiapas','Frontera Hidalgo'),('30701','Chiapas','Metapa'),('30872','Chiapas','Tuxtla Chico'),('30882','Chiapas','Unión Juárez'),('30891','Chiapas','Cacahoatán'),('30701','Chiapas','Cacahoatán'),('30901','Chiapas','Motozintla'),('30901','Chiapas','Mazapa de Madero'),('30901','Chiapas','Amatenango de la Frontera'),('30901','Chiapas','Bejucal de Ocampo'),('30901','Chiapas','La Grandeza'),('30901','Chiapas','El Porvenir'),('30901','Chiapas','Siltepec'),('30901','Chiapas','Honduras de la Sierra'),('30901','Chiapas','Capitán Luis Ángel Vidal'),('31001','Chihuahua','Chihuahua'),('31052','Chihuahua','Chihuahua'),('31102','Chihuahua','Chihuahua'),('31132','Chihuahua','Chihuahua'),('31501','Chihuahua','Cuauhtémoc'),('31601','Chihuahua','Cuauhtémoc'),('31616','Chihuahua','Cuauhtémoc'),('31501','Chihuahua','Riva Palacio'),('31651','Chihuahua','Aquiles Serdán'),('31501','Chihuahua','Bachíniva'),('31682','Chihuahua','Guerrero'),('31692','Chihuahua','Guerrero'),('31701','Chihuahua','Nuevo Casas Grandes'),('31824','Chihuahua','Ascensión'),('31833','Chihuahua','Ascensión'),('31701','Chihuahua','Janos'),('31701','Chihuahua','Casas Grandes'),('31892','Chihuahua','Galeana'),('31892','Chihuahua','Buenaventura'),('31903','Chihuahua','Gómez Farías'),('31903','Chihuahua','Ignacio Zaragoza'),('31941','Chihuahua','Madera'),('31961','Chihuahua','Namiquipa'),('31968','Chihuahua','Namiquipa'),('31971','Chihuahua','Namiquipa'),('31981','Chihuahua','Temósachic'),('31981','Chihuahua','Matachí'),('31968','Chihuahua','Matachí'),('32657','Chihuahua','Juárez'),('32551','Chihuahua','Juárez'),('32121','Chihuahua','Juárez'),('32744','Chihuahua','Guadalupe'),('32657','Chihuahua','Guadalupe'),('32551','Chihuahua','Praxedis G. Guerrero'),('32801','Chihuahua','Ahumada'),('32881','Chihuahua','Coyame del Sotol'),('32881','Chihuahua','Ojinaga'),('32911','Chihuahua','Aldama'),('33134','Chihuahua','Julimes'),('32881','Chihuahua','Manuel Benavides'),('33001','Chihuahua','Delicias'),('33001','Chihuahua','Rosales'),('33134','Chihuahua','Rosales'),('33134','Chihuahua','Meoqui'),('31001','Chihuahua','Dr. Belisario Domínguez'),('31001','Chihuahua','Satevó'),('31052','Chihuahua','Satevó'),('31001','Chihuahua','San Francisco de Borja'),('31001','Chihuahua','Nonoava'),('33181','Chihuahua','Guachochi'),('33204','Chihuahua','Bocoyna'),('33212','Chihuahua','Bocoyna'),('31501','Chihuahua','Cusihuiriachi'),('31001','Chihuahua','Gran Morelos'),('31001','Chihuahua','Santa Isabel'),('31501','Chihuahua','Carichí'),('33212','Chihuahua','Uruachi'),('31692','Chihuahua','Ocampo'),('33212','Chihuahua','Ocampo'),('31692','Chihuahua','Moris'),('33362','Chihuahua','Chínipas'),('33381','Chihuahua','Chínipas'),('33204','Chihuahua','Chínipas'),('33212','Chihuahua','Maguarichi'),('33381','Chihuahua','Guazapares'),('33434','Chihuahua','Guazapares'),('33204','Chihuahua','Batopilas de Manuel Gómez Morín'),('33434','Chihuahua','Urique'),('33204','Chihuahua','Urique'),('33204','Chihuahua','Morelos'),('33472','Chihuahua','Guadalupe y Calvo'),('33501','Chihuahua','San Francisco del Oro'),('33181','Chihuahua','Rosario'),('33801','Chihuahua','Rosario'),('33181','Chihuahua','Huejotitán'),('33801','Chihuahua','Huejotitán'),('33562','Chihuahua','El Tule'),('33181','Chihuahua','El Tule'),('33562','Chihuahua','Balleza'),('33801','Chihuahua','Balleza'),('33581','Chihuahua','Santa Bárbara'),('33801','Chihuahua','Santa Bárbara'),('33701','Chihuahua','Camargo'),('33629','Chihuahua','Saucillo'),('33001','Chihuahua','Saucillo'),('33641','Chihuahua','Saucillo'),('33801','Chihuahua','Valle de Zaragoza'),('33701','Chihuahua','La Cruz'),('33701','Chihuahua','San Francisco de Conchos'),('33801','Chihuahua','Hidalgo del Parral'),('33921','Chihuahua','Allende'),('33981','Chihuahua','López'),('33801','Chihuahua','Matamoros'),('33981','Chihuahua','Jiménez'),('33981','Chihuahua','Coronado'),('25001','Coahuila de Zaragoza','Saltillo'),('25001','Coahuila de Zaragoza','Arteaga'),('26701','Coahuila de Zaragoza','Juárez'),('26701','Coahuila de Zaragoza','Progreso'),('25701','Coahuila de Zaragoza','Escobedo'),('26701','Coahuila de Zaragoza','Escobedo'),('25501','Coahuila de Zaragoza','San Buenaventura'),('25701','Coahuila de Zaragoza','Abasolo'),('25701','Coahuila de Zaragoza','Candela'),('25601','Coahuila de Zaragoza','Frontera'),('25701','Coahuila de Zaragoza','Monclova'),('25871','Coahuila de Zaragoza','Castaños'),('25901','Coahuila de Zaragoza','Ramos Arizpe'),('25001','Coahuila de Zaragoza','General Cepeda'),('26001','Coahuila de Zaragoza','Piedras Negras'),('26531','Coahuila de Zaragoza','Nava'),('26001','Coahuila de Zaragoza','Nava'),('26201','Coahuila de Zaragoza','Acuña'),('26341','Coahuila de Zaragoza','Múzquiz'),('26701','Coahuila de Zaragoza','Múzquiz'),('26001','Coahuila de Zaragoza','Jiménez'),('26531','Coahuila de Zaragoza','Zaragoza'),('26531','Coahuila de Zaragoza','Morelos'),('26531','Coahuila de Zaragoza','Allende'),('26531','Coahuila de Zaragoza','Villa Unión'),('26001','Coahuila de Zaragoza','Guerrero'),('26531','Coahuila de Zaragoza','Guerrero'),('88002','Coahuila de Zaragoza','Hidalgo'),('26701','Coahuila de Zaragoza','Sabinas'),('26801','Coahuila de Zaragoza','San Juan de Sabinas'),('27001','Coahuila de Zaragoza','Torreón'),('27271','Coahuila de Zaragoza','Torreón'),('27441','Coahuila de Zaragoza','Matamoros'),('27001','Coahuila de Zaragoza','Matamoros'),('27901','Coahuila de Zaragoza','Matamoros'),('35001','Coahuila de Zaragoza','Matamoros'),('27441','Coahuila de Zaragoza','Viesca'),('27001','Coahuila de Zaragoza','Viesca'),('27641','Coahuila de Zaragoza','Ocampo'),('25501','Coahuila de Zaragoza','Nadadores'),('27641','Coahuila de Zaragoza','Sierra Mojada'),('27641','Coahuila de Zaragoza','Cuatro Ciénegas'),('25501','Coahuila de Zaragoza','Lamadrid'),('25501','Coahuila de Zaragoza','Sacramento'),('27801','Coahuila de Zaragoza','San Pedro'),('27901','Coahuila de Zaragoza','Francisco I. Madero'),('27901','Coahuila de Zaragoza','San Pedro'),('27981','Coahuila de Zaragoza','Parras'),('28001','Colima','Colima'),('28101','Colima','Tecomán'),('28201','Colima','Manzanillo'),('28301','Colima','Armería'),('28401','Colima','Coquimatlán'),('28451','Colima','Comala'),('28501','Colima','Cuauhtémoc'),('28511','Colima','Cuauhtémoc'),('28001','Colima','Cuauhtémoc'),('28706','Colima','Ixtlahuacán'),('28751','Colima','Minatitlán'),('28861','Colima','Manzanillo'),('48971','Colima','Manzanillo'),('28901','Colima','Tecomán'),('28971','Colima','Villa de Álvarez'),('01001','Ciudad de México','Álvaro Obregón'),('01131','Ciudad de México','Álvaro Obregón'),('01401','Ciudad de México','Álvaro Obregón'),('02011','Ciudad de México','Azcapotzalco'),('02431','Ciudad de México','Azcapotzalco'),('02601','Ciudad de México','Azcapotzalco'),('03001','Ciudad de México','Benito Juárez'),('03501','Ciudad de México','Benito Juárez'),('03901','Ciudad de México','Benito Juárez'),('03501','Ciudad de México','Coyoacán'),('04831','Ciudad de México','Coyoacán'),('04331','Ciudad de México','Coyoacán'),('14391','Ciudad de México','Coyoacán'),('05501','Ciudad de México','Cuajimalpa de Morelos'),('06002','Ciudad de México','Cuauhtémoc'),('06401','Ciudad de México','Cuauhtémoc'),('07001','Ciudad de México','Gustavo A. Madero'),('07201','Ciudad de México','Gustavo A. Madero'),('07051','Ciudad de México','Gustavo A. Madero'),('07311','Ciudad de México','Gustavo A. Madero'),('07501','Ciudad de México','Gustavo A. Madero'),('07981','Ciudad de México','Gustavo A. Madero'),('08231','Ciudad de México','Iztacalco'),('09081','Ciudad de México','Iztapalapa'),('09181','Ciudad de México','Iztapalapa'),('09201','Ciudad de México','Iztapalapa'),('09511','Ciudad de México','Iztapalapa'),('09291','Ciudad de México','Iztapalapa'),('09821','Ciudad de México','Iztapalapa'),('10021','Ciudad de México','La Magdalena Contreras'),('10101','Ciudad de México','La Magdalena Contreras'),('10701','Ciudad de México','La Magdalena Contreras'),('10581','Ciudad de México','La Magdalena Contreras'),('10901','Ciudad de México','La Magdalena Contreras'),('11801','Ciudad de México','Miguel Hidalgo'),('11411','Ciudad de México','Miguel Hidalgo'),('11591','Ciudad de México','Miguel Hidalgo'),('53001','Ciudad de México','Miguel Hidalgo'),('12001','Ciudad de México','Milpa Alta'),('13611','Ciudad de México','Milpa Alta'),('13011','Ciudad de México','Tláhuac'),('13221','Ciudad de México','Tláhuac'),('13611','Ciudad de México','Tláhuac'),('14091','Ciudad de México','Tlalpan'),('14201','Ciudad de México','Tlalpan'),('14391','Ciudad de México','Tlalpan'),('15001','Ciudad de México','Venustiano Carranza'),('16001','Ciudad de México','Xochimilco'),('34271','Durango','Durango'),('34131','Durango','Durango'),('34222','Durango','Durango'),('34451','Durango','Canatlán'),('34411','Durango','Nuevo Ideal'),('34481','Durango','Coneto de Comonfort'),('34481','Durango','San Juan del Río'),('34541','Durango','Canelas'),('34541','Durango','Topia'),('34581','Durango','Tamazula'),('34631','Durango','Santiago Papasquiaro'),('34631','Durango','Otáez'),('34691','Durango','San Dimas'),('34702','Durango','Guadalupe Victoria'),('34761','Durango','Peñón Blanco'),('34702','Durango','Peñón Blanco'),('34781','Durango','Pánuco de Coronado'),('34801','Durango','Poanas'),('34841','Durango','Nombre de Dios'),('34891','Durango','Nombre de Dios'),('34891','Durango','Vicente Guerrero'),('34901','Durango','Súchil'),('34941','Durango','Pueblo Nuevo'),('34971','Durango','Mezquital'),('35001','Durango','Gómez Palacio'),('35151','Durango','Lerdo'),('35001','Durango','Lerdo'),('35001','Durango','Mapimí'),('35231','Durango','Mapimí'),('35251','Durango','Tlahualilo'),('35691','Durango','Hidalgo'),('35691','Durango','Ocampo'),('35601','Durango','Guanaceví'),('35691','Durango','San Bernardo'),('35507','Durango','Indé'),('35701','Durango','San Pedro del Gallo'),('35601','Durango','Tepehuanes'),('35691','Durango','El Oro'),('35701','Durango','Nazas'),('35741','Durango','San Luis del Cordero'),('35761','Durango','Rodeo'),('35801','Durango','Cuencamé'),('34702','Durango','Cuencamé'),('98331','Durango','Santa Clara'),('35001','Durango','San Juan de Guadalupe'),('35801','Durango','General Simón Bolívar'),('36001','Guanajuato','Guanajuato'),('36101','Guanajuato','Silao de la Victoria'),('36201','Guanajuato','Romita'),('36251','Guanajuato','Guanajuato'),('36101','Guanajuato','Guanajuato'),('36501','Guanajuato','Guanajuato'),('36301','Guanajuato','San Francisco del Rincón'),('36301','Guanajuato','Purísima del Rincón'),('36301','Guanajuato','Manuel Doblado'),('36501','Guanajuato','Irapuato'),('36701','Guanajuato','Salamanca'),('36501','Guanajuato','Salamanca'),('36501','Guanajuato','Pueblo Nuevo'),('36901','Guanajuato','Pénjamo'),('36911','Guanajuato','Pénjamo'),('36961','Guanajuato','Cuerámaro'),('36971','Guanajuato','Abasolo'),('36991','Guanajuato','Huanímaro'),('37001','Guanajuato','León'),('37371','Guanajuato','León'),('37161','Guanajuato','León'),('37331','Guanajuato','León'),('37607','Guanajuato','San Felipe'),('37636','Guanajuato','Ocampo'),('37607','Guanajuato','Ocampo'),('37701','Guanajuato','San Miguel de Allende'),('37801','Guanajuato','Dolores Hidalgo Cuna de la Independencia Nacional'),('37851','Guanajuato','San Diego de la Unión'),('37901','Guanajuato','San Luis de la Paz'),('37901','Guanajuato','Victoria'),('37981','Guanajuato','Victoria'),('37901','Guanajuato','Xichú'),('37981','Guanajuato','Atarjea'),('37981','Guanajuato','Santa Catarina'),('37961','Guanajuato','Doctor Mora'),('37981','Guanajuato','Tierra Blanca'),('37981','Guanajuato','San José Iturbide'),('38001','Guanajuato','Celaya'),('38151','Guanajuato','Celaya'),('38161','Guanajuato','Apaseo el Grande'),('38501','Guanajuato','Apaseo el Grande'),('38201','Guanajuato','Comonfort'),('38242','Guanajuato','Santa Cruz de Juventino Rosas'),('38261','Guanajuato','Villagrán'),('38301','Guanajuato','Cortazar'),('38401','Guanajuato','Valle de Santiago'),('38471','Guanajuato','Jaral del Progreso'),('38501','Guanajuato','Apaseo el Alto'),('38541','Guanajuato','Jerécuaro'),('38541','Guanajuato','Coroneo'),('38601','Guanajuato','Acámbaro'),('38707','Guanajuato','Tarimoro'),('38791','Guanajuato','Acámbaro'),('38791','Guanajuato','Tarandacuao'),('38801','Guanajuato','Moroleón'),('38901','Guanajuato','Salvatierra'),('38601','Guanajuato','Salvatierra'),('38941','Guanajuato','Yuriria'),('38962','Guanajuato','Yuriria'),('58802','Guanajuato','Yuriria'),('38801','Guanajuato','Yuriria'),('38971','Guanajuato','Santiago Maravatío'),('38981','Guanajuato','Uriangato'),('39001','Guerrero','Chilpancingo de los Bravo'),('39121','Guerrero','Chilpancingo de los Bravo'),('39139','Guerrero','General Heliodoro Castillo'),('39001','Guerrero','Leonardo Bravo'),('39171','Guerrero','Tixtla de Guerrero'),('39201','Guerrero','Ayutla de los Libres'),('39201','Guerrero','Ñuu Savi'),('39001','Guerrero','Mochitlán'),('39001','Guerrero','Quechultenango'),('39276','Guerrero','Tecoanapa'),('39559','Guerrero','Acapulco de Juárez'),('39791','Guerrero','Acapulco de Juárez'),('39913','Guerrero','Acapulco de Juárez'),('39943','Guerrero','Juan R. Escudero'),('39961','Guerrero','San Marcos'),('39943','Guerrero','San Marcos'),('39961','Guerrero','Las Vigas'),('40001','Guerrero','Iguala de la Independencia'),('40131','Guerrero','Huitzuco de los Figueroa'),('40161','Guerrero','Tepecoacuilco de Trujano'),('40001','Guerrero','Tepecoacuilco de Trujano'),('40183','Guerrero','Eduardo Neri'),('40201','Guerrero','Taxco de Alarcón'),('40001','Guerrero','Taxco de Alarcón'),('40332','Guerrero','Buenavista de Cuéllar'),('40201','Guerrero','Tetipac'),('51901','Guerrero','Pilcaya'),('40201','Guerrero','Pilcaya'),('40401','Guerrero','Teloloapan'),('40401','Guerrero','Ixcateopan de Cuauhtémoc'),('40401','Guerrero','Pedro Ascencio Alquisiras'),('40401','Guerrero','General Canuto A. Neri'),('40501','Guerrero','Arcelia'),('40536','Guerrero','Apaxtla'),('40001','Guerrero','Cuetzala del Progreso'),('40001','Guerrero','Cocula'),('40601','Guerrero','Tlapehuala'),('40637','Guerrero','Cutzamala de Pinzón'),('40666','Guerrero','Pungarabato'),('40685','Guerrero','Tlalchapa'),('40501','Guerrero','Tlalchapa'),('40707','Guerrero','Coyuca de Catalán'),('40738','Guerrero','Ajuchitlán del Progreso'),('40601','Guerrero','Ajuchitlán del Progreso'),('40763','Guerrero','Zirándaro'),('40501','Guerrero','San Miguel Totolapan'),('40801','Guerrero','La Unión de Isidoro Montes de Oca'),('40851','Guerrero','Petatlán'),('40801','Guerrero','Coahuayutla de José María Izazaga'),('40891','Guerrero','Zihuatanejo de Azueta'),('40901','Guerrero','Técpan de Galeana'),('40931','Guerrero','Atoyac de Álvarez'),('40931','Guerrero','Benito Juárez'),('40965','Guerrero','Benito Juárez'),('40971','Guerrero','Coyuca de Benítez'),('39559','Guerrero','Coyuca de Benítez'),('41001','Guerrero','Olinalá'),('40131','Guerrero','Atenango del Río'),('40131','Guerrero','Copalillo'),('41001','Guerrero','Cualác'),('41101','Guerrero','Chilapa de Álvarez'),('41101','Guerrero','José Joaquín de Herrera'),('41101','Guerrero','Ahuacuotzingo'),('41101','Guerrero','Zitlala'),('39171','Guerrero','Mártir de Cuilapan'),('41201','Guerrero','Huamuxtitlán'),('41201','Guerrero','Xochihuehuetlán'),('41301','Guerrero','Alpoyeca'),('41301','Guerrero','Tlapa de Comonfort'),('41351','Guerrero','Tlalixtaquilla de Maldonado'),('41301','Guerrero','Xalpatláhuac'),('41301','Guerrero','Zapotitlán Tablas'),('41301','Guerrero','Acatepec'),('41101','Guerrero','Atlixtac'),('41301','Guerrero','Copanatoyac'),('41301','Guerrero','Malinaltepec'),('41601','Guerrero','Malinaltepec'),('41601','Guerrero','Santa Cruz del Rincón'),('41601','Guerrero','Iliatenco'),('41301','Guerrero','Iliatenco'),('41301','Guerrero','Tlacoapa'),('41301','Guerrero','Atlamajalcingo del Monte'),('41601','Guerrero','San Luis Acatlán'),('41301','Guerrero','Metlatónoc'),('41301','Guerrero','Cochoapa el Grande'),('41301','Guerrero','Alcozauca de Guerrero'),('41706','Guerrero','Ometepec'),('41706','Guerrero','Tlacoachistlahuaca'),('41706','Guerrero','Xochistlahuaca'),('41849','Guerrero','Florencio Villarreal'),('41849','Guerrero','Cuautepec'),('41871','Guerrero','Copala'),('41901','Guerrero','Azoyú'),('41706','Guerrero','Azoyú'),('41931','Guerrero','Juchitán'),('41931','Guerrero','Marquelia'),('41941','Guerrero','Cuajinicuilapa'),('41941','Guerrero','San Nicolás'),('41706','Guerrero','Igualapa'),('42001','Hidalgo','Pachuca de Soto'),('42091','Hidalgo','Pachuca de Soto'),('42001','Hidalgo','Mineral del Chico'),('42131','Hidalgo','Mineral del Monte'),('42951','Hidalgo','Ajacuba'),('42001','Hidalgo','San Agustín Tlaxiaca'),('42001','Hidalgo','Mineral de la Reforma'),('42091','Hidalgo','Mineral de la Reforma'),('42091','Hidalgo','Zapotlán de Juárez'),('42202','Hidalgo','Jacala de Ledezma'),('42281','Hidalgo','Pisaflores'),('42202','Hidalgo','Pacula'),('42202','Hidalgo','La Misión'),('42281','Hidalgo','Chapulhuacán'),('42301','Hidalgo','Ixmiquilpan'),('42331','Hidalgo','Zimapán'),('42301','Hidalgo','Nicolás Flores'),('42301','Hidalgo','Cardonal'),('42301','Hidalgo','Tasquillo'),('42301','Hidalgo','Alfajayucan'),('42401','Hidalgo','Huichapan'),('42301','Hidalgo','Tecozautla'),('42401','Hidalgo','Nopala de Villagrán'),('42501','Hidalgo','Actopan'),('42501','Hidalgo','Santiago de Anaya'),('42501','Hidalgo','San Salvador'),('42731','Hidalgo','Francisco I. Madero'),('42501','Hidalgo','El Arenal'),('42701','Hidalgo','Mixquiahuala de Juárez'),('42731','Hidalgo','Progreso de Obregón'),('42731','Hidalgo','Chilcuautla'),('42701','Hidalgo','Tezontepec de Aldama'),('42781','Hidalgo','Tlahuelilpan'),('42801','Hidalgo','Tula de Allende'),('42841','Hidalgo','Tula de Allende'),('42851','Hidalgo','Tepeji del Río de Ocampo'),('42801','Hidalgo','Chapantongo'),('42801','Hidalgo','Tepetitlán'),('42951','Hidalgo','Tetepango'),('42951','Hidalgo','Tlaxcoapan'),('42951','Hidalgo','Atitalaquia'),('42951','Hidalgo','Atotonilco de Tula'),('43007','Hidalgo','Huejutla de Reyes'),('43007','Hidalgo','San Felipe Orizatlán'),('43007','Hidalgo','Jaltocán'),('43007','Hidalgo','Huautla'),('43007','Hidalgo','Atlapexco'),('43007','Hidalgo','Huazalingo'),('43007','Hidalgo','Yahualica'),('43007','Hidalgo','Xochiatipan'),('43207','Hidalgo','Molango de Escamilla'),('43007','Hidalgo','Tepehuacán de Guerrero'),('43207','Hidalgo','Lolotla'),('43007','Hidalgo','Tlanchinol'),('43207','Hidalgo','Tlahuiltepa'),('43207','Hidalgo','Juárez Hidalgo'),('43207','Hidalgo','Zacualtipán de Ángeles'),('43007','Hidalgo','Calnali'),('43207','Hidalgo','Xochicoatlán'),('43207','Hidalgo','Tianguistengo'),('43303','Hidalgo','Atotonilco el Grande'),('43207','Hidalgo','Eloxochitlán'),('43207','Hidalgo','Metztitlán'),('43207','Hidalgo','San Agustín Metzquititlán'),('43601','Hidalgo','Metepec'),('43601','Hidalgo','Huehuetla'),('43601','Hidalgo','San Bartolo Tutotepec'),('43601','Hidalgo','Agua Blanca de Iturbide'),('43601','Hidalgo','Tenango de Doria'),('42001','Hidalgo','Huasca de Ocampo'),('43601','Hidalgo','Acatlán'),('42001','Hidalgo','Omitlán de Juárez'),('42001','Hidalgo','Epazoyucan'),('43601','Hidalgo','Tulancingo de Bravo'),('43601','Hidalgo','Acaxochitlán'),('43741','Hidalgo','Cuautepec de Hinojosa'),('43601','Hidalgo','Santiago Tulantepec de Lugo Guerrero'),('43601','Hidalgo','Singuilucan'),('43801','Hidalgo','Tizayuca'),('43992','Hidalgo','Zempoala'),('42091','Hidalgo','Zempoala'),('43801','Hidalgo','Tolcayuca'),('43801','Hidalgo','Villa de Tezontepec'),('43901','Hidalgo','Apan'),('43992','Hidalgo','Tlanalapa'),('43901','Hidalgo','Almoloya'),('43992','Hidalgo','Emiliano Zapata'),('43992','Hidalgo','Tepeapulco'),('44101','Jalisco','Guadalajara'),('44291','Jalisco','Guadalajara'),('44241','Jalisco','Guadalajara'),('44308','Jalisco','Guadalajara'),('44381','Jalisco','Guadalajara'),('44943','Jalisco','Guadalajara'),('45591','Jalisco','Guadalajara'),('45042','Jalisco','Guadalajara'),('44534','Jalisco','Guadalajara'),('44721','Jalisco','Guadalajara'),('44731','Jalisco','Guadalajara'),('44761','Jalisco','Guadalajara'),('45501','Jalisco','Guadalajara'),('44921','Jalisco','Guadalajara'),('44981','Jalisco','Guadalajara'),('45011','Jalisco','Zapopan'),('45131','Jalisco','Zapopan'),('45042','Jalisco','Zapopan'),('44534','Jalisco','Zapopan'),('45082','Jalisco','Zapopan'),('45101','Jalisco','Zapopan'),('45182','Jalisco','Zapopan'),('45202','Jalisco','Zapopan'),('45202','Jalisco','San Cristóbal de la Barranca'),('45101','Jalisco','San Cristóbal de la Barranca'),('45261','Jalisco','Ixtlahuacán del Río'),('45301','Jalisco','Tala'),('45642','Jalisco','Tala'),('45351','Jalisco','El Arenal'),('46471','Jalisco','Amatitán'),('45401','Jalisco','Tonalá'),('45411','Jalisco','Tonalá'),('45409','Jalisco','Tonalá'),('45681','Jalisco','Tonalá'),('45431','Jalisco','Zapotlanejo'),('45471','Jalisco','Acatic'),('45481','Jalisco','Cuquío'),('45501','Jalisco','San Pedro Tlaquepaque'),('44981','Jalisco','San Pedro Tlaquepaque'),('45591','Jalisco','San Pedro Tlaquepaque'),('45603','Jalisco','San Pedro Tlaquepaque'),('45642','Jalisco','Tlajomulco de Zúñiga'),('45082','Jalisco','Tlajomulco de Zúñiga'),('45603','Jalisco','Tlajomulco de Zúñiga'),('45648','Jalisco','Tlajomulco de Zúñiga'),('45851','Jalisco','Tlajomulco de Zúñiga'),('45681','Jalisco','Tlajomulco de Zúñiga'),('45681','Jalisco','El Salto'),('45648','Jalisco','El Salto'),('45701','Jalisco','Acatlán de Juárez'),('45731','Jalisco','Villa Corona'),('45751','Jalisco','Zacoalco de Torres'),('45751','Jalisco','Atemajac de Brizuela'),('45801','Jalisco','Jocotepec'),('45701','Jalisco','Jocotepec'),('45851','Jalisco','Ixtlahuacán de los Membrillos'),('45931','Jalisco','Ixtlahuacán de los Membrillos'),('45681','Jalisco','Juanacatlán'),('45931','Jalisco','Juanacatlán'),('45901','Jalisco','Chapala'),('45931','Jalisco','Chapala'),('45951','Jalisco','Poncitlán'),('47801','Jalisco','Poncitlán'),('45901','Jalisco','Poncitlán'),('45951','Jalisco','Zapotlán del Rey'),('46001','Jalisco','Huejuquilla el Alto'),('46001','Jalisco','Mezquitic'),('46171','Jalisco','Villa Guerrero'),('46171','Jalisco','Bolaños'),('46171','Jalisco','Totatiche'),('46201','Jalisco','Colotlán'),('46241','Jalisco','Colotlán'),('46241','Jalisco','Santa María de los Ángeles'),('46261','Jalisco','Huejúcar'),('46171','Jalisco','Chimaltitán'),('46171','Jalisco','San Martín de Bolaños'),('46401','Jalisco','Tequila'),('46441','Jalisco','Hostotipaquillo'),('46471','Jalisco','Hostotipaquillo'),('46471','Jalisco','Magdalena'),('46501','Jalisco','Etzatlán'),('46501','Jalisco','San Marcos'),('46561','Jalisco','San Juanito de Escobedo'),('46501','Jalisco','San Juanito de Escobedo'),('46601','Jalisco','Ameca'),('46731','Jalisco','Ahualulco de Mercado'),('46761','Jalisco','Teuchitlán'),('46731','Jalisco','Teuchitlán'),('45301','Jalisco','Teuchitlán'),('46771','Jalisco','San Martín Hidalgo'),('45301','Jalisco','San Martín Hidalgo'),('48501','Jalisco','San Martín Hidalgo'),('46801','Jalisco','Guachinango'),('46801','Jalisco','Mixtlán'),('46901','Jalisco','Mascota'),('63901','Jalisco','Mascota'),('46901','Jalisco','San Sebastián del Oeste'),('63901','Jalisco','San Sebastián del Oeste'),('47001','Jalisco','San Juan de los Lagos'),('47121','Jalisco','Jalostotitlán'),('47141','Jalisco','San Miguel el Alto'),('47171','Jalisco','San Julián'),('47181','Jalisco','Arandas'),('47191','Jalisco','San Ignacio Cerro Gordo'),('47191','Jalisco','Arandas'),('47201','Jalisco','Teocaltiche'),('47251','Jalisco','Villa Hidalgo'),('47271','Jalisco','Encarnación de Díaz'),('20001','Jalisco','Encarnación de Díaz'),('47301','Jalisco','Yahualica de González Gallo'),('47341','Jalisco','Mexticacán'),('47361','Jalisco','Cañadas de Obregón'),('47381','Jalisco','Valle de Guadalupe'),('47401','Jalisco','Lagos de Moreno'),('20999','Jalisco','Lagos de Moreno'),('47541','Jalisco','Ojuelos de Jalisco'),('47171','Jalisco','Unión de San Antonio'),('47591','Jalisco','San Diego de Alejandría'),('47601','Jalisco','Tepatitlán de Morelos'),('47701','Jalisco','Tepatitlán de Morelos'),('47721','Jalisco','Tepatitlán de Morelos'),('45431','Jalisco','Tepatitlán de Morelos'),('47722','Jalisco','Tepatitlán de Morelos'),('47731','Jalisco','Tototlán'),('47751','Jalisco','Tototlán'),('47751','Jalisco','Atotonilco el Alto'),('47801','Jalisco','Ocotlán'),('47901','Jalisco','Jamay'),('47911','Jalisco','La Barca'),('47931','Jalisco','Ayotlán'),('47951','Jalisco','Jesús María'),('47981','Jalisco','Jesús María'),('47981','Jalisco','Degollado'),('48001','Jalisco','Unión de Tula'),('48051','Jalisco','Ayutla'),('48101','Jalisco','Atenguillo'),('48051','Jalisco','Cuautla'),('48541','Jalisco','Atengo'),('48201','Jalisco','Talpa de Allende'),('48281','Jalisco','Puerto Vallarta'),('48351','Jalisco','Puerto Vallarta'),('48293','Jalisco','Puerto Vallarta'),('48402','Jalisco','Cabo Corrientes'),('48452','Jalisco','Tomatlán'),('48201','Jalisco','Tomatlán'),('48501','Jalisco','Cocula'),('46771','Jalisco','Cocula'),('48541','Jalisco','Tecolotlán'),('48541','Jalisco','Tenamaxtlán'),('48001','Jalisco','Tenamaxtlán'),('48541','Jalisco','Juchitlán'),('48541','Jalisco','Chiquilistlán'),('48001','Jalisco','Ejutla'),('48701','Jalisco','El Limón'),('48741','Jalisco','El Grullo'),('48761','Jalisco','Tonaya'),('48761','Jalisco','Tuxcacuesco'),('48931','Jalisco','Villa Purificación'),('48851','Jalisco','La Huerta'),('48452','Jalisco','La Huerta'),('48982','Jalisco','La Huerta'),('48901','Jalisco','Autlán de Navarro'),('48931','Jalisco','Casimiro Castillo'),('48931','Jalisco','Cuautitlán de García Barragán'),('48901','Jalisco','Cuautitlán de García Barragán'),('48851','Jalisco','Cuautitlán de García Barragán'),('48971','Jalisco','Cihuatlán'),('48982','Jalisco','Cihuatlán'),('49001','Jalisco','Zapotlán el Grande'),('49121','Jalisco','Gómez Farías'),('49401','Jalisco','Concepción de Buenos Aires'),('49201','Jalisco','Atoyac'),('49371','Jalisco','Techaluta de Montenegro'),('45751','Jalisco','Techaluta de Montenegro'),('49251','Jalisco','Teocuitatlán de Corona'),('49301','Jalisco','Sayula'),('49331','Jalisco','Sayula'),('49341','Jalisco','Tapalpa'),('49371','Jalisco','Amacueca'),('49401','Jalisco','Tizapán el Alto'),('49401','Jalisco','Tuxcueca'),('49441','Jalisco','Tuxcueca'),('49401','Jalisco','La Manzanilla de la Paz'),('49501','Jalisco','Mazamitla'),('49541','Jalisco','Valle de Juárez'),('49541','Jalisco','Quitupan'),('49601','Jalisco','Zapotiltic'),('49651','Jalisco','Tamazula de Gordiano'),('49601','Jalisco','Tamazula de Gordiano'),('49701','Jalisco','San Gabriel'),('49001','Jalisco','San Gabriel'),('49001','Jalisco','Tolimán'),('49001','Jalisco','Zapotitlán de Vadillo'),('49801','Jalisco','Tuxpan'),('49901','Jalisco','Tuxpan'),('49001','Jalisco','Tonila'),('49871','Jalisco','Pihuamo'),('49901','Jalisco','Tecalitlán'),('49901','Jalisco','Jilotlán de los Dolores'),('60502','Jalisco','Jilotlán de los Dolores'),('49541','Jalisco','Santa María del Oro'),('50091','México','Toluca'),('52141','México','Toluca'),('50301','México','Acambay de Ruíz Castañeda'),('50361','México','Aculco'),('50401','México','Temascalcingo'),('50451','México','Atlacomulco'),('50301','México','Timilpan'),('50451','México','Morelos'),('50801','México','Morelos'),('50602','México','El Oro'),('50641','México','San Felipe del Progreso'),('50602','México','San José del Rincón'),('50701','México','Jocotitlán'),('50741','México','Ixtlahuaca'),('50801','México','Jiquipilco'),('50851','México','Temoaya'),('52061','México','Temoaya'),('50901','México','Almoloya de Juárez'),('50961','México','Villa Victoria'),('51001','México','Villa de Allende'),('51031','México','Donato Guerra'),('51201','México','Ixtapan del Oro'),('51111','México','Santo Tomás'),('51131','México','Otzoloapan'),('51201','México','Zacazonapan'),('51201','México','Valle de Bravo'),('51231','México','Valle de Bravo'),('51201','México','Amanalco'),('51301','México','Temascaltepec'),('51351','México','Zinacantepec'),('51411','México','Tejupilco'),('51431','México','Tejupilco'),('51441','México','Luvianos'),('51411','México','San Simón de Guerrero'),('51501','México','Amatepec'),('51571','México','Tlatlaya'),('51581','México','Tlatlaya'),('51601','México','Sultepec'),('51601','México','Texcaltitlán'),('51901','México','Coatepec Harinas'),('51761','México','Villa Guerrero'),('51801','México','Zacualpan'),('51801','México','Almoloya de Alquisiras'),('51901','México','Ixtapan de la Sal'),('51951','México','Tonatico'),('52401','México','Zumpahuacán'),('52001','México','Lerma'),('52061','México','Xonacatlán'),('52081','México','Otzolotepec'),('52101','México','San Mateo Atenco'),('52141','México','Metepec'),('52141','México','Mexicaltzingo'),('52201','México','Calimaya'),('52241','México','Chapultepec'),('52281','México','San Antonio la Isla'),('52301','México','Tenango del Valle'),('52301','México','Rayón'),('52441','México','Joquicingo'),('52401','México','Tenancingo'),('52441','México','Malinalco'),('52441','México','Ocuilan'),('52601','México','Atizapán'),('52541','México','Almoloya del Río'),('52301','México','Texcalyacac'),('52601','México','Tianguistenco'),('52681','México','Tianguistenco'),('52701','México','Tianguistenco'),('52681','México','Xalatlaco'),('52701','México','Capulhuac'),('52741','México','Ocoyoacac'),('52761','México','Huixquilucan'),('52762','México','Huixquilucan'),('53831','México','Huixquilucan'),('11801','México','Huixquilucan'),('52901','México','Atizapán de Zaragoza'),('53001','México','Naucalpan de Juárez'),('53101','México','Naucalpan de Juárez'),('53121','México','Naucalpan de Juárez'),('53311','México','Naucalpan de Juárez'),('53681','México','Naucalpan de Juárez'),('53831','México','Naucalpan de Juárez'),('54001','México','Tlalnepantla de Baz'),('54182','México','Tlalnepantla de Baz'),('54201','México','Polotitlán'),('54241','México','Jilotepec'),('54241','México','Soyaniquilpan de Juárez'),('54301','México','Villa del Carbón'),('54241','México','Chapa de Mota'),('54401','México','Nicolás Romero'),('54481','México','Isidro Fabela'),('54572','México','Jilotzingo'),('54601','México','Tepotzotlán'),('54661','México','Coyotepec'),('54681','México','Huehuetoca'),('54701','México','Cuautitlán Izcalli'),('54801','México','Cuautitlán Izcalli'),('54761','México','Cuautitlán Izcalli'),('54771','México','Teoloyucan'),('54801','México','Cuautitlán'),('54601','México','Cuautitlán'),('54881','México','Melchor Ocampo'),('54901','México','Tultitlán'),('54931','México','Tultitlán'),('54969','México','Tultepec'),('54981','México','Tultepec'),('55031','México','Ecatepec de Morelos'),('55701','México','Ecatepec de Morelos'),('55121','México','Ecatepec de Morelos'),('55271','México','Ecatepec de Morelos'),('55601','México','Zumpango'),('55641','México','Zumpango'),('55651','México','Tequixquiac'),('55651','México','Apaxco'),('55671','México','Hueypoxtla'),('55701','México','Coacalco de Berriozábal'),('55711','México','Coacalco de Berriozábal'),('55762','México','Tecámac'),('55601','México','Tecámac'),('55601','México','Jaltenco'),('54931','México','Jaltenco'),('55762','México','Tonanitla'),('55601','México','Nextlalpan'),('55801','México','Teotihuacán'),('55851','México','San Martín de las Pirámides'),('55871','México','Acolman'),('55901','México','Otumba'),('55941','México','Axapusco'),('55901','México','Nopaltepec'),('55981','México','Temascalapa'),('56001','México','Tezoyuca'),('56271','México','Tezoyuca'),('56031','México','Chiautla'),('56271','México','Papalotla'),('56071','México','Tepetlaoxtoc'),('56101','México','Texcoco'),('56271','México','Chiconcuac'),('56301','México','Atenco'),('56331','México','Chimalhuacán'),('56351','México','Chimalhuacán'),('56371','México','Chicoloapan'),('56401','México','La Paz'),('56571','México','Ixtapaluca'),('56601','México','Chalco'),('56612','México','Valle de Chalco Solidaridad'),('56651','México','Temamatla'),('56681','México','Cocotitlán'),('56701','México','Tlalmanalco'),('56741','México','Tlalmanalco'),('56901','México','Ayapango'),('56781','México','Tenango del Aire'),('56901','México','Ozumba'),('56861','México','Juchitepec'),('56881','México','Tepetlixpa'),('56901','México','Amecameca'),('56971','México','Atlautla'),('56992','México','Ecatzingo'),('57001','México','Nezahualcóyotl'),('07501','México','Nezahualcóyotl'),('57741','México','Nezahualcóyotl'),('57002','México','Nezahualcóyotl'),('58011','Michoacán de Ocampo','Morelia'),('58111','Michoacán de Ocampo','Morelia'),('58241','Michoacán de Ocampo','Morelia'),('58882','Michoacán de Ocampo','Morelia'),('58461','Michoacán de Ocampo','Morelia'),('58361','Michoacán de Ocampo','Huaniqueo'),('58405','Michoacán de Ocampo','Coeneo'),('58361','Michoacán de Ocampo','Coeneo'),('58421','Michoacán de Ocampo','Quiroga'),('58421','Michoacán de Ocampo','Tzintzuntzan'),('61601','Michoacán de Ocampo','Lagunillas'),('58461','Michoacán de Ocampo','Acuitzio'),('58482','Michoacán de Ocampo','Madero'),('58501','Michoacán de Ocampo','Puruándiro'),('58541','Michoacán de Ocampo','José Sixto Verduzco'),('58553','Michoacán de Ocampo','Angamacutiro'),('58572','Michoacán de Ocampo','Panindícuaro'),('58601','Michoacán de Ocampo','Zacapu'),('58747','Michoacán de Ocampo','Tlazazalca'),('58761','Michoacán de Ocampo','Tlazazalca'),('58761','Michoacán de Ocampo','Purépero'),('58784','Michoacán de Ocampo','Jiménez'),('58802','Michoacán de Ocampo','Morelos'),('58821','Michoacán de Ocampo','Huandacareo'),('58841','Michoacán de Ocampo','Cuitzeo'),('58841','Michoacán de Ocampo','Chucándiro'),('58882','Michoacán de Ocampo','Copándaro'),('58882','Michoacán de Ocampo','Tarímbaro'),('58922','Michoacán de Ocampo','Tarímbaro'),('58111','Michoacán de Ocampo','Tarímbaro'),('58901','Michoacán de Ocampo','Santa Ana Maya'),('58922','Michoacán de Ocampo','Álvaro Obregón'),('58934','Michoacán de Ocampo','Zinapécuaro'),('58971','Michoacán de Ocampo','Indaparapeo'),('58982','Michoacán de Ocampo','Queréndaro'),('59001','Michoacán de Ocampo','Sahuayo'),('59123','Michoacán de Ocampo','Briseñas'),('59141','Michoacán de Ocampo','Cojumatlán de Régules'),('59166','Michoacán de Ocampo','Venustiano Carranza'),('59181','Michoacán de Ocampo','Pajacuarán'),('59166','Michoacán de Ocampo','Pajacuarán'),('59282','Michoacán de Ocampo','Pajacuarán'),('59202','Michoacán de Ocampo','Vista Hermosa'),('59232','Michoacán de Ocampo','Tanhuato'),('59251','Michoacán de Ocampo','Yurécuaro'),('59301','Michoacán de Ocampo','Yurécuaro'),('59282','Michoacán de Ocampo','Ixtlán'),('59301','Michoacán de Ocampo','La Piedad'),('59301','Michoacán de Ocampo','Numarán'),('59441','Michoacán de Ocampo','Churintzio'),('59301','Michoacán de Ocampo','Zináparo'),('59477','Michoacán de Ocampo','Penjamillo'),('59501','Michoacán de Ocampo','Marcos Castellanos'),('59511','Michoacán de Ocampo','Jiquilpan'),('59001','Michoacán de Ocampo','Jiquilpan'),('59555','Michoacán de Ocampo','Villamar'),('59581','Michoacán de Ocampo','Chavinda'),('59691','Michoacán de Ocampo','Zamora'),('59282','Michoacán de Ocampo','Zamora'),('59733','Michoacán de Ocampo','Ecuandureo'),('59751','Michoacán de Ocampo','Tangancícuaro'),('59781','Michoacán de Ocampo','Chilchota'),('59801','Michoacán de Ocampo','Jacona'),('59924','Michoacán de Ocampo','Tangamandapio'),('59941','Michoacán de Ocampo','Cotija'),('59962','Michoacán de Ocampo','Tocumbo'),('59941','Michoacán de Ocampo','Tingüindín'),('60053','Michoacán de Ocampo','Uruapan'),('60253','Michoacán de Ocampo','Uruapan'),('60053','Michoacán de Ocampo','Charapan'),('59751','Michoacán de Ocampo','Charapan'),('60253','Michoacán de Ocampo','Paracho'),('60272','Michoacán de Ocampo','Cherán'),('60272','Michoacán de Ocampo','Nahuatzen'),('60053','Michoacán de Ocampo','Tingambato'),('60381','Michoacán de Ocampo','Los Reyes'),('59941','Michoacán de Ocampo','Los Reyes'),('60444','Michoacán de Ocampo','Peribán'),('60463','Michoacán de Ocampo','Tancítaro'),('60491','Michoacán de Ocampo','Nuevo Parangaricutiro'),('60502','Michoacán de Ocampo','Buenavista'),('60601','Michoacán de Ocampo','Buenavista'),('60541','Michoacán de Ocampo','Tepalcatepec'),('60572','Michoacán de Ocampo','Aguililla'),('60601','Michoacán de Ocampo','Apatzingán'),('60601','Michoacán de Ocampo','Parácuaro'),('28101','Michoacán de Ocampo','Coahuayana'),('60841','Michoacán de Ocampo','Chinicuila'),('60841','Michoacán de Ocampo','Coalcomán de Vázquez Pallares'),('28101','Michoacán de Ocampo','Aquila'),('28901','Michoacán de Ocampo','Aquila'),('60984','Michoacán de Ocampo','Aquila'),('60922','Michoacán de Ocampo','Tumbiscatío'),('60922','Michoacán de Ocampo','Arteaga'),('60951','Michoacán de Ocampo','Lázaro Cárdenas'),('60984','Michoacán de Ocampo','Lázaro Cárdenas'),('60991','Michoacán de Ocampo','Lázaro Cárdenas'),('76852','Michoacán de Ocampo','Epitacio Huerta'),('61251','Michoacán de Ocampo','Contepec'),('61251','Michoacán de Ocampo','Tlalpujahua'),('61101','Michoacán de Ocampo','Hidalgo'),('61251','Michoacán de Ocampo','Hidalgo'),('61251','Michoacán de Ocampo','Maravatío'),('38791','Michoacán de Ocampo','Maravatío'),('61101','Michoacán de Ocampo','Irimbo'),('61251','Michoacán de Ocampo','Senguio'),('58241','Michoacán de Ocampo','Charo'),('58241','Michoacán de Ocampo','Tzitzio'),('61941','Michoacán de Ocampo','Tiquicheo de Nicolás Romero'),('61101','Michoacán de Ocampo','Aporo'),('61501','Michoacán de Ocampo','Angangueo'),('61421','Michoacán de Ocampo','Tuxpan'),('61501','Michoacán de Ocampo','Ocampo'),('61476','Michoacán de Ocampo','Jungapeo'),('61501','Michoacán de Ocampo','Zitácuaro'),('61501','Michoacán de Ocampo','Tuzantla'),('61501','Michoacán de Ocampo','Juárez'),('61501','Michoacán de Ocampo','Susupuato'),('61601','Michoacán de Ocampo','Pátzcuaro'),('61635','Michoacán de Ocampo','Erongarícuaro'),('61601','Michoacán de Ocampo','Huiramba'),('61651','Michoacán de Ocampo','Tacámbaro'),('61651','Michoacán de Ocampo','Turicato'),('61704','Michoacán de Ocampo','Ziracuaretiro'),('61715','Michoacán de Ocampo','Taretan'),('61733','Michoacán de Ocampo','Gabriel Zamora'),('61733','Michoacán de Ocampo','Nuevo Urecho'),('61761','Michoacán de Ocampo','Múgica'),('61808','Michoacán de Ocampo','Salvador Escalante'),('61831','Michoacán de Ocampo','Ario'),('61853','Michoacán de Ocampo','La Huacana'),('61761','Michoacán de Ocampo','La Huacana'),('61853','Michoacán de Ocampo','Churumuco'),('58482','Michoacán de Ocampo','Nocupétaro'),('58482','Michoacán de Ocampo','Carácuaro'),('61941','Michoacán de Ocampo','Huetamo'),('61941','Michoacán de Ocampo','San Lucas'),('40666','Michoacán de Ocampo','San Lucas'),('62001','Morelos','Cuernavaca'),('62241','Morelos','Cuernavaca'),('62511','Morelos','Huitzilac'),('62521','Morelos','Tepoztlán'),('62541','Morelos','Tlalnepantla'),('62541','Morelos','Tlayacapan'),('62571','Morelos','Jiutepec'),('62581','Morelos','Temixco'),('62601','Morelos','Miacatlán'),('62601','Morelos','Coatetelco'),('62611','Morelos','Coatlán del Río'),('62621','Morelos','Tetecala'),('62621','Morelos','Mazatepec'),('62641','Morelos','Amacuzac'),('62661','Morelos','Puente de Ixtla'),('62661','Morelos','Xoxocotla'),('62702','Morelos','Ayala'),('62726','Morelos','Ayala'),('62731','Morelos','Yautepec'),('62741','Morelos','Cuautla'),('62761','Morelos','Emiliano Zapata'),('62771','Morelos','Tlaltizapán de Zapata'),('62781','Morelos','Zacatepec'),('62791','Morelos','Xochitepec'),('62801','Morelos','Tetela del Volcán'),('62801','Morelos','Hueyapan'),('62821','Morelos','Yecapixtla'),('62831','Morelos','Totolapan'),('62831','Morelos','Atlatlahucan'),('62848','Morelos','Atlatlahucan'),('62851','Morelos','Ocuituco'),('62891','Morelos','Temoac'),('62891','Morelos','Zacualpan de Amilpas'),('62901','Morelos','Jojutla'),('62911','Morelos','Jojutla'),('62921','Morelos','Tepalcingo'),('62931','Morelos','Jonacatepec de Leandro Valle'),('62951','Morelos','Axochiapan'),('62971','Morelos','Jantetelco'),('62981','Morelos','Tlaquiltenango'),('63001','Nayarit','Tepic'),('63201','Nayarit','Tuxpan'),('63301','Nayarit','Santiago Ixcuintla'),('63431','Nayarit','Acaponeta'),('63451','Nayarit','Tecuala'),('63431','Nayarit','Tecuala'),('63431','Nayarit','Huajicori'),('63621','Nayarit','Del Nayar'),('63001','Nayarit','Del Nayar'),('63551','Nayarit','Santiago Ixcuintla'),('63201','Nayarit','Santiago Ixcuintla'),('63451','Nayarit','Santiago Ixcuintla'),('63001','Nayarit','La Yesca'),('63621','Nayarit','Ruíz'),('63632','Nayarit','Rosamorada'),('63201','Nayarit','Rosamorada'),('63701','Nayarit','Compostela'),('63716','Nayarit','Compostela'),('63721','Nayarit','Compostela'),('63733','Nayarit','Bahía de Banderas'),('63721','Nayarit','Bahía de Banderas'),('63731','Nayarit','Bahía de Banderas'),('63741','Nayarit','San Blas'),('63551','Nayarit','San Blas'),('82001','Nayarit','San Blas'),('63781','Nayarit','Xalisco'),('63701','Nayarit','San Pedro Lagunillas'),('63001','Nayarit','San Pedro Lagunillas'),('63001','Nayarit','Santa María del Oro'),('63901','Nayarit','Santa María del Oro'),('63891','Nayarit','Jala'),('63901','Nayarit','Ahuacatlán'),('63941','Nayarit','Ixtlán del Río'),('63901','Nayarit','Amatlán de Cañas'),('64008','Nuevo León','Monterrey'),('64291','Nuevo León','Monterrey'),('64361','Nuevo León','Monterrey'),('66451','Nuevo León','Monterrey'),('66491','Nuevo León','Monterrey'),('67121','Nuevo León','Monterrey'),('64821','Nuevo León','Monterrey'),('88002','Nuevo León','Anáhuac'),('65031','Nuevo León','Anáhuac'),('65151','Nuevo León','Lampazos de Naranjo'),('65601','Nuevo León','Mina'),('65151','Nuevo León','Bustamante'),('65251','Nuevo León','Sabinas Hidalgo'),('65151','Nuevo León','Villaldama'),('65251','Nuevo León','Vallecillo'),('67481','Nuevo León','Parás'),('65551','Nuevo León','Salinas Victoria'),('65551','Nuevo León','Ciénega de Flores'),('65601','Nuevo León','Hidalgo'),('65601','Nuevo León','Abasolo'),('66601','Nuevo León','Higueras'),('65751','Nuevo León','General Zuazua'),('67481','Nuevo León','Agualeguas'),('67481','Nuevo León','General Treviño'),('67481','Nuevo León','Cerralvo'),('67481','Nuevo León','Melchor Ocampo'),('66001','Nuevo León','García'),('66066','Nuevo León','General Escobedo'),('66351','Nuevo León','Santa Catarina'),('66252','Nuevo León','San Pedro Garza García'),('66451','Nuevo León','San Nicolás de los Garza'),('66491','Nuevo León','San Nicolás de los Garza'),('66551','Nuevo León','El Carmen'),('66601','Nuevo León','Apodaca'),('66601','Nuevo León','Pesquería'),('66601','Nuevo León','Marín'),('66601','Nuevo León','Doctor González'),('66801','Nuevo León','Los Ramones'),('67051','Nuevo León','Los Herreras'),('67051','Nuevo León','Los Aldamas'),('67051','Nuevo León','Doctor Coss'),('67051','Nuevo León','General Bravo'),('67051','Nuevo León','China'),('67501','Nuevo León','China'),('64821','Nuevo León','Guadalupe'),('67121','Nuevo León','Guadalupe'),('67251','Nuevo León','Guadalupe'),('67181','Nuevo León','Guadalupe'),('67251','Nuevo León','Juárez'),('67321','Nuevo León','Santiago'),('67351','Nuevo León','Allende'),('67501','Nuevo León','General Terán'),('67481','Nuevo León','Cadereyta Jiménez'),('67501','Nuevo León','Montemorelos'),('67501','Nuevo León','Rayones'),('67701','Nuevo León','Linares'),('67851','Nuevo León','Iturbide'),('67851','Nuevo León','Galeana'),('67701','Nuevo León','Hualahuises'),('67901','Nuevo León','Doctor Arroyo'),('67901','Nuevo León','Aramberri'),('67851','Nuevo León','Aramberri'),('67851','Nuevo León','General Zaragoza'),('67901','Nuevo León','Mier y Noriega'),('68005','Oaxaca','Oaxaca de Juárez'),('68202','Oaxaca','Villa de Etla'),('68202','Oaxaca','San Juan Bautista Atatlahuca'),('69601','Oaxaca','San Jerónimo Sosola'),('68215','Oaxaca','San Jerónimo Sosola'),('68202','Oaxaca','San Juan Bautista Jayacatlán'),('68215','Oaxaca','San Francisco Telixtlahuaca'),('68001','Oaxaca','Santiago Tenango'),('68221','Oaxaca','San Pablo Huitzo'),('68202','Oaxaca','San Juan del Estado'),('68202','Oaxaca','Magdalena Apasco'),('68202','Oaxaca','Santiago Suchilquitongo'),('68202','Oaxaca','San Juan Bautista Guelache'),('68202','Oaxaca','Reyes Etla'),('68202','Oaxaca','Nazareno Etla'),('68202','Oaxaca','San Andrés Zautla'),('68202','Oaxaca','San Agustín Etla'),('68202','Oaxaca','Soledad Etla'),('68202','Oaxaca','Santo Tomás Mazaltepec'),('68202','Oaxaca','Guadalupe Etla'),('68202','Oaxaca','San Pablo Etla'),('68091','Oaxaca','San Felipe Tejalápam'),('68202','Oaxaca','San Lorenzo Cacaotepec'),('68202','Oaxaca','Santa María Peñoles'),('68091','Oaxaca','Santiago Tlazoyaltepec'),('68005','Oaxaca','Tlalixtac de Cabrera'),('68298','Oaxaca','Tlalixtac de Cabrera'),('68005','Oaxaca','San Jacinto Amilpas'),('68005','Oaxaca','San Andrés Huayápam'),('68005','Oaxaca','San Agustín Yatareni'),('68298','Oaxaca','Santo Domingo Tomaltepec'),('68298','Oaxaca','Santa María del Tule'),('68301','Oaxaca','San Juan Bautista Tuxtepec'),('68401','Oaxaca','Loma Bonita'),('68431','Oaxaca','San José Independencia'),('68414','Oaxaca','Cosolapa'),('68414','Oaxaca','Acatlán de Pérez Figueroa'),('68431','Oaxaca','San Miguel Soyaltepec'),('68301','Oaxaca','Ayotzintepec'),('68431','Oaxaca','San Juan Bautista Tuxtepec'),('68431','Oaxaca','San Pedro Ixcatlán'),('68301','Oaxaca','San José Chiltepec'),('68301','Oaxaca','San Felipe Jalapa de Díaz'),('68301','Oaxaca','Santa María Jacatepec'),('68301','Oaxaca','San Lucas Ojitlán'),('68481','Oaxaca','San Juan Bautista Valle Nacional'),('68301','Oaxaca','San Felipe Usila'),('68507','Oaxaca','Huautla de Jiménez'),('68507','Oaxaca','Santa María Chilchotla'),('68507','Oaxaca','Santa Ana Ateixtlahuaca'),('68507','Oaxaca','San Lorenzo Cuaunecuiltitla'),('68507','Oaxaca','San Francisco Huehuetlán'),('68507','Oaxaca','San Pedro Ocopetatillo'),('68507','Oaxaca','Santa Cruz Acatepec'),('68507','Oaxaca','Eloxochitlán de Flores Magón'),('68541','Oaxaca','Santiago Texcalcingo'),('68541','Oaxaca','Teotitlán de Flores Magón'),('68541','Oaxaca','Santa María Teopoxco'),('68541','Oaxaca','San Martín Toxpalan'),('68507','Oaxaca','San Jerónimo Tecóatl'),('68507','Oaxaca','Santa María la Asunción'),('68507','Oaxaca','Huautepec'),('68507','Oaxaca','San Juan Coatzóspam'),('68507','Oaxaca','San Lucas Zoquiápam'),('68541','Oaxaca','San Antonio Nanahuatípam'),('68507','Oaxaca','San José Tenango'),('68507','Oaxaca','San Mateo Yoloxochitlán'),('68301','Oaxaca','San Bartolomé Ayautla'),('68507','Oaxaca','Mazatlán Villa de Flores'),('68541','Oaxaca','San Juan de los Cués'),('68507','Oaxaca','Santa María Tecomavaca'),('69511','Oaxaca','Santa María Ixcatlán'),('68608','Oaxaca','San Juan Bautista Cuicatlán'),('68608','Oaxaca','Cuyamecalco Villa de Zaragoza'),('68608','Oaxaca','Santa Ana Cuauhtémoc'),('68608','Oaxaca','Chiquihuitlán de Benito Juárez'),('68608','Oaxaca','San Pedro Teutila'),('68301','Oaxaca','San Pedro Teutila'),('68608','Oaxaca','San Miguel Santa Flor'),('68608','Oaxaca','Santa María Tlalixtac'),('68301','Oaxaca','San Andrés Teotilálpam'),('68608','Oaxaca','San Andrés Teotilálpam'),('68608','Oaxaca','San Francisco Chapulapa'),('68608','Oaxaca','Concepción Pápalo'),('68608','Oaxaca','Santos Reyes Pápalo'),('68301','Oaxaca','San Juan Bautista Tlacoatzintepec'),('68608','Oaxaca','Santa María Pápalo'),('68608','Oaxaca','San Juan Tepeuxila'),('68608','Oaxaca','San Pedro Sochiápam'),('68608','Oaxaca','Valerio Trujano'),('68608','Oaxaca','San Pedro Jocotipac'),('68608','Oaxaca','Santa María Texcatitlán'),('68608','Oaxaca','San Pedro Jaltepetongo'),('68215','Oaxaca','Santiago Nacaltepec'),('68729','Oaxaca','Natividad'),('68081','Oaxaca','San Juan Quiotepec'),('68729','Oaxaca','San Pedro Yólox'),('68729','Oaxaca','Santiago Comaltepec'),('68729','Oaxaca','Abejones'),('68729','Oaxaca','San Pablo Macuiltianguis'),('68729','Oaxaca','Ixtlán de Juárez'),('68301','Oaxaca','Ixtlán de Juárez'),('68729','Oaxaca','San Juan Atepec'),('68729','Oaxaca','San Pedro Yaneri'),('68202','Oaxaca','San Miguel Aloápam'),('68202','Oaxaca','Teococuilco de Marcos Pérez'),('68202','Oaxaca','Santa Ana Yareni'),('68729','Oaxaca','San Juan Evangelista Analco'),('68729','Oaxaca','Santa María Jaltianguis'),('68729','Oaxaca','San Miguel del Río'),('68729','Oaxaca','San Juan Chicomezúchil'),('68729','Oaxaca','Capulálpam de Méndez'),('68091','Oaxaca','Nuevo Zoquiápam'),('68729','Oaxaca','Santiago Xiacuí'),('68729','Oaxaca','Guelatao de Juárez'),('68729','Oaxaca','Santa Catarina Ixtepeji'),('68729','Oaxaca','San Miguel Yotao'),('68729','Oaxaca','Santa Catarina Lachatao'),('68729','Oaxaca','San Miguel Amatlán'),('68729','Oaxaca','Santa María Yavesía'),('68729','Oaxaca','Santiago Laxopa'),('68802','Oaxaca','San Ildefonso Villa Alta'),('68802','Oaxaca','Santiago Camotlán'),('68301','Oaxaca','Santiago Camotlán'),('68729','Oaxaca','San Juan Yaeé'),('68729','Oaxaca','Santiago Lalopa'),('68802','Oaxaca','San Juan Yatzona'),('68729','Oaxaca','Villa Talea de Castro'),('68729','Oaxaca','Tanetze de Zaragoza'),('68729','Oaxaca','San Juan Juquila Vijanos'),('68802','Oaxaca','San Cristóbal Lachirioag'),('68802','Oaxaca','Santa María Temaxcalapa'),('68802','Oaxaca','Santo Domingo Roayaga'),('68729','Oaxaca','Santa María Yalina'),('68729','Oaxaca','San Andrés Solaga'),('68802','Oaxaca','San Juan Tabaá'),('68802','Oaxaca','San Melchor Betaza'),('68802','Oaxaca','San Andrés Yaá'),('68729','Oaxaca','San Bartolomé Zoogocho'),('68729','Oaxaca','San Baltazar Yatzachi el Bajo'),('68729','Oaxaca','Santiago Zoochila'),('68802','Oaxaca','Villa Hidalgo Yalálag'),('68802','Oaxaca','San Francisco Cajonos'),('68802','Oaxaca','San Mateo Cajonos'),('68802','Oaxaca','San Pedro Cajonos'),('68802','Oaxaca','Santo Domingo Xagacía'),('68802','Oaxaca','San Pablo Yaganiza'),('70285','Oaxaca','Santiago Choápam'),('68301','Oaxaca','Santiago Jocotepec'),('70214','Oaxaca','San Juan Lalana'),('70285','Oaxaca','San Juan Lalana'),('70285','Oaxaca','Santiago Yaveo'),('68802','Oaxaca','San Juan Petlapa'),('70285','Oaxaca','San Juan Petlapa'),('70285','Oaxaca','San Juan Comaltepec'),('69001','Oaxaca','Heroica Ciudad de Huajuapan de León'),('69001','Oaxaca','Villa de Santiago Chazumba'),('69001','Oaxaca','Cosoltepec'),('69001','Oaxaca','San Pedro y San Pablo Tequixtepec'),('69001','Oaxaca','San Juan Bautista Suchitepec'),('69001','Oaxaca','Santa Catarina Zapoquila'),('69001','Oaxaca','Santiago Miltepec'),('69001','Oaxaca','San Jerónimo Silacayoapilla'),('69001','Oaxaca','Zapotitlán Palmas'),('69001','Oaxaca','San Andrés Dinicuiti'),('69001','Oaxaca','Santiago Cacaloxtepec'),('69001','Oaxaca','Asunción Cuyotepeji'),('69001','Oaxaca','Santa María Camotlán'),('69001','Oaxaca','Santiago Huajolotitlán'),('69251','Oaxaca','Santiago Tamazola'),('69251','Oaxaca','San Juan Cieneguilla'),('69251','Oaxaca','Zapotitlán Lagunas'),('69251','Oaxaca','San Juan Ihualtepec'),('69251','Oaxaca','San Nicolás Hidalgo'),('69251','Oaxaca','Guadalupe de Ramírez'),('69251','Oaxaca','San Andrés Tepetlapa'),('69251','Oaxaca','San Miguel Ahuehuetitlán'),('69251','Oaxaca','San Mateo Nejápam'),('69251','Oaxaca','San Juan Bautista Tlachichilco'),('69001','Oaxaca','Tezoatlán de Segura y Luna'),('69251','Oaxaca','Fresnillo de Trujano'),('69001','Oaxaca','Santiago Ayuquililla'),('69001','Oaxaca','San José Ayuquila'),('69251','Oaxaca','San Martín Zacatepec'),('69251','Oaxaca','San Miguel Amatitlán'),('69251','Oaxaca','Mariscala de Juárez'),('69251','Oaxaca','Santa Cruz Tacache de Mina'),('69001','Oaxaca','San Simón Zahuatlán'),('69001','Oaxaca','San Marcos Arteaga'),('69001','Oaxaca','San Jorge Nuchita'),('69001','Oaxaca','Santos Reyes Yucuná'),('69001','Oaxaca','Santo Domingo Tonalá'),('69001','Oaxaca','Santo Domingo Yodohino'),('69511','Oaxaca','San Juan Bautista Coixtlahuaca'),('69511','Oaxaca','Tepelmeme Villa de Morelos'),('69511','Oaxaca','Concepción Buenavista'),('69511','Oaxaca','Santiago Ihuitlán Plumas'),('69511','Oaxaca','Tlacotepec Plumas'),('69511','Oaxaca','San Francisco Teopan'),('69511','Oaxaca','Santa Magdalena Jicotlán'),('69511','Oaxaca','San Mateo Tlapiltepec'),('69511','Oaxaca','San Miguel Tequixtepec'),('69511','Oaxaca','San Miguel Tulancingo'),('69511','Oaxaca','Santiago Tepetlapa'),('69511','Oaxaca','San Cristóbal Suchixtlahuaca'),('69511','Oaxaca','Santa María Nativitas'),('69413','Oaxaca','Silacayoápam'),('69251','Oaxaca','Silacayoápam'),('69251','Oaxaca','Santiago Yucuyachi'),('69251','Oaxaca','San Lorenzo Victoria'),('69001','Oaxaca','San Agustín Atenango'),('69251','Oaxaca','Calihualá'),('69251','Oaxaca','Santa Cruz de Bravo'),('69413','Oaxaca','Ixpantepec Nieves'),('69251','Oaxaca','San Francisco Tlapancingo'),('69413','Oaxaca','Santiago del Río'),('69801','Oaxaca','San Pedro y San Pablo Teposcolula'),('69511','Oaxaca','La Trinidad Vista Hermosa'),('69511','Oaxaca','Villa de Tamazulápam del Progreso'),('69511','Oaxaca','San Pedro Nopala'),('69511','Oaxaca','Teotongo'),('69511','Oaxaca','San Antonio Acutla'),('69511','Oaxaca','Villa Tejúpam de la Unión'),('69601','Oaxaca','Santo Domingo Tonaltepec'),('69511','Oaxaca','Villa de Chilapa de Díaz'),('69801','Oaxaca','San Antonino Monte Verde'),('69511','Oaxaca','San Andrés Lagunas'),('69801','Oaxaca','San Pedro Yucunama'),('69801','Oaxaca','San Juan Teposcolula'),('69601','Oaxaca','San Bartolo Soyaltepec'),('69801','Oaxaca','Santiago Yolomécatl'),('69801','Oaxaca','San Sebastián Nicananduta'),('69601','Oaxaca','Santo Domingo Tlatayápam'),('69801','Oaxaca','Santa María Nduayaco'),('69801','Oaxaca','San Vicente Nuñú'),('69601','Oaxaca','San Pedro Topiltepec'),('69601','Oaxaca','Santiago Nejapilla'),('69601','Oaxaca','Asunción Nochixtlán'),('69601','Oaxaca','San Miguel Huautla'),('69601','Oaxaca','San Miguel Chicahua'),('69601','Oaxaca','Santa María Apazco'),('69601','Oaxaca','Santiago Apoala'),('69601','Oaxaca','Santa María Chachoápam'),('69601','Oaxaca','San Pedro Coxcaltepec Cántaros'),('69601','Oaxaca','Santiago Huauclilla'),('69601','Oaxaca','Santo Domingo Yanhuitlán'),('69601','Oaxaca','San Andrés Sinaxtla'),('69601','Oaxaca','San Juan Yucuita'),('69601','Oaxaca','San Juan Sayultepec'),('69601','Oaxaca','Santiago Tillo'),('69601','Oaxaca','San Francisco Chindúa'),('69601','Oaxaca','San Mateo Etlatongo'),('69601','Oaxaca','Santa Inés de Zaragoza'),('69701','Oaxaca','Santiago Juxtlahuaca'),('69701','Oaxaca','San Miguel Tlacotepec'),('69701','Oaxaca','San Sebastián Tecomaxtlahuaca'),('69001','Oaxaca','Santos Reyes Tepejillo'),('69801','Oaxaca','San Juan Mixtepec -Dto. 08 -'),('69701','Oaxaca','San Martín Peras'),('69701','Oaxaca','Coicoyán de las Flores'),('69801','Oaxaca','Heroica Ciudad de Tlaxiaco'),('69801','Oaxaca','San Juan Ñumí'),('69801','Oaxaca','San Pedro Mártir Yucuxaco'),('69801','Oaxaca','San Martín Huamelúlpam'),('69801','Oaxaca','Santa Cruz Tayata'),('69801','Oaxaca','Santiago Nundiche'),('69801','Oaxaca','Santa María del Rosario'),('69801','Oaxaca','San Juan Achiutla'),('69801','Oaxaca','Santa Catarina Tayata'),('69801','Oaxaca','San Cristóbal Amoltepec'),('69801','Oaxaca','San Miguel Achiutla'),('69801','Oaxaca','San Martín Itunyoso'),('69801','Oaxaca','Magdalena Peñasco'),('69801','Oaxaca','San Bartolomé Yucuañe'),('69801','Oaxaca','Santa Cruz Nundaco'),('69801','Oaxaca','San Agustín Tlacotepec'),('69801','Oaxaca','Santo Tomás Ocotepec'),('69801','Oaxaca','San Antonio Sinicahua'),('71102','Oaxaca','San Mateo Peñasco'),('71102','Oaxaca','Santa María Tataltepec'),('71102','Oaxaca','San Pedro Molinos'),('71102','Oaxaca','Santa María Yosoyúa'),('69801','Oaxaca','San Juan Teita'),('69601','Oaxaca','Magdalena Jaltepec'),('69601','Oaxaca','Magdalena Yodocono de Porfirio Díaz'),('69601','Oaxaca','San Miguel Tecomatlán'),('69601','Oaxaca','Magdalena Zahuatlán'),('69601','Oaxaca','San Francisco Nuxaño'),('69601','Oaxaca','San Pedro Tidaá'),('69601','Oaxaca','San Francisco Jaltepetongo'),('69601','Oaxaca','Santiago Tilantongo'),('69601','Oaxaca','San Juan Diuxi'),('69601','Oaxaca','San Andrés Nuxiño'),('69601','Oaxaca','San Juan Tamazola'),('69601','Oaxaca','Santo Domingo Nuxaá'),('69601','Oaxaca','Yutanduchi de Guerrero'),('69601','Oaxaca','San Pedro Teozacoalco'),('69601','Oaxaca','San Miguel Piedras'),('69601','Oaxaca','San Mateo Sindihui'),('70001','Oaxaca','Juchitán de Zaragoza'),('70151','Oaxaca','Juchitán de Zaragoza'),('70111','Oaxaca','Ciudad Ixtepec'),('70001','Oaxaca','El Espinal'),('70001','Oaxaca','Santo Domingo Ingenio'),('70001','Oaxaca','Santa María Xadani'),('70162','Oaxaca','Santiago Niltepec'),('70001','Oaxaca','San Dionisio del Mar'),('70001','Oaxaca','Asunción Ixtaltepec'),('70301','Oaxaca','Asunción Ixtaltepec'),('70162','Oaxaca','San Francisco del Mar'),('70151','Oaxaca','Unión Hidalgo'),('70001','Oaxaca','San Miguel Chimalapa'),('70162','Oaxaca','Santo Domingo Zanatepec'),('70162','Oaxaca','Reforma de Pineda'),('70176','Oaxaca','San Francisco Ixhuatán'),('70181','Oaxaca','San Pedro Tapanatepec'),('70191','Oaxaca','Chahuites'),('70285','Oaxaca','Santiago Zacatepec'),('70285','Oaxaca','Santo Domingo Tepuxtepec'),('70285','Oaxaca','San Juan Cotzocón'),('70214','Oaxaca','San Juan Cotzocón'),('70301','Oaxaca','San Juan Cotzocón'),('70301','Oaxaca','San Juan Mazatlán'),('70214','Oaxaca','San Juan Mazatlán'),('70285','Oaxaca','Totontepec Villa de Morelos'),('68802','Oaxaca','Mixistlán de la Reforma'),('70285','Oaxaca','Santa María Tlahuitoltepec'),('70285','Oaxaca','Santa María Alotepec'),('70285','Oaxaca','Santiago Atitlán'),('70285','Oaxaca','Tamazulápam del Espíritu Santo'),('70285','Oaxaca','San Pedro y San Pablo Ayutla'),('70285','Oaxaca','Santa María Tepantlali'),('70285','Oaxaca','San Miguel Quetzaltepec'),('70285','Oaxaca','Asunción Cacalotepec'),('70285','Oaxaca','San Pedro Ocotepec'),('70285','Oaxaca','San Lucas Camotlán'),('70111','Oaxaca','Santiago Ixcuintepec'),('70301','Oaxaca','Matías Romero Avendaño'),('70316','Oaxaca','Matías Romero Avendaño'),('70301','Oaxaca','San Juan Guichicovi'),('70316','Oaxaca','San Juan Guichicovi'),('70381','Oaxaca','Santo Domingo Petapa'),('70001','Oaxaca','Santa María Chimalapa'),('70381','Oaxaca','Santa María Petapa'),('70381','Oaxaca','El Barrio de la Soledad'),('70401','Oaxaca','Tlacolula de Matamoros'),('70401','Oaxaca','San Sebastián Abasolo'),('70401','Oaxaca','Villa Díaz Ordaz'),('68081','Oaxaca','Santa María Guelacé'),('70401','Oaxaca','Teotitlán del Valle'),('70401','Oaxaca','San Francisco Lachigoló'),('68081','Oaxaca','San Sebastián Teitipac'),('70401','Oaxaca','Santa Ana del Valle'),('70438','Oaxaca','San Pablo Villa de Mitla'),('70401','Oaxaca','Santiago Matatlán'),('70438','Oaxaca','Santo Domingo Albarradas'),('68081','Oaxaca','Rojas de Cuauhtémoc'),('68081','Oaxaca','San Juan Teitipac'),('70401','Oaxaca','Santa Cruz Papalutla'),('70401','Oaxaca','Magdalena Teitipac'),('68081','Oaxaca','San Jerónimo Tlacochahuaya'),('70401','Oaxaca','San Jerónimo Tlacochahuaya'),('70401','Oaxaca','San Juan Guelavía'),('70401','Oaxaca','San Lucas Quiaviní'),('70438','Oaxaca','San Juan del Río'),('70401','Oaxaca','San Bartolomé Quialana'),('70438','Oaxaca','San Lorenzo Albarradas'),('70401','Oaxaca','San Pedro Totolápam'),('68001','Oaxaca','San Pedro Quiatoni'),('70401','Oaxaca','Santa María Zoquitlán'),('70401','Oaxaca','San Dionisio Ocotepec'),('70501','Oaxaca','San Carlos Yautepec'),('70285','Oaxaca','San Juan Juquila Mixes'),('70535','Oaxaca','Nejapa de Madero'),('70712','Oaxaca','Santa Ana Tavela'),('70712','Oaxaca','San Juan Lajarcia'),('70712','Oaxaca','San Bartolo Yautepec'),('70535','Oaxaca','Santa María Ecatepec'),('70712','Oaxaca','Santa María Ecatepec'),('70712','Oaxaca','Asunción Tlacolulita'),('70501','Oaxaca','San Pedro Mártir Quiechapa'),('70712','Oaxaca','Santa María Quiegolani'),('70804','Oaxaca','Santa Catarina Quioquitani'),('70501','Oaxaca','Santa Catalina Quierí'),('70601','Oaxaca','Salina Cruz'),('70712','Oaxaca','Santiago Lachiguiri'),('70712','Oaxaca','Santa María Jalapa del Marqués'),('70712','Oaxaca','Santa María Totolapilla'),('70111','Oaxaca','Santiago Laollaga'),('70111','Oaxaca','Guevea de Humboldt'),('70111','Oaxaca','Santo Domingo Chihuitán'),('70111','Oaxaca','Santa María Guienagati'),('70712','Oaxaca','Magdalena Tequisistlán'),('70535','Oaxaca','Magdalena Tequisistlán'),('70111','Oaxaca','Magdalena Tlacotepec'),('70001','Oaxaca','San Pedro Comitancillo'),('70761','Oaxaca','Santa María Mixtequilla'),('70761','Oaxaca','Santo Domingo Tehuantepec'),('70601','Oaxaca','Santo Domingo Tehuantepec'),('70601','Oaxaca','San Pedro Huamelula'),('70601','Oaxaca','San Pedro Huilotepec'),('70761','Oaxaca','San Mateo del Mar'),('70761','Oaxaca','Heroica Villa de San Blas Atempa'),('70601','Oaxaca','Santiago Astata'),('70761','Oaxaca','San Miguel Tenango'),('70804','Oaxaca','Miahuatlán de Porfirio Díaz'),('70804','Oaxaca','San Nicolás'),('70804','Oaxaca','San Simón Almolongas'),('70804','Oaxaca','San Luis Amatlán'),('70804','Oaxaca','San José Lachiguiri'),('70804','Oaxaca','Sitio de Xitlapehua'),('70804','Oaxaca','San Francisco Logueche'),('70804','Oaxaca','Santa Ana'),('70804','Oaxaca','Santa Cruz Xitla'),('70804','Oaxaca','Monjas'),('70804','Oaxaca','San Ildefonso Amatlán'),('70804','Oaxaca','Santa Catarina Cuixtla'),('70804','Oaxaca','San José del Peñasco'),('70804','Oaxaca','San Cristóbal Amatlán'),('70804','Oaxaca','San Juan Mixtepec -Dto. 26 -'),('70804','Oaxaca','San Pedro Mixtepec -Dto. 26 -'),('70804','Oaxaca','Santa Lucía Miahuatlán'),('71981','Oaxaca','San Jerónimo Coatlán'),('70804','Oaxaca','San Jerónimo Coatlán'),('70804','Oaxaca','San Sebastián Coatlán'),('70804','Oaxaca','San Pablo Coatlán'),('70804','Oaxaca','San Mateo Río Hondo'),('70804','Oaxaca','Santo Tomás Tamazulapan'),('70804','Oaxaca','San Andrés Paxtlán'),('70804','Oaxaca','Santa María Ozolotepec'),('70804','Oaxaca','San Miguel Coatlán'),('70804','Oaxaca','San Sebastián Río Hondo'),('70804','Oaxaca','San Miguel Suchixtepec'),('70804','Oaxaca','Santo Domingo Ozolotepec'),('70804','Oaxaca','San Francisco Ozolotepec'),('70983','Oaxaca','Santiago Xanica'),('70804','Oaxaca','San Marcial Ozolotepec'),('70804','Oaxaca','San Juan Ozolotepec'),('70901','Oaxaca','San Pedro Pochutla'),('70901','Oaxaca','Santo Domingo de Morelos'),('70804','Oaxaca','Santa Catarina Loxicha'),('70804','Oaxaca','San Agustín Loxicha'),('70804','Oaxaca','San Baltazar Loxicha'),('71981','Oaxaca','Santa María Colotepec'),('70804','Oaxaca','San Bartolomé Loxicha'),('70901','Oaxaca','Santa María Tonameca'),('70901','Oaxaca','Candelaria Loxicha'),('70901','Oaxaca','Pluma Hidalgo'),('71201','Oaxaca','San Pedro el Alto'),('70901','Oaxaca','San Mateo Piñas'),('70983','Oaxaca','Santa María Huatulco'),('70986','Oaxaca','Santa María Huatulco'),('70901','Oaxaca','San Miguel del Puerto'),('71008','Oaxaca','Putla Villa de Guerrero'),('71008','Oaxaca','Constancia del Rosario'),('71008','Oaxaca','Mesones Hidalgo'),('71008','Oaxaca','Santa María Zacatepec'),('71611','Oaxaca','San Pedro Amuzgos'),('71008','Oaxaca','La Reforma'),('71008','Oaxaca','Santa María Ipalapa'),('71102','Oaxaca','Chalcatongo de Hidalgo'),('69801','Oaxaca','Santa María Yucuhiti'),('69801','Oaxaca','San Esteban Atatlahuca'),('71102','Oaxaca','San Esteban Atatlahuca'),('71102','Oaxaca','Santa Catarina Ticuá'),('69801','Oaxaca','Santiago Nuyoó'),('71102','Oaxaca','Santa Catarina Yosonotú'),('71102','Oaxaca','San Miguel el Grande'),('71102','Oaxaca','Santo Domingo Ixcatlán'),('71102','Oaxaca','San Pablo Tijaltepec'),('71102','Oaxaca','Santa Cruz Tacahua'),('71102','Oaxaca','Santa Lucía Monteverde'),('71102','Oaxaca','San Andrés Cabecera Nueva'),('71102','Oaxaca','Santa María Yolotepec'),('71102','Oaxaca','Santiago Yosondúa'),('71102','Oaxaca','Santa Cruz Itundujia'),('71008','Oaxaca','Santa Cruz Itundujia'),('71201','Oaxaca','Zimatlán de Álvarez'),('71311','Oaxaca','Zimatlán de Álvarez'),('71201','Oaxaca','San Bernardo Mixtepec'),('71201','Oaxaca','Santa Cruz Mixtepec'),('71201','Oaxaca','San Miguel Mixtepec'),('68005','Oaxaca','Santa María Atzompa'),('68001','Oaxaca','San Andrés Ixtlahuaca'),('68005','Oaxaca','Santa Cruz Amilpas'),('68005','Oaxaca','Santa Cruz Xoxocotlán'),('68005','Oaxaca','Santa Lucía del Camino'),('68005','Oaxaca','San Pedro Ixtlahuaca'),('68091','Oaxaca','San Pedro Ixtlahuaca'),('68005','Oaxaca','San Antonio de la Cal'),('68005','Oaxaca','San Agustín de las Juntas'),('71201','Oaxaca','San Pablo Huixtepec'),('68005','Oaxaca','Ánimas Trujano'),('71411','Oaxaca','San Jacinto Tlacotepec'),('71311','Oaxaca','San Raymundo Jalpan'),('68005','Oaxaca','San Raymundo Jalpan'),('71311','Oaxaca','Trinidad Zaachila'),('68131','Oaxaca','Santa María Coyotepec'),('68131','Oaxaca','San Bartolo Coyotepec'),('71201','Oaxaca','San Bartolo Coyotepec'),('71201','Oaxaca','Santa Inés Yatzeche'),('71201','Oaxaca','Ciénega de Zimatlán'),('71311','Oaxaca','San Antonio Huitepec'),('71311','Oaxaca','Villa de Zaachila'),('68131','Oaxaca','Villa de Zaachila'),('68005','Oaxaca','San Sebastián Tutla'),('71311','Oaxaca','San Miguel Peras'),('71311','Oaxaca','San Pablo Cuatro Venados'),('71311','Oaxaca','Santa Inés del Monte'),('71201','Oaxaca','Santa Gertrudis'),('71201','Oaxaca','San Antonino el Alto'),('71201','Oaxaca','Magdalena Mixtepec'),('71201','Oaxaca','Santa Catarina Quiané'),('71201','Oaxaca','Ayoquezco de Aldama'),('71201','Oaxaca','Santa Ana Tlapacoyan'),('68001','Oaxaca','Santa Cruz Zenzontepec'),('68001','Oaxaca','San Francisco Cahuacuá'),('71102','Oaxaca','San Mateo Yucutindoo'),('71411','Oaxaca','Santiago Textitlán'),('71102','Oaxaca','Santiago Amoltepec'),('71411','Oaxaca','Santa María Zaniza'),('68001','Oaxaca','Santo Domingo Teojomulco'),('68005','Oaxaca','Cuilápam de Guerrero'),('71411','Oaxaca','Villa Sola de Vega'),('71411','Oaxaca','Santa María Lachixío'),('71411','Oaxaca','San Vicente Lachixío'),('71411','Oaxaca','San Lorenzo Texmelúcan'),('71411','Oaxaca','Santa María Sola'),('71411','Oaxaca','San Francisco Sola'),('71411','Oaxaca','San Ildefonso Sola'),('71411','Oaxaca','Santiago Minas'),('71501','Oaxaca','Heroica Ciudad de Ejutla de Crespo'),('71511','Oaxaca','San Martín Tilcajete'),('71511','Oaxaca','Santo Tomás Jalieza'),('71511','Oaxaca','San Juan Chilateca'),('71511','Oaxaca','Ocotlán de Morelos'),('71511','Oaxaca','Santa Ana Zegache'),('71511','Oaxaca','Santiago Apóstol'),('71511','Oaxaca','San Antonino Castillo Velasco'),('71511','Oaxaca','Asunción Ocotlán'),('71511','Oaxaca','San Pedro Mártir'),('71511','Oaxaca','San Dionisio Ocotlán'),('71511','Oaxaca','Magdalena Ocotlán'),('71511','Oaxaca','San Miguel Tilquiápam'),('71511','Oaxaca','Santa Catarina Minas'),('71511','Oaxaca','San Baltazar Chichicápam'),('71511','Oaxaca','San Pedro Apóstol'),('71511','Oaxaca','Santa Lucía Ocotlán'),('71511','Oaxaca','San Jerónimo Taviche'),('71201','Oaxaca','San Andrés Zabache'),('71511','Oaxaca','San José del Progreso'),('71511','Oaxaca','Yaxe'),('71511','Oaxaca','San Pedro Taviche'),('71511','Oaxaca','San Martín de los Cansecos'),('71501','Oaxaca','San Martín Lachilá'),('71501','Oaxaca','La Pe'),('71501','Oaxaca','La Compañía'),('71501','Oaxaca','Coatecas Altas'),('71501','Oaxaca','San Juan Lachigalla'),('71501','Oaxaca','San Agustín Amatengo'),('71501','Oaxaca','Taniche'),('71501','Oaxaca','San Miguel Ejutla'),('71501','Oaxaca','Yogana'),('71501','Oaxaca','San Vicente Coatlán'),('71601','Oaxaca','Santiago Pinotepa Nacional'),('71611','Oaxaca','San Juan Cacahuatepec'),('71601','Oaxaca','San Juan Bautista Lo de Soto'),('71601','Oaxaca','Mártires de Tacubaya'),('71611','Oaxaca','San Sebastián Ixcapa'),('71601','Oaxaca','San Antonio Tepetlapa'),('71601','Oaxaca','Santa María Cortijo'),('71601','Oaxaca','Santiago Llano Grande'),('71611','Oaxaca','San Miguel Tlacamama'),('71601','Oaxaca','Santiago Tapextla'),('71601','Oaxaca','San José Estancia Grande'),('71601','Oaxaca','Santo Domingo Armenta'),('71701','Oaxaca','Santiago Jamiltepec'),('71601','Oaxaca','San Pedro Atoyac'),('71601','Oaxaca','San Juan Colorado'),('71701','Oaxaca','Santiago Ixtayutla'),('71601','Oaxaca','San Pedro Jicayán'),('71601','Oaxaca','Pinotepa de Don Luis'),('71701','Oaxaca','San Lorenzo'),('71701','Oaxaca','San Agustín Chayuco'),('71601','Oaxaca','San Andrés Huaxpaltepec'),('71701','Oaxaca','Santa Catarina Mechoacán'),('71701','Oaxaca','Santiago Tetepec'),('71601','Oaxaca','Santa María Huazolotitlán'),('71811','Oaxaca','Villa de Tututepec'),('71832','Oaxaca','Villa de Tututepec'),('71811','Oaxaca','Tataltepec de Valdés'),('71902','Oaxaca','San Juan Quiahije'),('71902','Oaxaca','San Miguel Panixtlahuaca'),('71902','Oaxaca','Santa Catarina Juquila'),('71411','Oaxaca','San Pedro Juchatengo'),('71902','Oaxaca','Santiago Yaitepec'),('71981','Oaxaca','San Juan Lachao'),('71981','Oaxaca','Santa María Temaxcaltepec'),('71981','Oaxaca','Santos Reyes Nopala'),('71981','Oaxaca','San Gabriel Mixtepec'),('71981','Oaxaca','San Pedro Mixtepec -Dto. 22 -'),('72091','Puebla','Puebla'),('72261','Puebla','Puebla'),('72431','Puebla','Puebla'),('72471','Puebla','Puebla'),('72761','Puebla','Tlaltenango'),('72761','Puebla','San Miguel Xoxtla'),('72761','Puebla','Juan C. Bonilla'),('72761','Puebla','Coronango'),('72761','Puebla','Cuautlancingo'),('72761','Puebla','San Pedro Cholula'),('72761','Puebla','San Andrés Cholula'),('72761','Puebla','Ocoyucan'),('72981','Puebla','Puebla'),('72981','Puebla','Amozoc'),('73041','Puebla','Francisco Z. Mena'),('73041','Puebla','Pantepec'),('73041','Puebla','Venustiano Carranza'),('73081','Puebla','Jalpan'),('73081','Puebla','Tlaxco'),('73081','Puebla','Tlacuilotepec'),('73081','Puebla','Xicotepec'),('73102','Puebla','Pahuatlán'),('73102','Puebla','Honey'),('73171','Puebla','Naupan'),('73171','Puebla','Huauchinango'),('73171','Puebla','Ahuazotepec'),('73179','Puebla','Juan Galindo'),('73179','Puebla','Tlaola'),('73179','Puebla','Zihuateutla'),('73179','Puebla','Jopala'),('73179','Puebla','Tlapacoya'),('73291','Puebla','Chignahuapan'),('73311','Puebla','Zacatlán'),('73311','Puebla','Chiconcuautla'),('73311','Puebla','Ahuacatlán'),('73311','Puebla','Tepetzintla'),('73311','Puebla','San Felipe Tepatlán'),('73311','Puebla','Amixtlán'),('73311','Puebla','Tepango de Rodríguez'),('73311','Puebla','Zongozotla'),('73311','Puebla','Hermenegildo Galeana'),('73311','Puebla','Olintla'),('73311','Puebla','Coatepec'),('73311','Puebla','Camocuautla'),('73561','Puebla','Hueytlalpan'),('73561','Puebla','Zapotitlán de Méndez'),('73561','Puebla','Huitzilan de Serdán'),('73561','Puebla','Xochitlán de Vicente Suárez'),('73561','Puebla','Huehuetla'),('73561','Puebla','Ixtepec'),('73561','Puebla','Atlequizayan'),('73561','Puebla','Tenampulco'),('73561','Puebla','Tuzamapan de Galeana'),('73561','Puebla','Caxhuacan'),('73561','Puebla','Jonotla'),('73561','Puebla','Zoquiapan'),('73561','Puebla','Nauzontla'),('73561','Puebla','Cuetzalan del Progreso'),('73582','Puebla','Ayotoxco de Guerrero'),('73582','Puebla','Hueytamalco'),('73582','Puebla','Acateno'),('73682','Puebla','Cuautempan'),('73682','Puebla','Aquixtla'),('73682','Puebla','Tetela de Ocampo'),('73682','Puebla','Xochiapulco'),('73682','Puebla','Zacapoaxtla'),('73701','Puebla','Zaragoza'),('73781','Puebla','Ixtacamaxtitlán'),('73781','Puebla','Zautla'),('73781','Puebla','Ocotepec'),('73781','Puebla','Libres'),('73801','Puebla','Teziutlán'),('73901','Puebla','Tlatlauquitepec'),('73901','Puebla','Yaonáhuac'),('73901','Puebla','Hueyapan'),('73901','Puebla','Teteles de Ávila Castillo'),('73901','Puebla','Atempan'),('73801','Puebla','Chignautla'),('73801','Puebla','Xiutetelco'),('73801','Puebla','Cuyoaco'),('73801','Puebla','Tepeyahualco'),('74001','Puebla','San Martín Texmelucan'),('74001','Puebla','Tlahuapan'),('74001','Puebla','San Matías Tlalancaleca'),('74001','Puebla','San Salvador el Verde'),('74001','Puebla','San Felipe Teotlalcingo'),('74001','Puebla','Chiautzingo'),('74164','Puebla','Huejotzingo'),('74164','Puebla','Domingo Arenas'),('74164','Puebla','Calpan'),('74164','Puebla','San Nicolás de los Ranchos'),('74231','Puebla','Atlixco'),('74231','Puebla','Nealtican'),('74231','Puebla','San Jerónimo Tecuanipan'),('74231','Puebla','San Gregorio Atzompa'),('74231','Puebla','Tochimilco'),('74231','Puebla','Tianguismanalco'),('74231','Puebla','Santa Isabel Cholula'),('74231','Puebla','Huaquechula'),('74231','Puebla','San Diego la Mesa Tochimiltzingo'),('74401','Puebla','Tepeojuma'),('74401','Puebla','Izúcar de Matamoros'),('74401','Puebla','Atzitzihuacán'),('74401','Puebla','Acteopan'),('74401','Puebla','Cohuecan'),('74401','Puebla','Tepemaxalco'),('74401','Puebla','Tlapanalá'),('74401','Puebla','Tepexco'),('74401','Puebla','Tilapa'),('74583','Puebla','Chietla'),('74583','Puebla','Atzala'),('74583','Puebla','Teopantlán'),('74583','Puebla','San Martín Totoltepec'),('74583','Puebla','Xochiltepec'),('74583','Puebla','Epatlán'),('74583','Puebla','Ahuatlán'),('74583','Puebla','Coatzingo'),('74583','Puebla','Santa Catarina Tlaltempan'),('74583','Puebla','Chigmecatitlán'),('74583','Puebla','Zacapala'),('74583','Puebla','Tepexi de Rodríguez'),('74583','Puebla','Teotlalco'),('74583','Puebla','Jolalpan'),('74731','Puebla','Huehuetlán el Chico'),('74731','Puebla','Chiautla'),('74731','Puebla','Cohetzala'),('74731','Puebla','Xicotlán'),('74731','Puebla','Chila de la Sal'),('74731','Puebla','Ixcamilpa de Guerrero'),('74791','Puebla','Albino Zertuche'),('74791','Puebla','Tulcingo'),('74801','Puebla','Tehuitzingo'),('74801','Puebla','Cuayuca de Andrade'),('74801','Puebla','Santa Inés Ahuatempan'),('74801','Puebla','Axutla'),('74801','Puebla','Chinantla'),('74801','Puebla','Ahuehuetitla'),('74801','Puebla','San Pablo Anicano'),('74801','Puebla','Tecomatlán'),('74801','Puebla','Piaxtla'),('74801','Puebla','Guadalupe'),('74901','Puebla','Ixcaquixtla'),('74901','Puebla','Coyotepec'),('74948','Puebla','Xayacatlán de Bravo'),('74948','Puebla','Totoltepec de Guerrero'),('74948','Puebla','Acatlán'),('74948','Puebla','San Jerónimo Xayacatlán'),('74948','Puebla','San Pedro Yeloixtlahuaca'),('74948','Puebla','Petlalcingo'),('74948','Puebla','San Miguel Ixitlán'),('74948','Puebla','Chila'),('75001','Puebla','Rafael Lara Grajales'),('75001','Puebla','San José Chiapa'),('75001','Puebla','Oriental'),('75001','Puebla','San Nicolás Buenos Aires'),('75041','Puebla','Guadalupe Victoria'),('75041','Puebla','Tlachichuca'),('75041','Puebla','Lafragua'),('75041','Puebla','Chilchotla'),('75041','Puebla','Quimixtlán'),('75041','Puebla','Chichiquila'),('75111','Puebla','Tepatlaxco de Hidalgo'),('75111','Puebla','Acajete'),('75111','Puebla','Nopalucan'),('75152','Puebla','Mazapiltepec de Juárez'),('75152','Puebla','Soltepec'),('75152','Puebla','Acatzingo'),('75161','Puebla','San Salvador el Seco'),('75161','Puebla','General Felipe Ángeles'),('75161','Puebla','Aljojuca'),('75161','Puebla','San Juan Atenco'),('75201','Puebla','Tepeaca'),('75201','Puebla','Cuautinchán'),('75201','Puebla','Tecali de Herrera'),('75201','Puebla','Mixtla'),('75201','Puebla','Santo Tomás Hueyotlipan'),('75201','Puebla','Tzicatlacoyan'),('75201','Puebla','Huehuetlán el Grande'),('75201','Puebla','La Magdalena Tlatlauquitepec'),('75201','Puebla','San Juan Atzompa'),('75201','Puebla','Huatlatlauca'),('75201','Puebla','Los Reyes de Juárez'),('75201','Puebla','Cuapiaxtla de Madero'),('75201','Puebla','San Salvador Huixcolotla'),('75481','Puebla','Quecholac'),('75481','Puebla','Tecamachalco'),('75481','Puebla','Palmar de Bravo'),('75521','Puebla','Chalchicomula de Sesma'),('75521','Puebla','Atzitzintla'),('75521','Puebla','Esperanza'),('75521','Puebla','Cañada Morelos'),('75682','Puebla','Tlanepantla'),('75682','Puebla','Tochtepec'),('75682','Puebla','Atoyatempan'),('75682','Puebla','Tepeyahualco de Cuauhtémoc'),('75682','Puebla','Huitziltepec'),('75682','Puebla','Molcaxac'),('75682','Puebla','Xochitlán Todos Santos'),('75682','Puebla','Yehualtepec'),('75682','Puebla','Tlacotepec de Benito Juárez'),('75682','Puebla','Juan N. Méndez'),('75701','Puebla','Tehuacán'),('75701','Puebla','Tepanco de López'),('75701','Puebla','Chapulco'),('75701','Puebla','Santiago Miahuatlán'),('75701','Puebla','Nicolás Bravo'),('75701','Puebla','Atexcal'),('75701','Puebla','San Antonio Cañada'),('75701','Puebla','Zapotitlán'),('75701','Puebla','San Gabriel Chilac'),('75701','Puebla','Caltepec'),('75701','Puebla','Vicente Guerrero'),('75911','Puebla','Ajalpan'),('75911','Puebla','Eloxochitlán'),('75911','Puebla','Zoquitlán'),('75911','Puebla','San Sebastián Tlacotepec'),('75911','Puebla','Altepexi'),('75911','Puebla','Zinacatepec'),('75911','Puebla','San José Miahuatlán'),('75911','Puebla','Coxcatlán'),('75911','Puebla','Coyomeapan'),('76022','Querétaro','Querétaro'),('76201','Querétaro','Querétaro'),('76132','Querétaro','Querétaro'),('76222','Querétaro','Querétaro'),('76061','Querétaro','El Marqués'),('76271','Querétaro','Colón'),('76061','Querétaro','Colón'),('76301','Querétaro','Pinal de Amoles'),('76343','Querétaro','Jalpan de Serra'),('76343','Querétaro','Landa de Matamoros'),('76343','Querétaro','Arroyo Seco'),('76451','Querétaro','Peñamiller'),('76511','Querétaro','Cadereyta de Montes'),('76511','Querétaro','San Joaquín'),('76601','Querétaro','Tolimán'),('76652','Querétaro','Ezequiel Montes'),('76511','Querétaro','Ezequiel Montes'),('76701','Querétaro','Pedro Escobedo'),('76751','Querétaro','Tequisquiapan'),('76811','Querétaro','San Juan del Río'),('76852','Querétaro','Amealco de Bonfil'),('76901','Querétaro','Corregidora'),('76201','Querétaro','Corregidora'),('76959','Querétaro','Huimilpan'),('76201','Querétaro','Huimilpan'),('77001','Quintana Roo','Othón P. Blanco'),('77201','Quintana Roo','Felipe Carrillo Puerto'),('77301','Quintana Roo','Lázaro Cárdenas'),('77401','Quintana Roo','Isla Mujeres'),('77501','Quintana Roo','Isla Mujeres'),('77501','Quintana Roo','Benito Juárez'),('77581','Quintana Roo','Puerto Morelos'),('77601','Quintana Roo','Cozumel'),('77711','Quintana Roo','Solidaridad'),('77732','Quintana Roo','Solidaridad'),('77761','Quintana Roo','Tulum'),('77891','Quintana Roo','José María Morelos'),('77931','Quintana Roo','Bacalar'),('77982','Quintana Roo','Othón P. Blanco'),('78001','San Luis Potosí','San Luis Potosí'),('78141','San Luis Potosí','San Luis Potosí'),('78211','San Luis Potosí','San Luis Potosí'),('78343','San Luis Potosí','San Luis Potosí'),('78422','San Luis Potosí','San Luis Potosí'),('78482','San Luis Potosí','San Luis Potosí'),('78431','San Luis Potosí','Soledad de Graciano Sánchez'),('78001','San Luis Potosí','Soledad de Graciano Sánchez'),('78343','San Luis Potosí','Soledad de Graciano Sánchez'),('78001','San Luis Potosí','Cerro de San Pedro'),('78343','San Luis Potosí','Cerro de San Pedro'),('78482','San Luis Potosí','Ahualulco del Sonido 13'),('78482','San Luis Potosí','Mexquitic de Carmona'),('78211','San Luis Potosí','Villa de Arriaga'),('78521','San Luis Potosí','Vanegas'),('78521','San Luis Potosí','Cedral'),('78541','San Luis Potosí','Catorce'),('78521','San Luis Potosí','Catorce'),('78591','San Luis Potosí','Charcas'),('78621','San Luis Potosí','Salinas'),('78591','San Luis Potosí','Santo Domingo'),('78621','San Luis Potosí','Villa de Ramos'),('78701','San Luis Potosí','Matehuala'),('78701','San Luis Potosí','Villa de la Paz'),('78701','San Luis Potosí','Villa de Guadalupe'),('78431','San Luis Potosí','Guadalcázar'),('78591','San Luis Potosí','Moctezuma'),('78591','San Luis Potosí','Venado'),('78431','San Luis Potosí','Villa de Arista'),('78431','San Luis Potosí','Villa Hidalgo'),('79402','San Luis Potosí','Villa Hidalgo'),('78001','San Luis Potosí','Armadillo de los Infante'),('79001','San Luis Potosí','Ciudad Valles'),('79163','San Luis Potosí','Ebano'),('79201','San Luis Potosí','Tamuín'),('79311','San Luis Potosí','El Naranjo'),('79321','San Luis Potosí','Ciudad del Maíz'),('79381','San Luis Potosí','Alaquines'),('79381','San Luis Potosí','Cárdenas'),('79402','San Luis Potosí','Cerritos'),('78431','San Luis Potosí','Cerritos'),('79402','San Luis Potosí','Villa Juárez'),('78001','San Luis Potosí','San Nicolás Tolentino'),('79402','San Luis Potosí','San Nicolás Tolentino'),('79611','San Luis Potosí','San Nicolás Tolentino'),('79501','San Luis Potosí','Villa de Reyes'),('78343','San Luis Potosí','Villa de Reyes'),('78001','San Luis Potosí','Zaragoza'),('79561','San Luis Potosí','Santa María del Río'),('79561','San Luis Potosí','Tierra Nueva'),('79611','San Luis Potosí','Rioverde'),('79611','San Luis Potosí','Ciudad Fernández'),('79611','San Luis Potosí','San Ciro de Acosta'),('79001','San Luis Potosí','Tamasopo'),('79741','San Luis Potosí','Rayón'),('79001','San Luis Potosí','Aquismón'),('79611','San Luis Potosí','Lagunillas'),('79381','San Luis Potosí','Lagunillas'),('79741','San Luis Potosí','Santa Catarina'),('79801','San Luis Potosí','Tancanhuitz'),('79001','San Luis Potosí','Tanlajás'),('79801','San Luis Potosí','San Vicente Tancuayalab'),('79862','San Luis Potosí','San Antonio'),('79801','San Luis Potosí','Tanquián de Escobedo'),('79001','San Luis Potosí','Tanquián de Escobedo'),('79862','San Luis Potosí','Tampamolón Corona'),('79801','San Luis Potosí','Tampamolón Corona'),('79862','San Luis Potosí','Coxcatlán'),('79801','San Luis Potosí','Huehuetlán'),('79902','San Luis Potosí','Huehuetlán'),('79902','San Luis Potosí','Xilitla'),('79001','San Luis Potosí','Xilitla'),('79961','San Luis Potosí','Axtla de Terrazas'),('79961','San Luis Potosí','Tampacán'),('79961','San Luis Potosí','San Martín Chalchicuautla'),('79961','San Luis Potosí','Tamazunchale'),('79961','San Luis Potosí','Matlapa'),('80001','Sinaloa','Culiacán'),('80011','Sinaloa','Culiacán'),('80005','Sinaloa','Culiacán'),('80307','Sinaloa','Culiacán'),('80321','Sinaloa','Navolato'),('81601','Sinaloa','Navolato'),('80307','Sinaloa','Navolato'),('80001','Sinaloa','Navolato'),('80379','Sinaloa','Navolato'),('80401','Sinaloa','Culiacán'),('80456','Sinaloa','Culiacán'),('80379','Sinaloa','Culiacán'),('80321','Sinaloa','Culiacán'),('80501','Sinaloa','Badiraguato'),('80001','Sinaloa','Badiraguato'),('80701','Sinaloa','Cosalá'),('80801','Sinaloa','Mocorito'),('80001','Sinaloa','Mocorito'),('80321','Sinaloa','Mocorito'),('81601','Sinaloa','Mocorito'),('81001','Sinaloa','Guasave'),('81145','Sinaloa','Guasave'),('81111','Sinaloa','Guasave'),('81126','Sinaloa','Guasave'),('81125','Sinaloa','Guasave'),('81982','Sinaloa','Guasave'),('81146','Sinaloa','Guasave'),('81201','Sinaloa','Ahome'),('81313','Sinaloa','Ahome'),('81301','Sinaloa','Ahome'),('81331','Sinaloa','Ahome'),('81342','Sinaloa','Ahome'),('81371','Sinaloa','Ahome'),('81111','Sinaloa','Ahome'),('81402','Sinaloa','Salvador Alvarado'),('81601','Sinaloa','Angostura'),('81701','Sinaloa','Choix'),('81201','Sinaloa','El Fuerte'),('81821','Sinaloa','El Fuerte'),('81342','Sinaloa','El Fuerte'),('81911','Sinaloa','Sinaloa'),('81982','Sinaloa','Sinaloa'),('81125','Sinaloa','Sinaloa'),('81126','Sinaloa','Sinaloa'),('81145','Sinaloa','Sinaloa'),('82001','Sinaloa','Mazatlán'),('82181','Sinaloa','Mazatlán'),('82401','Sinaloa','Escuinapa'),('82561','Sinaloa','Escuinapa'),('82602','Sinaloa','Concordia'),('82181','Sinaloa','Concordia'),('82701','Sinaloa','Elota'),('80701','Sinaloa','Elota'),('82801','Sinaloa','Rosario'),('82181','Sinaloa','Rosario'),('82911','Sinaloa','San Ignacio'),('82001','Sinaloa','San Ignacio'),('34691','Sinaloa','San Ignacio'),('82701','Sinaloa','San Ignacio'),('83191','Sonora','Hermosillo'),('83101','Sonora','Hermosillo'),('83131','Sonora','Hermosillo'),('83181','Sonora','Hermosillo'),('83241','Sonora','Hermosillo'),('83291','Sonora','Hermosillo'),('83345','Sonora','Hermosillo'),('83341','Sonora','Hermosillo'),('83191','Sonora','San Miguel de Horcasitas'),('83191','Sonora','Carbó'),('83401','Sonora','San Luis Río Colorado'),('21724','Sonora','San Luis Río Colorado'),('83551','Sonora','Puerto Peñasco'),('83571','Sonora','General Plutarco Elías Calles'),('83601','Sonora','Caborca'),('83601','Sonora','Altar'),('83601','Sonora','Tubutama'),('83601','Sonora','Atil'),('83601','Sonora','Oquitoa'),('83601','Sonora','Sáric'),('84604','Sonora','Benjamín Hill'),('84604','Sonora','Trincheras'),('83601','Sonora','Pitiquito'),('83345','Sonora','Pitiquito'),('83341','Sonora','Pitiquito'),('83191','Sonora','Pitiquito'),('84001','Sonora','Nogales'),('84121','Sonora','Imuris'),('84001','Sonora','Santa Cruz'),('84162','Sonora','Magdalena'),('84181','Sonora','Naco'),('84201','Sonora','Agua Prieta'),('84331','Sonora','Fronteras'),('84341','Sonora','Nacozari de García'),('84201','Sonora','Bavispe'),('84561','Sonora','Bavispe'),('84341','Sonora','Bavispe'),('84201','Sonora','Bacerac'),('84201','Sonora','Huachinera'),('84531','Sonora','Nácori Chico'),('84461','Sonora','Granados'),('84561','Sonora','Bacadéhuachi'),('84501','Sonora','Cumpas'),('84531','Sonora','Huásabas'),('84561','Sonora','Moctezuma'),('84561','Sonora','Villa Hidalgo'),('84604','Sonora','Santa Ana'),('84621','Sonora','Cananea'),('84642','Sonora','Arizpe'),('84162','Sonora','Cucurpe'),('84621','Sonora','Bacoachi'),('83191','Sonora','San Pedro de la Cueva'),('84561','Sonora','Divisaderos'),('84561','Sonora','Tepache'),('83191','Sonora','Villa Pesqueira'),('83191','Sonora','Opodepe'),('84901','Sonora','Opodepe'),('84604','Sonora','Opodepe'),('84861','Sonora','Huépac'),('84881','Sonora','Banámichi'),('84901','Sonora','Ures'),('84921','Sonora','Aconchi'),('84941','Sonora','Baviácora'),('84861','Sonora','San Felipe de Jesús'),('83191','Sonora','Rayón'),('84901','Sonora','Rayón'),('85001','Sonora','Cajeme'),('85111','Sonora','Cajeme'),('85201','Sonora','Cajeme'),('85291','Sonora','Cajeme'),('85211','Sonora','Cajeme'),('85801','Sonora','Navojoa'),('85901','Sonora','Huatabampo'),('85001','Sonora','Bácum'),('85901','Sonora','Etchojoa'),('85282','Sonora','Etchojoa'),('85291','Sonora','Benito Juárez'),('85301','Sonora','Empalme'),('85401','Sonora','Guaymas'),('85301','Sonora','Guaymas'),('85504','Sonora','Guaymas'),('85001','Sonora','Guaymas'),('85517','Sonora','San Ignacio Río Muerto'),('83191','Sonora','La Colorada'),('83191','Sonora','Mazatán'),('83191','Sonora','Suaqui Grande'),('85601','Sonora','Sahuaripa'),('83191','Sonora','San Javier'),('83191','Sonora','Soyopa'),('85601','Sonora','Bacanora'),('85601','Sonora','Arivechi'),('85001','Sonora','Rosario'),('85801','Sonora','Quiriego'),('83191','Sonora','Ónavas'),('85763','Sonora','Álamos'),('85001','Sonora','Yécora'),('86012','Tabasco','Centro'),('86021','Tabasco','Centro'),('86031','Tabasco','Centro'),('86202','Tabasco','Jalpa de Méndez'),('86202','Tabasco','Nacajuca'),('86021','Tabasco','Nacajuca'),('86031','Tabasco','Nacajuca'),('86301','Tabasco','Comalcalco'),('86401','Tabasco','Huimanguillo'),('86419','Tabasco','Huimanguillo'),('86419','Tabasco','Cárdenas'),('86501','Tabasco','Cárdenas'),('86604','Tabasco','Paraíso'),('86691','Tabasco','Cunduacán'),('86705','Tabasco','Macuspana'),('86721','Tabasco','Macuspana'),('86751','Tabasco','Centla'),('86784','Tabasco','Jonuta'),('86804','Tabasco','Teapa'),('86804','Tabasco','Jalapa'),('86804','Tabasco','Tacotalpa'),('86903','Tabasco','Tenosique'),('86939','Tabasco','Balancán'),('86991','Tabasco','Emiliano Zapata'),('87001','Tamaulipas','Victoria'),('87201','Tamaulipas','Llera'),('87001','Tamaulipas','Güémez'),('87001','Tamaulipas','Casas'),('87351','Tamaulipas','Matamoros'),('87501','Tamaulipas','Valle Hermoso'),('87601','Tamaulipas','San Fernando'),('87601','Tamaulipas','Cruillas'),('87671','Tamaulipas','San Nicolás'),('87671','Tamaulipas','Soto la Marina'),('87001','Tamaulipas','Jiménez'),('87001','Tamaulipas','San Carlos'),('87001','Tamaulipas','Abasolo'),('87001','Tamaulipas','Padilla'),('87001','Tamaulipas','Hidalgo'),('87001','Tamaulipas','Mainero'),('87001','Tamaulipas','Villagrán'),('87901','Tamaulipas','Tula'),('87931','Tamaulipas','Jaumave'),('87001','Tamaulipas','Miquihuana'),('87001','Tamaulipas','Bustamante'),('87001','Tamaulipas','Palmillas'),('89801','Tamaulipas','Ocampo'),('88002','Tamaulipas','Nuevo Laredo'),('88301','Tamaulipas','Miguel Alemán'),('88371','Tamaulipas','Guerrero'),('88391','Tamaulipas','Mier'),('88401','Tamaulipas','Gustavo Díaz Ordaz'),('88441','Tamaulipas','Camargo'),('88501','Tamaulipas','Reynosa'),('88901','Tamaulipas','Río Bravo'),('88501','Tamaulipas','Río Bravo'),('87501','Tamaulipas','Río Bravo'),('88501','Tamaulipas','Méndez'),('87601','Tamaulipas','Burgos'),('89001','Tamaulipas','Tampico'),('89401','Tamaulipas','Ciudad Madero'),('89601','Tamaulipas','Altamira'),('89671','Tamaulipas','Aldama'),('89711','Tamaulipas','González'),('89733','Tamaulipas','González'),('89754','Tamaulipas','Xicoténcatl'),('89801','Tamaulipas','Gómez Farías'),('89801','Tamaulipas','El Mante'),('89801','Tamaulipas','Antiguo Morelos'),('89801','Tamaulipas','Nuevo Morelos'),('90001','Tlaxcala','Tlaxcala'),('90001','Tlaxcala','Ixtacuixtla de Mariano Matamoros'),('90001','Tlaxcala','Santa Ana Nopalucan'),('90001','Tlaxcala','Panotla'),('90001','Tlaxcala','Totolac'),('90001','Tlaxcala','Tepeyanco'),('90001','Tlaxcala','Santa Isabel Xiloxoxtla'),('90001','Tlaxcala','San Juan Huactzinco'),('90201','Tlaxcala','Calpulalpan'),('90201','Tlaxcala','Sanctórum de Lázaro Cárdenas'),('90201','Tlaxcala','Benito Juárez'),('90201','Tlaxcala','Hueyotlipan'),('90301','Tlaxcala','Tlaxco'),('90301','Tlaxcala','Nanacamilpa de Mariano Arista'),('90301','Tlaxcala','Españita'),('90301','Tlaxcala','Apizaco'),('90301','Tlaxcala','Atlangatepec'),('90301','Tlaxcala','Muñoz de Domingo Arenas'),('90301','Tlaxcala','Tetla de la Solidaridad'),('90301','Tlaxcala','Xaltocan'),('90301','Tlaxcala','San Lucas Tecopilco'),('90451','Tlaxcala','Yauhquemehcan'),('90461','Tlaxcala','Xaloztoc'),('90461','Tlaxcala','Tocatlán'),('90461','Tlaxcala','Tzompantepec'),('90461','Tlaxcala','San José Teacalco'),('90501','Tlaxcala','Huamantla'),('90501','Tlaxcala','Terrenate'),('90501','Tlaxcala','Lázaro Cárdenas'),('90501','Tlaxcala','Emiliano Zapata'),('90501','Tlaxcala','Atltzayanca'),('90501','Tlaxcala','Cuapiaxtla'),('90501','Tlaxcala','El Carmen Tequexquitla'),('90501','Tlaxcala','Ixtenco'),('90501','Tlaxcala','Ziltlaltépec de Trinidad Sánchez Santos'),('90601','Tlaxcala','Apetatitlán de Antonio Carvajal'),('90601','Tlaxcala','Amaxac de Guerrero'),('90601','Tlaxcala','Santa Cruz Tlaxcala'),('90601','Tlaxcala','Cuaxomulco'),('90671','Tlaxcala','Contla de Juan Cuamatzi'),('90711','Tlaxcala','Tepetitla de Lardizábal'),('90711','Tlaxcala','Natívitas'),('90711','Tlaxcala','Santa Apolonia Teacalco'),('90711','Tlaxcala','Tetlatlahuca'),('90711','Tlaxcala','San Damián Texóloc'),('90711','Tlaxcala','San Jerónimo Zacualpan'),('90741','Tlaxcala','Zacatelco'),('90741','Tlaxcala','San Lorenzo Axocomanitla'),('90741','Tlaxcala','Santa Catarina Ayometla'),('90781','Tlaxcala','Xicohtzinco'),('90792','Tlaxcala','Papalotla de Xicohténcatl'),('90801','Tlaxcala','Chiautempan'),('90801','Tlaxcala','La Magdalena Tlaltelulco'),('90801','Tlaxcala','San Francisco Tetlanohcan'),('90801','Tlaxcala','Teolocholco'),('90801','Tlaxcala','Acuamanala de Miguel Hidalgo'),('90801','Tlaxcala','Santa Cruz Quilehtla'),('90901','Tlaxcala','Mazatecochco de José María Morelos'),('90901','Tlaxcala','Tenancingo'),('90901','Tlaxcala','San Pablo del Monte'),('91002','Veracruz de Ignacio de la Llave','Xalapa'),('91002','Veracruz de Ignacio de la Llave','Tlalnelhuayocan'),('91242','Veracruz de Ignacio de la Llave','Xico'),('91616','Veracruz de Ignacio de la Llave','Ixhuacán de los Reyes'),('91616','Veracruz de Ignacio de la Llave','Ayahualulco'),('91272','Veracruz de Ignacio de la Llave','Perote'),('91301','Veracruz de Ignacio de la Llave','Banderilla'),('91002','Veracruz de Ignacio de la Llave','Rafael Lucio'),('91301','Veracruz de Ignacio de la Llave','Acajete'),('91331','Veracruz de Ignacio de la Llave','Las Vigas de Ramírez'),('91272','Veracruz de Ignacio de la Llave','Villa Aldama'),('91002','Veracruz de Ignacio de la Llave','Tlacolulan'),('91401','Veracruz de Ignacio de la Llave','Tonayán'),('91371','Veracruz de Ignacio de la Llave','Coacoatzintla'),('91371','Veracruz de Ignacio de la Llave','Jilotepec'),('91401','Veracruz de Ignacio de la Llave','Naolinco'),('91401','Veracruz de Ignacio de la Llave','Miahuatlán'),('91002','Veracruz de Ignacio de la Llave','Acatlán'),('91401','Veracruz de Ignacio de la Llave','Tepetlán'),('91442','Veracruz de Ignacio de la Llave','Juchique de Ferrer'),('91461','Veracruz de Ignacio de la Llave','Alto Lucero de Gutiérrez Barrios'),('91483','Veracruz de Ignacio de la Llave','Actopan'),('91662','Veracruz de Ignacio de la Llave','Actopan'),('91681','Veracruz de Ignacio de la Llave','Actopan'),('91501','Veracruz de Ignacio de la Llave','Coatepec'),('91616','Veracruz de Ignacio de la Llave','Teocelo'),('91616','Veracruz de Ignacio de la Llave','Cosautlán de Carvajal'),('91631','Veracruz de Ignacio de la Llave','Emiliano Zapata'),('91641','Veracruz de Ignacio de la Llave','Emiliano Zapata'),('91002','Veracruz de Ignacio de la Llave','Emiliano Zapata'),('91631','Veracruz de Ignacio de la Llave','Apazapan'),('91681','Veracruz de Ignacio de la Llave','Puente Nacional'),('91671','Veracruz de Ignacio de la Llave','Puente Nacional'),('91631','Veracruz de Ignacio de la Llave','Puente Nacional'),('91662','Veracruz de Ignacio de la Llave','Ursulo Galván'),('91681','Veracruz de Ignacio de la Llave','Ursulo Galván'),('91671','Veracruz de Ignacio de la Llave','Paso de Ovejas'),('91681','Veracruz de Ignacio de la Llave','La Antigua'),('91705','Veracruz de Ignacio de la Llave','Veracruz'),('91707','Veracruz de Ignacio de la Llave','Veracruz'),('94292','Veracruz de Ignacio de la Llave','Veracruz'),('93991','Veracruz de Ignacio de la Llave','Pánuco'),('92031','Veracruz de Ignacio de la Llave','Pueblo Viejo'),('92031','Veracruz de Ignacio de la Llave','Tampico Alto'),('93991','Veracruz de Ignacio de la Llave','Tempoal'),('92301','Veracruz de Ignacio de la Llave','Ozuluama de Mascareñas'),('92031','Veracruz de Ignacio de la Llave','Ozuluama de Mascareñas'),('92121','Veracruz de Ignacio de la Llave','Tantoyuca'),('92121','Veracruz de Ignacio de la Llave','Platón Sánchez'),('92121','Veracruz de Ignacio de la Llave','Chiconamel'),('92121','Veracruz de Ignacio de la Llave','Chalma'),('92301','Veracruz de Ignacio de la Llave','Chontla'),('92301','Veracruz de Ignacio de la Llave','Citlaltépetl'),('92301','Veracruz de Ignacio de la Llave','Ixcatepec'),('92301','Veracruz de Ignacio de la Llave','Naranjos Amatlán'),('93991','Veracruz de Ignacio de la Llave','El Higo'),('92301','Veracruz de Ignacio de la Llave','Chinampa de Gorostiza'),('92301','Veracruz de Ignacio de la Llave','Tantima'),('92301','Veracruz de Ignacio de la Llave','Tamalín'),('92511','Veracruz de Ignacio de la Llave','Cerro Azul'),('92511','Veracruz de Ignacio de la Llave','Tepetzintla'),('92511','Veracruz de Ignacio de la Llave','Tancoco'),('92801','Veracruz de Ignacio de la Llave','Tamiahua'),('92601','Veracruz de Ignacio de la Llave','Huayacocotla'),('92601','Veracruz de Ignacio de la Llave','Ilamatlán'),('92601','Veracruz de Ignacio de la Llave','Zontecomatlán de López y Fuentes'),('92601','Veracruz de Ignacio de la Llave','Texcatepec'),('92601','Veracruz de Ignacio de la Llave','Zacualpan'),('92709','Veracruz de Ignacio de la Llave','Benito Juárez'),('92682','Veracruz de Ignacio de la Llave','Tlachichilco'),('92682','Veracruz de Ignacio de la Llave','Ixhuatlán de Madero'),('92709','Veracruz de Ignacio de la Llave','Chicontepec'),('92511','Veracruz de Ignacio de la Llave','Chicontepec'),('92731','Veracruz de Ignacio de la Llave','Álamo Temapache'),('92511','Veracruz de Ignacio de la Llave','Álamo Temapache'),('92801','Veracruz de Ignacio de la Llave','Álamo Temapache'),('92801','Veracruz de Ignacio de la Llave','Tuxpan'),('92931','Veracruz de Ignacio de la Llave','Tihuatlán'),('93261','Veracruz de Ignacio de la Llave','Tihuatlán'),('92931','Veracruz de Ignacio de la Llave','Castillo de Teayo'),('92981','Veracruz de Ignacio de la Llave','Cazones de Herrera'),('93261','Veracruz de Ignacio de la Llave','Zozocolco de Hidalgo'),('93261','Veracruz de Ignacio de la Llave','Chumatlán'),('93261','Veracruz de Ignacio de la Llave','Coxquihui'),('93261','Veracruz de Ignacio de la Llave','Mecatlán'),('93261','Veracruz de Ignacio de la Llave','Filomeno Mata'),('93261','Veracruz de Ignacio de la Llave','Coahuitlán'),('93261','Veracruz de Ignacio de la Llave','Coyutla'),('93261','Veracruz de Ignacio de la Llave','Coatzintla'),('93401','Veracruz de Ignacio de la Llave','Espinal'),('93261','Veracruz de Ignacio de la Llave','Poza Rica de Hidalgo'),('93401','Veracruz de Ignacio de la Llave','Papantla'),('93261','Veracruz de Ignacio de la Llave','Papantla'),('92981','Veracruz de Ignacio de la Llave','Papantla'),('93555','Veracruz de Ignacio de la Llave','Gutiérrez Zamora'),('93555','Veracruz de Ignacio de la Llave','Tecolutla'),('93801','Veracruz de Ignacio de la Llave','Tecolutla'),('93601','Veracruz de Ignacio de la Llave','Martínez de la Torre'),('93601','Veracruz de Ignacio de la Llave','San Rafael'),('93651','Veracruz de Ignacio de la Llave','Tlapacoyan'),('93701','Veracruz de Ignacio de la Llave','Jalacingo'),('91272','Veracruz de Ignacio de la Llave','Jalacingo'),('93701','Veracruz de Ignacio de la Llave','Atzalan'),('93601','Veracruz de Ignacio de la Llave','Atzalan'),('93701','Veracruz de Ignacio de la Llave','Altotonga'),('91331','Veracruz de Ignacio de la Llave','Las Minas'),('91331','Veracruz de Ignacio de la Llave','Tatatila'),('93821','Veracruz de Ignacio de la Llave','Tenochtitlán'),('93801','Veracruz de Ignacio de la Llave','Nautla'),('93601','Veracruz de Ignacio de la Llave','Nautla'),('93821','Veracruz de Ignacio de la Llave','Misantla'),('91002','Veracruz de Ignacio de la Llave','Landero y Coss'),('91401','Veracruz de Ignacio de la Llave','Chiconquiaco'),('93911','Veracruz de Ignacio de la Llave','Yecuatla'),('93951','Veracruz de Ignacio de la Llave','Colipa'),('93961','Veracruz de Ignacio de la Llave','Vega de Alatorre'),('93981','Veracruz de Ignacio de la Llave','Vega de Alatorre'),('91501','Veracruz de Ignacio de la Llave','Jalcomulco'),('94101','Veracruz de Ignacio de la Llave','Tlaltetela'),('94101','Veracruz de Ignacio de la Llave','Tenampa'),('94101','Veracruz de Ignacio de la Llave','Totutla'),('94101','Veracruz de Ignacio de la Llave','Sochiapa'),('94101','Veracruz de Ignacio de la Llave','Tlacotepec de Mejía'),('94101','Veracruz de Ignacio de la Llave','Huatusco'),('94141','Veracruz de Ignacio de la Llave','Calcahualco'),('94141','Veracruz de Ignacio de la Llave','Alpatláhuac'),('94141','Veracruz de Ignacio de la Llave','Coscomatepec'),('94301','Veracruz de Ignacio de la Llave','La Perla'),('94141','Veracruz de Ignacio de la Llave','Chocamán'),('94141','Veracruz de Ignacio de la Llave','Tomatlán'),('94181','Veracruz de Ignacio de la Llave','Ixhuatlán del Café'),('94971','Veracruz de Ignacio de la Llave','Tepatlaxco'),('94101','Veracruz de Ignacio de la Llave','Comapa'),('94101','Veracruz de Ignacio de la Llave','Zentla'),('94971','Veracruz de Ignacio de la Llave','Camarón de Tejeda'),('94241','Veracruz de Ignacio de la Llave','Soledad de Doblado'),('94252','Veracruz de Ignacio de la Llave','Manlio Fabio Altamirano'),('94272','Veracruz de Ignacio de la Llave','Jamapa'),('94272','Veracruz de Ignacio de la Llave','Medellín de Bravo'),('94292','Veracruz de Ignacio de la Llave','Boca del Río'),('94301','Veracruz de Ignacio de la Llave','Orizaba'),('94301','Veracruz de Ignacio de la Llave','Rafael Delgado'),('94301','Veracruz de Ignacio de la Llave','Mariano Escobedo'),('94301','Veracruz de Ignacio de la Llave','Ixhuatlancillo'),('94301','Veracruz de Ignacio de la Llave','Atzacan'),('94301','Veracruz de Ignacio de la Llave','Ixtaczoquitlán'),('94471','Veracruz de Ignacio de la Llave','Fortín'),('94501','Veracruz de Ignacio de la Llave','Córdoba'),('94731','Veracruz de Ignacio de la Llave','Maltrata'),('94721','Veracruz de Ignacio de la Llave','Nogales'),('94731','Veracruz de Ignacio de la Llave','Nogales'),('94731','Veracruz de Ignacio de la Llave','Río Blanco'),('94731','Veracruz de Ignacio de la Llave','Camerino Z. Mendoza'),('94301','Veracruz de Ignacio de la Llave','Aquila'),('94731','Veracruz de Ignacio de la Llave','Acultzingo'),('94731','Veracruz de Ignacio de la Llave','Soledad Atzompa'),('94731','Veracruz de Ignacio de la Llave','Huiloapan de Cuauhtémoc'),('94301','Veracruz de Ignacio de la Llave','Tlaquilpa'),('94301','Veracruz de Ignacio de la Llave','Astacinga'),('94731','Veracruz de Ignacio de la Llave','Xoxocotla'),('94301','Veracruz de Ignacio de la Llave','Atlahuilco'),('94301','Veracruz de Ignacio de la Llave','Tequila'),('94301','Veracruz de Ignacio de la Llave','San Andrés Tenejapan'),('94301','Veracruz de Ignacio de la Llave','Tlilapan'),('94301','Veracruz de Ignacio de la Llave','Magdalena'),('94501','Veracruz de Ignacio de la Llave','Naranjal'),('94501','Veracruz de Ignacio de la Llave','Coetzala'),('94501','Veracruz de Ignacio de la Llave','Omealca'),('94911','Veracruz de Ignacio de la Llave','Cuitláhuac'),('94501','Veracruz de Ignacio de la Llave','Cuichapa'),('94931','Veracruz de Ignacio de la Llave','Yanga'),('94963','Veracruz de Ignacio de la Llave','Amatlán de los Reyes'),('94501','Veracruz de Ignacio de la Llave','Amatlán de los Reyes'),('94962','Veracruz de Ignacio de la Llave','Atoyac'),('94963','Veracruz de Ignacio de la Llave','Atoyac'),('94971','Veracruz de Ignacio de la Llave','Paso del Macho'),('94911','Veracruz de Ignacio de la Llave','Carrillo Puerto'),('94911','Veracruz de Ignacio de la Llave','Cotaxtla'),('95001','Veracruz de Ignacio de la Llave','Zongolica'),('94301','Veracruz de Ignacio de la Llave','Tehuipango'),('94301','Veracruz de Ignacio de la Llave','Mixtla de Altamirano'),('94301','Veracruz de Ignacio de la Llave','Los Reyes'),('94301','Veracruz de Ignacio de la Llave','Texhuacán'),('68414','Veracruz de Ignacio de la Llave','Tezonapa'),('95101','Veracruz de Ignacio de la Llave','Tierra Blanca'),('95221','Veracruz de Ignacio de la Llave','Tlalixcoyan'),('95222','Veracruz de Ignacio de la Llave','Tlalixcoyan'),('95241','Veracruz de Ignacio de la Llave','Ignacio de la Llave'),('95271','Veracruz de Ignacio de la Llave','Alvarado'),('94292','Veracruz de Ignacio de la Llave','Alvarado'),('95262','Veracruz de Ignacio de la Llave','Alvarado'),('94272','Veracruz de Ignacio de la Llave','Alvarado'),('95282','Veracruz de Ignacio de la Llave','Lerdo de Tejada'),('95301','Veracruz de Ignacio de la Llave','Tres Valles'),('95331','Veracruz de Ignacio de la Llave','Carlos A. Carrillo'),('95401','Veracruz de Ignacio de la Llave','Cosamaloapan de Carpio'),('95301','Veracruz de Ignacio de la Llave','Cosamaloapan de Carpio'),('95401','Veracruz de Ignacio de la Llave','Ixmatlahuacan'),('95401','Veracruz de Ignacio de la Llave','Acula'),('95331','Veracruz de Ignacio de la Llave','Amatitlán'),('95331','Veracruz de Ignacio de la Llave','Tlacotalpan'),('95481','Veracruz de Ignacio de la Llave','Saltabarranca'),('95301','Veracruz de Ignacio de la Llave','Otatitlán'),('95401','Veracruz de Ignacio de la Llave','Tlacojalpan'),('95401','Veracruz de Ignacio de la Llave','Tuxtilla'),('95401','Veracruz de Ignacio de la Llave','Chacaltianguis'),('95581','Veracruz de Ignacio de la Llave','José Azueta'),('95601','Veracruz de Ignacio de la Llave','Playa Vicente'),('95641','Veracruz de Ignacio de la Llave','Playa Vicente'),('95601','Veracruz de Ignacio de la Llave','Santiago Sochiapan'),('95641','Veracruz de Ignacio de la Llave','Isla'),('95691','Veracruz de Ignacio de la Llave','Juan Rodríguez Clara'),('95701','Veracruz de Ignacio de la Llave','San Andrés Tuxtla'),('95841','Veracruz de Ignacio de la Llave','San Andrés Tuxtla'),('95831','Veracruz de Ignacio de la Llave','Santiago Tuxtla'),('95841','Veracruz de Ignacio de la Llave','Angel R. Cabada'),('95851','Veracruz de Ignacio de la Llave','Hueyapan de Ocampo'),('95701','Veracruz de Ignacio de la Llave','Catemaco'),('95981','Veracruz de Ignacio de la Llave','Soteapan'),('95981','Veracruz de Ignacio de la Llave','Mecayapan'),('95981','Veracruz de Ignacio de la Llave','Tatahuicapan de Juárez'),('96401','Veracruz de Ignacio de la Llave','Pajapan'),('95981','Veracruz de Ignacio de la Llave','Chinameca'),('96001','Veracruz de Ignacio de la Llave','Acayucan'),('96121','Veracruz de Ignacio de la Llave','San Juan Evangelista'),('96001','Veracruz de Ignacio de la Llave','Sayula de Alemán'),('96951','Veracruz de Ignacio de la Llave','Sayula de Alemán'),('96001','Veracruz de Ignacio de la Llave','Oluta'),('96001','Veracruz de Ignacio de la Llave','Soconusco'),('96201','Veracruz de Ignacio de la Llave','Texistepec'),('96201','Veracruz de Ignacio de la Llave','Jáltipan'),('96701','Veracruz de Ignacio de la Llave','Zaragoza'),('95981','Veracruz de Ignacio de la Llave','Oteapan'),('96701','Veracruz de Ignacio de la Llave','Cosoleacaque'),('96401','Veracruz de Ignacio de la Llave','Cosoleacaque'),('96351','Veracruz de Ignacio de la Llave','Cosoleacaque'),('96361','Veracruz de Ignacio de la Llave','Nanchital de Lázaro Cárdenas del Río'),('96361','Veracruz de Ignacio de la Llave','Ixhuatlán del Sureste'),('96371','Veracruz de Ignacio de la Llave','Moloacán'),('96361','Veracruz de Ignacio de la Llave','Moloacán'),('96401','Veracruz de Ignacio de la Llave','Coatzacoalcos'),('96361','Veracruz de Ignacio de la Llave','Coatzacoalcos'),('96601','Veracruz de Ignacio de la Llave','Agua Dulce'),('96701','Veracruz de Ignacio de la Llave','Minatitlán'),('96701','Veracruz de Ignacio de la Llave','Hidalgotitlán'),('96997','Veracruz de Ignacio de la Llave','Hidalgotitlán'),('96951','Veracruz de Ignacio de la Llave','Jesús Carranza'),('96981','Veracruz de Ignacio de la Llave','Las Choapas'),('96997','Veracruz de Ignacio de la Llave','Uxpanapa'),('97002','Yucatán','Mérida'),('97212','Yucatán','Mérida'),('97101','Yucatán','Mérida'),('97111','Yucatán','Mérida'),('97201','Yucatán','Mérida'),('97141','Yucatán','Mérida'),('97161','Yucatán','Mérida'),('97221','Yucatán','Mérida'),('97261','Yucatán','Mérida'),('97323','Yucatán','Progreso'),('97101','Yucatán','Chicxulub Pueblo'),('97101','Yucatán','Ixil'),('97101','Yucatán','Conkal'),('97471','Yucatán','Yaxkukul'),('97351','Yucatán','Hunucmá'),('97351','Yucatán','Ucú'),('97351','Yucatán','Kinchil'),('97351','Yucatán','Tetiz'),('97351','Yucatán','Celestún'),('97371','Yucatán','Kanasín'),('97161','Yucatán','Timucuy'),('97371','Yucatán','Timucuy'),('97161','Yucatán','Acanceh'),('97371','Yucatán','Acanceh'),('97161','Yucatán','Tixpéhual'),('97391','Yucatán','Umán'),('97431','Yucatán','Telchac Pueblo'),('97431','Yucatán','Dzemul'),('97431','Yucatán','Telchac Puerto'),('97431','Yucatán','Cansahcab'),('97431','Yucatán','Sinanché'),('97431','Yucatán','Yobaín'),('97431','Yucatán','Motul'),('97431','Yucatán','Baca'),('97101','Yucatán','Mocochá'),('97431','Yucatán','Muxupip'),('97541','Yucatán','Cacalchén'),('97541','Yucatán','Bokobá'),('97471','Yucatán','Tixkokob'),('97541','Yucatán','Hoctún'),('97541','Yucatán','Tahmek'),('97431','Yucatán','Dzidzantún'),('97431','Yucatán','Temax'),('97541','Yucatán','Tekantó'),('97541','Yucatán','Teya'),('97431','Yucatán','Suma'),('97541','Yucatán','Tepakán'),('97541','Yucatán','Tekal de Venegas'),('97541','Yucatán','Izamal'),('97161','Yucatán','Hocabá'),('97541','Yucatán','Hocabá'),('97541','Yucatán','Xocchel'),('97161','Yucatán','Seyé'),('97161','Yucatán','Cuzamá'),('97161','Yucatán','Homún'),('97371','Yucatán','Sanahcat'),('97161','Yucatán','Huhí'),('97431','Yucatán','Dzilam González'),('97431','Yucatán','Dzilam de Bravo'),('97701','Yucatán','Panabá'),('97701','Yucatán','San Felipe'),('97431','Yucatán','Buctzotz'),('97701','Yucatán','Sucilá'),('97642','Yucatán','Cenotillo'),('97431','Yucatán','Dzoncauich'),('97541','Yucatán','Dzoncauich'),('97541','Yucatán','Tunkás'),('97541','Yucatán','Quintana Roo'),('97781','Yucatán','Dzitás'),('97541','Yucatán','Kantunil'),('97541','Yucatán','Sudzal'),('97371','Yucatán','Tekit'),('97161','Yucatán','Sotuta'),('97701','Yucatán','Tizimín'),('97701','Yucatán','Río Lagartos'),('97701','Yucatán','Espita'),('97781','Yucatán','Temozón'),('97701','Yucatán','Calotmul'),('97781','Yucatán','Tinum'),('97781','Yucatán','Chankom'),('97781','Yucatán','Chichimilá'),('97781','Yucatán','Tixcacalcupul'),('97781','Yucatán','Kaua'),('97781','Yucatán','Cuncunul'),('97781','Yucatán','Tekom'),('97781','Yucatán','Chemax'),('97781','Yucatán','Valladolid'),('97781','Yucatán','Uayma'),('97801','Yucatán','Maxcanú'),('97391','Yucatán','Samahil'),('97801','Yucatán','Opichén'),('97801','Yucatán','Chocholá'),('97801','Yucatán','Kopomá'),('97161','Yucatán','Tecoh'),('97861','Yucatán','Abalá'),('97841','Yucatán','Abalá'),('97801','Yucatán','Halachó'),('97391','Yucatán','Halachó'),('97841','Yucatán','Muna'),('97861','Yucatán','Muna'),('97841','Yucatán','Sacalum'),('97881','Yucatán','Maní'),('97861','Yucatán','Dzan'),('97861','Yucatán','Chapab'),('97861','Yucatán','Ticul'),('97881','Yucatán','Oxkutzcab'),('97861','Yucatán','Santa Elena'),('97371','Yucatán','Mama'),('97881','Yucatán','Chumayel'),('97881','Yucatán','Mayapán'),('97881','Yucatán','Teabo'),('97881','Yucatán','Cantamayec'),('97781','Yucatán','Yaxcabá'),('97931','Yucatán','Peto'),('97972','Yucatán','Chikindzonot'),('97972','Yucatán','Tahdziú'),('97972','Yucatán','Tixméhuac'),('97972','Yucatán','Chacsinkín'),('97972','Yucatán','Tzucacab'),('97972','Yucatán','Tekax'),('97972','Yucatán','Akil'),('98001','Zacatecas','Zacatecas'),('98061','Zacatecas','Zacatecas'),('98102','Zacatecas','Morelos'),('98501','Zacatecas','Morelos'),('98001','Zacatecas','Vetagrande'),('98601','Zacatecas','Vetagrande'),('98201','Zacatecas','Concepción del Oro'),('98201','Zacatecas','Melchor Ocampo'),('98201','Zacatecas','Mazapil'),('98201','Zacatecas','El Salvador'),('98301','Zacatecas','Juan Aldama'),('98421','Zacatecas','Juan Aldama'),('98331','Zacatecas','Miguel Auza'),('98421','Zacatecas','Miguel Auza'),('98352','Zacatecas','General Francisco R. Murguía'),('98421','Zacatecas','General Francisco R. Murguía'),('99001','Zacatecas','General Francisco R. Murguía'),('98421','Zacatecas','Río Grande'),('98431','Zacatecas','Villa de Cos'),('99001','Zacatecas','Villa de Cos'),('99001','Zacatecas','Cañitas de Felipe Pescador'),('98501','Zacatecas','Calera'),('98001','Zacatecas','Pánuco'),('98501','Zacatecas','General Enrique Estrada'),('98601','Zacatecas','Guadalupe'),('98601','Zacatecas','Trancoso'),('98001','Zacatecas','Guadalupe'),('98601','Zacatecas','Genaro Codina'),('98711','Zacatecas','Cuauhtémoc'),('98711','Zacatecas','Ojocaliente'),('98711','Zacatecas','General Pánfilo Natera'),('98771','Zacatecas','Luis Moya'),('98831','Zacatecas','Loreto'),('98923','Zacatecas','Villa González Ortega'),('98923','Zacatecas','Noria de Ángeles'),('98831','Zacatecas','Villa García'),('98923','Zacatecas','Pinos'),('98923','Zacatecas','Villa Hidalgo'),('99001','Zacatecas','Fresnillo'),('99101','Zacatecas','Sombrerete'),('98421','Zacatecas','Sombrerete'),('99131','Zacatecas','Sain Alto'),('98421','Zacatecas','Sain Alto'),('99101','Zacatecas','Sain Alto'),('99251','Zacatecas','Valparaíso'),('99001','Zacatecas','Valparaíso'),('99261','Zacatecas','Chalchihuites'),('99261','Zacatecas','Jiménez del Teul'),('99301','Zacatecas','Jerez'),('99401','Zacatecas','Monte Escobedo'),('99251','Zacatecas','Monte Escobedo'),('46261','Zacatecas','Monte Escobedo'),('99301','Zacatecas','Susticacán'),('99541','Zacatecas','Villanueva'),('98001','Zacatecas','Villanueva'),('99601','Zacatecas','Villanueva'),('99301','Zacatecas','Tepetongo'),('99541','Zacatecas','El Plateado de Joaquín Amaro'),('99601','Zacatecas','Jalpa'),('99601','Zacatecas','Tabasco'),('99601','Zacatecas','Huanusco'),('99701','Zacatecas','Tlaltenango de Sánchez Román'),('99701','Zacatecas','Momax'),('99701','Zacatecas','Atolinga'),('99751','Zacatecas','Tepechitlán'),('99801','Zacatecas','Benito Juárez'),('99801','Zacatecas','Teúl de González Ortega'),('99801','Zacatecas','Santa María de la Paz'),('99701','Zacatecas','Trinidad García de la Cadena'),('99801','Zacatecas','Mezquital del Oro'),('99901','Zacatecas','Nochistlán de Mejía'),('99922','Zacatecas','Apulco'),('99961','Zacatecas','Apozol'),('99961','Zacatecas','Juchipila'),('99961','Zacatecas','Moyahua de Estrada');

--
