-- Table structure for table `theme`
--

CREATE TABLE `theme` (
  `theme_id` int unsigned NOT NULL AUTO_INCREMENT COMMENT 'Theme identifier',
  `parent_id` int DEFAULT NULL COMMENT 'Parent ID',
  `theme_path` varchar(255) DEFAULT NULL COMMENT 'Theme Path',
  `theme_title` varchar(255) NOT NULL COMMENT 'Theme Title',
  `preview_image` varchar(255) DEFAULT NULL COMMENT 'Preview Image',
  `is_featured` tinyint(1) NOT NULL DEFAULT '0' COMMENT 'Is Theme Featured',
  `area` varchar(255) NOT NULL COMMENT 'Theme Area',
  `type` smallint NOT NULL COMMENT 'Theme type: 0:physical, 1:virtual, 2:staging',
  `code` text COMMENT 'Full theme code, including package',
  PRIMARY KEY (`theme_id`)
) ENGINE=InnoDB AUTO_INCREMENT=5 DEFAULT CHARSET=utf8mb3 COMMENT='Core theme';

--
-- Dumping data for table `theme`
--

INSERT INTO `theme` VALUES (1,NULL,'Magento/blank','Magento Blank','preview_image_6546e7a40271f.jpeg',0,'frontend',0,'Magento/blank'),(2,NULL,'Magento/backend','Magento 2 backend',NULL,0,'adminhtml',0,'Magento/backend'),(3,1,'Magento/luma','Magento Luma','preview_image_6546e7a411700.jpeg',0,'frontend',0,'Magento/luma'),(4,1,'Sm/multe','Sm Multe','preview_image_65af2a8ae12dc.jpeg',0,'frontend',0,'Sm/multe');

--
-- Table structure for table `theme_file`
--

CREATE TABLE `theme_file` (
  `theme_files_id` int unsigned NOT NULL AUTO_INCREMENT COMMENT 'Theme files identifier',
  `theme_id` int unsigned NOT NULL COMMENT 'Theme ID',
  `file_path` varchar(255) DEFAULT NULL COMMENT 'Relative path to file',
  `file_type` varchar(32) NOT NULL COMMENT 'File Type',
  `content` longtext NOT NULL COMMENT 'File Content',
  `sort_order` smallint NOT NULL DEFAULT '0' COMMENT 'Sort Order',
  `is_temporary` tinyint(1) NOT NULL DEFAULT '0' COMMENT 'Is Temporary File',
  PRIMARY KEY (`theme_files_id`),
  KEY `THEME_FILE_THEME_ID_THEME_THEME_ID` (`theme_id`),
  CONSTRAINT `THEME_FILE_THEME_ID_THEME_THEME_ID` FOREIGN KEY (`theme_id`) REFERENCES `theme` (`theme_id`) ON DELETE CASCADE
) ENGINE=InnoDB DEFAULT CHARSET=utf8mb3 COMMENT='Core theme files';

--
-- Dumping data for table `theme_file`
--


--
-- Table structure for table `threedadv_sepomex_city`
--

CREATE TABLE `threedadv_sepomex_city` (
  `city_id` int unsigned NOT NULL AUTO_INCREMENT COMMENT 'Entity Id',
  `nombre_ciudad` text NOT NULL COMMENT 'nombre_ciudad',
  `id_estado` int unsigned DEFAULT NULL COMMENT 'id_estado',
  PRIMARY KEY (`city_id`),
  KEY `FK_ZIPCODE_CITY_STATE` (`id_estado`),
  CONSTRAINT `FK_ZIPCODE_CITY_STATE` FOREIGN KEY (`id_estado`) REFERENCES `threedadv_sepomex_state` (`state_id`)
) ENGINE=InnoDB AUTO_INCREMENT=2476 DEFAULT CHARSET=utf8mb3 COMMENT='threedadv_sepomex_city Table';

--
-- Dumping data for table `threedadv_sepomex_city`
--

INSERT INTO `threedadv_sepomex_city` VALUES (1,'Aguascalientes',1),(2,'San Francisco de los Romo',1),(3,'El Llano',1),(4,'Rincón de Romos',1),(5,'Cosío',1),(6,'San José de Gracia',1),(7,'Tepezalá',1),(8,'Pabellón de Arteaga',1),(9,'Asientos',1),(10,'Calvillo',1),(11,'Jesús María',1),(12,'Mexicali',2),(13,'Tecate',2),(14,'San Felipe',2),(15,'Tijuana',2),(16,'Playas de Rosarito',2),(17,'Ensenada',2),(18,'San Quintín',2),(19,'La Paz',3),(20,'Los Cabos',3),(21,'Comondú',3),(22,'Loreto',3),(23,'Mulegé',3),(24,'Campeche',4),(25,'Carmen',4),(26,'Palizada',4),(27,'Candelaria',4),(28,'Escárcega',4),(29,'Champotón',4),(30,'Seybaplaya',4),(31,'Hopelchén',4),(32,'Calakmul',4),(33,'Tenabo',4),(34,'Hecelchakán',4),(35,'Calkiní',4),(36,'Dzitbalché',4),(37,'Tuxtla Gutiérrez',5),(38,'San Fernando',5),(39,'Berriozábal',5),(40,'Ocozocoautla de Espinosa',5),(41,'Suchiapa',5),(42,'Chiapa de Corzo',5),(43,'Osumacinta',5),(44,'San Cristóbal de las Casas',5),(45,'Chamula',5),(46,'Ixtapa',5),(47,'Zinacantán',5),(48,'Acala',5),(49,'Emiliano Zapata',5),(50,'Chiapilla',5),(51,'San Lucas',5),(52,'Teopisca',5),(53,'Amatenango del Valle',5),(54,'Chanal',5),(55,'Oxchuc',5),(56,'Huixtán',5),(57,'Tenejapa',5),(58,'Mitontic',5),(59,'Reforma',5),(60,'Juárez',5),(61,'Pichucalco',5),(62,'Sunuapa',5),(63,'Ostuacán',5),(64,'Francisco León',5),(65,'Ixtacomitán',5),(66,'Solosuchiapa',5),(67,'Ixtapangajoya',5),(68,'Mezcalapa',5),(69,'Tecpatán',5),(70,'Copainalá',5),(71,'Chicoasén',5),(72,'Coapilla',5),(73,'Pantepec',5),(74,'Tapalapa',5),(75,'Ocotepec',5),(76,'Chapultenango',5),(77,'Amatán',5),(78,'Huitiupán',5),(79,'Ixhuatán',5),(80,'Tapilula',5),(81,'Rayón',5),(82,'Pueblo Nuevo Solistahuacán',5),(83,'Rincón Chamula San Pedro',5),(84,'Jitotol',5),(85,'Bochil',5),(86,'Soyaló',5),(87,'San Juan Cancuc',5),(88,'Sabanilla',5),(89,'Simojovel',5),(90,'San Andrés Duraznal',5),(91,'El Bosque',5),(92,'Chalchihuitán',5),(93,'Larráinzar',5),(94,'Santiago el Pinar',5),(95,'Chenalhó',5),(96,'Aldama',5),(97,'Pantelhó',5),(98,'Sitalá',5),(99,'Salto de Agua',5),(100,'Tila',5),(101,'Tumbalá',5),(102,'Yajalón',5),(103,'Ocosingo',5),(104,'Chilón',5),(105,'Benemérito de las Américas',5),(106,'Marqués de Comillas',5),(107,'Palenque',5),(108,'La Libertad',5),(109,'Catazajá',5),(110,'Comitán de Domínguez',5),(111,'Tzimol',5),(112,'Chicomuselo',5),(113,'Bella Vista',5),(114,'Frontera Comalapa',5),(115,'La Trinitaria',5),(116,'La Independencia',5),(117,'Maravilla Tenejapa',5),(118,'Las Margaritas',5),(119,'Altamirano',5),(120,'Venustiano Carranza',5),(121,'Totolapa',5),(122,'Nicolás Ruíz',5),(123,'Las Rosas',5),(124,'La Concordia',5),(125,'Ángel Albino Corzo',5),(126,'Montecristo de Guerrero',5),(127,'Socoltenango',5),(128,'Cintalapa de Figueroa',5),(129,'Jiquipilas',5),(130,'Arriaga',5),(131,'Villaflores',5),(132,'Tonalá',5),(133,'Villa Corzo',5),(134,'El Parral',5),(135,'Pijijiapan',5),(136,'Mapastepec',5),(137,'Acapetahua',5),(138,'Acacoyagua',5),(139,'Escuintla',5),(140,'Villa Comaltitlán',5),(141,'Huixtla',5),(142,'Mazatán',5),(143,'Huehuetán',5),(144,'Tuzantán',5),(145,'Tapachula',5),(146,'Suchiate',5),(147,'Frontera Hidalgo',5),(148,'Metapa',5),(149,'Tuxtla Chico',5),(150,'Unión Juárez',5),(151,'Cacahoatán',5),(152,'Motozintla',5),(153,'Mazapa de Madero',5),(154,'Amatenango de la Frontera',5),(155,'Bejucal de Ocampo',5),(156,'La Grandeza',5),(157,'El Porvenir',5),(158,'Siltepec',5),(159,'Honduras de la Sierra',5),(160,'Capitán Luis Ángel Vidal',5),(161,'Chihuahua',6),(162,'Cuauhtémoc',6),(163,'Riva Palacio',6),(164,'Aquiles Serdán',6),(165,'Bachíniva',6),(166,'Guerrero',6),(167,'Nuevo Casas Grandes',6),(168,'Ascensión',6),(169,'Janos',6),(170,'Casas Grandes',6),(171,'Galeana',6),(172,'Buenaventura',6),(173,'Gómez Farías',6),(174,'Ignacio Zaragoza',6),(175,'Madera',6),(176,'Namiquipa',6),(177,'Temósachic',6),(178,'Matachí',6),(179,'Juárez',6),(180,'Guadalupe',6),(181,'Praxedis G. Guerrero',6),(182,'Ahumada',6),(183,'Coyame del Sotol',6),(184,'Ojinaga',6),(185,'Aldama',6),(186,'Julimes',6),(187,'Manuel Benavides',6),(188,'Delicias',6),(189,'Rosales',6),(190,'Meoqui',6),(191,'Dr. Belisario Domínguez',6),(192,'Satevó',6),(193,'San Francisco de Borja',6),(194,'Nonoava',6),(195,'Guachochi',6),(196,'Bocoyna',6),(197,'Cusihuiriachi',6),(198,'Gran Morelos',6),(199,'Santa Isabel',6),(200,'Carichí',6),(201,'Uruachi',6),(202,'Ocampo',6),(203,'Moris',6),(204,'Chínipas',6),(205,'Maguarichi',6),(206,'Guazapares',6),(207,'Batopilas de Manuel Gómez Morín',6),(208,'Urique',6),(209,'Morelos',6),(210,'Guadalupe y Calvo',6),(211,'San Francisco del Oro',6),(212,'Rosario',6),(213,'Huejotitán',6),(214,'El Tule',6),(215,'Balleza',6),(216,'Santa Bárbara',6),(217,'Camargo',6),(218,'Saucillo',6),(219,'Valle de Zaragoza',6),(220,'La Cruz',6),(221,'San Francisco de Conchos',6),(222,'Hidalgo del Parral',6),(223,'Allende',6),(224,'López',6),(225,'Matamoros',6),(226,'Jiménez',6),(227,'Coronado',6),(228,'Saltillo',7),(229,'Arteaga',7),(230,'Juárez',7),(231,'Progreso',7),(232,'Escobedo',7),(233,'San Buenaventura',7),(234,'Abasolo',7),(235,'Candela',7),(236,'Frontera',7),(237,'Monclova',7),(238,'Castaños',7),(239,'Ramos Arizpe',7),(240,'General Cepeda',7),(241,'Piedras Negras',7),(242,'Nava',7),(243,'Acuña',7),(244,'Múzquiz',7),(245,'Jiménez',7),(246,'Zaragoza',7),(247,'Morelos',7),(248,'Allende',7),(249,'Villa Unión',7),(250,'Guerrero',7),(251,'Hidalgo',7),(252,'Sabinas',7),(253,'San Juan de Sabinas',7),(254,'Torreón',7),(255,'Matamoros',7),(256,'Viesca',7),(257,'Ocampo',7),(258,'Nadadores',7),(259,'Sierra Mojada',7),(260,'Cuatro Ciénegas',7),(261,'Lamadrid',7),(262,'Sacramento',7),(263,'San Pedro',7),(264,'Francisco I. Madero',7),(265,'Parras',7),(266,'Colima',8),(267,'Tecomán',8),(268,'Manzanillo',8),(269,'Armería',8),(270,'Coquimatlán',8),(271,'Comala',8),(272,'Cuauhtémoc',8),(273,'Ixtlahuacán',8),(274,'Minatitlán',8),(275,'Villa de Álvarez',8),(276,'Álvaro Obregón',9),(277,'Azcapotzalco',9),(278,'Benito Juárez',9),(279,'Coyoacán',9),(280,'Cuajimalpa de Morelos',9),(281,'Cuauhtémoc',9),(282,'Gustavo A. Madero',9),(283,'Iztacalco',9),(284,'Iztapalapa',9),(285,'La Magdalena Contreras',9),(286,'Miguel Hidalgo',9),(287,'Milpa Alta',9),(288,'Tláhuac',9),(289,'Tlalpan',9),(290,'Venustiano Carranza',9),(291,'Xochimilco',9),(292,'Durango',10),(293,'Canatlán',10),(294,'Nuevo Ideal',10),(295,'Coneto de Comonfort',10),(296,'San Juan del Río',10),(297,'Canelas',10),(298,'Topia',10),(299,'Tamazula',10),(300,'Santiago Papasquiaro',10),(301,'Otáez',10),(302,'San Dimas',10),(303,'Guadalupe Victoria',10),(304,'Peñón Blanco',10),(305,'Pánuco de Coronado',10),(306,'Poanas',10),(307,'Nombre de Dios',10),(308,'Vicente Guerrero',10),(309,'Súchil',10),(310,'Pueblo Nuevo',10),(311,'Mezquital',10),(312,'Gómez Palacio',10),(313,'Lerdo',10),(314,'Mapimí',10),(315,'Tlahualilo',10),(316,'Hidalgo',10),(317,'Ocampo',10),(318,'Guanaceví',10),(319,'San Bernardo',10),(320,'Indé',10),(321,'San Pedro del Gallo',10),(322,'Tepehuanes',10),(323,'El Oro',10),(324,'Nazas',10),(325,'San Luis del Cordero',10),(326,'Rodeo',10),(327,'Cuencamé',10),(328,'Santa Clara',10),(329,'San Juan de Guadalupe',10),(330,'General Simón Bolívar',10),(331,'Guanajuato',11),(332,'Silao de la Victoria',11),(333,'Romita',11),(334,'San Francisco del Rincón',11),(335,'Purísima del Rincón',11),(336,'Manuel Doblado',11),(337,'Irapuato',11),(338,'Salamanca',11),(339,'Pueblo Nuevo',11),(340,'Pénjamo',11),(341,'Cuerámaro',11),(342,'Abasolo',11),(343,'Huanímaro',11),(344,'León',11),(345,'San Felipe',11),(346,'Ocampo',11),(347,'San Miguel de Allende',11),(348,'Dolores Hidalgo Cuna de la Independencia Nacional',11),(349,'San Diego de la Unión',11),(350,'San Luis de la Paz',11),(351,'Victoria',11),(352,'Xichú',11),(353,'Atarjea',11),(354,'Santa Catarina',11),(355,'Doctor Mora',11),(356,'Tierra Blanca',11),(357,'San José Iturbide',11),(358,'Celaya',11),(359,'Apaseo el Grande',11),(360,'Comonfort',11),(361,'Santa Cruz de Juventino Rosas',11),(362,'Villagrán',11),(363,'Cortazar',11),(364,'Valle de Santiago',11),(365,'Jaral del Progreso',11),(366,'Apaseo el Alto',11),(367,'Jerécuaro',11),(368,'Coroneo',11),(369,'Acámbaro',11),(370,'Tarimoro',11),(371,'Tarandacuao',11),(372,'Moroleón',11),(373,'Salvatierra',11),(374,'Yuriria',11),(375,'Santiago Maravatío',11),(376,'Uriangato',11),(377,'Chilpancingo de los Bravo',12),(378,'General Heliodoro Castillo',12),(379,'Leonardo Bravo',12),(380,'Tixtla de Guerrero',12),(381,'Ayutla de los Libres',12),(382,'Ñuu Savi',12),(383,'Mochitlán',12),(384,'Quechultenango',12),(385,'Tecoanapa',12),(386,'Acapulco de Juárez',12),(387,'Juan R. Escudero',12),(388,'San Marcos',12),(389,'Las Vigas',12),(390,'Iguala de la Independencia',12),(391,'Huitzuco de los Figueroa',12),(392,'Tepecoacuilco de Trujano',12),(393,'Eduardo Neri',12),(394,'Taxco de Alarcón',12),(395,'Buenavista de Cuéllar',12),(396,'Tetipac',12),(397,'Pilcaya',12),(398,'Teloloapan',12),(399,'Ixcateopan de Cuauhtémoc',12),(400,'Pedro Ascencio Alquisiras',12),(401,'General Canuto A. Neri',12),(402,'Arcelia',12),(403,'Apaxtla',12),(404,'Cuetzala del Progreso',12),(405,'Cocula',12),(406,'Tlapehuala',12),(407,'Cutzamala de Pinzón',12),(408,'Pungarabato',12),(409,'Tlalchapa',12),(410,'Coyuca de Catalán',12),(411,'Ajuchitlán del Progreso',12),(412,'Zirándaro',12),(413,'San Miguel Totolapan',12),(414,'La Unión de Isidoro Montes de Oca',12),(415,'Petatlán',12),(416,'Coahuayutla de José María Izazaga',12),(417,'Zihuatanejo de Azueta',12),(418,'Técpan de Galeana',12),(419,'Atoyac de Álvarez',12),(420,'Benito Juárez',12),(421,'Coyuca de Benítez',12),(422,'Olinalá',12),(423,'Atenango del Río',12),(424,'Copalillo',12),(425,'Cualác',12),(426,'Chilapa de Álvarez',12),(427,'José Joaquín de Herrera',12),(428,'Ahuacuotzingo',12),(429,'Zitlala',12),(430,'Mártir de Cuilapan',12),(431,'Huamuxtitlán',12),(432,'Xochihuehuetlán',12),(433,'Alpoyeca',12),(434,'Tlapa de Comonfort',12),(435,'Tlalixtaquilla de Maldonado',12),(436,'Xalpatláhuac',12),(437,'Zapotitlán Tablas',12),(438,'Acatepec',12),(439,'Atlixtac',12),(440,'Copanatoyac',12),(441,'Malinaltepec',12),(442,'Santa Cruz del Rincón',12),(443,'Iliatenco',12),(444,'Tlacoapa',12),(445,'Atlamajalcingo del Monte',12),(446,'San Luis Acatlán',12),(447,'Metlatónoc',12),(448,'Cochoapa el Grande',12),(449,'Alcozauca de Guerrero',12),(450,'Ometepec',12),(451,'Tlacoachistlahuaca',12),(452,'Xochistlahuaca',12),(453,'Florencio Villarreal',12),(454,'Cuautepec',12),(455,'Copala',12),(456,'Azoyú',12),(457,'Juchitán',12),(458,'Marquelia',12),(459,'Cuajinicuilapa',12),(460,'San Nicolás',12),(461,'Igualapa',12),(462,'Pachuca de Soto',13),(463,'Mineral del Chico',13),(464,'Mineral del Monte',13),(465,'Ajacuba',13),(466,'San Agustín Tlaxiaca',13),(467,'Mineral de la Reforma',13),(468,'Zapotlán de Juárez',13),(469,'Jacala de Ledezma',13),(470,'Pisaflores',13),(471,'Pacula',13),(472,'La Misión',13),(473,'Chapulhuacán',13),(474,'Ixmiquilpan',13),(475,'Zimapán',13),(476,'Nicolás Flores',13),(477,'Cardonal',13),(478,'Tasquillo',13),(479,'Alfajayucan',13),(480,'Huichapan',13),(481,'Tecozautla',13),(482,'Nopala de Villagrán',13),(483,'Actopan',13),(484,'Santiago de Anaya',13),(485,'San Salvador',13),(486,'Francisco I. Madero',13),(487,'El Arenal',13),(488,'Mixquiahuala de Juárez',13),(489,'Progreso de Obregón',13),(490,'Chilcuautla',13),(491,'Tezontepec de Aldama',13),(492,'Tlahuelilpan',13),(493,'Tula de Allende',13),(494,'Tepeji del Río de Ocampo',13),(495,'Chapantongo',13),(496,'Tepetitlán',13),(497,'Tetepango',13),(498,'Tlaxcoapan',13),(499,'Atitalaquia',13),(500,'Atotonilco de Tula',13),(501,'Huejutla de Reyes',13),(502,'San Felipe Orizatlán',13),(503,'Jaltocán',13),(504,'Huautla',13),(505,'Atlapexco',13),(506,'Huazalingo',13),(507,'Yahualica',13),(508,'Xochiatipan',13),(509,'Molango de Escamilla',13),(510,'Tepehuacán de Guerrero',13),(511,'Lolotla',13),(512,'Tlanchinol',13),(513,'Tlahuiltepa',13),(514,'Juárez Hidalgo',13),(515,'Zacualtipán de Ángeles',13),(516,'Calnali',13),(517,'Xochicoatlán',13),(518,'Tianguistengo',13),(519,'Atotonilco el Grande',13),(520,'Eloxochitlán',13),(521,'Metztitlán',13),(522,'San Agustín Metzquititlán',13),(523,'Metepec',13),(524,'Huehuetla',13),(525,'San Bartolo Tutotepec',13),(526,'Agua Blanca de Iturbide',13),(527,'Tenango de Doria',13),(528,'Huasca de Ocampo',13),(529,'Acatlán',13),(530,'Omitlán de Juárez',13),(531,'Epazoyucan',13),(532,'Tulancingo de Bravo',13),(533,'Acaxochitlán',13),(534,'Cuautepec de Hinojosa',13),(535,'Santiago Tulantepec de Lugo Guerrero',13),(536,'Singuilucan',13),(537,'Tizayuca',13),(538,'Zempoala',13),(539,'Tolcayuca',13),(540,'Villa de Tezontepec',13),(541,'Apan',13),(542,'Tlanalapa',13),(543,'Almoloya',13),(544,'Emiliano Zapata',13),(545,'Tepeapulco',13),(546,'Guadalajara',14),(547,'Zapopan',14),(548,'San Cristóbal de la Barranca',14),(549,'Ixtlahuacán del Río',14),(550,'Tala',14),(551,'El Arenal',14),(552,'Amatitán',14),(553,'Tonalá',14),(554,'Zapotlanejo',14),(555,'Acatic',14),(556,'Cuquío',14),(557,'San Pedro Tlaquepaque',14),(558,'Tlajomulco de Zúñiga',14),(559,'El Salto',14),(560,'Acatlán de Juárez',14),(561,'Villa Corona',14),(562,'Zacoalco de Torres',14),(563,'Atemajac de Brizuela',14),(564,'Jocotepec',14),(565,'Ixtlahuacán de los Membrillos',14),(566,'Juanacatlán',14),(567,'Chapala',14),(568,'Poncitlán',14),(569,'Zapotlán del Rey',14),(570,'Huejuquilla el Alto',14),(571,'Mezquitic',14),(572,'Villa Guerrero',14),(573,'Bolaños',14),(574,'Totatiche',14),(575,'Colotlán',14),(576,'Santa María de los Ángeles',14),(577,'Huejúcar',14),(578,'Chimaltitán',14),(579,'San Martín de Bolaños',14),(580,'Tequila',14),(581,'Hostotipaquillo',14),(582,'Magdalena',14),(583,'Etzatlán',14),(584,'San Marcos',14),(585,'San Juanito de Escobedo',14),(586,'Ameca',14),(587,'Ahualulco de Mercado',14),(588,'Teuchitlán',14),(589,'San Martín Hidalgo',14),(590,'Guachinango',14),(591,'Mixtlán',14),(592,'Mascota',14),(593,'San Sebastián del Oeste',14),(594,'San Juan de los Lagos',14),(595,'Jalostotitlán',14),(596,'San Miguel el Alto',14),(597,'San Julián',14),(598,'Arandas',14),(599,'San Ignacio Cerro Gordo',14),(600,'Teocaltiche',14),(601,'Villa Hidalgo',14),(602,'Encarnación de Díaz',14),(603,'Yahualica de González Gallo',14),(604,'Mexticacán',14),(605,'Cañadas de Obregón',14),(606,'Valle de Guadalupe',14),(607,'Lagos de Moreno',14),(608,'Ojuelos de Jalisco',14),(609,'Unión de San Antonio',14),(610,'San Diego de Alejandría',14),(611,'Tepatitlán de Morelos',14),(612,'Tototlán',14),(613,'Atotonilco el Alto',14),(614,'Ocotlán',14),(615,'Jamay',14),(616,'La Barca',14),(617,'Ayotlán',14),(618,'Jesús María',14),(619,'Degollado',14),(620,'Unión de Tula',14),(621,'Ayutla',14),(622,'Atenguillo',14),(623,'Cuautla',14),(624,'Atengo',14),(625,'Talpa de Allende',14),(626,'Puerto Vallarta',14),(627,'Cabo Corrientes',14),(628,'Tomatlán',14),(629,'Cocula',14),(630,'Tecolotlán',14),(631,'Tenamaxtlán',14),(632,'Juchitlán',14),(633,'Chiquilistlán',14),(634,'Ejutla',14),(635,'El Limón',14),(636,'El Grullo',14),(637,'Tonaya',14),(638,'Tuxcacuesco',14),(639,'Villa Purificación',14),(640,'La Huerta',14),(641,'Autlán de Navarro',14),(642,'Casimiro Castillo',14),(643,'Cuautitlán de García Barragán',14),(644,'Cihuatlán',14),(645,'Zapotlán el Grande',14),(646,'Gómez Farías',14),(647,'Concepción de Buenos Aires',14),(648,'Atoyac',14),(649,'Techaluta de Montenegro',14),(650,'Teocuitatlán de Corona',14),(651,'Sayula',14),(652,'Tapalpa',14),(653,'Amacueca',14),(654,'Tizapán el Alto',14),(655,'Tuxcueca',14),(656,'La Manzanilla de la Paz',14),(657,'Mazamitla',14),(658,'Valle de Juárez',14),(659,'Quitupan',14),(660,'Zapotiltic',14),(661,'Tamazula de Gordiano',14),(662,'San Gabriel',14),(663,'Tolimán',14),(664,'Zapotitlán de Vadillo',14),(665,'Tuxpan',14),(666,'Tonila',14),(667,'Pihuamo',14),(668,'Tecalitlán',14),(669,'Jilotlán de los Dolores',14),(670,'Santa María del Oro',14),(671,'Toluca',15),(672,'Acambay de Ruíz Castañeda',15),(673,'Aculco',15),(674,'Temascalcingo',15),(675,'Atlacomulco',15),(676,'Timilpan',15),(677,'Morelos',15),(678,'El Oro',15),(679,'San Felipe del Progreso',15),(680,'San José del Rincón',15),(681,'Jocotitlán',15),(682,'Ixtlahuaca',15),(683,'Jiquipilco',15),(684,'Temoaya',15),(685,'Almoloya de Juárez',15),(686,'Villa Victoria',15),(687,'Villa de Allende',15),(688,'Donato Guerra',15),(689,'Ixtapan del Oro',15),(690,'Santo Tomás',15),(691,'Otzoloapan',15),(692,'Zacazonapan',15),(693,'Valle de Bravo',15),(694,'Amanalco',15),(695,'Temascaltepec',15),(696,'Zinacantepec',15),(697,'Tejupilco',15),(698,'Luvianos',15),(699,'San Simón de Guerrero',15),(700,'Amatepec',15),(701,'Tlatlaya',15),(702,'Sultepec',15),(703,'Texcaltitlán',15),(704,'Coatepec Harinas',15),(705,'Villa Guerrero',15),(706,'Zacualpan',15),(707,'Almoloya de Alquisiras',15),(708,'Ixtapan de la Sal',15),(709,'Tonatico',15),(710,'Zumpahuacán',15),(711,'Lerma',15),(712,'Xonacatlán',15),(713,'Otzolotepec',15),(714,'San Mateo Atenco',15),(715,'Metepec',15),(716,'Mexicaltzingo',15),(717,'Calimaya',15),(718,'Chapultepec',15),(719,'San Antonio la Isla',15),(720,'Tenango del Valle',15),(721,'Rayón',15),(722,'Joquicingo',15),(723,'Tenancingo',15),(724,'Malinalco',15),(725,'Ocuilan',15),(726,'Atizapán',15),(727,'Almoloya del Río',15),(728,'Texcalyacac',15),(729,'Tianguistenco',15),(730,'Xalatlaco',15),(731,'Capulhuac',15),(732,'Ocoyoacac',15),(733,'Huixquilucan',15),(734,'Atizapán de Zaragoza',15),(735,'Naucalpan de Juárez',15),(736,'Tlalnepantla de Baz',15),(737,'Polotitlán',15),(738,'Jilotepec',15),(739,'Soyaniquilpan de Juárez',15),(740,'Villa del Carbón',15),(741,'Chapa de Mota',15),(742,'Nicolás Romero',15),(743,'Isidro Fabela',15),(744,'Jilotzingo',15),(745,'Tepotzotlán',15),(746,'Coyotepec',15),(747,'Huehuetoca',15),(748,'Cuautitlán Izcalli',15),(749,'Teoloyucan',15),(750,'Cuautitlán',15),(751,'Melchor Ocampo',15),(752,'Tultitlán',15),(753,'Tultepec',15),(754,'Ecatepec de Morelos',15),(755,'Zumpango',15),(756,'Tequixquiac',15),(757,'Apaxco',15),(758,'Hueypoxtla',15),(759,'Coacalco de Berriozábal',15),(760,'Tecámac',15),(761,'Jaltenco',15),(762,'Tonanitla',15),(763,'Nextlalpan',15),(764,'Teotihuacán',15),(765,'San Martín de las Pirámides',15),(766,'Acolman',15),(767,'Otumba',15),(768,'Axapusco',15),(769,'Nopaltepec',15),(770,'Temascalapa',15),(771,'Tezoyuca',15),(772,'Chiautla',15),(773,'Papalotla',15),(774,'Tepetlaoxtoc',15),(775,'Texcoco',15),(776,'Chiconcuac',15),(777,'Atenco',15),(778,'Chimalhuacán',15),(779,'Chicoloapan',15),(780,'La Paz',15),(781,'Ixtapaluca',15),(782,'Chalco',15),(783,'Valle de Chalco Solidaridad',15),(784,'Temamatla',15),(785,'Cocotitlán',15),(786,'Tlalmanalco',15),(787,'Ayapango',15),(788,'Tenango del Aire',15),(789,'Ozumba',15),(790,'Juchitepec',15),(791,'Tepetlixpa',15),(792,'Amecameca',15),(793,'Atlautla',15),(794,'Ecatzingo',15),(795,'Nezahualcóyotl',15),(796,'Morelia',16),(797,'Huaniqueo',16),(798,'Coeneo',16),(799,'Quiroga',16),(800,'Tzintzuntzan',16),(801,'Lagunillas',16),(802,'Acuitzio',16),(803,'Madero',16),(804,'Puruándiro',16),(805,'José Sixto Verduzco',16),(806,'Angamacutiro',16),(807,'Panindícuaro',16),(808,'Zacapu',16),(809,'Tlazazalca',16),(810,'Purépero',16),(811,'Jiménez',16),(812,'Morelos',16),(813,'Huandacareo',16),(814,'Cuitzeo',16),(815,'Chucándiro',16),(816,'Copándaro',16),(817,'Tarímbaro',16),(818,'Santa Ana Maya',16),(819,'Álvaro Obregón',16),(820,'Zinapécuaro',16),(821,'Indaparapeo',16),(822,'Queréndaro',16),(823,'Sahuayo',16),(824,'Briseñas',16),(825,'Cojumatlán de Régules',16),(826,'Venustiano Carranza',16),(827,'Pajacuarán',16),(828,'Vista Hermosa',16),(829,'Tanhuato',16),(830,'Yurécuaro',16),(831,'Ixtlán',16),(832,'La Piedad',16),(833,'Numarán',16),(834,'Churintzio',16),(835,'Zináparo',16),(836,'Penjamillo',16),(837,'Marcos Castellanos',16),(838,'Jiquilpan',16),(839,'Villamar',16),(840,'Chavinda',16),(841,'Zamora',16),(842,'Ecuandureo',16),(843,'Tangancícuaro',16),(844,'Chilchota',16),(845,'Jacona',16),(846,'Tangamandapio',16),(847,'Cotija',16),(848,'Tocumbo',16),(849,'Tingüindín',16),(850,'Uruapan',16),(851,'Charapan',16),(852,'Paracho',16),(853,'Cherán',16),(854,'Nahuatzen',16),(855,'Tingambato',16),(856,'Los Reyes',16),(857,'Peribán',16),(858,'Tancítaro',16),(859,'Nuevo Parangaricutiro',16),(860,'Buenavista',16),(861,'Tepalcatepec',16),(862,'Aguililla',16),(863,'Apatzingán',16),(864,'Parácuaro',16),(865,'Coahuayana',16),(866,'Chinicuila',16),(867,'Coalcomán de Vázquez Pallares',16),(868,'Aquila',16),(869,'Tumbiscatío',16),(870,'Arteaga',16),(871,'Lázaro Cárdenas',16),(872,'Epitacio Huerta',16),(873,'Contepec',16),(874,'Tlalpujahua',16),(875,'Hidalgo',16),(876,'Maravatío',16),(877,'Irimbo',16),(878,'Senguio',16),(879,'Charo',16),(880,'Tzitzio',16),(881,'Tiquicheo de Nicolás Romero',16),(882,'Aporo',16),(883,'Angangueo',16),(884,'Tuxpan',16),(885,'Ocampo',16),(886,'Jungapeo',16),(887,'Zitácuaro',16),(888,'Tuzantla',16),(889,'Juárez',16),(890,'Susupuato',16),(891,'Pátzcuaro',16),(892,'Erongarícuaro',16),(893,'Huiramba',16),(894,'Tacámbaro',16),(895,'Turicato',16),(896,'Ziracuaretiro',16),(897,'Taretan',16),(898,'Gabriel Zamora',16),(899,'Nuevo Urecho',16),(900,'Múgica',16),(901,'Salvador Escalante',16),(902,'Ario',16),(903,'La Huacana',16),(904,'Churumuco',16),(905,'Nocupétaro',16),(906,'Carácuaro',16),(907,'Huetamo',16),(908,'San Lucas',16),(909,'Cuernavaca',17),(910,'Huitzilac',17),(911,'Tepoztlán',17),(912,'Tlalnepantla',17),(913,'Tlayacapan',17),(914,'Jiutepec',17),(915,'Temixco',17),(916,'Miacatlán',17),(917,'Coatetelco',17),(918,'Coatlán del Río',17),(919,'Tetecala',17),(920,'Mazatepec',17),(921,'Amacuzac',17),(922,'Puente de Ixtla',17),(923,'Xoxocotla',17),(924,'Ayala',17),(925,'Yautepec',17),(926,'Cuautla',17),(927,'Emiliano Zapata',17),(928,'Tlaltizapán de Zapata',17),(929,'Zacatepec',17),(930,'Xochitepec',17),(931,'Tetela del Volcán',17),(932,'Hueyapan',17),(933,'Yecapixtla',17),(934,'Totolapan',17),(935,'Atlatlahucan',17),(936,'Ocuituco',17),(937,'Temoac',17),(938,'Zacualpan de Amilpas',17),(939,'Jojutla',17),(940,'Tepalcingo',17),(941,'Jonacatepec de Leandro Valle',17),(942,'Axochiapan',17),(943,'Jantetelco',17),(944,'Tlaquiltenango',17),(945,'Tepic',18),(946,'Tuxpan',18),(947,'Santiago Ixcuintla',18),(948,'Acaponeta',18),(949,'Tecuala',18),(950,'Huajicori',18),(951,'Del Nayar',18),(952,'La Yesca',18),(953,'Ruíz',18),(954,'Rosamorada',18),(955,'Compostela',18),(956,'Bahía de Banderas',18),(957,'San Blas',18),(958,'Xalisco',18),(959,'San Pedro Lagunillas',18),(960,'Santa María del Oro',18),(961,'Jala',18),(962,'Ahuacatlán',18),(963,'Ixtlán del Río',18),(964,'Amatlán de Cañas',18),(965,'Monterrey',19),(966,'Anáhuac',19),(967,'Lampazos de Naranjo',19),(968,'Mina',19),(969,'Bustamante',19),(970,'Sabinas Hidalgo',19),(971,'Villaldama',19),(972,'Vallecillo',19),(973,'Parás',19),(974,'Salinas Victoria',19),(975,'Ciénega de Flores',19),(976,'Hidalgo',19),(977,'Abasolo',19),(978,'Higueras',19),(979,'General Zuazua',19),(980,'Agualeguas',19),(981,'General Treviño',19),(982,'Cerralvo',19),(983,'Melchor Ocampo',19),(984,'García',19),(985,'General Escobedo',19),(986,'Santa Catarina',19),(987,'San Pedro Garza García',19),(988,'San Nicolás de los Garza',19),(989,'El Carmen',19),(990,'Apodaca',19),(991,'Pesquería',19),(992,'Marín',19),(993,'Doctor González',19),(994,'Los Ramones',19),(995,'Los Herreras',19),(996,'Los Aldamas',19),(997,'Doctor Coss',19),(998,'General Bravo',19),(999,'China',19),(1000,'Guadalupe',19),(1001,'Juárez',19),(1002,'Santiago',19),(1003,'Allende',19),(1004,'General Terán',19),(1005,'Cadereyta Jiménez',19),(1006,'Montemorelos',19),(1007,'Rayones',19),(1008,'Linares',19),(1009,'Iturbide',19),(1010,'Galeana',19),(1011,'Hualahuises',19),(1012,'Doctor Arroyo',19),(1013,'Aramberri',19),(1014,'General Zaragoza',19),(1015,'Mier y Noriega',19),(1016,'Oaxaca de Juárez',20),(1017,'Villa de Etla',20),(1018,'San Juan Bautista Atatlahuca',20),(1019,'San Jerónimo Sosola',20),(1020,'San Juan Bautista Jayacatlán',20),(1021,'San Francisco Telixtlahuaca',20),(1022,'Santiago Tenango',20),(1023,'San Pablo Huitzo',20),(1024,'San Juan del Estado',20),(1025,'Magdalena Apasco',20),(1026,'Santiago Suchilquitongo',20),(1027,'San Juan Bautista Guelache',20),(1028,'Reyes Etla',20),(1029,'Nazareno Etla',20),(1030,'San Andrés Zautla',20),(1031,'San Agustín Etla',20),(1032,'Soledad Etla',20),(1033,'Santo Tomás Mazaltepec',20),(1034,'Guadalupe Etla',20),(1035,'San Pablo Etla',20),(1036,'San Felipe Tejalápam',20),(1037,'San Lorenzo Cacaotepec',20),(1038,'Santa María Peñoles',20),(1039,'Santiago Tlazoyaltepec',20),(1040,'Tlalixtac de Cabrera',20),(1041,'San Jacinto Amilpas',20),(1042,'San Andrés Huayápam',20),(1043,'San Agustín Yatareni',20),(1044,'Santo Domingo Tomaltepec',20),(1045,'Santa María del Tule',20),(1046,'San Juan Bautista Tuxtepec',20),(1047,'Loma Bonita',20),(1048,'San José Independencia',20),(1049,'Cosolapa',20),(1050,'Acatlán de Pérez Figueroa',20),(1051,'San Miguel Soyaltepec',20),(1052,'Ayotzintepec',20),(1053,'San Pedro Ixcatlán',20),(1054,'San José Chiltepec',20),(1055,'San Felipe Jalapa de Díaz',20),(1056,'Santa María Jacatepec',20),(1057,'San Lucas Ojitlán',20),(1058,'San Juan Bautista Valle Nacional',20),(1059,'San Felipe Usila',20),(1060,'Huautla de Jiménez',20),(1061,'Santa María Chilchotla',20),(1062,'Santa Ana Ateixtlahuaca',20),(1063,'San Lorenzo Cuaunecuiltitla',20),(1064,'San Francisco Huehuetlán',20),(1065,'San Pedro Ocopetatillo',20),(1066,'Santa Cruz Acatepec',20),(1067,'Eloxochitlán de Flores Magón',20),(1068,'Santiago Texcalcingo',20),(1069,'Teotitlán de Flores Magón',20),(1070,'Santa María Teopoxco',20),(1071,'San Martín Toxpalan',20),(1072,'San Jerónimo Tecóatl',20),(1073,'Santa María la Asunción',20),(1074,'Huautepec',20),(1075,'San Juan Coatzóspam',20),(1076,'San Lucas Zoquiápam',20),(1077,'San Antonio Nanahuatípam',20),(1078,'San José Tenango',20),(1079,'San Mateo Yoloxochitlán',20),(1080,'San Bartolomé Ayautla',20),(1081,'Mazatlán Villa de Flores',20),(1082,'San Juan de los Cués',20),(1083,'Santa María Tecomavaca',20),(1084,'Santa María Ixcatlán',20),(1085,'San Juan Bautista Cuicatlán',20),(1086,'Cuyamecalco Villa de Zaragoza',20),(1087,'Santa Ana Cuauhtémoc',20),(1088,'Chiquihuitlán de Benito Juárez',20),(1089,'San Pedro Teutila',20),(1090,'San Miguel Santa Flor',20),(1091,'Santa María Tlalixtac',20),(1092,'San Andrés Teotilálpam',20),(1093,'San Francisco Chapulapa',20),(1094,'Concepción Pápalo',20),(1095,'Santos Reyes Pápalo',20),(1096,'San Juan Bautista Tlacoatzintepec',20),(1097,'Santa María Pápalo',20),(1098,'San Juan Tepeuxila',20),(1099,'San Pedro Sochiápam',20),(1100,'Valerio Trujano',20),(1101,'San Pedro Jocotipac',20),(1102,'Santa María Texcatitlán',20),(1103,'San Pedro Jaltepetongo',20),(1104,'Santiago Nacaltepec',20),(1105,'Natividad',20),(1106,'San Juan Quiotepec',20),(1107,'San Pedro Yólox',20),(1108,'Santiago Comaltepec',20),(1109,'Abejones',20),(1110,'San Pablo Macuiltianguis',20),(1111,'Ixtlán de Juárez',20),(1112,'San Juan Atepec',20),(1113,'San Pedro Yaneri',20),(1114,'San Miguel Aloápam',20),(1115,'Teococuilco de Marcos Pérez',20),(1116,'Santa Ana Yareni',20),(1117,'San Juan Evangelista Analco',20),(1118,'Santa María Jaltianguis',20),(1119,'San Miguel del Río',20),(1120,'San Juan Chicomezúchil',20),(1121,'Capulálpam de Méndez',20),(1122,'Nuevo Zoquiápam',20),(1123,'Santiago Xiacuí',20),(1124,'Guelatao de Juárez',20),(1125,'Santa Catarina Ixtepeji',20),(1126,'San Miguel Yotao',20),(1127,'Santa Catarina Lachatao',20),(1128,'San Miguel Amatlán',20),(1129,'Santa María Yavesía',20),(1130,'Santiago Laxopa',20),(1131,'San Ildefonso Villa Alta',20),(1132,'Santiago Camotlán',20),(1133,'San Juan Yaeé',20),(1134,'Santiago Lalopa',20),(1135,'San Juan Yatzona',20),(1136,'Villa Talea de Castro',20),(1137,'Tanetze de Zaragoza',20),(1138,'San Juan Juquila Vijanos',20),(1139,'San Cristóbal Lachirioag',20),(1140,'Santa María Temaxcalapa',20),(1141,'Santo Domingo Roayaga',20),(1142,'Santa María Yalina',20),(1143,'San Andrés Solaga',20),(1144,'San Juan Tabaá',20),(1145,'San Melchor Betaza',20),(1146,'San Andrés Yaá',20),(1147,'San Bartolomé Zoogocho',20),(1148,'San Baltazar Yatzachi el Bajo',20),(1149,'Santiago Zoochila',20),(1150,'Villa Hidalgo Yalálag',20),(1151,'San Francisco Cajonos',20),(1152,'San Mateo Cajonos',20),(1153,'San Pedro Cajonos',20),(1154,'Santo Domingo Xagacía',20),(1155,'San Pablo Yaganiza',20),(1156,'Santiago Choápam',20),(1157,'Santiago Jocotepec',20),(1158,'San Juan Lalana',20),(1159,'Santiago Yaveo',20),(1160,'San Juan Petlapa',20),(1161,'San Juan Comaltepec',20),(1162,'Heroica Ciudad de Huajuapan de León',20),(1163,'Villa de Santiago Chazumba',20),(1164,'Cosoltepec',20),(1165,'San Pedro y San Pablo Tequixtepec',20),(1166,'San Juan Bautista Suchitepec',20),(1167,'Santa Catarina Zapoquila',20),(1168,'Santiago Miltepec',20),(1169,'San Jerónimo Silacayoapilla',20),(1170,'Zapotitlán Palmas',20),(1171,'San Andrés Dinicuiti',20),(1172,'Santiago Cacaloxtepec',20),(1173,'Asunción Cuyotepeji',20),(1174,'Santa María Camotlán',20),(1175,'Santiago Huajolotitlán',20),(1176,'Santiago Tamazola',20),(1177,'San Juan Cieneguilla',20),(1178,'Zapotitlán Lagunas',20),(1179,'San Juan Ihualtepec',20),(1180,'San Nicolás Hidalgo',20),(1181,'Guadalupe de Ramírez',20),(1182,'San Andrés Tepetlapa',20),(1183,'San Miguel Ahuehuetitlán',20),(1184,'San Mateo Nejápam',20),(1185,'San Juan Bautista Tlachichilco',20),(1186,'Tezoatlán de Segura y Luna',20),(1187,'Fresnillo de Trujano',20),(1188,'Santiago Ayuquililla',20),(1189,'San José Ayuquila',20),(1190,'San Martín Zacatepec',20),(1191,'San Miguel Amatitlán',20),(1192,'Mariscala de Juárez',20),(1193,'Santa Cruz Tacache de Mina',20),(1194,'San Simón Zahuatlán',20),(1195,'San Marcos Arteaga',20),(1196,'San Jorge Nuchita',20),(1197,'Santos Reyes Yucuná',20),(1198,'Santo Domingo Tonalá',20),(1199,'Santo Domingo Yodohino',20),(1200,'San Juan Bautista Coixtlahuaca',20),(1201,'Tepelmeme Villa de Morelos',20),(1202,'Concepción Buenavista',20),(1203,'Santiago Ihuitlán Plumas',20),(1204,'Tlacotepec Plumas',20),(1205,'San Francisco Teopan',20),(1206,'Santa Magdalena Jicotlán',20),(1207,'San Mateo Tlapiltepec',20),(1208,'San Miguel Tequixtepec',20),(1209,'San Miguel Tulancingo',20),(1210,'Santiago Tepetlapa',20),(1211,'San Cristóbal Suchixtlahuaca',20),(1212,'Santa María Nativitas',20),(1213,'Silacayoápam',20),(1214,'Santiago Yucuyachi',20),(1215,'San Lorenzo Victoria',20),(1216,'San Agustín Atenango',20),(1217,'Calihualá',20),(1218,'Santa Cruz de Bravo',20),(1219,'Ixpantepec Nieves',20),(1220,'San Francisco Tlapancingo',20),(1221,'Santiago del Río',20),(1222,'San Pedro y San Pablo Teposcolula',20),(1223,'La Trinidad Vista Hermosa',20),(1224,'Villa de Tamazulápam del Progreso',20),(1225,'San Pedro Nopala',20),(1226,'Teotongo',20),(1227,'San Antonio Acutla',20),(1228,'Villa Tejúpam de la Unión',20),(1229,'Santo Domingo Tonaltepec',20),(1230,'Villa de Chilapa de Díaz',20),(1231,'San Antonino Monte Verde',20),(1232,'San Andrés Lagunas',20),(1233,'San Pedro Yucunama',20),(1234,'San Juan Teposcolula',20),(1235,'San Bartolo Soyaltepec',20),(1236,'Santiago Yolomécatl',20),(1237,'San Sebastián Nicananduta',20),(1238,'Santo Domingo Tlatayápam',20),(1239,'Santa María Nduayaco',20),(1240,'San Vicente Nuñú',20),(1241,'San Pedro Topiltepec',20),(1242,'Santiago Nejapilla',20),(1243,'Asunción Nochixtlán',20),(1244,'San Miguel Huautla',20),(1245,'San Miguel Chicahua',20),(1246,'Santa María Apazco',20),(1247,'Santiago Apoala',20),(1248,'Santa María Chachoápam',20),(1249,'San Pedro Coxcaltepec Cántaros',20),(1250,'Santiago Huauclilla',20),(1251,'Santo Domingo Yanhuitlán',20),(1252,'San Andrés Sinaxtla',20),(1253,'San Juan Yucuita',20),(1254,'San Juan Sayultepec',20),(1255,'Santiago Tillo',20),(1256,'San Francisco Chindúa',20),(1257,'San Mateo Etlatongo',20),(1258,'Santa Inés de Zaragoza',20),(1259,'Santiago Juxtlahuaca',20),(1260,'San Miguel Tlacotepec',20),(1261,'San Sebastián Tecomaxtlahuaca',20),(1262,'Santos Reyes Tepejillo',20),(1263,'San Juan Mixtepec -Dto. 08 -',20),(1264,'San Martín Peras',20),(1265,'Coicoyán de las Flores',20),(1266,'Heroica Ciudad de Tlaxiaco',20),(1267,'San Juan Ñumí',20),(1268,'San Pedro Mártir Yucuxaco',20),(1269,'San Martín Huamelúlpam',20),(1270,'Santa Cruz Tayata',20),(1271,'Santiago Nundiche',20),(1272,'Santa María del Rosario',20),(1273,'San Juan Achiutla',20),(1274,'Santa Catarina Tayata',20),(1275,'San Cristóbal Amoltepec',20),(1276,'San Miguel Achiutla',20),(1277,'San Martín Itunyoso',20),(1278,'Magdalena Peñasco',20),(1279,'San Bartolomé Yucuañe',20),(1280,'Santa Cruz Nundaco',20),(1281,'San Agustín Tlacotepec',20),(1282,'Santo Tomás Ocotepec',20),(1283,'San Antonio Sinicahua',20),(1284,'San Mateo Peñasco',20),(1285,'Santa María Tataltepec',20),(1286,'San Pedro Molinos',20),(1287,'Santa María Yosoyúa',20),(1288,'San Juan Teita',20),(1289,'Magdalena Jaltepec',20),(1290,'Magdalena Yodocono de Porfirio Díaz',20),(1291,'San Miguel Tecomatlán',20),(1292,'Magdalena Zahuatlán',20),(1293,'San Francisco Nuxaño',20),(1294,'San Pedro Tidaá',20),(1295,'San Francisco Jaltepetongo',20),(1296,'Santiago Tilantongo',20),(1297,'San Juan Diuxi',20),(1298,'San Andrés Nuxiño',20),(1299,'San Juan Tamazola',20),(1300,'Santo Domingo Nuxaá',20),(1301,'Yutanduchi de Guerrero',20),(1302,'San Pedro Teozacoalco',20),(1303,'San Miguel Piedras',20),(1304,'San Mateo Sindihui',20),(1305,'Juchitán de Zaragoza',20),(1306,'Ciudad Ixtepec',20),(1307,'El Espinal',20),(1308,'Santo Domingo Ingenio',20),(1309,'Santa María Xadani',20),(1310,'Santiago Niltepec',20),(1311,'San Dionisio del Mar',20),(1312,'Asunción Ixtaltepec',20),(1313,'San Francisco del Mar',20),(1314,'Unión Hidalgo',20),(1315,'San Miguel Chimalapa',20),(1316,'Santo Domingo Zanatepec',20),(1317,'Reforma de Pineda',20),(1318,'San Francisco Ixhuatán',20),(1319,'San Pedro Tapanatepec',20),(1320,'Chahuites',20),(1321,'Santiago Zacatepec',20),(1322,'Santo Domingo Tepuxtepec',20),(1323,'San Juan Cotzocón',20),(1324,'San Juan Mazatlán',20),(1325,'Totontepec Villa de Morelos',20),(1326,'Mixistlán de la Reforma',20),(1327,'Santa María Tlahuitoltepec',20),(1328,'Santa María Alotepec',20),(1329,'Santiago Atitlán',20),(1330,'Tamazulápam del Espíritu Santo',20),(1331,'San Pedro y San Pablo Ayutla',20),(1332,'Santa María Tepantlali',20),(1333,'San Miguel Quetzaltepec',20),(1334,'Asunción Cacalotepec',20),(1335,'San Pedro Ocotepec',20),(1336,'San Lucas Camotlán',20),(1337,'Santiago Ixcuintepec',20),(1338,'Matías Romero Avendaño',20),(1339,'San Juan Guichicovi',20),(1340,'Santo Domingo Petapa',20),(1341,'Santa María Chimalapa',20),(1342,'Santa María Petapa',20),(1343,'El Barrio de la Soledad',20),(1344,'Tlacolula de Matamoros',20),(1345,'San Sebastián Abasolo',20),(1346,'Villa Díaz Ordaz',20),(1347,'Santa María Guelacé',20),(1348,'Teotitlán del Valle',20),(1349,'San Francisco Lachigoló',20),(1350,'San Sebastián Teitipac',20),(1351,'Santa Ana del Valle',20),(1352,'San Pablo Villa de Mitla',20),(1353,'Santiago Matatlán',20),(1354,'Santo Domingo Albarradas',20),(1355,'Rojas de Cuauhtémoc',20),(1356,'San Juan Teitipac',20),(1357,'Santa Cruz Papalutla',20),(1358,'Magdalena Teitipac',20),(1359,'San Jerónimo Tlacochahuaya',20),(1360,'San Juan Guelavía',20),(1361,'San Lucas Quiaviní',20),(1362,'San Juan del Río',20),(1363,'San Bartolomé Quialana',20),(1364,'San Lorenzo Albarradas',20),(1365,'San Pedro Totolápam',20),(1366,'San Pedro Quiatoni',20),(1367,'Santa María Zoquitlán',20),(1368,'San Dionisio Ocotepec',20),(1369,'San Carlos Yautepec',20),(1370,'San Juan Juquila Mixes',20),(1371,'Nejapa de Madero',20),(1372,'Santa Ana Tavela',20),(1373,'San Juan Lajarcia',20),(1374,'San Bartolo Yautepec',20),(1375,'Santa María Ecatepec',20),(1376,'Asunción Tlacolulita',20),(1377,'San Pedro Mártir Quiechapa',20),(1378,'Santa María Quiegolani',20),(1379,'Santa Catarina Quioquitani',20),(1380,'Santa Catalina Quierí',20),(1381,'Salina Cruz',20),(1382,'Santiago Lachiguiri',20),(1383,'Santa María Jalapa del Marqués',20),(1384,'Santa María Totolapilla',20),(1385,'Santiago Laollaga',20),(1386,'Guevea de Humboldt',20),(1387,'Santo Domingo Chihuitán',20),(1388,'Santa María Guienagati',20),(1389,'Magdalena Tequisistlán',20),(1390,'Magdalena Tlacotepec',20),(1391,'San Pedro Comitancillo',20),(1392,'Santa María Mixtequilla',20),(1393,'Santo Domingo Tehuantepec',20),(1394,'San Pedro Huamelula',20),(1395,'San Pedro Huilotepec',20),(1396,'San Mateo del Mar',20),(1397,'Heroica Villa de San Blas Atempa',20),(1398,'Santiago Astata',20),(1399,'San Miguel Tenango',20),(1400,'Miahuatlán de Porfirio Díaz',20),(1401,'San Nicolás',20),(1402,'San Simón Almolongas',20),(1403,'San Luis Amatlán',20),(1404,'San José Lachiguiri',20),(1405,'Sitio de Xitlapehua',20),(1406,'San Francisco Logueche',20),(1407,'Santa Ana',20),(1408,'Santa Cruz Xitla',20),(1409,'Monjas',20),(1410,'San Ildefonso Amatlán',20),(1411,'Santa Catarina Cuixtla',20),(1412,'San José del Peñasco',20),(1413,'San Cristóbal Amatlán',20),(1414,'San Juan Mixtepec -Dto. 26 -',20),(1415,'San Pedro Mixtepec -Dto. 26 -',20),(1416,'Santa Lucía Miahuatlán',20),(1417,'San Jerónimo Coatlán',20),(1418,'San Sebastián Coatlán',20),(1419,'San Pablo Coatlán',20),(1420,'San Mateo Río Hondo',20),(1421,'Santo Tomás Tamazulapan',20),(1422,'San Andrés Paxtlán',20),(1423,'Santa María Ozolotepec',20),(1424,'San Miguel Coatlán',20),(1425,'San Sebastián Río Hondo',20),(1426,'San Miguel Suchixtepec',20),(1427,'Santo Domingo Ozolotepec',20),(1428,'San Francisco Ozolotepec',20),(1429,'Santiago Xanica',20),(1430,'San Marcial Ozolotepec',20),(1431,'San Juan Ozolotepec',20),(1432,'San Pedro Pochutla',20),(1433,'Santo Domingo de Morelos',20),(1434,'Santa Catarina Loxicha',20),(1435,'San Agustín Loxicha',20),(1436,'San Baltazar Loxicha',20),(1437,'Santa María Colotepec',20),(1438,'San Bartolomé Loxicha',20),(1439,'Santa María Tonameca',20),(1440,'Candelaria Loxicha',20),(1441,'Pluma Hidalgo',20),(1442,'San Pedro el Alto',20),(1443,'San Mateo Piñas',20),(1444,'Santa María Huatulco',20),(1445,'San Miguel del Puerto',20),(1446,'Putla Villa de Guerrero',20),(1447,'Constancia del Rosario',20),(1448,'Mesones Hidalgo',20),(1449,'Santa María Zacatepec',20),(1450,'San Pedro Amuzgos',20),(1451,'La Reforma',20),(1452,'Santa María Ipalapa',20),(1453,'Chalcatongo de Hidalgo',20),(1454,'Santa María Yucuhiti',20),(1455,'San Esteban Atatlahuca',20),(1456,'Santa Catarina Ticuá',20),(1457,'Santiago Nuyoó',20),(1458,'Santa Catarina Yosonotú',20),(1459,'San Miguel el Grande',20),(1460,'Santo Domingo Ixcatlán',20),(1461,'San Pablo Tijaltepec',20),(1462,'Santa Cruz Tacahua',20),(1463,'Santa Lucía Monteverde',20),(1464,'San Andrés Cabecera Nueva',20),(1465,'Santa María Yolotepec',20),(1466,'Santiago Yosondúa',20),(1467,'Santa Cruz Itundujia',20),(1468,'Zimatlán de Álvarez',20),(1469,'San Bernardo Mixtepec',20),(1470,'Santa Cruz Mixtepec',20),(1471,'San Miguel Mixtepec',20),(1472,'Santa María Atzompa',20),(1473,'San Andrés Ixtlahuaca',20),(1474,'Santa Cruz Amilpas',20),(1475,'Santa Cruz Xoxocotlán',20),(1476,'Santa Lucía del Camino',20),(1477,'San Pedro Ixtlahuaca',20),(1478,'San Antonio de la Cal',20),(1479,'San Agustín de las Juntas',20),(1480,'San Pablo Huixtepec',20),(1481,'Ánimas Trujano',20),(1482,'San Jacinto Tlacotepec',20),(1483,'San Raymundo Jalpan',20),(1484,'Trinidad Zaachila',20),(1485,'Santa María Coyotepec',20),(1486,'San Bartolo Coyotepec',20),(1487,'Santa Inés Yatzeche',20),(1488,'Ciénega de Zimatlán',20),(1489,'San Antonio Huitepec',20),(1490,'Villa de Zaachila',20),(1491,'San Sebastián Tutla',20),(1492,'San Miguel Peras',20),(1493,'San Pablo Cuatro Venados',20),(1494,'Santa Inés del Monte',20),(1495,'Santa Gertrudis',20),(1496,'San Antonino el Alto',20),(1497,'Magdalena Mixtepec',20),(1498,'Santa Catarina Quiané',20),(1499,'Ayoquezco de Aldama',20),(1500,'Santa Ana Tlapacoyan',20),(1501,'Santa Cruz Zenzontepec',20),(1502,'San Francisco Cahuacuá',20),(1503,'San Mateo Yucutindoo',20),(1504,'Santiago Textitlán',20),(1505,'Santiago Amoltepec',20),(1506,'Santa María Zaniza',20),(1507,'Santo Domingo Teojomulco',20),(1508,'Cuilápam de Guerrero',20),(1509,'Villa Sola de Vega',20),(1510,'Santa María Lachixío',20),(1511,'San Vicente Lachixío',20),(1512,'San Lorenzo Texmelúcan',20),(1513,'Santa María Sola',20),(1514,'San Francisco Sola',20),(1515,'San Ildefonso Sola',20),(1516,'Santiago Minas',20),(1517,'Heroica Ciudad de Ejutla de Crespo',20),(1518,'San Martín Tilcajete',20),(1519,'Santo Tomás Jalieza',20),(1520,'San Juan Chilateca',20),(1521,'Ocotlán de Morelos',20),(1522,'Santa Ana Zegache',20),(1523,'Santiago Apóstol',20),(1524,'San Antonino Castillo Velasco',20),(1525,'Asunción Ocotlán',20),(1526,'San Pedro Mártir',20),(1527,'San Dionisio Ocotlán',20),(1528,'Magdalena Ocotlán',20),(1529,'San Miguel Tilquiápam',20),(1530,'Santa Catarina Minas',20),(1531,'San Baltazar Chichicápam',20),(1532,'San Pedro Apóstol',20),(1533,'Santa Lucía Ocotlán',20),(1534,'San Jerónimo Taviche',20),(1535,'San Andrés Zabache',20),(1536,'San José del Progreso',20),(1537,'Yaxe',20),(1538,'San Pedro Taviche',20),(1539,'San Martín de los Cansecos',20),(1540,'San Martín Lachilá',20),(1541,'La Pe',20),(1542,'La Compañía',20),(1543,'Coatecas Altas',20),(1544,'San Juan Lachigalla',20),(1545,'San Agustín Amatengo',20),(1546,'Taniche',20),(1547,'San Miguel Ejutla',20),(1548,'Yogana',20),(1549,'San Vicente Coatlán',20),(1550,'Santiago Pinotepa Nacional',20),(1551,'San Juan Cacahuatepec',20),(1552,'San Juan Bautista Lo de Soto',20),(1553,'Mártires de Tacubaya',20),(1554,'San Sebastián Ixcapa',20),(1555,'San Antonio Tepetlapa',20),(1556,'Santa María Cortijo',20),(1557,'Santiago Llano Grande',20),(1558,'San Miguel Tlacamama',20),(1559,'Santiago Tapextla',20),(1560,'San José Estancia Grande',20),(1561,'Santo Domingo Armenta',20),(1562,'Santiago Jamiltepec',20),(1563,'San Pedro Atoyac',20),(1564,'San Juan Colorado',20),(1565,'Santiago Ixtayutla',20),(1566,'San Pedro Jicayán',20),(1567,'Pinotepa de Don Luis',20),(1568,'San Lorenzo',20),(1569,'San Agustín Chayuco',20),(1570,'San Andrés Huaxpaltepec',20),(1571,'Santa Catarina Mechoacán',20),(1572,'Santiago Tetepec',20),(1573,'Santa María Huazolotitlán',20),(1574,'Villa de Tututepec',20),(1575,'Tataltepec de Valdés',20),(1576,'San Juan Quiahije',20),(1577,'San Miguel Panixtlahuaca',20),(1578,'Santa Catarina Juquila',20),(1579,'San Pedro Juchatengo',20),(1580,'Santiago Yaitepec',20),(1581,'San Juan Lachao',20),(1582,'Santa María Temaxcaltepec',20),(1583,'Santos Reyes Nopala',20),(1584,'San Gabriel Mixtepec',20),(1585,'San Pedro Mixtepec -Dto. 22 -',20),(1586,'Puebla',21),(1587,'Tlaltenango',21),(1588,'San Miguel Xoxtla',21),(1589,'Juan C. Bonilla',21),(1590,'Coronango',21),(1591,'Cuautlancingo',21),(1592,'San Pedro Cholula',21),(1593,'San Andrés Cholula',21),(1594,'Ocoyucan',21),(1595,'Amozoc',21),(1596,'Francisco Z. Mena',21),(1597,'Pantepec',21),(1598,'Venustiano Carranza',21),(1599,'Jalpan',21),(1600,'Tlaxco',21),(1601,'Tlacuilotepec',21),(1602,'Xicotepec',21),(1603,'Pahuatlán',21),(1604,'Honey',21),(1605,'Naupan',21),(1606,'Huauchinango',21),(1607,'Ahuazotepec',21),(1608,'Juan Galindo',21),(1609,'Tlaola',21),(1610,'Zihuateutla',21),(1611,'Jopala',21),(1612,'Tlapacoya',21),(1613,'Chignahuapan',21),(1614,'Zacatlán',21),(1615,'Chiconcuautla',21),(1616,'Ahuacatlán',21),(1617,'Tepetzintla',21),(1618,'San Felipe Tepatlán',21),(1619,'Amixtlán',21),(1620,'Tepango de Rodríguez',21),(1621,'Zongozotla',21),(1622,'Hermenegildo Galeana',21),(1623,'Olintla',21),(1624,'Coatepec',21),(1625,'Camocuautla',21),(1626,'Hueytlalpan',21),(1627,'Zapotitlán de Méndez',21),(1628,'Huitzilan de Serdán',21),(1629,'Xochitlán de Vicente Suárez',21),(1630,'Huehuetla',21),(1631,'Ixtepec',21),(1632,'Atlequizayan',21),(1633,'Tenampulco',21),(1634,'Tuzamapan de Galeana',21),(1635,'Caxhuacan',21),(1636,'Jonotla',21),(1637,'Zoquiapan',21),(1638,'Nauzontla',21),(1639,'Cuetzalan del Progreso',21),(1640,'Ayotoxco de Guerrero',21),(1641,'Hueytamalco',21),(1642,'Acateno',21),(1643,'Cuautempan',21),(1644,'Aquixtla',21),(1645,'Tetela de Ocampo',21),(1646,'Xochiapulco',21),(1647,'Zacapoaxtla',21),(1648,'Zaragoza',21),(1649,'Ixtacamaxtitlán',21),(1650,'Zautla',21),(1651,'Ocotepec',21),(1652,'Libres',21),(1653,'Teziutlán',21),(1654,'Tlatlauquitepec',21),(1655,'Yaonáhuac',21),(1656,'Hueyapan',21),(1657,'Teteles de Ávila Castillo',21),(1658,'Atempan',21),(1659,'Chignautla',21),(1660,'Xiutetelco',21),(1661,'Cuyoaco',21),(1662,'Tepeyahualco',21),(1663,'San Martín Texmelucan',21),(1664,'Tlahuapan',21),(1665,'San Matías Tlalancaleca',21),(1666,'San Salvador el Verde',21),(1667,'San Felipe Teotlalcingo',21),(1668,'Chiautzingo',21),(1669,'Huejotzingo',21),(1670,'Domingo Arenas',21),(1671,'Calpan',21),(1672,'San Nicolás de los Ranchos',21),(1673,'Atlixco',21),(1674,'Nealtican',21),(1675,'San Jerónimo Tecuanipan',21),(1676,'San Gregorio Atzompa',21),(1677,'Tochimilco',21),(1678,'Tianguismanalco',21),(1679,'Santa Isabel Cholula',21),(1680,'Huaquechula',21),(1681,'San Diego la Mesa Tochimiltzingo',21),(1682,'Tepeojuma',21),(1683,'Izúcar de Matamoros',21),(1684,'Atzitzihuacán',21),(1685,'Acteopan',21),(1686,'Cohuecan',21),(1687,'Tepemaxalco',21),(1688,'Tlapanalá',21),(1689,'Tepexco',21),(1690,'Tilapa',21),(1691,'Chietla',21),(1692,'Atzala',21),(1693,'Teopantlán',21),(1694,'San Martín Totoltepec',21),(1695,'Xochiltepec',21),(1696,'Epatlán',21),(1697,'Ahuatlán',21),(1698,'Coatzingo',21),(1699,'Santa Catarina Tlaltempan',21),(1700,'Chigmecatitlán',21),(1701,'Zacapala',21),(1702,'Tepexi de Rodríguez',21),(1703,'Teotlalco',21),(1704,'Jolalpan',21),(1705,'Huehuetlán el Chico',21),(1706,'Chiautla',21),(1707,'Cohetzala',21),(1708,'Xicotlán',21),(1709,'Chila de la Sal',21),(1710,'Ixcamilpa de Guerrero',21),(1711,'Albino Zertuche',21),(1712,'Tulcingo',21),(1713,'Tehuitzingo',21),(1714,'Cuayuca de Andrade',21),(1715,'Santa Inés Ahuatempan',21),(1716,'Axutla',21),(1717,'Chinantla',21),(1718,'Ahuehuetitla',21),(1719,'San Pablo Anicano',21),(1720,'Tecomatlán',21),(1721,'Piaxtla',21),(1722,'Guadalupe',21),(1723,'Ixcaquixtla',21),(1724,'Coyotepec',21),(1725,'Xayacatlán de Bravo',21),(1726,'Totoltepec de Guerrero',21),(1727,'Acatlán',21),(1728,'San Jerónimo Xayacatlán',21),(1729,'San Pedro Yeloixtlahuaca',21),(1730,'Petlalcingo',21),(1731,'San Miguel Ixitlán',21),(1732,'Chila',21),(1733,'Rafael Lara Grajales',21),(1734,'San José Chiapa',21),(1735,'Oriental',21),(1736,'San Nicolás Buenos Aires',21),(1737,'Guadalupe Victoria',21),(1738,'Tlachichuca',21),(1739,'Lafragua',21),(1740,'Chilchotla',21),(1741,'Quimixtlán',21),(1742,'Chichiquila',21),(1743,'Tepatlaxco de Hidalgo',21),(1744,'Acajete',21),(1745,'Nopalucan',21),(1746,'Mazapiltepec de Juárez',21),(1747,'Soltepec',21),(1748,'Acatzingo',21),(1749,'San Salvador el Seco',21),(1750,'General Felipe Ángeles',21),(1751,'Aljojuca',21),(1752,'San Juan Atenco',21),(1753,'Tepeaca',21),(1754,'Cuautinchán',21),(1755,'Tecali de Herrera',21),(1756,'Mixtla',21),(1757,'Santo Tomás Hueyotlipan',21),(1758,'Tzicatlacoyan',21),(1759,'Huehuetlán el Grande',21),(1760,'La Magdalena Tlatlauquitepec',21),(1761,'San Juan Atzompa',21),(1762,'Huatlatlauca',21),(1763,'Los Reyes de Juárez',21),(1764,'Cuapiaxtla de Madero',21),(1765,'San Salvador Huixcolotla',21),(1766,'Quecholac',21),(1767,'Tecamachalco',21),(1768,'Palmar de Bravo',21),(1769,'Chalchicomula de Sesma',21),(1770,'Atzitzintla',21),(1771,'Esperanza',21),(1772,'Cañada Morelos',21),(1773,'Tlanepantla',21),(1774,'Tochtepec',21),(1775,'Atoyatempan',21),(1776,'Tepeyahualco de Cuauhtémoc',21),(1777,'Huitziltepec',21),(1778,'Molcaxac',21),(1779,'Xochitlán Todos Santos',21),(1780,'Yehualtepec',21),(1781,'Tlacotepec de Benito Juárez',21),(1782,'Juan N. Méndez',21),(1783,'Tehuacán',21),(1784,'Tepanco de López',21),(1785,'Chapulco',21),(1786,'Santiago Miahuatlán',21),(1787,'Nicolás Bravo',21),(1788,'Atexcal',21),(1789,'San Antonio Cañada',21),(1790,'Zapotitlán',21),(1791,'San Gabriel Chilac',21),(1792,'Caltepec',21),(1793,'Vicente Guerrero',21),(1794,'Ajalpan',21),(1795,'Eloxochitlán',21),(1796,'Zoquitlán',21),(1797,'San Sebastián Tlacotepec',21),(1798,'Altepexi',21),(1799,'Zinacatepec',21),(1800,'San José Miahuatlán',21),(1801,'Coxcatlán',21),(1802,'Coyomeapan',21),(1803,'Querétaro',22),(1804,'El Marqués',22),(1805,'Colón',22),(1806,'Pinal de Amoles',22),(1807,'Jalpan de Serra',22),(1808,'Landa de Matamoros',22),(1809,'Arroyo Seco',22),(1810,'Peñamiller',22),(1811,'Cadereyta de Montes',22),(1812,'San Joaquín',22),(1813,'Tolimán',22),(1814,'Ezequiel Montes',22),(1815,'Pedro Escobedo',22),(1816,'Tequisquiapan',22),(1817,'San Juan del Río',22),(1818,'Amealco de Bonfil',22),(1819,'Corregidora',22),(1820,'Huimilpan',22),(1821,'Othón P. Blanco',23),(1822,'Felipe Carrillo Puerto',23),(1823,'Lázaro Cárdenas',23),(1824,'Isla Mujeres',23),(1825,'Benito Juárez',23),(1826,'Puerto Morelos',23),(1827,'Cozumel',23),(1828,'Solidaridad',23),(1829,'Tulum',23),(1830,'José María Morelos',23),(1831,'Bacalar',23),(1832,'San Luis Potosí',24),(1833,'Soledad de Graciano Sánchez',24),(1834,'Cerro de San Pedro',24),(1835,'Ahualulco del Sonido 13',24),(1836,'Mexquitic de Carmona',24),(1837,'Villa de Arriaga',24),(1838,'Vanegas',24),(1839,'Cedral',24),(1840,'Catorce',24),(1841,'Charcas',24),(1842,'Salinas',24),(1843,'Santo Domingo',24),(1844,'Villa de Ramos',24),(1845,'Matehuala',24),(1846,'Villa de la Paz',24),(1847,'Villa de Guadalupe',24),(1848,'Guadalcázar',24),(1849,'Moctezuma',24),(1850,'Venado',24),(1851,'Villa de Arista',24),(1852,'Villa Hidalgo',24),(1853,'Armadillo de los Infante',24),(1854,'Ciudad Valles',24),(1855,'Ebano',24),(1856,'Tamuín',24),(1857,'El Naranjo',24),(1858,'Ciudad del Maíz',24),(1859,'Alaquines',24),(1860,'Cárdenas',24),(1861,'Cerritos',24),(1862,'Villa Juárez',24),(1863,'San Nicolás Tolentino',24),(1864,'Villa de Reyes',24),(1865,'Zaragoza',24),(1866,'Santa María del Río',24),(1867,'Tierra Nueva',24),(1868,'Rioverde',24),(1869,'Ciudad Fernández',24),(1870,'San Ciro de Acosta',24),(1871,'Tamasopo',24),(1872,'Rayón',24),(1873,'Aquismón',24),(1874,'Lagunillas',24),(1875,'Santa Catarina',24),(1876,'Tancanhuitz',24),(1877,'Tanlajás',24),(1878,'San Vicente Tancuayalab',24),(1879,'San Antonio',24),(1880,'Tanquián de Escobedo',24),(1881,'Tampamolón Corona',24),(1882,'Coxcatlán',24),(1883,'Huehuetlán',24),(1884,'Xilitla',24),(1885,'Axtla de Terrazas',24),(1886,'Tampacán',24),(1887,'San Martín Chalchicuautla',24),(1888,'Tamazunchale',24),(1889,'Matlapa',24),(1890,'Culiacán',25),(1891,'Navolato',25),(1892,'Badiraguato',25),(1893,'Cosalá',25),(1894,'Mocorito',25),(1895,'Guasave',25),(1896,'Ahome',25),(1897,'Salvador Alvarado',25),(1898,'Angostura',25),(1899,'Choix',25),(1900,'El Fuerte',25),(1901,'Sinaloa',25),(1902,'Mazatlán',25),(1903,'Escuinapa',25),(1904,'Concordia',25),(1905,'Elota',25),(1906,'Rosario',25),(1907,'San Ignacio',25),(1908,'Hermosillo',26),(1909,'San Miguel de Horcasitas',26),(1910,'Carbó',26),(1911,'San Luis Río Colorado',26),(1912,'Puerto Peñasco',26),(1913,'General Plutarco Elías Calles',26),(1914,'Caborca',26),(1915,'Altar',26),(1916,'Tubutama',26),(1917,'Atil',26),(1918,'Oquitoa',26),(1919,'Sáric',26),(1920,'Benjamín Hill',26),(1921,'Trincheras',26),(1922,'Pitiquito',26),(1923,'Nogales',26),(1924,'Imuris',26),(1925,'Santa Cruz',26),(1926,'Magdalena',26),(1927,'Naco',26),(1928,'Agua Prieta',26),(1929,'Fronteras',26),(1930,'Nacozari de García',26),(1931,'Bavispe',26),(1932,'Bacerac',26),(1933,'Huachinera',26),(1934,'Nácori Chico',26),(1935,'Granados',26),(1936,'Bacadéhuachi',26),(1937,'Cumpas',26),(1938,'Huásabas',26),(1939,'Moctezuma',26),(1940,'Villa Hidalgo',26),(1941,'Santa Ana',26),(1942,'Cananea',26),(1943,'Arizpe',26),(1944,'Cucurpe',26),(1945,'Bacoachi',26),(1946,'San Pedro de la Cueva',26),(1947,'Divisaderos',26),(1948,'Tepache',26),(1949,'Villa Pesqueira',26),(1950,'Opodepe',26),(1951,'Huépac',26),(1952,'Banámichi',26),(1953,'Ures',26),(1954,'Aconchi',26),(1955,'Baviácora',26),(1956,'San Felipe de Jesús',26),(1957,'Rayón',26),(1958,'Cajeme',26),(1959,'Navojoa',26),(1960,'Huatabampo',26),(1961,'Bácum',26),(1962,'Etchojoa',26),(1963,'Benito Juárez',26),(1964,'Empalme',26),(1965,'Guaymas',26),(1966,'San Ignacio Río Muerto',26),(1967,'La Colorada',26),(1968,'Mazatán',26),(1969,'Suaqui Grande',26),(1970,'Sahuaripa',26),(1971,'San Javier',26),(1972,'Soyopa',26),(1973,'Bacanora',26),(1974,'Arivechi',26),(1975,'Rosario',26),(1976,'Quiriego',26),(1977,'Ónavas',26),(1978,'Álamos',26),(1979,'Yécora',26),(1980,'Centro',27),(1981,'Jalpa de Méndez',27),(1982,'Nacajuca',27),(1983,'Comalcalco',27),(1984,'Huimanguillo',27),(1985,'Cárdenas',27),(1986,'Paraíso',27),(1987,'Cunduacán',27),(1988,'Macuspana',27),(1989,'Centla',27),(1990,'Jonuta',27),(1991,'Teapa',27),(1992,'Jalapa',27),(1993,'Tacotalpa',27),(1994,'Tenosique',27),(1995,'Balancán',27),(1996,'Emiliano Zapata',27),(1997,'Victoria',28),(1998,'Llera',28),(1999,'Güémez',28),(2000,'Casas',28),(2001,'Matamoros',28),(2002,'Valle Hermoso',28),(2003,'San Fernando',28),(2004,'Cruillas',28),(2005,'San Nicolás',28),(2006,'Soto la Marina',28),(2007,'Jiménez',28),(2008,'San Carlos',28),(2009,'Abasolo',28),(2010,'Padilla',28),(2011,'Hidalgo',28),(2012,'Mainero',28),(2013,'Villagrán',28),(2014,'Tula',28),(2015,'Jaumave',28),(2016,'Miquihuana',28),(2017,'Bustamante',28),(2018,'Palmillas',28),(2019,'Ocampo',28),(2020,'Nuevo Laredo',28),(2021,'Miguel Alemán',28),(2022,'Guerrero',28),(2023,'Mier',28),(2024,'Gustavo Díaz Ordaz',28),(2025,'Camargo',28),(2026,'Reynosa',28),(2027,'Río Bravo',28),(2028,'Méndez',28),(2029,'Burgos',28),(2030,'Tampico',28),(2031,'Ciudad Madero',28),(2032,'Altamira',28),(2033,'Aldama',28),(2034,'González',28),(2035,'Xicoténcatl',28),(2036,'Gómez Farías',28),(2037,'El Mante',28),(2038,'Antiguo Morelos',28),(2039,'Nuevo Morelos',28),(2040,'Tlaxcala',29),(2041,'Ixtacuixtla de Mariano Matamoros',29),(2042,'Santa Ana Nopalucan',29),(2043,'Panotla',29),(2044,'Totolac',29),(2045,'Tepeyanco',29),(2046,'Santa Isabel Xiloxoxtla',29),(2047,'San Juan Huactzinco',29),(2048,'Calpulalpan',29),(2049,'Sanctórum de Lázaro Cárdenas',29),(2050,'Benito Juárez',29),(2051,'Hueyotlipan',29),(2052,'Tlaxco',29),(2053,'Nanacamilpa de Mariano Arista',29),(2054,'Españita',29),(2055,'Apizaco',29),(2056,'Atlangatepec',29),(2057,'Muñoz de Domingo Arenas',29),(2058,'Tetla de la Solidaridad',29),(2059,'Xaltocan',29),(2060,'San Lucas Tecopilco',29),(2061,'Yauhquemehcan',29),(2062,'Xaloztoc',29),(2063,'Tocatlán',29),(2064,'Tzompantepec',29),(2065,'San José Teacalco',29),(2066,'Huamantla',29),(2067,'Terrenate',29),(2068,'Lázaro Cárdenas',29),(2069,'Emiliano Zapata',29),(2070,'Atltzayanca',29),(2071,'Cuapiaxtla',29),(2072,'El Carmen Tequexquitla',29),(2073,'Ixtenco',29),(2074,'Ziltlaltépec de Trinidad Sánchez Santos',29),(2075,'Apetatitlán de Antonio Carvajal',29),(2076,'Amaxac de Guerrero',29),(2077,'Santa Cruz Tlaxcala',29),(2078,'Cuaxomulco',29),(2079,'Contla de Juan Cuamatzi',29),(2080,'Tepetitla de Lardizábal',29),(2081,'Natívitas',29),(2082,'Santa Apolonia Teacalco',29),(2083,'Tetlatlahuca',29),(2084,'San Damián Texóloc',29),(2085,'San Jerónimo Zacualpan',29),(2086,'Zacatelco',29),(2087,'San Lorenzo Axocomanitla',29),(2088,'Santa Catarina Ayometla',29),(2089,'Xicohtzinco',29),(2090,'Papalotla de Xicohténcatl',29),(2091,'Chiautempan',29),(2092,'La Magdalena Tlaltelulco',29),(2093,'San Francisco Tetlanohcan',29),(2094,'Teolocholco',29),(2095,'Acuamanala de Miguel Hidalgo',29),(2096,'Santa Cruz Quilehtla',29),(2097,'Mazatecochco de José María Morelos',29),(2098,'Tenancingo',29),(2099,'San Pablo del Monte',29),(2100,'Xalapa',30),(2101,'Tlalnelhuayocan',30),(2102,'Xico',30),(2103,'Ixhuacán de los Reyes',30),(2104,'Ayahualulco',30),(2105,'Perote',30),(2106,'Banderilla',30),(2107,'Rafael Lucio',30),(2108,'Acajete',30),(2109,'Las Vigas de Ramírez',30),(2110,'Villa Aldama',30),(2111,'Tlacolulan',30),(2112,'Tonayán',30),(2113,'Coacoatzintla',30),(2114,'Jilotepec',30),(2115,'Naolinco',30),(2116,'Miahuatlán',30),(2117,'Acatlán',30),(2118,'Tepetlán',30),(2119,'Juchique de Ferrer',30),(2120,'Alto Lucero de Gutiérrez Barrios',30),(2121,'Actopan',30),(2122,'Coatepec',30),(2123,'Teocelo',30),(2124,'Cosautlán de Carvajal',30),(2125,'Emiliano Zapata',30),(2126,'Apazapan',30),(2127,'Puente Nacional',30),(2128,'Ursulo Galván',30),(2129,'Paso de Ovejas',30),(2130,'La Antigua',30),(2131,'Veracruz',30),(2132,'Pánuco',30),(2133,'Pueblo Viejo',30),(2134,'Tampico Alto',30),(2135,'Tempoal',30),(2136,'Ozuluama de Mascareñas',30),(2137,'Tantoyuca',30),(2138,'Platón Sánchez',30),(2139,'Chiconamel',30),(2140,'Chalma',30),(2141,'Chontla',30),(2142,'Citlaltépetl',30),(2143,'Ixcatepec',30),(2144,'Naranjos Amatlán',30),(2145,'El Higo',30),(2146,'Chinampa de Gorostiza',30),(2147,'Tantima',30),(2148,'Tamalín',30),(2149,'Cerro Azul',30),(2150,'Tepetzintla',30),(2151,'Tancoco',30),(2152,'Tamiahua',30),(2153,'Huayacocotla',30),(2154,'Ilamatlán',30),(2155,'Zontecomatlán de López y Fuentes',30),(2156,'Texcatepec',30),(2157,'Zacualpan',30),(2158,'Benito Juárez',30),(2159,'Tlachichilco',30),(2160,'Ixhuatlán de Madero',30),(2161,'Chicontepec',30),(2162,'Álamo Temapache',30),(2163,'Tuxpan',30),(2164,'Tihuatlán',30),(2165,'Castillo de Teayo',30),(2166,'Cazones de Herrera',30),(2167,'Zozocolco de Hidalgo',30),(2168,'Chumatlán',30),(2169,'Coxquihui',30),(2170,'Mecatlán',30),(2171,'Filomeno Mata',30),(2172,'Coahuitlán',30),(2173,'Coyutla',30),(2174,'Coatzintla',30),(2175,'Espinal',30),(2176,'Poza Rica de Hidalgo',30),(2177,'Papantla',30),(2178,'Gutiérrez Zamora',30),(2179,'Tecolutla',30),(2180,'Martínez de la Torre',30),(2181,'San Rafael',30),(2182,'Tlapacoyan',30),(2183,'Jalacingo',30),(2184,'Atzalan',30),(2185,'Altotonga',30),(2186,'Las Minas',30),(2187,'Tatatila',30),(2188,'Tenochtitlán',30),(2189,'Nautla',30),(2190,'Misantla',30),(2191,'Landero y Coss',30),(2192,'Chiconquiaco',30),(2193,'Yecuatla',30),(2194,'Colipa',30),(2195,'Vega de Alatorre',30),(2196,'Jalcomulco',30),(2197,'Tlaltetela',30),(2198,'Tenampa',30),(2199,'Totutla',30),(2200,'Sochiapa',30),(2201,'Tlacotepec de Mejía',30),(2202,'Huatusco',30),(2203,'Calcahualco',30),(2204,'Alpatláhuac',30),(2205,'Coscomatepec',30),(2206,'La Perla',30),(2207,'Chocamán',30),(2208,'Tomatlán',30),(2209,'Ixhuatlán del Café',30),(2210,'Tepatlaxco',30),(2211,'Comapa',30),(2212,'Zentla',30),(2213,'Camarón de Tejeda',30),(2214,'Soledad de Doblado',30),(2215,'Manlio Fabio Altamirano',30),(2216,'Jamapa',30),(2217,'Medellín de Bravo',30),(2218,'Boca del Río',30),(2219,'Orizaba',30),(2220,'Rafael Delgado',30),(2221,'Mariano Escobedo',30),(2222,'Ixhuatlancillo',30),(2223,'Atzacan',30),(2224,'Ixtaczoquitlán',30),(2225,'Fortín',30),(2226,'Córdoba',30),(2227,'Maltrata',30),(2228,'Nogales',30),(2229,'Río Blanco',30),(2230,'Camerino Z. Mendoza',30),(2231,'Aquila',30),(2232,'Acultzingo',30),(2233,'Soledad Atzompa',30),(2234,'Huiloapan de Cuauhtémoc',30),(2235,'Tlaquilpa',30),(2236,'Astacinga',30),(2237,'Xoxocotla',30),(2238,'Atlahuilco',30),(2239,'Tequila',30),(2240,'San Andrés Tenejapan',30),(2241,'Tlilapan',30),(2242,'Magdalena',30),(2243,'Naranjal',30),(2244,'Coetzala',30),(2245,'Omealca',30),(2246,'Cuitláhuac',30),(2247,'Cuichapa',30),(2248,'Yanga',30),(2249,'Amatlán de los Reyes',30),(2250,'Atoyac',30),(2251,'Paso del Macho',30),(2252,'Carrillo Puerto',30),(2253,'Cotaxtla',30),(2254,'Zongolica',30),(2255,'Tehuipango',30),(2256,'Mixtla de Altamirano',30),(2257,'Los Reyes',30),(2258,'Texhuacán',30),(2259,'Tezonapa',30),(2260,'Tierra Blanca',30),(2261,'Tlalixcoyan',30),(2262,'Ignacio de la Llave',30),(2263,'Alvarado',30),(2264,'Lerdo de Tejada',30),(2265,'Tres Valles',30),(2266,'Carlos A. Carrillo',30),(2267,'Cosamaloapan de Carpio',30),(2268,'Ixmatlahuacan',30),(2269,'Acula',30),(2270,'Amatitlán',30),(2271,'Tlacotalpan',30),(2272,'Saltabarranca',30),(2273,'Otatitlán',30),(2274,'Tlacojalpan',30),(2275,'Tuxtilla',30),(2276,'Chacaltianguis',30),(2277,'José Azueta',30),(2278,'Playa Vicente',30),(2279,'Santiago Sochiapan',30),(2280,'Isla',30),(2281,'Juan Rodríguez Clara',30),(2282,'San Andrés Tuxtla',30),(2283,'Santiago Tuxtla',30),(2284,'Angel R. Cabada',30),(2285,'Hueyapan de Ocampo',30),(2286,'Catemaco',30),(2287,'Soteapan',30),(2288,'Mecayapan',30),(2289,'Tatahuicapan de Juárez',30),(2290,'Pajapan',30),(2291,'Chinameca',30),(2292,'Acayucan',30),(2293,'San Juan Evangelista',30),(2294,'Sayula de Alemán',30),(2295,'Oluta',30),(2296,'Soconusco',30),(2297,'Texistepec',30),(2298,'Jáltipan',30),(2299,'Zaragoza',30),(2300,'Oteapan',30),(2301,'Cosoleacaque',30),(2302,'Nanchital de Lázaro Cárdenas del Río',30),(2303,'Ixhuatlán del Sureste',30),(2304,'Moloacán',30),(2305,'Coatzacoalcos',30),(2306,'Agua Dulce',30),(2307,'Minatitlán',30),(2308,'Hidalgotitlán',30),(2309,'Jesús Carranza',30),(2310,'Las Choapas',30),(2311,'Uxpanapa',30),(2312,'Mérida',31),(2313,'Progreso',31),(2314,'Chicxulub Pueblo',31),(2315,'Ixil',31),(2316,'Conkal',31),(2317,'Yaxkukul',31),(2318,'Hunucmá',31),(2319,'Ucú',31),(2320,'Kinchil',31),(2321,'Tetiz',31),(2322,'Celestún',31),(2323,'Kanasín',31),(2324,'Timucuy',31),(2325,'Acanceh',31),(2326,'Tixpéhual',31),(2327,'Umán',31),(2328,'Telchac Pueblo',31),(2329,'Dzemul',31),(2330,'Telchac Puerto',31),(2331,'Cansahcab',31),(2332,'Sinanché',31),(2333,'Yobaín',31),(2334,'Motul',31),(2335,'Baca',31),(2336,'Mocochá',31),(2337,'Muxupip',31),(2338,'Cacalchén',31),(2339,'Bokobá',31),(2340,'Tixkokob',31),(2341,'Hoctún',31),(2342,'Tahmek',31),(2343,'Dzidzantún',31),(2344,'Temax',31),(2345,'Tekantó',31),(2346,'Teya',31),(2347,'Suma',31),(2348,'Tepakán',31),(2349,'Tekal de Venegas',31),(2350,'Izamal',31),(2351,'Hocabá',31),(2352,'Xocchel',31),(2353,'Seyé',31),(2354,'Cuzamá',31),(2355,'Homún',31),(2356,'Sanahcat',31),(2357,'Huhí',31),(2358,'Dzilam González',31),(2359,'Dzilam de Bravo',31),(2360,'Panabá',31),(2361,'San Felipe',31),(2362,'Buctzotz',31),(2363,'Sucilá',31),(2364,'Cenotillo',31),(2365,'Dzoncauich',31),(2366,'Tunkás',31),(2367,'Quintana Roo',31),(2368,'Dzitás',31),(2369,'Kantunil',31),(2370,'Sudzal',31),(2371,'Tekit',31),(2372,'Sotuta',31),(2373,'Tizimín',31),(2374,'Río Lagartos',31),(2375,'Espita',31),(2376,'Temozón',31),(2377,'Calotmul',31),(2378,'Tinum',31),(2379,'Chankom',31),(2380,'Chichimilá',31),(2381,'Tixcacalcupul',31),(2382,'Kaua',31),(2383,'Cuncunul',31),(2384,'Tekom',31),(2385,'Chemax',31),(2386,'Valladolid',31),(2387,'Uayma',31),(2388,'Maxcanú',31),(2389,'Samahil',31),(2390,'Opichén',31),(2391,'Chocholá',31),(2392,'Kopomá',31),(2393,'Tecoh',31),(2394,'Abalá',31),(2395,'Halachó',31),(2396,'Muna',31),(2397,'Sacalum',31),(2398,'Maní',31),(2399,'Dzan',31),(2400,'Chapab',31),(2401,'Ticul',31),(2402,'Oxkutzcab',31),(2403,'Santa Elena',31),(2404,'Mama',31),(2405,'Chumayel',31),(2406,'Mayapán',31),(2407,'Teabo',31),(2408,'Cantamayec',31),(2409,'Yaxcabá',31),(2410,'Peto',31),(2411,'Chikindzonot',31),(2412,'Tahdziú',31),(2413,'Tixméhuac',31),(2414,'Chacsinkín',31),(2415,'Tzucacab',31),(2416,'Tekax',31),(2417,'Akil',31),(2418,'Zacatecas',32),(2419,'Morelos',32),(2420,'Vetagrande',32),(2421,'Concepción del Oro',32),(2422,'Melchor Ocampo',32),(2423,'Mazapil',32),(2424,'El Salvador',32),(2425,'Juan Aldama',32),(2426,'Miguel Auza',32),(2427,'General Francisco R. Murguía',32),(2428,'Río Grande',32),(2429,'Villa de Cos',32),(2430,'Cañitas de Felipe Pescador',32),(2431,'Calera',32),(2432,'Pánuco',32),(2433,'General Enrique Estrada',32),(2434,'Guadalupe',32),(2435,'Trancoso',32),(2436,'Genaro Codina',32),(2437,'Cuauhtémoc',32),(2438,'Ojocaliente',32),(2439,'General Pánfilo Natera',32),(2440,'Luis Moya',32),(2441,'Loreto',32),(2442,'Villa González Ortega',32),(2443,'Noria de Ángeles',32),(2444,'Villa García',32),(2445,'Pinos',32),(2446,'Villa Hidalgo',32),(2447,'Fresnillo',32),(2448,'Sombrerete',32),(2449,'Sain Alto',32),(2450,'Valparaíso',32),(2451,'Chalchihuites',32),(2452,'Jiménez del Teul',32),(2453,'Jerez',32),(2454,'Monte Escobedo',32),(2455,'Susticacán',32),(2456,'Villanueva',32),(2457,'Tepetongo',32),(2458,'El Plateado de Joaquín Amaro',32),(2459,'Jalpa',32),(2460,'Tabasco',32),(2461,'Huanusco',32),(2462,'Tlaltenango de Sánchez Román',32),(2463,'Momax',32),(2464,'Atolinga',32),(2465,'Tepechitlán',32),(2466,'Benito Juárez',32),(2467,'Teúl de González Ortega',32),(2468,'Santa María de la Paz',32),(2469,'Trinidad García de la Cadena',32),(2470,'Mezquital del Oro',32),(2471,'Nochistlán de Mejía',32),(2472,'Apulco',32),(2473,'Apozol',32),(2474,'Juchipila',32),(2475,'Moyahua de Estrada',32);

--
-- Table structure for table `threedadv_sepomex_state`
--

CREATE TABLE `threedadv_sepomex_state` (
  `state_id` int unsigned NOT NULL AUTO_INCREMENT COMMENT 'Entity Id',
  `nombre_estado` text NOT NULL COMMENT 'nombre_estado',
  PRIMARY KEY (`state_id`)
) ENGINE=InnoDB AUTO_INCREMENT=33 DEFAULT CHARSET=utf8mb3 COMMENT='threedadv_sepomex_state Table';

--
-- Dumping data for table `threedadv_sepomex_state`
--

INSERT INTO `threedadv_sepomex_state` VALUES (1,'Aguascalientes'),(2,'Baja California'),(3,'Baja California Sur'),(4,'Campeche'),(5,'Chiapas'),(6,'Chihuahua'),(7,'Coahuila de Zaragoza'),(8,'Colima'),(9,'Ciudad de México'),(10,'Durango'),(11,'Guanajuato'),(12,'Guerrero'),(13,'Hidalgo'),(14,'Jalisco'),(15,'México'),(16,'Michoacán de Ocampo'),(17,'Morelos'),(18,'Nayarit'),(19,'Nuevo León'),(20,'Oaxaca'),(21,'Puebla'),(22,'Querétaro'),(23,'Quintana Roo'),(24,'San Luis Potosí'),(25,'Sinaloa'),(26,'Sonora'),(27,'Tabasco'),(28,'Tamaulipas'),(29,'Tlaxcala'),(30,'Veracruz de Ignacio de la Llave'),(31,'Yucatán'),(32,'Zacatecas');

--
-- Temporary view structure for view `threedadv_sepomex_zip_code_full_wiew`
--

/*!50001 DROP VIEW IF EXISTS `threedadv_sepomex_zip_code_full_wiew`*/;
/*!50001 CREATE VIEW `threedadv_sepomex_zip_code_full_wiew` AS SELECT 
 1 AS `zip_code_full_wiew_id`,
 1 AS `codigo_postal`,
 1 AS `nombre_ciudad`,
 1 AS `nombre_estado`*/;

--
-- Table structure for table `threedadv_sepomex_zip_codes`
--

CREATE TABLE `threedadv_sepomex_zip_codes` (
  `zip_codes_id` int unsigned NOT NULL AUTO_INCREMENT COMMENT 'Entity Id',
  `codigo_postal` text NOT NULL COMMENT 'codigo_postal',
  `id_ciudad` int unsigned DEFAULT NULL COMMENT 'id_ciudad',
  PRIMARY KEY (`zip_codes_id`),
  KEY `FK_ZIPCODE_CITY` (`id_ciudad`),
  CONSTRAINT `FK_ZIPCODE_CITY` FOREIGN KEY (`id_ciudad`) REFERENCES `threedadv_sepomex_city` (`city_id`)
) ENGINE=InnoDB AUTO_INCREMENT=3644 DEFAULT CHARSET=utf8mb3 COMMENT='threedadv_sepomex_zip_codes Table';

--
-- Dumping data for table `threedadv_sepomex_zip_codes`
--

INSERT INTO `threedadv_sepomex_zip_codes` VALUES (1,'20921',1),(2,'20999',1),(3,'20293',1),(4,'20001',1),(5,'20001',2),(6,'20999',2),(7,'20671',2),(8,'20999',3),(9,'20671',4),(10,'20401',4),(11,'20401',5),(12,'20671',6),(13,'20671',7),(14,'20401',7),(15,'20671',8),(16,'20671',9),(17,'20401',9),(18,'20999',9),(19,'20801',10),(20,'47981',11),(21,'47951',11),(22,'20999',11),(23,'20671',11),(24,'20921',11),(25,'21901',12),(26,'21724',12),(27,'21392',12),(28,'21105',12),(29,'21101',12),(30,'21401',13),(31,'97701',14),(32,'37607',14),(33,'21851',14),(34,'22101',15),(35,'22001',15),(36,'22801',16),(37,'22701',16),(38,'22923',17),(39,'22901',17),(40,'22801',17),(41,'23941',18),(42,'22935',18),(43,'22923',18),(44,'56401',19),(45,'23401',19),(46,'23331',19),(47,'23301',19),(48,'23231',19),(49,'23601',19),(50,'23202',19),(51,'23001',19),(52,'23331',20),(53,'23502',20),(54,'23452',20),(55,'23401',20),(56,'23741',21),(57,'23711',21),(58,'23702',21),(59,'23601',21),(60,'98831',22),(61,'23881',22),(62,'23953',23),(63,'23941',23),(64,'23932',23),(65,'23925',23),(66,'23901',23),(67,'24571',24),(68,'24001',24),(69,'24003',24),(70,'24351',25),(71,'24401',25),(72,'24101',25),(73,'86784',26),(74,'24331',27),(75,'24351',28),(76,'24351',29),(77,'24401',29),(78,'24401',30),(79,'24001',30),(80,'24001',31),(81,'24351',32),(82,'24801',33),(83,'24801',34),(84,'24901',35),(85,'24901',36),(86,'29041',37),(87,'29052',37),(88,'29002',37),(89,'87601',38),(90,'29121',38),(91,'29131',39),(92,'29141',40),(93,'29002',41),(94,'29041',42),(95,'29161',42),(96,'29002',43),(97,'29201',44),(98,'29201',45),(99,'29002',46),(100,'29201',47),(101,'29371',48),(102,'91002',49),(103,'91641',49),(104,'91631',49),(105,'90501',49),(106,'86991',49),(107,'62761',49),(108,'43992',49),(109,'29371',49),(110,'29371',50),(111,'40666',51),(112,'61941',51),(113,'29161',51),(114,'30351',52),(115,'30351',53),(116,'29201',54),(117,'29201',55),(118,'29201',56),(119,'29201',57),(120,'29201',58),(121,'29501',59),(122,'67251',60),(123,'61501',60),(124,'26701',60),(125,'32121',60),(126,'32551',60),(127,'32657',60),(128,'29521',60),(129,'29521',61),(130,'29521',62),(131,'29521',63),(132,'29611',64),(133,'29521',64),(134,'29521',65),(135,'29521',66),(136,'29521',67),(137,'29602',68),(138,'29611',69),(139,'29621',70),(140,'29002',71),(141,'29621',72),(142,'73041',73),(143,'29731',73),(144,'29731',74),(145,'73781',75),(146,'29621',75),(147,'29521',76),(148,'29521',77),(149,'29821',78),(150,'29731',79),(151,'29731',80),(152,'84901',81),(153,'83191',81),(154,'79741',81),(155,'52301',81),(156,'29731',81),(157,'29771',82),(158,'29771',83),(159,'29771',84),(160,'29771',85),(161,'29002',86),(162,'29201',87),(163,'29931',88),(164,'29821',89),(165,'29771',90),(166,'29771',91),(167,'29201',92),(168,'29201',93),(169,'29201',94),(170,'29201',95),(171,'89671',96),(172,'32911',96),(173,'29201',96),(174,'29201',97),(175,'29931',98),(176,'29901',99),(177,'29931',100),(178,'29931',101),(179,'29931',102),(180,'29951',103),(181,'29931',104),(182,'29961',105),(183,'29961',106),(184,'29961',107),(185,'29961',108),(186,'86991',108),(187,'29981',109),(188,'30001',110),(189,'30001',111),(190,'30141',112),(191,'30141',113),(192,'30141',114),(193,'30161',115),(194,'30001',116),(195,'30186',117),(196,'29951',118),(197,'30186',118),(198,'29951',119),(199,'73041',120),(200,'59166',120),(201,'15001',120),(202,'30361',120),(203,'30351',120),(204,'30201',120),(205,'29161',121),(206,'30351',122),(207,'30351',123),(208,'30361',124),(209,'30361',125),(210,'30361',126),(211,'30351',127),(212,'30401',128),(213,'30401',129),(214,'30451',130),(215,'30477',131),(216,'45681',132),(217,'45409',132),(218,'45411',132),(219,'45401',132),(220,'30501',132),(221,'30521',133),(222,'30531',134),(223,'30541',135),(224,'30561',136),(225,'30581',137),(226,'30591',138),(227,'30602',139),(228,'30621',140),(229,'30641',141),(230,'83191',142),(231,'30652',142),(232,'30661',143),(233,'30681',144),(234,'30831',145),(235,'30891',145),(236,'30701',145),(237,'30842',146),(238,'30842',147),(239,'30701',148),(240,'30872',149),(241,'30882',150),(242,'30701',151),(243,'30891',151),(244,'30901',152),(245,'30901',153),(246,'30901',154),(247,'30901',155),(248,'30901',156),(249,'30901',157),(250,'30901',158),(251,'30901',159),(252,'30901',160),(253,'31132',161),(254,'31102',161),(255,'31052',161),(256,'31001',161),(257,'98711',162),(258,'06401',162),(259,'06002',162),(260,'28001',162),(261,'28511',162),(262,'28501',162),(263,'31616',162),(264,'31601',162),(265,'31501',162),(266,'31501',163),(267,'31651',164),(268,'31501',165),(269,'88371',166),(270,'26531',166),(271,'26001',166),(272,'31692',166),(273,'31682',166),(274,'31701',167),(275,'31833',168),(276,'31824',168),(277,'31701',169),(278,'31701',170),(279,'67851',171),(280,'31892',171),(281,'31892',172),(282,'89801',173),(283,'49121',173),(284,'31903',173),(285,'31903',174),(286,'31941',175),(287,'31971',176),(288,'31968',176),(289,'31961',176),(290,'31981',177),(291,'31968',178),(292,'31981',178),(293,'67251',179),(294,'61501',179),(295,'26701',179),(296,'32121',179),(297,'32551',179),(298,'32657',179),(299,'29521',179),(300,'98001',180),(301,'98601',180),(302,'74801',180),(303,'67181',180),(304,'67251',180),(305,'67121',180),(306,'64821',180),(307,'32657',180),(308,'32744',180),(309,'32551',181),(310,'32801',182),(311,'32881',183),(312,'32881',184),(313,'89671',185),(314,'32911',185),(315,'29201',185),(316,'33134',186),(317,'32881',187),(318,'33001',188),(319,'33134',189),(320,'33001',189),(321,'33134',190),(322,'31001',191),(323,'31052',192),(324,'31001',192),(325,'31001',193),(326,'31001',194),(327,'33181',195),(328,'33212',196),(329,'33204',196),(330,'31501',197),(331,'31001',198),(332,'31001',199),(333,'31501',200),(334,'33212',201),(335,'89801',202),(336,'61501',202),(337,'37607',202),(338,'37636',202),(339,'35691',202),(340,'27641',202),(341,'33212',202),(342,'31692',202),(343,'31692',203),(344,'33204',204),(345,'33381',204),(346,'33362',204),(347,'33212',205),(348,'33434',206),(349,'33381',206),(350,'33204',207),(351,'33204',208),(352,'33434',208),(353,'98501',209),(354,'98102',209),(355,'58802',209),(356,'50801',209),(357,'50451',209),(358,'26531',209),(359,'33204',209),(360,'33472',210),(361,'33501',211),(362,'85001',212),(363,'82181',212),(364,'82801',212),(365,'33801',212),(366,'33181',212),(367,'33801',213),(368,'33181',213),(369,'33181',214),(370,'33562',214),(371,'33801',215),(372,'33562',215),(373,'33801',216),(374,'33581',216),(375,'88441',217),(376,'33701',217),(377,'33641',218),(378,'33001',218),(379,'33629',218),(380,'33801',219),(381,'33701',220),(382,'33701',221),(383,'33801',222),(384,'67351',223),(385,'26531',223),(386,'33921',223),(387,'33981',224),(388,'87351',225),(389,'35001',225),(390,'27901',225),(391,'27001',225),(392,'27441',225),(393,'33801',225),(394,'87001',226),(395,'58784',226),(396,'26001',226),(397,'33981',226),(398,'33981',227),(399,'25001',228),(400,'60922',229),(401,'25001',229),(402,'67251',230),(403,'61501',230),(404,'26701',230),(405,'32121',230),(406,'32551',230),(407,'32657',230),(408,'29521',230),(409,'97323',231),(410,'26701',231),(411,'26701',232),(412,'25701',232),(413,'25501',233),(414,'87001',234),(415,'65601',234),(416,'36971',234),(417,'25701',234),(418,'25701',235),(419,'25601',236),(420,'25701',237),(421,'25871',238),(422,'25901',239),(423,'25001',240),(424,'26001',241),(425,'26001',242),(426,'26531',242),(427,'26201',243),(428,'26701',244),(429,'26341',244),(430,'87001',245),(431,'58784',245),(432,'26001',245),(433,'33981',245),(434,'96701',246),(435,'78001',246),(436,'73701',246),(437,'26531',246),(438,'98501',247),(439,'98102',247),(440,'58802',247),(441,'50801',247),(442,'50451',247),(443,'26531',247),(444,'33204',247),(445,'67351',248),(446,'26531',248),(447,'33921',248),(448,'26531',249),(449,'88371',250),(450,'26531',250),(451,'26001',250),(452,'31692',250),(453,'31682',250),(454,'87001',251),(455,'65601',251),(456,'61251',251),(457,'61101',251),(458,'35691',251),(459,'88002',251),(460,'26701',252),(461,'26801',253),(462,'27271',254),(463,'27001',254),(464,'87351',255),(465,'35001',255),(466,'27901',255),(467,'27001',255),(468,'27441',255),(469,'33801',255),(470,'27001',256),(471,'27441',256),(472,'89801',257),(473,'61501',257),(474,'37607',257),(475,'37636',257),(476,'35691',257),(477,'27641',257),(478,'33212',257),(479,'31692',257),(480,'25501',258),(481,'27641',259),(482,'27641',260),(483,'25501',261),(484,'25501',262),(485,'27901',263),(486,'27801',263),(487,'42731',264),(488,'27901',264),(489,'27981',265),(490,'28001',266),(491,'28901',267),(492,'28101',267),(493,'48971',268),(494,'28861',268),(495,'28201',268),(496,'28301',269),(497,'28401',270),(498,'28451',271),(499,'98711',272),(500,'06401',272),(501,'06002',272),(502,'28001',272),(503,'28511',272),(504,'28501',272),(505,'31616',272),(506,'31601',272),(507,'31501',272),(508,'28706',273),(509,'96701',274),(510,'28751',274),(511,'28971',275),(512,'58922',276),(513,'01401',276),(514,'01131',276),(515,'01001',276),(516,'02601',277),(517,'02431',277),(518,'02011',277),(519,'99801',278),(520,'92709',278),(521,'90201',278),(522,'85291',278),(523,'77501',278),(524,'40965',278),(525,'40931',278),(526,'03901',278),(527,'03501',278),(528,'03001',278),(529,'14391',279),(530,'04331',279),(531,'04831',279),(532,'03501',279),(533,'05501',280),(534,'98711',281),(535,'06401',281),(536,'06002',281),(537,'28001',281),(538,'28511',281),(539,'28501',281),(540,'31616',281),(541,'31601',281),(542,'31501',281),(543,'07981',282),(544,'07501',282),(545,'07311',282),(546,'07051',282),(547,'07201',282),(548,'07001',282),(549,'08231',283),(550,'09821',284),(551,'09291',284),(552,'09511',284),(553,'09201',284),(554,'09181',284),(555,'09081',284),(556,'10901',285),(557,'10581',285),(558,'10701',285),(559,'10101',285),(560,'10021',285),(561,'53001',286),(562,'11591',286),(563,'11411',286),(564,'11801',286),(565,'13611',287),(566,'12001',287),(567,'13611',288),(568,'13221',288),(569,'13011',288),(570,'14391',289),(571,'14201',289),(572,'14091',289),(573,'73041',290),(574,'59166',290),(575,'15001',290),(576,'30361',290),(577,'30351',290),(578,'30201',290),(579,'16001',291),(580,'34222',292),(581,'34131',292),(582,'34271',292),(583,'34451',293),(584,'34411',294),(585,'34481',295),(586,'76811',296),(587,'70438',296),(588,'34481',296),(589,'34541',297),(590,'34541',298),(591,'34581',299),(592,'34631',300),(593,'34631',301),(594,'34691',302),(595,'75041',303),(596,'34702',303),(597,'34702',304),(598,'34761',304),(599,'34781',305),(600,'34801',306),(601,'34891',307),(602,'34841',307),(603,'75701',308),(604,'34891',308),(605,'34901',309),(606,'36501',310),(607,'34941',310),(608,'34971',311),(609,'35001',312),(610,'35001',313),(611,'35151',313),(612,'35231',314),(613,'35001',314),(614,'35251',315),(615,'87001',316),(616,'65601',316),(617,'61251',316),(618,'61101',316),(619,'35691',316),(620,'88002',316),(621,'89801',317),(622,'61501',317),(623,'37607',317),(624,'37636',317),(625,'35691',317),(626,'27641',317),(627,'33212',317),(628,'31692',317),(629,'35601',318),(630,'35691',319),(631,'35507',320),(632,'35701',321),(633,'35601',322),(634,'50602',323),(635,'35691',323),(636,'35701',324),(637,'35741',325),(638,'35761',326),(639,'34702',327),(640,'35801',327),(641,'98331',328),(642,'35001',329),(643,'35801',330),(644,'36501',331),(645,'36101',331),(646,'36251',331),(647,'36001',331),(648,'36101',332),(649,'36201',333),(650,'36301',334),(651,'36301',335),(652,'36301',336),(653,'36501',337),(654,'36501',338),(655,'36701',338),(656,'36501',339),(657,'34941',339),(658,'36911',340),(659,'36901',340),(660,'36961',341),(661,'87001',342),(662,'65601',342),(663,'36971',342),(664,'25701',342),(665,'36991',343),(666,'37331',344),(667,'37161',344),(668,'37371',344),(669,'37001',344),(670,'97701',345),(671,'37607',345),(672,'21851',345),(673,'89801',346),(674,'61501',346),(675,'37607',346),(676,'37636',346),(677,'35691',346),(678,'27641',346),(679,'33212',346),(680,'31692',346),(681,'37701',347),(682,'37801',348),(683,'37851',349),(684,'37901',350),(685,'87001',351),(686,'37981',351),(687,'37901',351),(688,'37901',352),(689,'37981',353),(690,'79741',354),(691,'66351',354),(692,'37981',354),(693,'37961',355),(694,'95101',356),(695,'37981',356),(696,'37981',357),(697,'38151',358),(698,'38001',358),(699,'38501',359),(700,'38161',359),(701,'38201',360),(702,'38242',361),(703,'87001',362),(704,'38261',362),(705,'38301',363),(706,'38401',364),(707,'38471',365),(708,'38501',366),(709,'38541',367),(710,'38541',368),(711,'38791',369),(712,'38601',369),(713,'38707',370),(714,'38791',371),(715,'38801',372),(716,'38601',373),(717,'38901',373),(718,'38801',374),(719,'58802',374),(720,'38962',374),(721,'38941',374),(722,'38971',375),(723,'38981',376),(724,'39121',377),(725,'39001',377),(726,'39139',378),(727,'39001',379),(728,'39171',380),(729,'39201',381),(730,'39201',382),(731,'39001',383),(732,'39001',384),(733,'39276',385),(734,'39913',386),(735,'39791',386),(736,'39559',386),(737,'39943',387),(738,'46501',388),(739,'39943',388),(740,'39961',388),(741,'39961',389),(742,'40001',390),(743,'40131',391),(744,'40001',392),(745,'40161',392),(746,'40183',393),(747,'40001',394),(748,'40201',394),(749,'40332',395),(750,'40201',396),(751,'40201',397),(752,'51901',397),(753,'40401',398),(754,'40401',399),(755,'40401',400),(756,'40401',401),(757,'40501',402),(758,'40536',403),(759,'40001',404),(760,'46771',405),(761,'48501',405),(762,'40001',405),(763,'40601',406),(764,'40637',407),(765,'40666',408),(766,'40501',409),(767,'40685',409),(768,'40707',410),(769,'40601',411),(770,'40738',411),(771,'40763',412),(772,'40501',413),(773,'40801',414),(774,'40851',415),(775,'40801',416),(776,'40891',417),(777,'40901',418),(778,'40931',419),(779,'99801',420),(780,'92709',420),(781,'90201',420),(782,'85291',420),(783,'77501',420),(784,'40965',420),(785,'40931',420),(786,'03901',420),(787,'03501',420),(788,'03001',420),(789,'39559',421),(790,'40971',421),(791,'41001',422),(792,'40131',423),(793,'40131',424),(794,'41001',425),(795,'41101',426),(796,'41101',427),(797,'41101',428),(798,'41101',429),(799,'39171',430),(800,'41201',431),(801,'41201',432),(802,'41301',433),(803,'41301',434),(804,'41351',435),(805,'41301',436),(806,'41301',437),(807,'41301',438),(808,'41101',439),(809,'41301',440),(810,'41601',441),(811,'41301',441),(812,'41601',442),(813,'41301',443),(814,'41601',443),(815,'41301',444),(816,'41301',445),(817,'41601',446),(818,'41301',447),(819,'41301',448),(820,'41301',449),(821,'41706',450),(822,'41706',451),(823,'41706',452),(824,'41849',453),(825,'41849',454),(826,'41871',455),(827,'41706',456),(828,'41901',456),(829,'41931',457),(830,'41931',458),(831,'41941',459),(832,'87671',460),(833,'70804',460),(834,'41941',460),(835,'41706',461),(836,'42091',462),(837,'42001',462),(838,'42001',463),(839,'42131',464),(840,'42951',465),(841,'42001',466),(842,'42091',467),(843,'42001',467),(844,'42091',468),(845,'42202',469),(846,'42281',470),(847,'42202',471),(848,'42202',472),(849,'42281',473),(850,'42301',474),(851,'42331',475),(852,'42301',476),(853,'42301',477),(854,'42301',478),(855,'42301',479),(856,'42401',480),(857,'42301',481),(858,'42401',482),(859,'91681',483),(860,'91662',483),(861,'91483',483),(862,'42501',483),(863,'42501',484),(864,'42501',485),(865,'42731',486),(866,'27901',486),(867,'45351',487),(868,'42501',487),(869,'42701',488),(870,'42731',489),(871,'42731',490),(872,'42701',491),(873,'42781',492),(874,'42841',493),(875,'42801',493),(876,'42851',494),(877,'42801',495),(878,'42801',496),(879,'42951',497),(880,'42951',498),(881,'42951',499),(882,'42951',500),(883,'43007',501),(884,'43007',502),(885,'43007',503),(886,'43007',504),(887,'43007',505),(888,'43007',506),(889,'43007',507),(890,'43007',508),(891,'43207',509),(892,'43007',510),(893,'43207',511),(894,'43007',512),(895,'43207',513),(896,'43207',514),(897,'43207',515),(898,'43007',516),(899,'43207',517),(900,'43207',518),(901,'43303',519),(902,'75911',520),(903,'43207',520),(904,'43207',521),(905,'43207',522),(906,'52141',523),(907,'43601',523),(908,'73561',524),(909,'43601',524),(910,'43601',525),(911,'43601',526),(912,'43601',527),(913,'42001',528),(914,'91002',529),(915,'74948',529),(916,'43601',529),(917,'42001',530),(918,'42001',531),(919,'43601',532),(920,'43601',533),(921,'43741',534),(922,'43601',535),(923,'43601',536),(924,'43801',537),(925,'42091',538),(926,'43992',538),(927,'43801',539),(928,'43801',540),(929,'43901',541),(930,'43992',542),(931,'43901',543),(932,'91002',544),(933,'91641',544),(934,'91631',544),(935,'90501',544),(936,'86991',544),(937,'62761',544),(938,'43992',544),(939,'29371',544),(940,'43992',545),(941,'44981',546),(942,'44921',546),(943,'45501',546),(944,'44761',546),(945,'44731',546),(946,'44721',546),(947,'44534',546),(948,'45042',546),(949,'45591',546),(950,'44943',546),(951,'44381',546),(952,'44308',546),(953,'44241',546),(954,'44291',546),(955,'44101',546),(956,'45202',547),(957,'45182',547),(958,'45101',547),(959,'45082',547),(960,'44534',547),(961,'45042',547),(962,'45131',547),(963,'45011',547),(964,'45101',548),(965,'45202',548),(966,'45261',549),(967,'45642',550),(968,'45301',550),(969,'45351',551),(970,'42501',551),(971,'46471',552),(972,'45681',553),(973,'45409',553),(974,'45411',553),(975,'45401',553),(976,'30501',553),(977,'45431',554),(978,'45471',555),(979,'45481',556),(980,'45603',557),(981,'45591',557),(982,'44981',557),(983,'45501',557),(984,'45681',558),(985,'45851',558),(986,'45648',558),(987,'45603',558),(988,'45082',558),(989,'45642',558),(990,'45648',559),(991,'45681',559),(992,'45701',560),(993,'45731',561),(994,'45751',562),(995,'45751',563),(996,'45701',564),(997,'45801',564),(998,'45931',565),(999,'45851',565),(1000,'45931',566),(1001,'45681',566),(1002,'45931',567),(1003,'45901',567),(1004,'45901',568),(1005,'47801',568),(1006,'45951',568),(1007,'45951',569),(1008,'46001',570),(1009,'46001',571),(1010,'51761',572),(1011,'46171',572),(1012,'46171',573),(1013,'46171',574),(1014,'46241',575),(1015,'46201',575),(1016,'46241',576),(1017,'46261',577),(1018,'46171',578),(1019,'46171',579),(1020,'94301',580),(1021,'46401',580),(1022,'46471',581),(1023,'46441',581),(1024,'94301',582),(1025,'84162',582),(1026,'46471',582),(1027,'46501',583),(1028,'46501',584),(1029,'39943',584),(1030,'39961',584),(1031,'46501',585),(1032,'46561',585),(1033,'46601',586),(1034,'46731',587),(1035,'45301',588),(1036,'46731',588),(1037,'46761',588),(1038,'48501',589),(1039,'45301',589),(1040,'46771',589),(1041,'46801',590),(1042,'46801',591),(1043,'63901',592),(1044,'46901',592),(1045,'63901',593),(1046,'46901',593),(1047,'47001',594),(1048,'47121',595),(1049,'47141',596),(1050,'47171',597),(1051,'47191',598),(1052,'47181',598),(1053,'47191',599),(1054,'47201',600),(1055,'98923',601),(1056,'84561',601),(1057,'79402',601),(1058,'78431',601),(1059,'47251',601),(1060,'20001',602),(1061,'47271',602),(1062,'47301',603),(1063,'47341',604),(1064,'47361',605),(1065,'47381',606),(1066,'20999',607),(1067,'47401',607),(1068,'47541',608),(1069,'47171',609),(1070,'47591',610),(1071,'47722',611),(1072,'45431',611),(1073,'47721',611),(1074,'47701',611),(1075,'47601',611),(1076,'47751',612),(1077,'47731',612),(1078,'47751',613),(1079,'47801',614),(1080,'47901',615),(1081,'47911',616),(1082,'47931',617),(1083,'47981',618),(1084,'47951',618),(1085,'20999',618),(1086,'20671',618),(1087,'20921',618),(1088,'47981',619),(1089,'48001',620),(1090,'48051',621),(1091,'48101',622),(1092,'62741',623),(1093,'48051',623),(1094,'48541',624),(1095,'48201',625),(1096,'48293',626),(1097,'48351',626),(1098,'48281',626),(1099,'48402',627),(1100,'94141',628),(1101,'48201',628),(1102,'48452',628),(1103,'46771',629),(1104,'48501',629),(1105,'40001',629),(1106,'48541',630),(1107,'48001',631),(1108,'48541',631),(1109,'48541',632),(1110,'48541',633),(1111,'48001',634),(1112,'48701',635),(1113,'48741',636),(1114,'48761',637),(1115,'48761',638),(1116,'48931',639),(1117,'48982',640),(1118,'48452',640),(1119,'48851',640),(1120,'48901',641),(1121,'48931',642),(1122,'48851',643),(1123,'48901',643),(1124,'48931',643),(1125,'48982',644),(1126,'48971',644),(1127,'49001',645),(1128,'89801',646),(1129,'49121',646),(1130,'31903',646),(1131,'49401',647),(1132,'94963',648),(1133,'94962',648),(1134,'49201',648),(1135,'45751',649),(1136,'49371',649),(1137,'49251',650),(1138,'49331',651),(1139,'49301',651),(1140,'49341',652),(1141,'49371',653),(1142,'49401',654),(1143,'49441',655),(1144,'49401',655),(1145,'49401',656),(1146,'49501',657),(1147,'49541',658),(1148,'49541',659),(1149,'49601',660),(1150,'49601',661),(1151,'49651',661),(1152,'49001',662),(1153,'49701',662),(1154,'76601',663),(1155,'49001',663),(1156,'49001',664),(1157,'92801',665),(1158,'63201',665),(1159,'61421',665),(1160,'49901',665),(1161,'49801',665),(1162,'49001',666),(1163,'49871',667),(1164,'49901',668),(1165,'60502',669),(1166,'49901',669),(1167,'63901',670),(1168,'63001',670),(1169,'49541',670),(1170,'52141',671),(1171,'50091',671),(1172,'50301',672),(1173,'50361',673),(1174,'50401',674),(1175,'50451',675),(1176,'50301',676),(1177,'98501',677),(1178,'98102',677),(1179,'58802',677),(1180,'50801',677),(1181,'50451',677),(1182,'26531',677),(1183,'33204',677),(1184,'50602',678),(1185,'35691',678),(1186,'50641',679),(1187,'50602',680),(1188,'50701',681),(1189,'50741',682),(1190,'50801',683),(1191,'52061',684),(1192,'50851',684),(1193,'50901',685),(1194,'50961',686),(1195,'51001',687),(1196,'51031',688),(1197,'51201',689),(1198,'51111',690),(1199,'51131',691),(1200,'51201',692),(1201,'51231',693),(1202,'51201',693),(1203,'51201',694),(1204,'51301',695),(1205,'51351',696),(1206,'51431',697),(1207,'51411',697),(1208,'51441',698),(1209,'51411',699),(1210,'51501',700),(1211,'51581',701),(1212,'51571',701),(1213,'51601',702),(1214,'51601',703),(1215,'51901',704),(1216,'51761',705),(1217,'46171',705),(1218,'92601',706),(1219,'51801',706),(1220,'51801',707),(1221,'51901',708),(1222,'51951',709),(1223,'52401',710),(1224,'52001',711),(1225,'52061',712),(1226,'52081',713),(1227,'52101',714),(1228,'52141',715),(1229,'43601',715),(1230,'52141',716),(1231,'52201',717),(1232,'52241',718),(1233,'52281',719),(1234,'52301',720),(1235,'84901',721),(1236,'83191',721),(1237,'79741',721),(1238,'52301',721),(1239,'29731',721),(1240,'52441',722),(1241,'90901',723),(1242,'52401',723),(1243,'52441',724),(1244,'52441',725),(1245,'52601',726),(1246,'52541',727),(1247,'52301',728),(1248,'52701',729),(1249,'52681',729),(1250,'52601',729),(1251,'52681',730),(1252,'52701',731),(1253,'52741',732),(1254,'11801',733),(1255,'53831',733),(1256,'52762',733),(1257,'52761',733),(1258,'52901',734),(1259,'53831',735),(1260,'53681',735),(1261,'53311',735),(1262,'53121',735),(1263,'53101',735),(1264,'53001',735),(1265,'54182',736),(1266,'54001',736),(1267,'54201',737),(1268,'91371',738),(1269,'54241',738),(1270,'54241',739),(1271,'54301',740),(1272,'54241',741),(1273,'54401',742),(1274,'54481',743),(1275,'54572',744),(1276,'54601',745),(1277,'74901',746),(1278,'54661',746),(1279,'54681',747),(1280,'54761',748),(1281,'54801',748),(1282,'54701',748),(1283,'54771',749),(1284,'54601',750),(1285,'54801',750),(1286,'98201',751),(1287,'67481',751),(1288,'54881',751),(1289,'54931',752),(1290,'54901',752),(1291,'54981',753),(1292,'54969',753),(1293,'55271',754),(1294,'55121',754),(1295,'55701',754),(1296,'55031',754),(1297,'55641',755),(1298,'55601',755),(1299,'55651',756),(1300,'55651',757),(1301,'55671',758),(1302,'55711',759),(1303,'55701',759),(1304,'55601',760),(1305,'55762',760),(1306,'54931',761),(1307,'55601',761),(1308,'55762',762),(1309,'55601',763),(1310,'55801',764),(1311,'55851',765),(1312,'55871',766),(1313,'55901',767),(1314,'55941',768),(1315,'55901',769),(1316,'55981',770),(1317,'56271',771),(1318,'56001',771),(1319,'74731',772),(1320,'56031',772),(1321,'56271',773),(1322,'56071',774),(1323,'56101',775),(1324,'56271',776),(1325,'56301',777),(1326,'56351',778),(1327,'56331',778),(1328,'56371',779),(1329,'56401',780),(1330,'23401',780),(1331,'23331',780),(1332,'23301',780),(1333,'23231',780),(1334,'23601',780),(1335,'23202',780),(1336,'23001',780),(1337,'56571',781),(1338,'56601',782),(1339,'56612',783),(1340,'56651',784),(1341,'56681',785),(1342,'56741',786),(1343,'56701',786),(1344,'56901',787),(1345,'56781',788),(1346,'56901',789),(1347,'56861',790),(1348,'56881',791),(1349,'56901',792),(1350,'56971',793),(1351,'56992',794),(1352,'57002',795),(1353,'57741',795),(1354,'07501',795),(1355,'57001',795),(1356,'58461',796),(1357,'58882',796),(1358,'58241',796),(1359,'58111',796),(1360,'58011',796),(1361,'58361',797),(1362,'58361',798),(1363,'58405',798),(1364,'58421',799),(1365,'58421',800),(1366,'79381',801),(1367,'79611',801),(1368,'61601',801),(1369,'58461',802),(1370,'58482',803),(1371,'58501',804),(1372,'58541',805),(1373,'58553',806),(1374,'58572',807),(1375,'58601',808),(1376,'58761',809),(1377,'58747',809),(1378,'58761',810),(1379,'87001',811),(1380,'58784',811),(1381,'26001',811),(1382,'33981',811),(1383,'98501',812),(1384,'98102',812),(1385,'58802',812),(1386,'50801',812),(1387,'50451',812),(1388,'26531',812),(1389,'33204',812),(1390,'58821',813),(1391,'58841',814),(1392,'58841',815),(1393,'58882',816),(1394,'58111',817),(1395,'58922',817),(1396,'58882',817),(1397,'58901',818),(1398,'58922',819),(1399,'01401',819),(1400,'01131',819),(1401,'01001',819),(1402,'58934',820),(1403,'58971',821),(1404,'58982',822),(1405,'59001',823),(1406,'59123',824),(1407,'59141',825),(1408,'73041',826),(1409,'59166',826),(1410,'15001',826),(1411,'30361',826),(1412,'30351',826),(1413,'30201',826),(1414,'59282',827),(1415,'59166',827),(1416,'59181',827),(1417,'59202',828),(1418,'59232',829),(1419,'59301',830),(1420,'59251',830),(1421,'59282',831),(1422,'59301',832),(1423,'59301',833),(1424,'59441',834),(1425,'59301',835),(1426,'59477',836),(1427,'59501',837),(1428,'59001',838),(1429,'59511',838),(1430,'59555',839),(1431,'59581',840),(1432,'59282',841),(1433,'59691',841),(1434,'59733',842),(1435,'59751',843),(1436,'59781',844),(1437,'59801',845),(1438,'59924',846),(1439,'59941',847),(1440,'59962',848),(1441,'59941',849),(1442,'60253',850),(1443,'60053',850),(1444,'59751',851),(1445,'60053',851),(1446,'60253',852),(1447,'60272',853),(1448,'60272',854),(1449,'60053',855),(1450,'94301',856),(1451,'59941',856),(1452,'60381',856),(1453,'60444',857),(1454,'60463',858),(1455,'60491',859),(1456,'60601',860),(1457,'60502',860),(1458,'60541',861),(1459,'60572',862),(1460,'60601',863),(1461,'60601',864),(1462,'28101',865),(1463,'60841',866),(1464,'60841',867),(1465,'94301',868),(1466,'60984',868),(1467,'28901',868),(1468,'28101',868),(1469,'60922',869),(1470,'60922',870),(1471,'25001',870),(1472,'90501',871),(1473,'77301',871),(1474,'60991',871),(1475,'60984',871),(1476,'60951',871),(1477,'76852',872),(1478,'61251',873),(1479,'61251',874),(1480,'87001',875),(1481,'65601',875),(1482,'61251',875),(1483,'61101',875),(1484,'35691',875),(1485,'88002',875),(1486,'38791',876),(1487,'61251',876),(1488,'61101',877),(1489,'61251',878),(1490,'58241',879),(1491,'58241',880),(1492,'61941',881),(1493,'61101',882),(1494,'61501',883),(1495,'92801',884),(1496,'63201',884),(1497,'61421',884),(1498,'49901',884),(1499,'49801',884),(1500,'89801',885),(1501,'61501',885),(1502,'37607',885),(1503,'37636',885),(1504,'35691',885),(1505,'27641',885),(1506,'33212',885),(1507,'31692',885),(1508,'61476',886),(1509,'61501',887),(1510,'61501',888),(1511,'67251',889),(1512,'61501',889),(1513,'26701',889),(1514,'32121',889),(1515,'32551',889),(1516,'32657',889),(1517,'29521',889),(1518,'61501',890),(1519,'61601',891),(1520,'61635',892),(1521,'61601',893),(1522,'61651',894),(1523,'61651',895),(1524,'61704',896),(1525,'61715',897),(1526,'61733',898),(1527,'61733',899),(1528,'61761',900),(1529,'61808',901),(1530,'61831',902),(1531,'61761',903),(1532,'61853',903),(1533,'61853',904),(1534,'58482',905),(1535,'58482',906),(1536,'61941',907),(1537,'40666',908),(1538,'61941',908),(1539,'29161',908),(1540,'62241',909),(1541,'62001',909),(1542,'62511',910),(1543,'62521',911),(1544,'62541',912),(1545,'62541',913),(1546,'62571',914),(1547,'62581',915),(1548,'62601',916),(1549,'62601',917),(1550,'62611',918),(1551,'62621',919),(1552,'62621',920),(1553,'62641',921),(1554,'62661',922),(1555,'94731',923),(1556,'62661',923),(1557,'62726',924),(1558,'62702',924),(1559,'62731',925),(1560,'62741',926),(1561,'48051',926),(1562,'91002',927),(1563,'91641',927),(1564,'91631',927),(1565,'90501',927),(1566,'86991',927),(1567,'62761',927),(1568,'43992',927),(1569,'29371',927),(1570,'62771',928),(1571,'62781',929),(1572,'62791',930),(1573,'62801',931),(1574,'73901',932),(1575,'62801',932),(1576,'62821',933),(1577,'62831',934),(1578,'62848',935),(1579,'62831',935),(1580,'62851',936),(1581,'62891',937),(1582,'62891',938),(1583,'62911',939),(1584,'62901',939),(1585,'62921',940),(1586,'62931',941),(1587,'62951',942),(1588,'62971',943),(1589,'62981',944),(1590,'63001',945),(1591,'92801',946),(1592,'63201',946),(1593,'61421',946),(1594,'49901',946),(1595,'49801',946),(1596,'63451',947),(1597,'63201',947),(1598,'63551',947),(1599,'63301',947),(1600,'63431',948),(1601,'63431',949),(1602,'63451',949),(1603,'63431',950),(1604,'63001',951),(1605,'63621',951),(1606,'63001',952),(1607,'63621',953),(1608,'63201',954),(1609,'63632',954),(1610,'63721',955),(1611,'63716',955),(1612,'63701',955),(1613,'63731',956),(1614,'63721',956),(1615,'63733',956),(1616,'82001',957),(1617,'63551',957),(1618,'63741',957),(1619,'63781',958),(1620,'63001',959),(1621,'63701',959),(1622,'63901',960),(1623,'63001',960),(1624,'49541',960),(1625,'63891',961),(1626,'73311',962),(1627,'63901',962),(1628,'63941',963),(1629,'63901',964),(1630,'64821',965),(1631,'67121',965),(1632,'66491',965),(1633,'66451',965),(1634,'64361',965),(1635,'64291',965),(1636,'64008',965),(1637,'65031',966),(1638,'88002',966),(1639,'65151',967),(1640,'65601',968),(1641,'87001',969),(1642,'65151',969),(1643,'65251',970),(1644,'65151',971),(1645,'65251',972),(1646,'67481',973),(1647,'65551',974),(1648,'65551',975),(1649,'87001',976),(1650,'65601',976),(1651,'61251',976),(1652,'61101',976),(1653,'35691',976),(1654,'88002',976),(1655,'87001',977),(1656,'65601',977),(1657,'36971',977),(1658,'25701',977),(1659,'66601',978),(1660,'65751',979),(1661,'67481',980),(1662,'67481',981),(1663,'67481',982),(1664,'98201',983),(1665,'67481',983),(1666,'54881',983),(1667,'66001',984),(1668,'66066',985),(1669,'79741',986),(1670,'66351',986),(1671,'37981',986),(1672,'66252',987),(1673,'66491',988),(1674,'66451',988),(1675,'66551',989),(1676,'66601',990),(1677,'66601',991),(1678,'66601',992),(1679,'66601',993),(1680,'66801',994),(1681,'67051',995),(1682,'67051',996),(1683,'67051',997),(1684,'67051',998),(1685,'67501',999),(1686,'67051',999),(1687,'98001',1000),(1688,'98601',1000),(1689,'74801',1000),(1690,'67181',1000),(1691,'67251',1000),(1692,'67121',1000),(1693,'64821',1000),(1694,'32657',1000),(1695,'32744',1000),(1696,'67251',1001),(1697,'61501',1001),(1698,'26701',1001),(1699,'32121',1001),(1700,'32551',1001),(1701,'32657',1001),(1702,'29521',1001),(1703,'67321',1002),(1704,'67351',1003),(1705,'26531',1003),(1706,'33921',1003),(1707,'67501',1004),(1708,'67481',1005),(1709,'67501',1006),(1710,'67501',1007),(1711,'67701',1008),(1712,'67851',1009),(1713,'67851',1010),(1714,'31892',1010),(1715,'67701',1011),(1716,'67901',1012),(1717,'67851',1013),(1718,'67901',1013),(1719,'67851',1014),(1720,'67901',1015),(1721,'68005',1016),(1722,'68202',1017),(1723,'68202',1018),(1724,'68215',1019),(1725,'69601',1019),(1726,'68202',1020),(1727,'68215',1021),(1728,'68001',1022),(1729,'68221',1023),(1730,'68202',1024),(1731,'68202',1025),(1732,'68202',1026),(1733,'68202',1027),(1734,'68202',1028),(1735,'68202',1029),(1736,'68202',1030),(1737,'68202',1031),(1738,'68202',1032),(1739,'68202',1033),(1740,'68202',1034),(1741,'68202',1035),(1742,'68091',1036),(1743,'68202',1037),(1744,'68202',1038),(1745,'68091',1039),(1746,'68298',1040),(1747,'68005',1040),(1748,'68005',1041),(1749,'68005',1042),(1750,'68005',1043),(1751,'68298',1044),(1752,'68298',1045),(1753,'68431',1046),(1754,'68301',1046),(1755,'68401',1047),(1756,'68431',1048),(1757,'68414',1049),(1758,'68414',1050),(1759,'68431',1051),(1760,'68301',1052),(1761,'68431',1053),(1762,'68301',1054),(1763,'68301',1055),(1764,'68301',1056),(1765,'68301',1057),(1766,'68481',1058),(1767,'68301',1059),(1768,'68507',1060),(1769,'68507',1061),(1770,'68507',1062),(1771,'68507',1063),(1772,'68507',1064),(1773,'68507',1065),(1774,'68507',1066),(1775,'68507',1067),(1776,'68541',1068),(1777,'68541',1069),(1778,'68541',1070),(1779,'68541',1071),(1780,'68507',1072),(1781,'68507',1073),(1782,'68507',1074),(1783,'68507',1075),(1784,'68507',1076),(1785,'68541',1077),(1786,'68507',1078),(1787,'68507',1079),(1788,'68301',1080),(1789,'68507',1081),(1790,'68541',1082),(1791,'68507',1083),(1792,'69511',1084),(1793,'68608',1085),(1794,'68608',1086),(1795,'68608',1087),(1796,'68608',1088),(1797,'68301',1089),(1798,'68608',1089),(1799,'68608',1090),(1800,'68608',1091),(1801,'68608',1092),(1802,'68301',1092),(1803,'68608',1093),(1804,'68608',1094),(1805,'68608',1095),(1806,'68301',1096),(1807,'68608',1097),(1808,'68608',1098),(1809,'68608',1099),(1810,'68608',1100),(1811,'68608',1101),(1812,'68608',1102),(1813,'68608',1103),(1814,'68215',1104),(1815,'68729',1105),(1816,'68081',1106),(1817,'68729',1107),(1818,'68729',1108),(1819,'68729',1109),(1820,'68729',1110),(1821,'68301',1111),(1822,'68729',1111),(1823,'68729',1112),(1824,'68729',1113),(1825,'68202',1114),(1826,'68202',1115),(1827,'68202',1116),(1828,'68729',1117),(1829,'68729',1118),(1830,'68729',1119),(1831,'68729',1120),(1832,'68729',1121),(1833,'68091',1122),(1834,'68729',1123),(1835,'68729',1124),(1836,'68729',1125),(1837,'68729',1126),(1838,'68729',1127),(1839,'68729',1128),(1840,'68729',1129),(1841,'68729',1130),(1842,'68802',1131),(1843,'68301',1132),(1844,'68802',1132),(1845,'68729',1133),(1846,'68729',1134),(1847,'68802',1135),(1848,'68729',1136),(1849,'68729',1137),(1850,'68729',1138),(1851,'68802',1139),(1852,'68802',1140),(1853,'68802',1141),(1854,'68729',1142),(1855,'68729',1143),(1856,'68802',1144),(1857,'68802',1145),(1858,'68802',1146),(1859,'68729',1147),(1860,'68729',1148),(1861,'68729',1149),(1862,'68802',1150),(1863,'68802',1151),(1864,'68802',1152),(1865,'68802',1153),(1866,'68802',1154),(1867,'68802',1155),(1868,'70285',1156),(1869,'68301',1157),(1870,'70285',1158),(1871,'70214',1158),(1872,'70285',1159),(1873,'70285',1160),(1874,'68802',1160),(1875,'70285',1161),(1876,'69001',1162),(1877,'69001',1163),(1878,'69001',1164),(1879,'69001',1165),(1880,'69001',1166),(1881,'69001',1167),(1882,'69001',1168),(1883,'69001',1169),(1884,'69001',1170),(1885,'69001',1171),(1886,'69001',1172),(1887,'69001',1173),(1888,'69001',1174),(1889,'69001',1175),(1890,'69251',1176),(1891,'69251',1177),(1892,'69251',1178),(1893,'69251',1179),(1894,'69251',1180),(1895,'69251',1181),(1896,'69251',1182),(1897,'69251',1183),(1898,'69251',1184),(1899,'69251',1185),(1900,'69001',1186),(1901,'69251',1187),(1902,'69001',1188),(1903,'69001',1189),(1904,'69251',1190),(1905,'69251',1191),(1906,'69251',1192),(1907,'69251',1193),(1908,'69001',1194),(1909,'69001',1195),(1910,'69001',1196),(1911,'69001',1197),(1912,'69001',1198),(1913,'69001',1199),(1914,'69511',1200),(1915,'69511',1201),(1916,'69511',1202),(1917,'69511',1203),(1918,'69511',1204),(1919,'69511',1205),(1920,'69511',1206),(1921,'69511',1207),(1922,'69511',1208),(1923,'69511',1209),(1924,'69511',1210),(1925,'69511',1211),(1926,'69511',1212),(1927,'69251',1213),(1928,'69413',1213),(1929,'69251',1214),(1930,'69251',1215),(1931,'69001',1216),(1932,'69251',1217),(1933,'69251',1218),(1934,'69413',1219),(1935,'69251',1220),(1936,'69413',1221),(1937,'69801',1222),(1938,'69511',1223),(1939,'69511',1224),(1940,'69511',1225),(1941,'69511',1226),(1942,'69511',1227),(1943,'69511',1228),(1944,'69601',1229),(1945,'69511',1230),(1946,'69801',1231),(1947,'69511',1232),(1948,'69801',1233),(1949,'69801',1234),(1950,'69601',1235),(1951,'69801',1236),(1952,'69801',1237),(1953,'69601',1238),(1954,'69801',1239),(1955,'69801',1240),(1956,'69601',1241),(1957,'69601',1242),(1958,'69601',1243),(1959,'69601',1244),(1960,'69601',1245),(1961,'69601',1246),(1962,'69601',1247),(1963,'69601',1248),(1964,'69601',1249),(1965,'69601',1250),(1966,'69601',1251),(1967,'69601',1252),(1968,'69601',1253),(1969,'69601',1254),(1970,'69601',1255),(1971,'69601',1256),(1972,'69601',1257),(1973,'69601',1258),(1974,'69701',1259),(1975,'69701',1260),(1976,'69701',1261),(1977,'69001',1262),(1978,'69801',1263),(1979,'69701',1264),(1980,'69701',1265),(1981,'69801',1266),(1982,'69801',1267),(1983,'69801',1268),(1984,'69801',1269),(1985,'69801',1270),(1986,'69801',1271),(1987,'69801',1272),(1988,'69801',1273),(1989,'69801',1274),(1990,'69801',1275),(1991,'69801',1276),(1992,'69801',1277),(1993,'69801',1278),(1994,'69801',1279),(1995,'69801',1280),(1996,'69801',1281),(1997,'69801',1282),(1998,'69801',1283),(1999,'71102',1284),(2000,'71102',1285),(2001,'71102',1286),(2002,'71102',1287),(2003,'69801',1288),(2004,'69601',1289),(2005,'69601',1290),(2006,'69601',1291),(2007,'69601',1292),(2008,'69601',1293),(2009,'69601',1294),(2010,'69601',1295),(2011,'69601',1296),(2012,'69601',1297),(2013,'69601',1298),(2014,'69601',1299),(2015,'69601',1300),(2016,'69601',1301),(2017,'69601',1302),(2018,'69601',1303),(2019,'69601',1304),(2020,'70151',1305),(2021,'70001',1305),(2022,'70111',1306),(2023,'70001',1307),(2024,'70001',1308),(2025,'70001',1309),(2026,'70162',1310),(2027,'70001',1311),(2028,'70301',1312),(2029,'70001',1312),(2030,'70162',1313),(2031,'70151',1314),(2032,'70001',1315),(2033,'70162',1316),(2034,'70162',1317),(2035,'70176',1318),(2036,'70181',1319),(2037,'70191',1320),(2038,'70285',1321),(2039,'70285',1322),(2040,'70301',1323),(2041,'70214',1323),(2042,'70285',1323),(2043,'70214',1324),(2044,'70301',1324),(2045,'70285',1325),(2046,'68802',1326),(2047,'70285',1327),(2048,'70285',1328),(2049,'70285',1329),(2050,'70285',1330),(2051,'70285',1331),(2052,'70285',1332),(2053,'70285',1333),(2054,'70285',1334),(2055,'70285',1335),(2056,'70285',1336),(2057,'70111',1337),(2058,'70316',1338),(2059,'70301',1338),(2060,'70316',1339),(2061,'70301',1339),(2062,'70381',1340),(2063,'70001',1341),(2064,'70381',1342),(2065,'70381',1343),(2066,'70401',1344),(2067,'70401',1345),(2068,'70401',1346),(2069,'68081',1347),(2070,'70401',1348),(2071,'70401',1349),(2072,'68081',1350),(2073,'70401',1351),(2074,'70438',1352),(2075,'70401',1353),(2076,'70438',1354),(2077,'68081',1355),(2078,'68081',1356),(2079,'70401',1357),(2080,'70401',1358),(2081,'70401',1359),(2082,'68081',1359),(2083,'70401',1360),(2084,'70401',1361),(2085,'76811',1362),(2086,'70438',1362),(2087,'34481',1362),(2088,'70401',1363),(2089,'70438',1364),(2090,'70401',1365),(2091,'68001',1366),(2092,'70401',1367),(2093,'70401',1368),(2094,'70501',1369),(2095,'70285',1370),(2096,'70535',1371),(2097,'70712',1372),(2098,'70712',1373),(2099,'70712',1374),(2100,'70712',1375),(2101,'70535',1375),(2102,'70712',1376),(2103,'70501',1377),(2104,'70712',1378),(2105,'70804',1379),(2106,'70501',1380),(2107,'70601',1381),(2108,'70712',1382),(2109,'70712',1383),(2110,'70712',1384),(2111,'70111',1385),(2112,'70111',1386),(2113,'70111',1387),(2114,'70111',1388),(2115,'70535',1389),(2116,'70712',1389),(2117,'70111',1390),(2118,'70001',1391),(2119,'70761',1392),(2120,'70601',1393),(2121,'70761',1393),(2122,'70601',1394),(2123,'70601',1395),(2124,'70761',1396),(2125,'70761',1397),(2126,'70601',1398),(2127,'70761',1399),(2128,'70804',1400),(2129,'87671',1401),(2130,'70804',1401),(2131,'41941',1401),(2132,'70804',1402),(2133,'70804',1403),(2134,'70804',1404),(2135,'70804',1405),(2136,'70804',1406),(2137,'84604',1407),(2138,'70804',1407),(2139,'70804',1408),(2140,'70804',1409),(2141,'70804',1410),(2142,'70804',1411),(2143,'70804',1412),(2144,'70804',1413),(2145,'70804',1414),(2146,'70804',1415),(2147,'70804',1416),(2148,'70804',1417),(2149,'71981',1417),(2150,'70804',1418),(2151,'70804',1419),(2152,'70804',1420),(2153,'70804',1421),(2154,'70804',1422),(2155,'70804',1423),(2156,'70804',1424),(2157,'70804',1425),(2158,'70804',1426),(2159,'70804',1427),(2160,'70804',1428),(2161,'70983',1429),(2162,'70804',1430),(2163,'70804',1431),(2164,'70901',1432),(2165,'70901',1433),(2166,'70804',1434),(2167,'70804',1435),(2168,'70804',1436),(2169,'71981',1437),(2170,'70804',1438),(2171,'70901',1439),(2172,'70901',1440),(2173,'70901',1441),(2174,'71201',1442),(2175,'70901',1443),(2176,'70986',1444),(2177,'70983',1444),(2178,'70901',1445),(2179,'71008',1446),(2180,'71008',1447),(2181,'71008',1448),(2182,'71008',1449),(2183,'71611',1450),(2184,'71008',1451),(2185,'71008',1452),(2186,'71102',1453),(2187,'69801',1454),(2188,'71102',1455),(2189,'69801',1455),(2190,'71102',1456),(2191,'69801',1457),(2192,'71102',1458),(2193,'71102',1459),(2194,'71102',1460),(2195,'71102',1461),(2196,'71102',1462),(2197,'71102',1463),(2198,'71102',1464),(2199,'71102',1465),(2200,'71102',1466),(2201,'71008',1467),(2202,'71102',1467),(2203,'71311',1468),(2204,'71201',1468),(2205,'71201',1469),(2206,'71201',1470),(2207,'71201',1471),(2208,'68005',1472),(2209,'68001',1473),(2210,'68005',1474),(2211,'68005',1475),(2212,'68005',1476),(2213,'68091',1477),(2214,'68005',1477),(2215,'68005',1478),(2216,'68005',1479),(2217,'71201',1480),(2218,'68005',1481),(2219,'71411',1482),(2220,'68005',1483),(2221,'71311',1483),(2222,'71311',1484),(2223,'68131',1485),(2224,'71201',1486),(2225,'68131',1486),(2226,'71201',1487),(2227,'71201',1488),(2228,'71311',1489),(2229,'68131',1490),(2230,'71311',1490),(2231,'68005',1491),(2232,'71311',1492),(2233,'71311',1493),(2234,'71311',1494),(2235,'71201',1495),(2236,'71201',1496),(2237,'71201',1497),(2238,'71201',1498),(2239,'71201',1499),(2240,'71201',1500),(2241,'68001',1501),(2242,'68001',1502),(2243,'71102',1503),(2244,'71411',1504),(2245,'71102',1505),(2246,'71411',1506),(2247,'68001',1507),(2248,'68005',1508),(2249,'71411',1509),(2250,'71411',1510),(2251,'71411',1511),(2252,'71411',1512),(2253,'71411',1513),(2254,'71411',1514),(2255,'71411',1515),(2256,'71411',1516),(2257,'71501',1517),(2258,'71511',1518),(2259,'71511',1519),(2260,'71511',1520),(2261,'71511',1521),(2262,'71511',1522),(2263,'71511',1523),(2264,'71511',1524),(2265,'71511',1525),(2266,'71511',1526),(2267,'71511',1527),(2268,'71511',1528),(2269,'71511',1529),(2270,'71511',1530),(2271,'71511',1531),(2272,'71511',1532),(2273,'71511',1533),(2274,'71511',1534),(2275,'71201',1535),(2276,'71511',1536),(2277,'71511',1537),(2278,'71511',1538),(2279,'71511',1539),(2280,'71501',1540),(2281,'71501',1541),(2282,'71501',1542),(2283,'71501',1543),(2284,'71501',1544),(2285,'71501',1545),(2286,'71501',1546),(2287,'71501',1547),(2288,'71501',1548),(2289,'71501',1549),(2290,'71601',1550),(2291,'71611',1551),(2292,'71601',1552),(2293,'71601',1553),(2294,'71611',1554),(2295,'71601',1555),(2296,'71601',1556),(2297,'71601',1557),(2298,'71611',1558),(2299,'71601',1559),(2300,'71601',1560),(2301,'71601',1561),(2302,'71701',1562),(2303,'71601',1563),(2304,'71601',1564),(2305,'71701',1565),(2306,'71601',1566),(2307,'71601',1567),(2308,'71701',1568),(2309,'71701',1569),(2310,'71601',1570),(2311,'71701',1571),(2312,'71701',1572),(2313,'71601',1573),(2314,'71832',1574),(2315,'71811',1574),(2316,'71811',1575),(2317,'71902',1576),(2318,'71902',1577),(2319,'71902',1578),(2320,'71411',1579),(2321,'71902',1580),(2322,'71981',1581),(2323,'71981',1582),(2324,'71981',1583),(2325,'71981',1584),(2326,'71981',1585),(2327,'72981',1586),(2328,'72471',1586),(2329,'72431',1586),(2330,'72261',1586),(2331,'72091',1586),(2332,'72761',1587),(2333,'72761',1588),(2334,'72761',1589),(2335,'72761',1590),(2336,'72761',1591),(2337,'72761',1592),(2338,'72761',1593),(2339,'72761',1594),(2340,'72981',1595),(2341,'73041',1596),(2342,'73041',1597),(2343,'29731',1597),(2344,'73041',1598),(2345,'59166',1598),(2346,'15001',1598),(2347,'30361',1598),(2348,'30351',1598),(2349,'30201',1598),(2350,'73081',1599),(2351,'90301',1600),(2352,'73081',1600),(2353,'73081',1601),(2354,'73081',1602),(2355,'73102',1603),(2356,'73102',1604),(2357,'73171',1605),(2358,'73171',1606),(2359,'73171',1607),(2360,'73179',1608),(2361,'73179',1609),(2362,'73179',1610),(2363,'73179',1611),(2364,'73179',1612),(2365,'73291',1613),(2366,'73311',1614),(2367,'73311',1615),(2368,'73311',1616),(2369,'63901',1616),(2370,'92511',1617),(2371,'73311',1617),(2372,'73311',1618),(2373,'73311',1619),(2374,'73311',1620),(2375,'73311',1621),(2376,'73311',1622),(2377,'73311',1623),(2378,'91501',1624),(2379,'73311',1624),(2380,'73311',1625),(2381,'73561',1626),(2382,'73561',1627),(2383,'73561',1628),(2384,'73561',1629),(2385,'73561',1630),(2386,'43601',1630),(2387,'73561',1631),(2388,'73561',1632),(2389,'73561',1633),(2390,'73561',1634),(2391,'73561',1635),(2392,'73561',1636),(2393,'73561',1637),(2394,'73561',1638),(2395,'73561',1639),(2396,'73582',1640),(2397,'73582',1641),(2398,'73582',1642),(2399,'73682',1643),(2400,'73682',1644),(2401,'73682',1645),(2402,'73682',1646),(2403,'73682',1647),(2404,'96701',1648),(2405,'78001',1648),(2406,'73701',1648),(2407,'26531',1648),(2408,'73781',1649),(2409,'73781',1650),(2410,'73781',1651),(2411,'29621',1651),(2412,'73781',1652),(2413,'73801',1653),(2414,'73901',1654),(2415,'73901',1655),(2416,'73901',1656),(2417,'62801',1656),(2418,'73901',1657),(2419,'73901',1658),(2420,'73801',1659),(2421,'73801',1660),(2422,'73801',1661),(2423,'73801',1662),(2424,'74001',1663),(2425,'74001',1664),(2426,'74001',1665),(2427,'74001',1666),(2428,'74001',1667),(2429,'74001',1668),(2430,'74164',1669),(2431,'74164',1670),(2432,'74164',1671),(2433,'74164',1672),(2434,'74231',1673),(2435,'74231',1674),(2436,'74231',1675),(2437,'74231',1676),(2438,'74231',1677),(2439,'74231',1678),(2440,'74231',1679),(2441,'74231',1680),(2442,'74231',1681),(2443,'74401',1682),(2444,'74401',1683),(2445,'74401',1684),(2446,'74401',1685),(2447,'74401',1686),(2448,'74401',1687),(2449,'74401',1688),(2450,'74401',1689),(2451,'74401',1690),(2452,'74583',1691),(2453,'74583',1692),(2454,'74583',1693),(2455,'74583',1694),(2456,'74583',1695),(2457,'74583',1696),(2458,'74583',1697),(2459,'74583',1698),(2460,'74583',1699),(2461,'74583',1700),(2462,'74583',1701),(2463,'74583',1702),(2464,'74583',1703),(2465,'74583',1704),(2466,'74731',1705),(2467,'74731',1706),(2468,'56031',1706),(2469,'74731',1707),(2470,'74731',1708),(2471,'74731',1709),(2472,'74731',1710),(2473,'74791',1711),(2474,'74791',1712),(2475,'74801',1713),(2476,'74801',1714),(2477,'74801',1715),(2478,'74801',1716),(2479,'74801',1717),(2480,'74801',1718),(2481,'74801',1719),(2482,'74801',1720),(2483,'74801',1721),(2484,'98001',1722),(2485,'98601',1722),(2486,'74801',1722),(2487,'67181',1722),(2488,'67251',1722),(2489,'67121',1722),(2490,'64821',1722),(2491,'32657',1722),(2492,'32744',1722),(2493,'74901',1723),(2494,'74901',1724),(2495,'54661',1724),(2496,'74948',1725),(2497,'74948',1726),(2498,'91002',1727),(2499,'74948',1727),(2500,'43601',1727),(2501,'74948',1728),(2502,'74948',1729),(2503,'74948',1730),(2504,'74948',1731),(2505,'74948',1732),(2506,'75001',1733),(2507,'75001',1734),(2508,'75001',1735),(2509,'75001',1736),(2510,'75041',1737),(2511,'34702',1737),(2512,'75041',1738),(2513,'75041',1739),(2514,'75041',1740),(2515,'75041',1741),(2516,'75041',1742),(2517,'75111',1743),(2518,'91301',1744),(2519,'75111',1744),(2520,'75111',1745),(2521,'75152',1746),(2522,'75152',1747),(2523,'75152',1748),(2524,'75161',1749),(2525,'75161',1750),(2526,'75161',1751),(2527,'75161',1752),(2528,'75201',1753),(2529,'75201',1754),(2530,'75201',1755),(2531,'75201',1756),(2532,'75201',1757),(2533,'75201',1758),(2534,'75201',1759),(2535,'75201',1760),(2536,'75201',1761),(2537,'75201',1762),(2538,'75201',1763),(2539,'75201',1764),(2540,'75201',1765),(2541,'75481',1766),(2542,'75481',1767),(2543,'75481',1768),(2544,'75521',1769),(2545,'75521',1770),(2546,'75521',1771),(2547,'75521',1772),(2548,'75682',1773),(2549,'75682',1774),(2550,'75682',1775),(2551,'75682',1776),(2552,'75682',1777),(2553,'75682',1778),(2554,'75682',1779),(2555,'75682',1780),(2556,'75682',1781),(2557,'75682',1782),(2558,'75701',1783),(2559,'75701',1784),(2560,'75701',1785),(2561,'75701',1786),(2562,'75701',1787),(2563,'75701',1788),(2564,'75701',1789),(2565,'75701',1790),(2566,'75701',1791),(2567,'75701',1792),(2568,'75701',1793),(2569,'34891',1793),(2570,'75911',1794),(2571,'75911',1795),(2572,'43207',1795),(2573,'75911',1796),(2574,'75911',1797),(2575,'75911',1798),(2576,'75911',1799),(2577,'75911',1800),(2578,'79862',1801),(2579,'75911',1801),(2580,'75911',1802),(2581,'76222',1803),(2582,'76132',1803),(2583,'76201',1803),(2584,'76022',1803),(2585,'76061',1804),(2586,'76061',1805),(2587,'76271',1805),(2588,'76301',1806),(2589,'76343',1807),(2590,'76343',1808),(2591,'76343',1809),(2592,'76451',1810),(2593,'76511',1811),(2594,'76511',1812),(2595,'76601',1813),(2596,'49001',1813),(2597,'76511',1814),(2598,'76652',1814),(2599,'76701',1815),(2600,'76751',1816),(2601,'76811',1817),(2602,'70438',1817),(2603,'34481',1817),(2604,'76852',1818),(2605,'76201',1819),(2606,'76901',1819),(2607,'76201',1820),(2608,'76959',1820),(2609,'77982',1821),(2610,'77001',1821),(2611,'77201',1822),(2612,'90501',1823),(2613,'77301',1823),(2614,'60991',1823),(2615,'60984',1823),(2616,'60951',1823),(2617,'77501',1824),(2618,'77401',1824),(2619,'99801',1825),(2620,'92709',1825),(2621,'90201',1825),(2622,'85291',1825),(2623,'77501',1825),(2624,'40965',1825),(2625,'40931',1825),(2626,'03901',1825),(2627,'03501',1825),(2628,'03001',1825),(2629,'77581',1826),(2630,'77601',1827),(2631,'77732',1828),(2632,'77711',1828),(2633,'77761',1829),(2634,'77891',1830),(2635,'77931',1831),(2636,'78482',1832),(2637,'78422',1832),(2638,'78343',1832),(2639,'78211',1832),(2640,'78141',1832),(2641,'78001',1832),(2642,'78343',1833),(2643,'78001',1833),(2644,'78431',1833),(2645,'78343',1834),(2646,'78001',1834),(2647,'78482',1835),(2648,'78482',1836),(2649,'78211',1837),(2650,'78521',1838),(2651,'78521',1839),(2652,'78521',1840),(2653,'78541',1840),(2654,'78591',1841),(2655,'78621',1842),(2656,'78591',1843),(2657,'78621',1844),(2658,'78701',1845),(2659,'78701',1846),(2660,'78701',1847),(2661,'78431',1848),(2662,'84561',1849),(2663,'78591',1849),(2664,'78591',1850),(2665,'78431',1851),(2666,'98923',1852),(2667,'84561',1852),(2668,'79402',1852),(2669,'78431',1852),(2670,'47251',1852),(2671,'78001',1853),(2672,'79001',1854),(2673,'79163',1855),(2674,'79201',1856),(2675,'79311',1857),(2676,'79321',1858),(2677,'79381',1859),(2678,'86501',1860),(2679,'86419',1860),(2680,'79381',1860),(2681,'78431',1861),(2682,'79402',1861),(2683,'79402',1862),(2684,'79611',1863),(2685,'79402',1863),(2686,'78001',1863),(2687,'78343',1864),(2688,'79501',1864),(2689,'96701',1865),(2690,'78001',1865),(2691,'73701',1865),(2692,'26531',1865),(2693,'79561',1866),(2694,'79561',1867),(2695,'79611',1868),(2696,'79611',1869),(2697,'79611',1870),(2698,'79001',1871),(2699,'84901',1872),(2700,'83191',1872),(2701,'79741',1872),(2702,'52301',1872),(2703,'29731',1872),(2704,'79001',1873),(2705,'79381',1874),(2706,'79611',1874),(2707,'61601',1874),(2708,'79741',1875),(2709,'66351',1875),(2710,'37981',1875),(2711,'79801',1876),(2712,'79001',1877),(2713,'79801',1878),(2714,'79862',1879),(2715,'79001',1880),(2716,'79801',1880),(2717,'79801',1881),(2718,'79862',1881),(2719,'79862',1882),(2720,'75911',1882),(2721,'79902',1883),(2722,'79801',1883),(2723,'79001',1884),(2724,'79902',1884),(2725,'79961',1885),(2726,'79961',1886),(2727,'79961',1887),(2728,'79961',1888),(2729,'79961',1889),(2730,'80321',1890),(2731,'80379',1890),(2732,'80456',1890),(2733,'80401',1890),(2734,'80307',1890),(2735,'80005',1890),(2736,'80011',1890),(2737,'80001',1890),(2738,'80379',1891),(2739,'80001',1891),(2740,'80307',1891),(2741,'81601',1891),(2742,'80321',1891),(2743,'80001',1892),(2744,'80501',1892),(2745,'80701',1893),(2746,'81601',1894),(2747,'80321',1894),(2748,'80001',1894),(2749,'80801',1894),(2750,'81146',1895),(2751,'81982',1895),(2752,'81125',1895),(2753,'81126',1895),(2754,'81111',1895),(2755,'81145',1895),(2756,'81001',1895),(2757,'81111',1896),(2758,'81371',1896),(2759,'81342',1896),(2760,'81331',1896),(2761,'81301',1896),(2762,'81313',1896),(2763,'81201',1896),(2764,'81402',1897),(2765,'81601',1898),(2766,'81701',1899),(2767,'81342',1900),(2768,'81821',1900),(2769,'81201',1900),(2770,'81145',1901),(2771,'81126',1901),(2772,'81125',1901),(2773,'81982',1901),(2774,'81911',1901),(2775,'82181',1902),(2776,'82001',1902),(2777,'82561',1903),(2778,'82401',1903),(2779,'82181',1904),(2780,'82602',1904),(2781,'80701',1905),(2782,'82701',1905),(2783,'85001',1906),(2784,'82181',1906),(2785,'82801',1906),(2786,'33801',1906),(2787,'33181',1906),(2788,'82701',1907),(2789,'34691',1907),(2790,'82001',1907),(2791,'82911',1907),(2792,'83341',1908),(2793,'83345',1908),(2794,'83291',1908),(2795,'83241',1908),(2796,'83181',1908),(2797,'83131',1908),(2798,'83101',1908),(2799,'83191',1908),(2800,'83191',1909),(2801,'83191',1910),(2802,'21724',1911),(2803,'83401',1911),(2804,'83551',1912),(2805,'83571',1913),(2806,'83601',1914),(2807,'83601',1915),(2808,'83601',1916),(2809,'83601',1917),(2810,'83601',1918),(2811,'83601',1919),(2812,'84604',1920),(2813,'84604',1921),(2814,'83191',1922),(2815,'83341',1922),(2816,'83345',1922),(2817,'83601',1922),(2818,'94731',1923),(2819,'94721',1923),(2820,'84001',1923),(2821,'84121',1924),(2822,'84001',1925),(2823,'94301',1926),(2824,'84162',1926),(2825,'46471',1926),(2826,'84181',1927),(2827,'84201',1928),(2828,'84331',1929),(2829,'84341',1930),(2830,'84341',1931),(2831,'84561',1931),(2832,'84201',1931),(2833,'84201',1932),(2834,'84201',1933),(2835,'84531',1934),(2836,'84461',1935),(2837,'84561',1936),(2838,'84501',1937),(2839,'84531',1938),(2840,'84561',1939),(2841,'78591',1939),(2842,'98923',1940),(2843,'84561',1940),(2844,'79402',1940),(2845,'78431',1940),(2846,'47251',1940),(2847,'84604',1941),(2848,'70804',1941),(2849,'84621',1942),(2850,'84642',1943),(2851,'84162',1944),(2852,'84621',1945),(2853,'83191',1946),(2854,'84561',1947),(2855,'84561',1948),(2856,'83191',1949),(2857,'84604',1950),(2858,'84901',1950),(2859,'83191',1950),(2860,'84861',1951),(2861,'84881',1952),(2862,'84901',1953),(2863,'84921',1954),(2864,'84941',1955),(2865,'84861',1956),(2866,'84901',1957),(2867,'83191',1957),(2868,'79741',1957),(2869,'52301',1957),(2870,'29731',1957),(2871,'85211',1958),(2872,'85291',1958),(2873,'85201',1958),(2874,'85111',1958),(2875,'85001',1958),(2876,'85801',1959),(2877,'85901',1960),(2878,'85001',1961),(2879,'85282',1962),(2880,'85901',1962),(2881,'99801',1963),(2882,'92709',1963),(2883,'90201',1963),(2884,'85291',1963),(2885,'77501',1963),(2886,'40965',1963),(2887,'40931',1963),(2888,'03901',1963),(2889,'03501',1963),(2890,'03001',1963),(2891,'85301',1964),(2892,'85001',1965),(2893,'85504',1965),(2894,'85301',1965),(2895,'85401',1965),(2896,'85517',1966),(2897,'83191',1967),(2898,'83191',1968),(2899,'30652',1968),(2900,'83191',1969),(2901,'85601',1970),(2902,'83191',1971),(2903,'83191',1972),(2904,'85601',1973),(2905,'85601',1974),(2906,'85001',1975),(2907,'82181',1975),(2908,'82801',1975),(2909,'33801',1975),(2910,'33181',1975),(2911,'85801',1976),(2912,'83191',1977),(2913,'85763',1978),(2914,'85001',1979),(2915,'86031',1980),(2916,'86021',1980),(2917,'86012',1980),(2918,'86202',1981),(2919,'86031',1982),(2920,'86021',1982),(2921,'86202',1982),(2922,'86301',1983),(2923,'86419',1984),(2924,'86401',1984),(2925,'86501',1985),(2926,'86419',1985),(2927,'79381',1985),(2928,'86604',1986),(2929,'86691',1987),(2930,'86721',1988),(2931,'86705',1988),(2932,'86751',1989),(2933,'86784',1990),(2934,'86804',1991),(2935,'86804',1992),(2936,'86804',1993),(2937,'86903',1994),(2938,'86939',1995),(2939,'91002',1996),(2940,'91641',1996),(2941,'91631',1996),(2942,'90501',1996),(2943,'86991',1996),(2944,'62761',1996),(2945,'43992',1996),(2946,'29371',1996),(2947,'87001',1997),(2948,'37981',1997),(2949,'37901',1997),(2950,'87201',1998),(2951,'87001',1999),(2952,'87001',2000),(2953,'87351',2001),(2954,'35001',2001),(2955,'27901',2001),(2956,'27001',2001),(2957,'27441',2001),(2958,'33801',2001),(2959,'87501',2002),(2960,'87601',2003),(2961,'29121',2003),(2962,'87601',2004),(2963,'87671',2005),(2964,'70804',2005),(2965,'41941',2005),(2966,'87671',2006),(2967,'87001',2007),(2968,'58784',2007),(2969,'26001',2007),(2970,'33981',2007),(2971,'87001',2008),(2972,'87001',2009),(2973,'65601',2009),(2974,'36971',2009),(2975,'25701',2009),(2976,'87001',2010),(2977,'87001',2011),(2978,'65601',2011),(2979,'61251',2011),(2980,'61101',2011),(2981,'35691',2011),(2982,'88002',2011),(2983,'87001',2012),(2984,'87001',2013),(2985,'38261',2013),(2986,'87901',2014),(2987,'87931',2015),(2988,'87001',2016),(2989,'87001',2017),(2990,'65151',2017),(2991,'87001',2018),(2992,'89801',2019),(2993,'61501',2019),(2994,'37607',2019),(2995,'37636',2019),(2996,'35691',2019),(2997,'27641',2019),(2998,'33212',2019),(2999,'31692',2019),(3000,'88002',2020),(3001,'88301',2021),(3002,'88371',2022),(3003,'26531',2022),(3004,'26001',2022),(3005,'31692',2022),(3006,'31682',2022),(3007,'88391',2023),(3008,'88401',2024),(3009,'88441',2025),(3010,'33701',2025),(3011,'88501',2026),(3012,'87501',2027),(3013,'88501',2027),(3014,'88901',2027),(3015,'88501',2028),(3016,'87601',2029),(3017,'89001',2030),(3018,'89401',2031),(3019,'89601',2032),(3020,'89671',2033),(3021,'32911',2033),(3022,'29201',2033),(3023,'89733',2034),(3024,'89711',2034),(3025,'89754',2035),(3026,'89801',2036),(3027,'49121',2036),(3028,'31903',2036),(3029,'89801',2037),(3030,'89801',2038),(3031,'89801',2039),(3032,'90001',2040),(3033,'90001',2041),(3034,'90001',2042),(3035,'90001',2043),(3036,'90001',2044),(3037,'90001',2045),(3038,'90001',2046),(3039,'90001',2047),(3040,'90201',2048),(3041,'90201',2049),(3042,'99801',2050),(3043,'92709',2050),(3044,'90201',2050),(3045,'85291',2050),(3046,'77501',2050),(3047,'40965',2050),(3048,'40931',2050),(3049,'03901',2050),(3050,'03501',2050),(3051,'03001',2050),(3052,'90201',2051),(3053,'90301',2052),(3054,'73081',2052),(3055,'90301',2053),(3056,'90301',2054),(3057,'90301',2055),(3058,'90301',2056),(3059,'90301',2057),(3060,'90301',2058),(3061,'90301',2059),(3062,'90301',2060),(3063,'90451',2061),(3064,'90461',2062),(3065,'90461',2063),(3066,'90461',2064),(3067,'90461',2065),(3068,'90501',2066),(3069,'90501',2067),(3070,'90501',2068),(3071,'77301',2068),(3072,'60991',2068),(3073,'60984',2068),(3074,'60951',2068),(3075,'91002',2069),(3076,'91641',2069),(3077,'91631',2069),(3078,'90501',2069),(3079,'86991',2069),(3080,'62761',2069),(3081,'43992',2069),(3082,'29371',2069),(3083,'90501',2070),(3084,'90501',2071),(3085,'90501',2072),(3086,'90501',2073),(3087,'90501',2074),(3088,'90601',2075),(3089,'90601',2076),(3090,'90601',2077),(3091,'90601',2078),(3092,'90671',2079),(3093,'90711',2080),(3094,'90711',2081),(3095,'90711',2082),(3096,'90711',2083),(3097,'90711',2084),(3098,'90711',2085),(3099,'90741',2086),(3100,'90741',2087),(3101,'90741',2088),(3102,'90781',2089),(3103,'90792',2090),(3104,'90801',2091),(3105,'90801',2092),(3106,'90801',2093),(3107,'90801',2094),(3108,'90801',2095),(3109,'90801',2096),(3110,'90901',2097),(3111,'90901',2098),(3112,'52401',2098),(3113,'90901',2099),(3114,'91002',2100),(3115,'91002',2101),(3116,'91242',2102),(3117,'91616',2103),(3118,'91616',2104),(3119,'91272',2105),(3120,'91301',2106),(3121,'91002',2107),(3122,'91301',2108),(3123,'75111',2108),(3124,'91331',2109),(3125,'91272',2110),(3126,'91002',2111),(3127,'91401',2112),(3128,'91371',2113),(3129,'91371',2114),(3130,'54241',2114),(3131,'91401',2115),(3132,'91401',2116),(3133,'91002',2117),(3134,'74948',2117),(3135,'43601',2117),(3136,'91401',2118),(3137,'91442',2119),(3138,'91461',2120),(3139,'91681',2121),(3140,'91662',2121),(3141,'91483',2121),(3142,'42501',2121),(3143,'91501',2122),(3144,'73311',2122),(3145,'91616',2123),(3146,'91616',2124),(3147,'91002',2125),(3148,'91641',2125),(3149,'91631',2125),(3150,'90501',2125),(3151,'86991',2125),(3152,'62761',2125),(3153,'43992',2125),(3154,'29371',2125),(3155,'91631',2126),(3156,'91631',2127),(3157,'91671',2127),(3158,'91681',2127),(3159,'91681',2128),(3160,'91662',2128),(3161,'91671',2129),(3162,'91681',2130),(3163,'94292',2131),(3164,'91707',2131),(3165,'91705',2131),(3166,'98001',2132),(3167,'93991',2132),(3168,'92031',2133),(3169,'92031',2134),(3170,'93991',2135),(3171,'92031',2136),(3172,'92301',2136),(3173,'92121',2137),(3174,'92121',2138),(3175,'92121',2139),(3176,'92121',2140),(3177,'92301',2141),(3178,'92301',2142),(3179,'92301',2143),(3180,'92301',2144),(3181,'93991',2145),(3182,'92301',2146),(3183,'92301',2147),(3184,'92301',2148),(3185,'92511',2149),(3186,'92511',2150),(3187,'73311',2150),(3188,'92511',2151),(3189,'92801',2152),(3190,'92601',2153),(3191,'92601',2154),(3192,'92601',2155),(3193,'92601',2156),(3194,'92601',2157),(3195,'51801',2157),(3196,'99801',2158),(3197,'92709',2158),(3198,'90201',2158),(3199,'85291',2158),(3200,'77501',2158),(3201,'40965',2158),(3202,'40931',2158),(3203,'03901',2158),(3204,'03501',2158),(3205,'03001',2158),(3206,'92682',2159),(3207,'92682',2160),(3208,'92511',2161),(3209,'92709',2161),(3210,'92801',2162),(3211,'92511',2162),(3212,'92731',2162),(3213,'92801',2163),(3214,'63201',2163),(3215,'61421',2163),(3216,'49901',2163),(3217,'49801',2163),(3218,'93261',2164),(3219,'92931',2164),(3220,'92931',2165),(3221,'92981',2166),(3222,'93261',2167),(3223,'93261',2168),(3224,'93261',2169),(3225,'93261',2170),(3226,'93261',2171),(3227,'93261',2172),(3228,'93261',2173),(3229,'93261',2174),(3230,'93401',2175),(3231,'93261',2176),(3232,'92981',2177),(3233,'93261',2177),(3234,'93401',2177),(3235,'93555',2178),(3236,'93801',2179),(3237,'93555',2179),(3238,'93601',2180),(3239,'93601',2181),(3240,'93651',2182),(3241,'91272',2183),(3242,'93701',2183),(3243,'93601',2184),(3244,'93701',2184),(3245,'93701',2185),(3246,'91331',2186),(3247,'91331',2187),(3248,'93821',2188),(3249,'93601',2189),(3250,'93801',2189),(3251,'93821',2190),(3252,'91002',2191),(3253,'91401',2192),(3254,'93911',2193),(3255,'93951',2194),(3256,'93981',2195),(3257,'93961',2195),(3258,'91501',2196),(3259,'94101',2197),(3260,'94101',2198),(3261,'94101',2199),(3262,'94101',2200),(3263,'94101',2201),(3264,'94101',2202),(3265,'94141',2203),(3266,'94141',2204),(3267,'94141',2205),(3268,'94301',2206),(3269,'94141',2207),(3270,'94141',2208),(3271,'48201',2208),(3272,'48452',2208),(3273,'94181',2209),(3274,'94971',2210),(3275,'94101',2211),(3276,'94101',2212),(3277,'94971',2213),(3278,'94241',2214),(3279,'94252',2215),(3280,'94272',2216),(3281,'94272',2217),(3282,'94292',2218),(3283,'94301',2219),(3284,'94301',2220),(3285,'94301',2221),(3286,'94301',2222),(3287,'94301',2223),(3288,'94301',2224),(3289,'94471',2225),(3290,'94501',2226),(3291,'94731',2227),(3292,'94731',2228),(3293,'94721',2228),(3294,'84001',2228),(3295,'94731',2229),(3296,'94731',2230),(3297,'94301',2231),(3298,'60984',2231),(3299,'28901',2231),(3300,'28101',2231),(3301,'94731',2232),(3302,'94731',2233),(3303,'94731',2234),(3304,'94301',2235),(3305,'94301',2236),(3306,'94731',2237),(3307,'62661',2237),(3308,'94301',2238),(3309,'94301',2239),(3310,'46401',2239),(3311,'94301',2240),(3312,'94301',2241),(3313,'94301',2242),(3314,'84162',2242),(3315,'46471',2242),(3316,'94501',2243),(3317,'94501',2244),(3318,'94501',2245),(3319,'94911',2246),(3320,'94501',2247),(3321,'94931',2248),(3322,'94501',2249),(3323,'94963',2249),(3324,'94963',2250),(3325,'94962',2250),(3326,'49201',2250),(3327,'94971',2251),(3328,'94911',2252),(3329,'94911',2253),(3330,'95001',2254),(3331,'94301',2255),(3332,'94301',2256),(3333,'94301',2257),(3334,'59941',2257),(3335,'60381',2257),(3336,'94301',2258),(3337,'68414',2259),(3338,'95101',2260),(3339,'37981',2260),(3340,'95222',2261),(3341,'95221',2261),(3342,'95241',2262),(3343,'94272',2263),(3344,'95262',2263),(3345,'94292',2263),(3346,'95271',2263),(3347,'95282',2264),(3348,'95301',2265),(3349,'95331',2266),(3350,'95301',2267),(3351,'95401',2267),(3352,'95401',2268),(3353,'95401',2269),(3354,'95331',2270),(3355,'95331',2271),(3356,'95481',2272),(3357,'95301',2273),(3358,'95401',2274),(3359,'95401',2275),(3360,'95401',2276),(3361,'95581',2277),(3362,'95641',2278),(3363,'95601',2278),(3364,'95601',2279),(3365,'95641',2280),(3366,'95691',2281),(3367,'95841',2282),(3368,'95701',2282),(3369,'95831',2283),(3370,'95841',2284),(3371,'95851',2285),(3372,'95701',2286),(3373,'95981',2287),(3374,'95981',2288),(3375,'95981',2289),(3376,'96401',2290),(3377,'95981',2291),(3378,'96001',2292),(3379,'96121',2293),(3380,'96951',2294),(3381,'96001',2294),(3382,'96001',2295),(3383,'96001',2296),(3384,'96201',2297),(3385,'96201',2298),(3386,'96701',2299),(3387,'78001',2299),(3388,'73701',2299),(3389,'26531',2299),(3390,'95981',2300),(3391,'96351',2301),(3392,'96401',2301),(3393,'96701',2301),(3394,'96361',2302),(3395,'96361',2303),(3396,'96361',2304),(3397,'96371',2304),(3398,'96361',2305),(3399,'96401',2305),(3400,'96601',2306),(3401,'96701',2307),(3402,'28751',2307),(3403,'96997',2308),(3404,'96701',2308),(3405,'96951',2309),(3406,'96981',2310),(3407,'96997',2311),(3408,'97261',2312),(3409,'97221',2312),(3410,'97161',2312),(3411,'97141',2312),(3412,'97201',2312),(3413,'97111',2312),(3414,'97101',2312),(3415,'97212',2312),(3416,'97002',2312),(3417,'97323',2313),(3418,'26701',2313),(3419,'97101',2314),(3420,'97101',2315),(3421,'97101',2316),(3422,'97471',2317),(3423,'97351',2318),(3424,'97351',2319),(3425,'97351',2320),(3426,'97351',2321),(3427,'97351',2322),(3428,'97371',2323),(3429,'97371',2324),(3430,'97161',2324),(3431,'97371',2325),(3432,'97161',2325),(3433,'97161',2326),(3434,'97391',2327),(3435,'97431',2328),(3436,'97431',2329),(3437,'97431',2330),(3438,'97431',2331),(3439,'97431',2332),(3440,'97431',2333),(3441,'97431',2334),(3442,'97431',2335),(3443,'97101',2336),(3444,'97431',2337),(3445,'97541',2338),(3446,'97541',2339),(3447,'97471',2340),(3448,'97541',2341),(3449,'97541',2342),(3450,'97431',2343),(3451,'97431',2344),(3452,'97541',2345),(3453,'97541',2346),(3454,'97431',2347),(3455,'97541',2348),(3456,'97541',2349),(3457,'97541',2350),(3458,'97541',2351),(3459,'97161',2351),(3460,'97541',2352),(3461,'97161',2353),(3462,'97161',2354),(3463,'97161',2355),(3464,'97371',2356),(3465,'97161',2357),(3466,'97431',2358),(3467,'97431',2359),(3468,'97701',2360),(3469,'97701',2361),(3470,'37607',2361),(3471,'21851',2361),(3472,'97431',2362),(3473,'97701',2363),(3474,'97642',2364),(3475,'97541',2365),(3476,'97431',2365),(3477,'97541',2366),(3478,'97541',2367),(3479,'97781',2368),(3480,'97541',2369),(3481,'97541',2370),(3482,'97371',2371),(3483,'97161',2372),(3484,'97701',2373),(3485,'97701',2374),(3486,'97701',2375),(3487,'97781',2376),(3488,'97701',2377),(3489,'97781',2378),(3490,'97781',2379),(3491,'97781',2380),(3492,'97781',2381),(3493,'97781',2382),(3494,'97781',2383),(3495,'97781',2384),(3496,'97781',2385),(3497,'97781',2386),(3498,'97781',2387),(3499,'97801',2388),(3500,'97391',2389),(3501,'97801',2390),(3502,'97801',2391),(3503,'97801',2392),(3504,'97161',2393),(3505,'97841',2394),(3506,'97861',2394),(3507,'97391',2395),(3508,'97801',2395),(3509,'97861',2396),(3510,'97841',2396),(3511,'97841',2397),(3512,'97881',2398),(3513,'97861',2399),(3514,'97861',2400),(3515,'97861',2401),(3516,'97881',2402),(3517,'97861',2403),(3518,'97371',2404),(3519,'97881',2405),(3520,'97881',2406),(3521,'97881',2407),(3522,'97881',2408),(3523,'97781',2409),(3524,'97931',2410),(3525,'97972',2411),(3526,'97972',2412),(3527,'97972',2413),(3528,'97972',2414),(3529,'97972',2415),(3530,'97972',2416),(3531,'97972',2417),(3532,'98061',2418),(3533,'98001',2418),(3534,'98501',2419),(3535,'98102',2419),(3536,'58802',2419),(3537,'50801',2419),(3538,'50451',2419),(3539,'26531',2419),(3540,'33204',2419),(3541,'98601',2420),(3542,'98001',2420),(3543,'98201',2421),(3544,'98201',2422),(3545,'67481',2422),(3546,'54881',2422),(3547,'98201',2423),(3548,'98201',2424),(3549,'98421',2425),(3550,'98301',2425),(3551,'98421',2426),(3552,'98331',2426),(3553,'99001',2427),(3554,'98421',2427),(3555,'98352',2427),(3556,'98421',2428),(3557,'99001',2429),(3558,'98431',2429),(3559,'99001',2430),(3560,'98501',2431),(3561,'98001',2432),(3562,'93991',2432),(3563,'98501',2433),(3564,'98001',2434),(3565,'98601',2434),(3566,'74801',2434),(3567,'67181',2434),(3568,'67251',2434),(3569,'67121',2434),(3570,'64821',2434),(3571,'32657',2434),(3572,'32744',2434),(3573,'98601',2435),(3574,'98601',2436),(3575,'98711',2437),(3576,'06401',2437),(3577,'06002',2437),(3578,'28001',2437),(3579,'28511',2437),(3580,'28501',2437),(3581,'31616',2437),(3582,'31601',2437),(3583,'31501',2437),(3584,'98711',2438),(3585,'98711',2439),(3586,'98771',2440),(3587,'98831',2441),(3588,'23881',2441),(3589,'98923',2442),(3590,'98923',2443),(3591,'98831',2444),(3592,'98923',2445),(3593,'98923',2446),(3594,'84561',2446),(3595,'79402',2446),(3596,'78431',2446),(3597,'47251',2446),(3598,'99001',2447),(3599,'98421',2448),(3600,'99101',2448),(3601,'99101',2449),(3602,'98421',2449),(3603,'99131',2449),(3604,'99001',2450),(3605,'99251',2450),(3606,'99261',2451),(3607,'99261',2452),(3608,'99301',2453),(3609,'46261',2454),(3610,'99251',2454),(3611,'99401',2454),(3612,'99301',2455),(3613,'99601',2456),(3614,'98001',2456),(3615,'99541',2456),(3616,'99301',2457),(3617,'99541',2458),(3618,'99601',2459),(3619,'99601',2460),(3620,'99601',2461),(3621,'99701',2462),(3622,'99701',2463),(3623,'99701',2464),(3624,'99751',2465),(3625,'99801',2466),(3626,'92709',2466),(3627,'90201',2466),(3628,'85291',2466),(3629,'77501',2466),(3630,'40965',2466),(3631,'40931',2466),(3632,'03901',2466),(3633,'03501',2466),(3634,'03001',2466),(3635,'99801',2467),(3636,'99801',2468),(3637,'99701',2469),(3638,'99801',2470),(3639,'99901',2471),(3640,'99922',2472),(3641,'99961',2473),(3642,'99961',2474),(3643,'99961',2475);

--
-- Table structure for table `translation`
--

CREATE TABLE `translation` (
  `key_id` int unsigned NOT NULL AUTO_INCREMENT COMMENT 'Key ID of Translation',
  `string` varchar(255) NOT NULL DEFAULT 'Translate String' COMMENT 'Translation String',
  `store_id` smallint unsigned NOT NULL DEFAULT '0' COMMENT 'Store ID',
  `translate` varchar(255) DEFAULT NULL COMMENT 'Translate',
  `locale` varchar(20) NOT NULL DEFAULT 'en_US' COMMENT 'Locale',
  `crc_string` bigint NOT NULL DEFAULT '1591228201' COMMENT 'Translation String CRC32 Hash',
  PRIMARY KEY (`key_id`),
  UNIQUE KEY `TRANSLATION_STORE_ID_LOCALE_CRC_STRING_STRING` (`store_id`,`locale`,`crc_string`,`string`),
  CONSTRAINT `TRANSLATION_STORE_ID_STORE_STORE_ID` FOREIGN KEY (`store_id`) REFERENCES `store` (`store_id`) ON DELETE CASCADE
) ENGINE=InnoDB DEFAULT CHARSET=utf8mb3 COMMENT='Translations';

--
-- Dumping data for table `translation`
--


--
-- Table structure for table `ui_bookmark`
--

CREATE TABLE `ui_bookmark` (
  `bookmark_id` int unsigned NOT NULL AUTO_INCREMENT COMMENT 'Bookmark identifier',
  `user_id` int unsigned NOT NULL COMMENT 'User ID',
  `namespace` varchar(255) NOT NULL COMMENT 'Bookmark namespace',
  `identifier` varchar(255) NOT NULL COMMENT 'Bookmark Identifier',
  `current` smallint NOT NULL COMMENT 'Mark current bookmark per user and identifier',
  `title` varchar(255) DEFAULT NULL COMMENT 'Bookmark title',
  `config` longtext COMMENT 'Bookmark config',
  `created_at` datetime NOT NULL DEFAULT CURRENT_TIMESTAMP COMMENT 'Bookmark created at',
  `updated_at` datetime NOT NULL DEFAULT CURRENT_TIMESTAMP ON UPDATE CURRENT_TIMESTAMP COMMENT 'Bookmark updated at',
  PRIMARY KEY (`bookmark_id`),
  KEY `UI_BOOKMARK_USER_ID_NAMESPACE_IDENTIFIER` (`user_id`,`namespace`,`identifier`),
  CONSTRAINT `UI_BOOKMARK_USER_ID_ADMIN_USER_USER_ID` FOREIGN KEY (`user_id`) REFERENCES `admin_user` (`user_id`) ON DELETE CASCADE
) ENGINE=InnoDB AUTO_INCREMENT=95 DEFAULT CHARSET=utf8mb3 COMMENT='Bookmark';

--
-- Dumping data for table `ui_bookmark`
--

INSERT INTO `ui_bookmark` VALUES (1,2,'product_listing','default',1,'Default View','{\"views\":{\"default\":{\"label\":\"Default View\",\"index\":\"default\",\"editable\":false,\"data\":{\"columns\":{\"entity_id\":{\"visible\":true,\"sorting\":\"asc\"},\"name\":{\"visible\":true,\"sorting\":false},\"sku\":{\"visible\":true,\"sorting\":false},\"price\":{\"visible\":true,\"sorting\":false},\"websites\":{\"visible\":true,\"sorting\":false},\"qty\":{\"visible\":true,\"sorting\":false},\"short_description\":{\"visible\":false,\"sorting\":false},\"special_price\":{\"visible\":false,\"sorting\":false},\"cost\":{\"visible\":false,\"sorting\":false},\"weight\":{\"visible\":false,\"sorting\":false},\"meta_title\":{\"visible\":false,\"sorting\":false},\"meta_keyword\":{\"visible\":false,\"sorting\":false},\"meta_description\":{\"visible\":false,\"sorting\":false},\"url_key\":{\"visible\":false,\"sorting\":false},\"msrp\":{\"visible\":false,\"sorting\":false},\"actions\":{\"visible\":true,\"sorting\":false},\"ids\":{\"visible\":true,\"sorting\":false},\"type_id\":{\"visible\":true,\"sorting\":false},\"attribute_set_id\":{\"visible\":true,\"sorting\":false},\"visibility\":{\"visible\":true,\"sorting\":false},\"status\":{\"visible\":true,\"sorting\":false},\"manufacturer\":{\"visible\":false,\"sorting\":false},\"color\":{\"visible\":false,\"sorting\":false},\"custom_design\":{\"visible\":false,\"sorting\":false},\"page_layout\":{\"visible\":false,\"sorting\":false},\"country_of_manufacture\":{\"visible\":false,\"sorting\":false},\"custom_layout\":{\"visible\":false,\"sorting\":false},\"gift_message_available\":{\"visible\":false,\"sorting\":false},\"tax_class_id\":{\"visible\":false,\"sorting\":false},\"salable_quantity\":{\"visible\":true,\"sorting\":false},\"thumbnail\":{\"visible\":true,\"sorting\":false},\"updated_at\":{\"visible\":true,\"sorting\":false},\"special_from_date\":{\"visible\":false,\"sorting\":false},\"special_to_date\":{\"visible\":false,\"sorting\":false},\"news_from_date\":{\"visible\":false,\"sorting\":false},\"news_to_date\":{\"visible\":false,\"sorting\":false},\"custom_design_from\":{\"visible\":false,\"sorting\":false},\"custom_design_to\":{\"visible\":false,\"sorting\":false}},\"filters\":{\"applied\":{\"placeholder\":true}},\"paging\":{\"pageSize\":20,\"current\":1,\"options\":{\"20\":{\"value\":20,\"label\":20},\"30\":{\"value\":30,\"label\":30},\"50\":{\"value\":50,\"label\":50},\"100\":{\"value\":100,\"label\":100},\"200\":{\"value\":200,\"label\":200}},\"value\":20},\"search\":{\"value\":\"\"},\"displayMode\":\"grid\",\"positions\":{\"ids\":0,\"entity_id\":1,\"thumbnail\":2,\"name\":3,\"type_id\":4,\"attribute_set_id\":5,\"sku\":6,\"price\":7,\"qty\":8,\"salable_quantity\":9,\"visibility\":10,\"status\":11,\"websites\":12,\"short_description\":13,\"special_price\":14,\"special_from_date\":15,\"special_to_date\":16,\"cost\":17,\"weight\":18,\"manufacturer\":19,\"meta_title\":20,\"meta_keyword\":21,\"meta_description\":22,\"color\":23,\"news_from_date\":24,\"news_to_date\":25,\"custom_design\":26,\"custom_design_from\":27,\"custom_design_to\":28,\"page_layout\":29,\"country_of_manufacture\":30,\"custom_layout\":31,\"url_key\":32,\"msrp\":33,\"gift_message_available\":34,\"tax_class_id\":35,\"updated_at\":36,\"actions\":37}},\"value\":\"Default View\"}}}','2023-11-05 01:38:17','2023-11-05 01:38:17'),(2,2,'product_listing','current',0,NULL,'{\"current\":{\"columns\":{\"entity_id\":{\"visible\":true,\"sorting\":\"asc\"},\"name\":{\"visible\":true,\"sorting\":false},\"sku\":{\"visible\":true,\"sorting\":false},\"price\":{\"visible\":true,\"sorting\":false},\"websites\":{\"visible\":true,\"sorting\":false},\"qty\":{\"visible\":true,\"sorting\":false},\"short_description\":{\"visible\":false,\"sorting\":false},\"special_price\":{\"visible\":false,\"sorting\":false},\"cost\":{\"visible\":false,\"sorting\":false},\"weight\":{\"visible\":false,\"sorting\":false},\"meta_title\":{\"visible\":false,\"sorting\":false},\"meta_keyword\":{\"visible\":false,\"sorting\":false},\"meta_description\":{\"visible\":false,\"sorting\":false},\"url_key\":{\"visible\":false,\"sorting\":false},\"msrp\":{\"visible\":false,\"sorting\":false},\"actions\":{\"visible\":true,\"sorting\":false},\"ids\":{\"visible\":true,\"sorting\":false},\"type_id\":{\"visible\":true,\"sorting\":false},\"attribute_set_id\":{\"visible\":true,\"sorting\":false},\"visibility\":{\"visible\":true,\"sorting\":false},\"status\":{\"visible\":true,\"sorting\":false},\"manufacturer\":{\"visible\":false,\"sorting\":false},\"color\":{\"visible\":false,\"sorting\":false},\"custom_design\":{\"visible\":false,\"sorting\":false},\"page_layout\":{\"visible\":false,\"sorting\":false},\"country_of_manufacture\":{\"visible\":false,\"sorting\":false},\"custom_layout\":{\"visible\":false,\"sorting\":false},\"gift_message_available\":{\"visible\":false,\"sorting\":false},\"tax_class_id\":{\"visible\":false,\"sorting\":false},\"salable_quantity\":{\"visible\":true,\"sorting\":false},\"thumbnail\":{\"visible\":true,\"sorting\":false},\"updated_at\":{\"visible\":true,\"sorting\":false},\"special_from_date\":{\"visible\":false,\"sorting\":false},\"special_to_date\":{\"visible\":false,\"sorting\":false},\"news_from_date\":{\"visible\":false,\"sorting\":false},\"news_to_date\":{\"visible\":false,\"sorting\":false},\"custom_design_from\":{\"visible\":false,\"sorting\":false},\"custom_design_to\":{\"visible\":false,\"sorting\":false},\"ean\":{\"visible\":true,\"sorting\":false},\"city\":{\"visible\":false,\"sorting\":false}},\"filters\":{\"applied\":{\"placeholder\":true,\"store_id\":\"1\"}},\"paging\":{\"pageSize\":20,\"current\":1,\"options\":{\"20\":{\"value\":20,\"label\":20},\"30\":{\"value\":30,\"label\":30},\"50\":{\"value\":50,\"label\":50},\"100\":{\"value\":100,\"label\":100},\"200\":{\"value\":200,\"label\":200}},\"value\":20},\"search\":{\"value\":\"\"},\"displayMode\":\"grid\",\"positions\":{\"ids\":0,\"entity_id\":1,\"thumbnail\":2,\"name\":3,\"type_id\":4,\"attribute_set_id\":5,\"sku\":6,\"price\":7,\"qty\":8,\"salable_quantity\":9,\"visibility\":10,\"status\":11,\"websites\":12,\"short_description\":13,\"special_price\":14,\"special_from_date\":15,\"special_to_date\":16,\"cost\":17,\"weight\":18,\"manufacturer\":19,\"meta_title\":20,\"meta_keyword\":21,\"meta_description\":22,\"color\":23,\"news_from_date\":24,\"news_to_date\":25,\"custom_design\":26,\"custom_design_from\":27,\"custom_design_to\":28,\"page_layout\":29,\"country_of_manufacture\":30,\"custom_layout\":31,\"url_key\":32,\"msrp\":33,\"gift_message_available\":34,\"tax_class_id\":35,\"updated_at\":36,\"actions\":37,\"ean\":38,\"city\":39}}}','2023-11-05 01:38:17','2024-01-25 17:38:50'),(3,2,'threedadv_turbodescripciones_producto_listing','default',1,'Default View','{\"views\":{\"default\":{\"label\":\"Default View\",\"index\":\"default\",\"editable\":false,\"data\":{\"filters\":{\"applied\":{\"placeholder\":true}},\"paging\":{\"pageSize\":20,\"current\":1,\"options\":{\"20\":{\"value\":20,\"label\":20},\"30\":{\"value\":30,\"label\":30},\"50\":{\"value\":50,\"label\":50},\"100\":{\"value\":100,\"label\":100},\"200\":{\"value\":200,\"label\":200}},\"value\":20},\"columns\":{\"entity_id\":{\"visible\":true,\"sorting\":\"asc\"},\"name\":{\"visible\":true,\"sorting\":false},\"sku\":{\"visible\":true,\"sorting\":false},\"short_description\":{\"visible\":false,\"sorting\":false},\"special_price\":{\"visible\":false,\"sorting\":false},\"cost\":{\"visible\":false,\"sorting\":false},\"weight\":{\"visible\":false,\"sorting\":false},\"meta_title\":{\"visible\":false,\"sorting\":false},\"meta_keyword\":{\"visible\":false,\"sorting\":false},\"meta_description\":{\"visible\":false,\"sorting\":false},\"url_key\":{\"visible\":false,\"sorting\":false},\"msrp\":{\"visible\":false,\"sorting\":false},\"actions\":{\"visible\":true,\"sorting\":false},\"ids\":{\"visible\":true,\"sorting\":false},\"manufacturer\":{\"visible\":false,\"sorting\":false},\"color\":{\"visible\":false,\"sorting\":false},\"custom_design\":{\"visible\":false,\"sorting\":false},\"page_layout\":{\"visible\":false,\"sorting\":false},\"country_of_manufacture\":{\"visible\":false,\"sorting\":false},\"custom_layout\":{\"visible\":false,\"sorting\":false},\"gift_message_available\":{\"visible\":false,\"sorting\":false},\"tax_class_id\":{\"visible\":false,\"sorting\":false},\"thumbnail\":{\"visible\":true,\"sorting\":false},\"special_from_date\":{\"visible\":false,\"sorting\":false},\"special_to_date\":{\"visible\":false,\"sorting\":false},\"news_from_date\":{\"visible\":false,\"sorting\":false},\"news_to_date\":{\"visible\":false,\"sorting\":false},\"custom_design_from\":{\"visible\":false,\"sorting\":false},\"custom_design_to\":{\"visible\":false,\"sorting\":false}},\"displayMode\":\"grid\",\"positions\":{\"ids\":0,\"entity_id\":1,\"thumbnail\":2,\"name\":3,\"sku\":4,\"short_description\":5,\"special_price\":6,\"special_from_date\":7,\"special_to_date\":8,\"cost\":9,\"weight\":10,\"manufacturer\":11,\"meta_title\":12,\"meta_keyword\":13,\"meta_description\":14,\"color\":15,\"news_from_date\":16,\"news_to_date\":17,\"custom_design\":18,\"custom_design_from\":19,\"custom_design_to\":20,\"page_layout\":21,\"country_of_manufacture\":22,\"custom_layout\":23,\"url_key\":24,\"msrp\":25,\"gift_message_available\":26,\"tax_class_id\":27,\"actions\":28}},\"value\":\"Default View\"}}}','2023-11-05 03:08:28','2023-11-05 03:08:28'),(4,2,'threedadv_turbodescripciones_producto_listing','current',0,NULL,'{\"current\":{\"filters\":{\"applied\":{\"placeholder\":true,\"store_id\":\"1\"}},\"paging\":{\"pageSize\":20,\"current\":1,\"options\":{\"20\":{\"value\":20,\"label\":20},\"30\":{\"value\":30,\"label\":30},\"50\":{\"value\":50,\"label\":50},\"100\":{\"value\":100,\"label\":100},\"200\":{\"value\":200,\"label\":200}},\"value\":20},\"columns\":{\"entity_id\":{\"visible\":true,\"sorting\":\"asc\"},\"name\":{\"visible\":true,\"sorting\":false},\"sku\":{\"visible\":true,\"sorting\":false},\"short_description\":{\"visible\":true,\"sorting\":false},\"special_price\":{\"visible\":false,\"sorting\":false},\"cost\":{\"visible\":false,\"sorting\":false},\"weight\":{\"visible\":false,\"sorting\":false},\"meta_title\":{\"visible\":false,\"sorting\":false},\"meta_keyword\":{\"visible\":false,\"sorting\":false},\"meta_description\":{\"visible\":false,\"sorting\":false},\"url_key\":{\"visible\":false,\"sorting\":false},\"msrp\":{\"visible\":false,\"sorting\":false},\"actions\":{\"visible\":true,\"sorting\":false},\"ids\":{\"visible\":true,\"sorting\":false},\"manufacturer\":{\"visible\":false,\"sorting\":false},\"color\":{\"visible\":true,\"sorting\":false},\"custom_design\":{\"visible\":false,\"sorting\":false},\"page_layout\":{\"visible\":false,\"sorting\":false},\"country_of_manufacture\":{\"visible\":false,\"sorting\":false},\"custom_layout\":{\"visible\":false,\"sorting\":false},\"gift_message_available\":{\"visible\":false,\"sorting\":false},\"tax_class_id\":{\"visible\":false,\"sorting\":false},\"thumbnail\":{\"visible\":true,\"sorting\":false},\"special_from_date\":{\"visible\":false,\"sorting\":false},\"special_to_date\":{\"visible\":false,\"sorting\":false},\"news_from_date\":{\"visible\":false,\"sorting\":false},\"news_to_date\":{\"visible\":false,\"sorting\":false},\"custom_design_from\":{\"visible\":false,\"sorting\":false},\"custom_design_to\":{\"visible\":false,\"sorting\":false},\"ean_code\":{\"sorting\":false,\"visible\":true},\"ean\":{\"sorting\":false,\"visible\":true}},\"displayMode\":\"grid\",\"positions\":{\"ids\":0,\"entity_id\":1,\"thumbnail\":2,\"name\":3,\"sku\":4,\"short_description\":5,\"special_price\":6,\"special_from_date\":7,\"special_to_date\":8,\"cost\":9,\"weight\":10,\"manufacturer\":11,\"meta_title\":12,\"meta_keyword\":13,\"meta_description\":14,\"color\":15,\"news_from_date\":16,\"news_to_date\":17,\"custom_design\":18,\"custom_design_from\":19,\"custom_design_to\":20,\"page_layout\":21,\"country_of_manufacture\":22,\"custom_layout\":23,\"url_key\":24,\"msrp\":25,\"gift_message_available\":26,\"tax_class_id\":27,\"actions\":28,\"ean_code\":29,\"ean\":30}}}','2023-11-05 03:08:28','2023-12-04 16:28:22'),(5,2,'product_attributes_listing','default',1,'Default View','{\"views\":{\"default\":{\"label\":\"Default View\",\"index\":\"default\",\"editable\":false,\"data\":{\"paging\":{\"pageSize\":20,\"current\":1,\"options\":{\"20\":{\"value\":20,\"label\":20},\"30\":{\"value\":30,\"label\":30},\"50\":{\"value\":50,\"label\":50},\"100\":{\"value\":100,\"label\":100},\"200\":{\"value\":200,\"label\":200}},\"value\":20},\"columns\":{\"ids\":{\"visible\":true,\"sorting\":false},\"is_required\":{\"visible\":true,\"sorting\":false},\"is_user_defined\":{\"visible\":true,\"sorting\":false},\"is_visible\":{\"visible\":true,\"sorting\":false},\"is_global\":{\"visible\":true,\"sorting\":false},\"is_searchable\":{\"visible\":true,\"sorting\":false},\"is_comparable\":{\"visible\":true,\"sorting\":false},\"is_filterable\":{\"visible\":true,\"sorting\":false},\"attribute_code\":{\"visible\":true,\"sorting\":\"asc\"},\"frontend_label\":{\"visible\":true,\"sorting\":false}},\"displayMode\":\"grid\",\"positions\":{\"ids\":0,\"attribute_code\":1,\"frontend_label\":2,\"is_required\":3,\"is_user_defined\":4,\"is_visible\":5,\"is_global\":6,\"is_searchable\":7,\"is_comparable\":8,\"is_filterable\":9}},\"value\":\"Default View\"}}}','2023-12-01 06:47:09','2023-12-01 06:47:09'),(6,2,'product_attributes_listing','current',0,NULL,'{\"current\":{\"paging\":{\"pageSize\":20,\"current\":1,\"options\":{\"20\":{\"value\":20,\"label\":20},\"30\":{\"value\":30,\"label\":30},\"50\":{\"value\":50,\"label\":50},\"100\":{\"value\":100,\"label\":100},\"200\":{\"value\":200,\"label\":200}},\"value\":20},\"columns\":{\"ids\":{\"visible\":true,\"sorting\":false},\"is_required\":{\"visible\":true,\"sorting\":false},\"is_user_defined\":{\"visible\":true,\"sorting\":false},\"is_visible\":{\"visible\":true,\"sorting\":false},\"is_global\":{\"visible\":true,\"sorting\":false},\"is_searchable\":{\"visible\":true,\"sorting\":false},\"is_comparable\":{\"visible\":true,\"sorting\":false},\"is_filterable\":{\"visible\":true,\"sorting\":false},\"attribute_code\":{\"visible\":true,\"sorting\":\"asc\"},\"frontend_label\":{\"visible\":true,\"sorting\":false}},\"displayMode\":\"grid\",\"positions\":{\"ids\":0,\"attribute_code\":1,\"frontend_label\":2,\"is_required\":3,\"is_user_defined\":4,\"is_visible\":5,\"is_global\":6,\"is_searchable\":7,\"is_comparable\":8,\"is_filterable\":9}}}','2023-12-01 06:47:11','2023-12-01 06:47:11'),(7,2,'customer_listing','default',1,'Default View','{\"views\":{\"default\":{\"label\":\"Default View\",\"index\":\"default\",\"editable\":false,\"data\":{\"filters\":{\"applied\":{\"placeholder\":true}},\"paging\":{\"pageSize\":20,\"current\":1,\"options\":{\"20\":{\"value\":20,\"label\":20},\"30\":{\"value\":30,\"label\":30},\"50\":{\"value\":50,\"label\":50},\"100\":{\"value\":100,\"label\":100},\"200\":{\"value\":200,\"label\":200}},\"value\":20},\"columns\":{\"entity_id\":{\"visible\":true,\"sorting\":\"asc\"},\"name\":{\"visible\":true,\"sorting\":false},\"email\":{\"visible\":true,\"sorting\":false},\"billing_telephone\":{\"visible\":true,\"sorting\":false},\"billing_postcode\":{\"visible\":true,\"sorting\":false},\"billing_region\":{\"visible\":true,\"sorting\":false},\"confirmation\":{\"visible\":true,\"sorting\":false},\"created_in\":{\"visible\":true,\"sorting\":false},\"billing_full\":{\"visible\":false,\"sorting\":false},\"shipping_full\":{\"visible\":false,\"sorting\":false},\"taxvat\":{\"visible\":true,\"sorting\":false},\"billing_street\":{\"visible\":false,\"sorting\":false},\"billing_city\":{\"visible\":false,\"sorting\":false},\"billing_fax\":{\"visible\":false,\"sorting\":false},\"billing_vat_id\":{\"visible\":false,\"sorting\":false},\"billing_company\":{\"visible\":false,\"sorting\":false},\"billing_firstname\":{\"visible\":false,\"sorting\":false},\"billing_lastname\":{\"visible\":false,\"sorting\":false},\"lock_expires\":{\"visible\":false,\"sorting\":false},\"actions\":{\"visible\":true,\"sorting\":false},\"ids\":{\"visible\":true,\"sorting\":false},\"group_id\":{\"visible\":true,\"sorting\":false},\"billing_country_id\":{\"visible\":true,\"sorting\":false},\"website_id\":{\"visible\":true,\"sorting\":false},\"gender\":{\"visible\":true,\"sorting\":false},\"created_at\":{\"visible\":true,\"sorting\":false},\"dob\":{\"visible\":true,\"sorting\":false}},\"search\":{\"value\":\"\"},\"displayMode\":\"grid\",\"positions\":{\"ids\":0,\"entity_id\":1,\"name\":2,\"email\":3,\"group_id\":4,\"billing_telephone\":5,\"billing_postcode\":6,\"billing_country_id\":7,\"billing_region\":8,\"created_at\":9,\"website_id\":10,\"confirmation\":11,\"created_in\":12,\"billing_full\":13,\"shipping_full\":14,\"dob\":15,\"taxvat\":16,\"gender\":17,\"billing_street\":18,\"billing_city\":19,\"billing_fax\":20,\"billing_vat_id\":21,\"billing_company\":22,\"billing_firstname\":23,\"billing_lastname\":24,\"lock_expires\":25,\"actions\":26}},\"value\":\"Default View\"}}}','2024-01-19 15:32:04','2024-01-19 15:32:04'),(8,2,'customer_listing','current',0,NULL,'{\"current\":{\"filters\":{\"applied\":{\"placeholder\":true}},\"paging\":{\"pageSize\":20,\"current\":1,\"options\":{\"20\":{\"value\":20,\"label\":20},\"30\":{\"value\":30,\"label\":30},\"50\":{\"value\":50,\"label\":50},\"100\":{\"value\":100,\"label\":100},\"200\":{\"value\":200,\"label\":200}},\"value\":20},\"columns\":{\"entity_id\":{\"visible\":true,\"sorting\":\"asc\"},\"name\":{\"visible\":true,\"sorting\":false},\"email\":{\"visible\":true,\"sorting\":false},\"billing_telephone\":{\"visible\":true,\"sorting\":false},\"billing_postcode\":{\"visible\":true,\"sorting\":false},\"billing_region\":{\"visible\":true,\"sorting\":false},\"confirmation\":{\"visible\":true,\"sorting\":false},\"created_in\":{\"visible\":true,\"sorting\":false},\"billing_full\":{\"visible\":false,\"sorting\":false},\"shipping_full\":{\"visible\":false,\"sorting\":false},\"taxvat\":{\"visible\":true,\"sorting\":false},\"billing_street\":{\"visible\":false,\"sorting\":false},\"billing_city\":{\"visible\":false,\"sorting\":false},\"billing_fax\":{\"visible\":false,\"sorting\":false},\"billing_vat_id\":{\"visible\":false,\"sorting\":false},\"billing_company\":{\"visible\":false,\"sorting\":false},\"billing_firstname\":{\"visible\":false,\"sorting\":false},\"billing_lastname\":{\"visible\":false,\"sorting\":false},\"lock_expires\":{\"visible\":false,\"sorting\":false},\"actions\":{\"visible\":true,\"sorting\":false},\"ids\":{\"visible\":true,\"sorting\":false},\"group_id\":{\"visible\":true,\"sorting\":false},\"billing_country_id\":{\"visible\":true,\"sorting\":false},\"website_id\":{\"visible\":true,\"sorting\":false},\"gender\":{\"visible\":true,\"sorting\":false},\"created_at\":{\"visible\":true,\"sorting\":false},\"dob\":{\"visible\":true,\"sorting\":false}},\"search\":{\"value\":\"\"},\"displayMode\":\"grid\",\"positions\":{\"ids\":0,\"entity_id\":1,\"name\":2,\"email\":3,\"group_id\":4,\"billing_telephone\":5,\"billing_postcode\":6,\"billing_country_id\":7,\"billing_region\":8,\"created_at\":9,\"website_id\":10,\"confirmation\":11,\"created_in\":12,\"billing_full\":13,\"shipping_full\":14,\"dob\":15,\"taxvat\":16,\"gender\":17,\"billing_street\":18,\"billing_city\":19,\"billing_fax\":20,\"billing_vat_id\":21,\"billing_company\":22,\"billing_firstname\":23,\"billing_lastname\":24,\"lock_expires\":25,\"actions\":26}}}','2024-01-19 15:32:05','2024-01-19 15:32:05'),(9,2,'design_config_listing','default',1,'Default View','{\"views\":{\"default\":{\"label\":\"Default View\",\"index\":\"default\",\"editable\":false,\"data\":{\"filters\":{\"applied\":{\"placeholder\":true}},\"paging\":{\"pageSize\":20,\"current\":1,\"options\":{\"20\":{\"value\":20,\"label\":20},\"30\":{\"value\":30,\"label\":30},\"50\":{\"value\":50,\"label\":50},\"100\":{\"value\":100,\"label\":100},\"200\":{\"value\":200,\"label\":200}},\"value\":20},\"columns\":{\"default\":{\"visible\":true,\"sorting\":false},\"actions\":{\"visible\":true,\"sorting\":false},\"store_website_id\":{\"visible\":true,\"sorting\":false},\"store_group_id\":{\"visible\":true,\"sorting\":false},\"store_id\":{\"visible\":true,\"sorting\":false},\"theme_theme_id\":{\"visible\":true,\"sorting\":false}},\"displayMode\":\"grid\",\"positions\":{\"default\":0,\"store_website_id\":1,\"store_group_id\":2,\"store_id\":3,\"theme_theme_id\":4,\"actions\":5}},\"value\":\"Default View\"}}}','2024-01-23 02:50:24','2024-01-23 02:50:24'),(10,2,'design_config_listing','current',0,NULL,'{\"current\":{\"filters\":{\"applied\":{\"placeholder\":true}},\"paging\":{\"pageSize\":20,\"current\":1,\"options\":{\"20\":{\"value\":20,\"label\":20},\"30\":{\"value\":30,\"label\":30},\"50\":{\"value\":50,\"label\":50},\"100\":{\"value\":100,\"label\":100},\"200\":{\"value\":200,\"label\":200}},\"value\":20},\"columns\":{\"default\":{\"visible\":true,\"sorting\":false},\"actions\":{\"visible\":true,\"sorting\":false},\"store_website_id\":{\"visible\":true,\"sorting\":false},\"store_group_id\":{\"visible\":true,\"sorting\":false},\"store_id\":{\"visible\":true,\"sorting\":false},\"theme_theme_id\":{\"visible\":true,\"sorting\":false}},\"displayMode\":\"grid\",\"positions\":{\"default\":0,\"store_website_id\":1,\"store_group_id\":2,\"store_id\":3,\"theme_theme_id\":4,\"actions\":5}}}','2024-01-23 02:50:25','2024-01-23 02:50:25'),(11,2,'design_theme_listing','default',1,'Default View','{\"views\":{\"default\":{\"label\":\"Default View\",\"index\":\"default\",\"editable\":false,\"data\":{\"filters\":{\"applied\":{\"placeholder\":true}},\"paging\":{\"pageSize\":20,\"current\":1,\"options\":{\"20\":{\"value\":20,\"label\":20},\"30\":{\"value\":30,\"label\":30},\"50\":{\"value\":50,\"label\":50},\"100\":{\"value\":100,\"label\":100},\"200\":{\"value\":200,\"label\":200}},\"value\":20},\"columns\":{\"theme_id\":{\"visible\":false,\"sorting\":\"asc\"},\"theme_title\":{\"visible\":true,\"sorting\":false},\"parent_theme_title\":{\"visible\":true,\"sorting\":false},\"theme_path\":{\"visible\":true,\"sorting\":false},\"actions\":{\"visible\":true,\"sorting\":false}},\"displayMode\":\"grid\",\"positions\":{\"theme_id\":0,\"theme_title\":1,\"parent_theme_title\":2,\"theme_path\":3,\"actions\":4}},\"value\":\"Default View\"}}}','2024-01-23 02:50:28','2024-01-23 02:50:28'),(12,2,'design_theme_listing','current',0,NULL,'{\"current\":{\"filters\":{\"applied\":{\"placeholder\":true}},\"paging\":{\"pageSize\":20,\"current\":1,\"options\":{\"20\":{\"value\":20,\"label\":20},\"30\":{\"value\":30,\"label\":30},\"50\":{\"value\":50,\"label\":50},\"100\":{\"value\":100,\"label\":100},\"200\":{\"value\":200,\"label\":200}},\"value\":20},\"columns\":{\"theme_id\":{\"visible\":false,\"sorting\":\"asc\"},\"theme_title\":{\"visible\":true,\"sorting\":false},\"parent_theme_title\":{\"visible\":true,\"sorting\":false},\"theme_path\":{\"visible\":true,\"sorting\":false},\"actions\":{\"visible\":true,\"sorting\":false}},\"displayMode\":\"grid\",\"positions\":{\"theme_id\":0,\"theme_title\":1,\"parent_theme_title\":2,\"theme_path\":3,\"actions\":4}}}','2024-01-23 02:50:30','2024-01-23 02:50:30'),(13,2,'cms_page_listing','default',1,'Default View','{\"views\":{\"default\":{\"label\":\"Default View\",\"index\":\"default\",\"editable\":false,\"data\":{\"search\":{\"value\":\"\"},\"filters\":{\"applied\":{\"placeholder\":true}},\"paging\":{\"pageSize\":20,\"current\":1,\"options\":{\"20\":{\"value\":20,\"label\":20},\"30\":{\"value\":30,\"label\":30},\"50\":{\"value\":50,\"label\":50},\"100\":{\"value\":100,\"label\":100},\"200\":{\"value\":200,\"label\":200}},\"value\":20},\"columns\":{\"page_id\":{\"visible\":true,\"sorting\":\"asc\"},\"title\":{\"visible\":true,\"sorting\":false},\"identifier\":{\"visible\":true,\"sorting\":false},\"store_id\":{\"visible\":true,\"sorting\":false},\"meta_title\":{\"visible\":false,\"sorting\":false},\"meta_keywords\":{\"visible\":false,\"sorting\":false},\"meta_description\":{\"visible\":false,\"sorting\":false},\"actions\":{\"visible\":true,\"sorting\":false},\"ids\":{\"visible\":true,\"sorting\":false},\"page_layout\":{\"visible\":true,\"sorting\":false},\"is_active\":{\"visible\":true,\"sorting\":false},\"custom_theme\":{\"visible\":false,\"sorting\":false},\"custom_root_template\":{\"visible\":false,\"sorting\":false},\"creation_time\":{\"visible\":true,\"sorting\":false},\"update_time\":{\"visible\":true,\"sorting\":false},\"custom_theme_from\":{\"visible\":false,\"sorting\":false},\"custom_theme_to\":{\"visible\":false,\"sorting\":false}},\"displayMode\":\"grid\",\"positions\":{\"ids\":0,\"page_id\":1,\"title\":2,\"identifier\":3,\"page_layout\":4,\"store_id\":5,\"is_active\":6,\"creation_time\":7,\"update_time\":8,\"custom_theme_from\":9,\"custom_theme_to\":10,\"custom_theme\":11,\"custom_root_template\":12,\"meta_title\":13,\"meta_keywords\":14,\"meta_description\":15,\"actions\":16}},\"value\":\"Default View\"}}}','2024-01-23 03:03:05','2024-01-23 03:03:05'),(14,2,'cms_page_listing','current',0,NULL,'{\"current\":{\"search\":{\"value\":\"\"},\"filters\":{\"applied\":{\"placeholder\":true}},\"paging\":{\"pageSize\":20,\"current\":1,\"options\":{\"20\":{\"value\":20,\"label\":20},\"30\":{\"value\":30,\"label\":30},\"50\":{\"value\":50,\"label\":50},\"100\":{\"value\":100,\"label\":100},\"200\":{\"value\":200,\"label\":200}},\"value\":20},\"columns\":{\"page_id\":{\"visible\":true,\"sorting\":\"asc\"},\"title\":{\"visible\":true,\"sorting\":false},\"identifier\":{\"visible\":true,\"sorting\":false},\"store_id\":{\"visible\":true,\"sorting\":false},\"meta_title\":{\"visible\":false,\"sorting\":false},\"meta_keywords\":{\"visible\":false,\"sorting\":false},\"meta_description\":{\"visible\":false,\"sorting\":false},\"actions\":{\"visible\":true,\"sorting\":false},\"ids\":{\"visible\":true,\"sorting\":false},\"page_layout\":{\"visible\":true,\"sorting\":false},\"is_active\":{\"visible\":true,\"sorting\":false},\"custom_theme\":{\"visible\":false,\"sorting\":false},\"custom_root_template\":{\"visible\":false,\"sorting\":false},\"creation_time\":{\"visible\":true,\"sorting\":false},\"update_time\":{\"visible\":true,\"sorting\":false},\"custom_theme_from\":{\"visible\":false,\"sorting\":false},\"custom_theme_to\":{\"visible\":false,\"sorting\":false}},\"displayMode\":\"grid\",\"positions\":{\"ids\":0,\"page_id\":1,\"title\":2,\"identifier\":3,\"page_layout\":4,\"store_id\":5,\"is_active\":6,\"creation_time\":7,\"update_time\":8,\"custom_theme_from\":9,\"custom_theme_to\":10,\"custom_theme\":11,\"custom_root_template\":12,\"meta_title\":13,\"meta_keywords\":14,\"meta_description\":15,\"actions\":16}}}','2024-01-23 03:03:07','2024-01-23 03:03:07'),(15,3,'cms_page_listing','current',0,NULL,'{\"current\":{\"filters\":{\"applied\":{\"placeholder\":true}},\"search\":{\"value\":\"\"},\"paging\":{\"pageSize\":20,\"current\":1,\"options\":{\"20\":{\"value\":20,\"label\":20},\"30\":{\"value\":30,\"label\":30},\"50\":{\"value\":50,\"label\":50},\"100\":{\"value\":100,\"label\":100},\"200\":{\"value\":200,\"label\":200}},\"value\":20},\"columns\":{\"page_id\":{\"visible\":true,\"sorting\":\"asc\"},\"title\":{\"visible\":true,\"sorting\":false},\"identifier\":{\"visible\":true,\"sorting\":false},\"store_id\":{\"visible\":true,\"sorting\":false},\"meta_title\":{\"visible\":false,\"sorting\":false},\"meta_keywords\":{\"visible\":false,\"sorting\":false},\"meta_description\":{\"visible\":false,\"sorting\":false},\"actions\":{\"visible\":true,\"sorting\":false},\"ids\":{\"visible\":true,\"sorting\":false},\"page_layout\":{\"visible\":true,\"sorting\":false},\"is_active\":{\"visible\":true,\"sorting\":false},\"custom_theme\":{\"visible\":false,\"sorting\":false},\"custom_root_template\":{\"visible\":false,\"sorting\":false},\"creation_time\":{\"visible\":true,\"sorting\":false},\"update_time\":{\"visible\":true,\"sorting\":false},\"custom_theme_from\":{\"visible\":false,\"sorting\":false},\"custom_theme_to\":{\"visible\":false,\"sorting\":false}},\"displayMode\":\"grid\",\"positions\":{\"ids\":0,\"page_id\":1,\"title\":2,\"identifier\":3,\"page_layout\":4,\"store_id\":5,\"is_active\":6,\"creation_time\":7,\"update_time\":8,\"custom_theme_from\":9,\"custom_theme_to\":10,\"custom_theme\":11,\"custom_root_template\":12,\"meta_title\":13,\"meta_keywords\":14,\"meta_description\":15,\"actions\":16}}}','2024-01-23 03:15:44','2024-01-23 03:15:44'),(16,3,'cms_page_listing','default',1,'Default View','{\"views\":{\"default\":{\"label\":\"Default View\",\"index\":\"default\",\"editable\":false,\"data\":{\"filters\":{\"applied\":{\"placeholder\":true}},\"search\":{\"value\":\"\"},\"paging\":{\"pageSize\":20,\"current\":1,\"options\":{\"20\":{\"value\":20,\"label\":20},\"30\":{\"value\":30,\"label\":30},\"50\":{\"value\":50,\"label\":50},\"100\":{\"value\":100,\"label\":100},\"200\":{\"value\":200,\"label\":200}},\"value\":20},\"columns\":{\"page_id\":{\"visible\":true,\"sorting\":\"asc\"},\"title\":{\"visible\":true,\"sorting\":false},\"identifier\":{\"visible\":true,\"sorting\":false},\"store_id\":{\"visible\":true,\"sorting\":false},\"meta_title\":{\"visible\":false,\"sorting\":false},\"meta_keywords\":{\"visible\":false,\"sorting\":false},\"meta_description\":{\"visible\":false,\"sorting\":false},\"actions\":{\"visible\":true,\"sorting\":false},\"ids\":{\"visible\":true,\"sorting\":false},\"page_layout\":{\"visible\":true,\"sorting\":false},\"is_active\":{\"visible\":true,\"sorting\":false},\"custom_theme\":{\"visible\":false,\"sorting\":false},\"custom_root_template\":{\"visible\":false,\"sorting\":false},\"creation_time\":{\"visible\":true,\"sorting\":false},\"update_time\":{\"visible\":true,\"sorting\":false},\"custom_theme_from\":{\"visible\":false,\"sorting\":false},\"custom_theme_to\":{\"visible\":false,\"sorting\":false}},\"displayMode\":\"grid\",\"positions\":{\"ids\":0,\"page_id\":1,\"title\":2,\"identifier\":3,\"page_layout\":4,\"store_id\":5,\"is_active\":6,\"creation_time\":7,\"update_time\":8,\"custom_theme_from\":9,\"custom_theme_to\":10,\"custom_theme\":11,\"custom_root_template\":12,\"meta_title\":13,\"meta_keywords\":14,\"meta_description\":15,\"actions\":16}},\"value\":\"Default View\"}}}','2024-01-23 03:15:44','2024-01-23 03:15:44'),(17,3,'product_listing','current',0,NULL,'{\"current\":{\"columns\":{\"entity_id\":{\"visible\":true,\"sorting\":\"asc\"},\"name\":{\"visible\":true,\"sorting\":false},\"sku\":{\"visible\":true,\"sorting\":false},\"price\":{\"visible\":true,\"sorting\":false},\"websites\":{\"visible\":false,\"sorting\":false},\"qty\":{\"visible\":true,\"sorting\":false},\"short_description\":{\"visible\":false,\"sorting\":false},\"special_price\":{\"visible\":false,\"sorting\":false},\"cost\":{\"visible\":false,\"sorting\":false},\"weight\":{\"visible\":false,\"sorting\":false},\"meta_title\":{\"visible\":false,\"sorting\":false},\"meta_keyword\":{\"visible\":false,\"sorting\":false},\"meta_description\":{\"visible\":false,\"sorting\":false},\"url_key\":{\"visible\":false,\"sorting\":false},\"msrp\":{\"visible\":false,\"sorting\":false},\"ean\":{\"visible\":false,\"sorting\":false},\"actions\":{\"visible\":true,\"sorting\":false},\"ids\":{\"visible\":true,\"sorting\":false},\"type_id\":{\"visible\":true,\"sorting\":false},\"attribute_set_id\":{\"visible\":true,\"sorting\":false},\"visibility\":{\"visible\":true,\"sorting\":false},\"status\":{\"visible\":true,\"sorting\":false},\"manufacturer\":{\"visible\":false,\"sorting\":false},\"color\":{\"visible\":false,\"sorting\":false},\"custom_design\":{\"visible\":false,\"sorting\":false},\"page_layout\":{\"visible\":false,\"sorting\":false},\"country_of_manufacture\":{\"visible\":false,\"sorting\":false},\"custom_layout\":{\"visible\":false,\"sorting\":false},\"gift_message_available\":{\"visible\":false,\"sorting\":false},\"tax_class_id\":{\"visible\":false,\"sorting\":false},\"salable_quantity\":{\"visible\":true,\"sorting\":false},\"thumbnail\":{\"visible\":true,\"sorting\":false},\"updated_at\":{\"visible\":true,\"sorting\":false},\"special_from_date\":{\"visible\":false,\"sorting\":false},\"special_to_date\":{\"visible\":false,\"sorting\":false},\"news_from_date\":{\"visible\":false,\"sorting\":false},\"news_to_date\":{\"visible\":false,\"sorting\":false},\"custom_design_from\":{\"visible\":false,\"sorting\":false},\"custom_design_to\":{\"visible\":false,\"sorting\":false},\"city\":{\"visible\":false,\"sorting\":false},\"category_string\":{\"visible\":false,\"sorting\":false},\"product_score\":{\"visible\":false,\"sorting\":false}},\"displayMode\":\"grid\",\"filters\":{\"applied\":{\"placeholder\":true}},\"paging\":{\"pageSize\":50,\"current\":1,\"options\":{\"20\":{\"value\":20,\"label\":20},\"30\":{\"value\":30,\"label\":30},\"50\":{\"value\":50,\"label\":50},\"100\":{\"value\":100,\"label\":100},\"200\":{\"value\":200,\"label\":200}},\"value\":50},\"search\":{\"value\":\"\"},\"positions\":{\"ids\":0,\"entity_id\":1,\"thumbnail\":2,\"name\":3,\"type_id\":4,\"attribute_set_id\":5,\"sku\":6,\"price\":7,\"qty\":8,\"salable_quantity\":9,\"visibility\":10,\"status\":11,\"websites\":12,\"short_description\":13,\"special_price\":14,\"special_from_date\":15,\"special_to_date\":16,\"cost\":17,\"weight\":18,\"manufacturer\":19,\"meta_title\":20,\"meta_keyword\":21,\"meta_description\":22,\"color\":23,\"news_from_date\":24,\"news_to_date\":25,\"custom_design\":26,\"custom_design_from\":27,\"custom_design_to\":28,\"page_layout\":29,\"country_of_manufacture\":30,\"custom_layout\":31,\"url_key\":32,\"msrp\":33,\"gift_message_available\":34,\"tax_class_id\":35,\"ean\":36,\"updated_at\":37,\"actions\":38,\"city\":39,\"category_string\":40,\"product_score\":41}}}','2024-01-23 03:27:27','2024-02-09 21:31:47'),(18,3,'product_listing','default',1,'Default View','{\"views\":{\"default\":{\"label\":\"Default View\",\"index\":\"default\",\"editable\":false,\"data\":{\"columns\":{\"entity_id\":{\"visible\":true,\"sorting\":\"asc\"},\"name\":{\"visible\":true,\"sorting\":false},\"sku\":{\"visible\":true,\"sorting\":false},\"price\":{\"visible\":true,\"sorting\":false},\"websites\":{\"visible\":true,\"sorting\":false},\"qty\":{\"visible\":true,\"sorting\":false},\"short_description\":{\"visible\":false,\"sorting\":false},\"special_price\":{\"visible\":false,\"sorting\":false},\"cost\":{\"visible\":false,\"sorting\":false},\"weight\":{\"visible\":false,\"sorting\":false},\"meta_title\":{\"visible\":false,\"sorting\":false},\"meta_keyword\":{\"visible\":false,\"sorting\":false},\"meta_description\":{\"visible\":false,\"sorting\":false},\"url_key\":{\"visible\":false,\"sorting\":false},\"msrp\":{\"visible\":false,\"sorting\":false},\"ean\":{\"visible\":true,\"sorting\":false},\"actions\":{\"visible\":true,\"sorting\":false},\"ids\":{\"visible\":true,\"sorting\":false},\"type_id\":{\"visible\":true,\"sorting\":false},\"attribute_set_id\":{\"visible\":true,\"sorting\":false},\"visibility\":{\"visible\":true,\"sorting\":false},\"status\":{\"visible\":true,\"sorting\":false},\"manufacturer\":{\"visible\":false,\"sorting\":false},\"color\":{\"visible\":false,\"sorting\":false},\"custom_design\":{\"visible\":false,\"sorting\":false},\"page_layout\":{\"visible\":false,\"sorting\":false},\"country_of_manufacture\":{\"visible\":false,\"sorting\":false},\"custom_layout\":{\"visible\":false,\"sorting\":false},\"gift_message_available\":{\"visible\":false,\"sorting\":false},\"tax_class_id\":{\"visible\":false,\"sorting\":false},\"salable_quantity\":{\"visible\":true,\"sorting\":false},\"thumbnail\":{\"visible\":true,\"sorting\":false},\"updated_at\":{\"visible\":true,\"sorting\":false},\"special_from_date\":{\"visible\":false,\"sorting\":false},\"special_to_date\":{\"visible\":false,\"sorting\":false},\"news_from_date\":{\"visible\":false,\"sorting\":false},\"news_to_date\":{\"visible\":false,\"sorting\":false},\"custom_design_from\":{\"visible\":false,\"sorting\":false},\"custom_design_to\":{\"visible\":false,\"sorting\":false}},\"displayMode\":\"grid\",\"filters\":{\"applied\":{\"placeholder\":true}},\"paging\":{\"pageSize\":20,\"current\":1,\"options\":{\"20\":{\"value\":20,\"label\":20},\"30\":{\"value\":30,\"label\":30},\"50\":{\"value\":50,\"label\":50},\"100\":{\"value\":100,\"label\":100},\"200\":{\"value\":200,\"label\":200}},\"value\":20},\"search\":{\"value\":\"\"},\"positions\":{\"ids\":0,\"entity_id\":1,\"thumbnail\":2,\"name\":3,\"type_id\":4,\"attribute_set_id\":5,\"sku\":6,\"price\":7,\"qty\":8,\"salable_quantity\":9,\"visibility\":10,\"status\":11,\"websites\":12,\"short_description\":13,\"special_price\":14,\"special_from_date\":15,\"special_to_date\":16,\"cost\":17,\"weight\":18,\"manufacturer\":19,\"meta_title\":20,\"meta_keyword\":21,\"meta_description\":22,\"color\":23,\"news_from_date\":24,\"news_to_date\":25,\"custom_design\":26,\"custom_design_from\":27,\"custom_design_to\":28,\"page_layout\":29,\"country_of_manufacture\":30,\"custom_layout\":31,\"url_key\":32,\"msrp\":33,\"gift_message_available\":34,\"tax_class_id\":35,\"ean\":36,\"updated_at\":37,\"actions\":38}},\"value\":\"Default View\"}}}','2024-01-23 03:27:27','2024-01-23 03:27:27'),(19,3,'standalone_media_gallery_listing','current',0,NULL,'{\"current\":{\"search\":{\"value\":\"\"},\"filters\":{\"applied\":{\"placeholder\":true,\"path\":\"wysiwyg/newsletter\"}},\"paging\":{\"pageSize\":\"32\",\"current\":1,\"options\":{\"32\":{\"value\":32,\"label\":\"32\"},\"48\":{\"value\":48,\"label\":\"48\"},\"64\":{\"value\":64,\"label\":\"64\"}},\"value\":\"32\"},\"columns\":{\"newest_first\":{\"visible\":false,\"sorting\":false},\"oldest_first\":{\"visible\":false,\"sorting\":false},\"created_at\":{\"visible\":false,\"sorting\":false},\"path\":{\"visible\":false,\"sorting\":false},\"directory_desc\":{\"visible\":false,\"sorting\":false},\"directory_asc\":{\"visible\":false,\"sorting\":false},\"title\":{\"visible\":false,\"sorting\":false},\"name_az\":{\"visible\":false,\"sorting\":false},\"name_za\":{\"visible\":false,\"sorting\":false},\"source\":{\"visible\":false,\"sorting\":false},\"overlay\":{\"visible\":true,\"sorting\":false},\"thumbnail_url\":{\"visible\":true,\"sorting\":false}},\"displayMode\":\"grid\",\"positions\":{\"source\":0,\"overlay\":1,\"thumbnail_url\":2,\"newest_first\":3,\"oldest_first\":4,\"created_at\":5,\"path\":6,\"directory_desc\":7,\"directory_asc\":8,\"title\":9,\"name_az\":10,\"name_za\":11}}}','2024-01-23 03:29:39','2024-01-23 20:21:36'),(20,3,'standalone_adobe_stock_images_listing','current',0,NULL,'{\"current\":{\"search\":{\"value\":\"\"},\"filters\":{\"applied\":{\"placeholder\":true}},\"paging\":{\"pageSize\":32,\"current\":1,\"value\":32},\"columns\":{\"relevance\":{\"visible\":false,\"sorting\":false},\"creation\":{\"visible\":false,\"sorting\":false},\"popularity\":{\"visible\":false,\"sorting\":false},\"nb_downloads\":{\"visible\":false,\"sorting\":false},\"undiscovered\":{\"visible\":false,\"sorting\":false},\"thumbnail_url\":{\"visible\":true,\"sorting\":false},\"overlay\":{\"visible\":true,\"sorting\":false},\"preview\":{\"visible\":true,\"sorting\":false,\"lastOpenedImage\":false}},\"displayMode\":\"grid\",\"positions\":{\"overlay\":0,\"thumbnail_url\":1,\"preview\":2,\"relevance\":3,\"creation\":4,\"popularity\":5,\"nb_downloads\":6,\"undiscovered\":7}}}','2024-01-23 03:29:39','2024-01-23 03:29:39'),(21,3,'standalone_media_gallery_listing','default',1,'Default View','{\"views\":{\"default\":{\"label\":\"Default View\",\"index\":\"default\",\"editable\":false,\"data\":{\"search\":{\"value\":\"\"},\"filters\":{\"applied\":{\"placeholder\":true}},\"paging\":{\"pageSize\":\"32\",\"current\":1,\"options\":{\"32\":{\"value\":32,\"label\":\"32\"},\"48\":{\"value\":48,\"label\":\"48\"},\"64\":{\"value\":64,\"label\":\"64\"}},\"value\":\"32\"},\"columns\":{\"newest_first\":{\"visible\":false,\"sorting\":false},\"oldest_first\":{\"visible\":false,\"sorting\":false},\"created_at\":{\"visible\":false,\"sorting\":false},\"path\":{\"visible\":false,\"sorting\":false},\"directory_desc\":{\"visible\":false,\"sorting\":false},\"directory_asc\":{\"visible\":false,\"sorting\":false},\"title\":{\"visible\":false,\"sorting\":false},\"name_az\":{\"visible\":false,\"sorting\":false},\"name_za\":{\"visible\":false,\"sorting\":false},\"source\":{\"visible\":false,\"sorting\":false},\"overlay\":{\"visible\":true,\"sorting\":false},\"thumbnail_url\":{\"visible\":true,\"sorting\":false}},\"displayMode\":\"grid\",\"positions\":{\"source\":0,\"overlay\":1,\"thumbnail_url\":2,\"newest_first\":3,\"oldest_first\":4,\"created_at\":5,\"path\":6,\"directory_desc\":7,\"directory_asc\":8,\"title\":9,\"name_az\":10,\"name_za\":11}},\"value\":\"Default View\"}}}','2024-01-23 03:29:40','2024-01-23 03:29:40'),(22,3,'standalone_adobe_stock_images_listing','default',1,'Default View','{\"views\":{\"default\":{\"label\":\"Default View\",\"index\":\"default\",\"editable\":false,\"data\":{\"search\":{\"value\":\"\"},\"filters\":{\"applied\":{\"placeholder\":true}},\"paging\":{\"pageSize\":32,\"current\":1,\"value\":32},\"columns\":{\"relevance\":{\"visible\":false,\"sorting\":false},\"creation\":{\"visible\":false,\"sorting\":false},\"popularity\":{\"visible\":false,\"sorting\":false},\"nb_downloads\":{\"visible\":false,\"sorting\":false},\"undiscovered\":{\"visible\":false,\"sorting\":false},\"thumbnail_url\":{\"visible\":true,\"sorting\":false},\"overlay\":{\"visible\":true,\"sorting\":false},\"preview\":{\"visible\":true,\"sorting\":false,\"lastOpenedImage\":false}},\"displayMode\":\"grid\",\"positions\":{\"overlay\":0,\"thumbnail_url\":1,\"preview\":2,\"relevance\":3,\"creation\":4,\"popularity\":5,\"nb_downloads\":6,\"undiscovered\":7}},\"value\":\"Default View\"}}}','2024-01-23 03:29:40','2024-01-23 03:29:40'),(23,3,'design_config_listing','current',0,NULL,'{\"current\":{\"filters\":{\"applied\":{\"placeholder\":true}},\"paging\":{\"pageSize\":20,\"current\":1,\"options\":{\"20\":{\"value\":20,\"label\":20},\"30\":{\"value\":30,\"label\":30},\"50\":{\"value\":50,\"label\":50},\"100\":{\"value\":100,\"label\":100},\"200\":{\"value\":200,\"label\":200}},\"value\":20},\"columns\":{\"default\":{\"visible\":true,\"sorting\":false},\"actions\":{\"visible\":true,\"sorting\":false},\"store_website_id\":{\"visible\":true,\"sorting\":false},\"store_group_id\":{\"visible\":true,\"sorting\":false},\"store_id\":{\"visible\":true,\"sorting\":false},\"theme_theme_id\":{\"visible\":true,\"sorting\":false}},\"displayMode\":\"grid\",\"positions\":{\"default\":0,\"store_website_id\":1,\"store_group_id\":2,\"store_id\":3,\"theme_theme_id\":4,\"actions\":5}}}','2024-01-23 03:29:46','2024-01-23 03:29:46'),(24,3,'design_theme_listing','current',0,NULL,'{\"current\":{\"filters\":{\"applied\":{\"placeholder\":true}},\"paging\":{\"pageSize\":20,\"current\":1,\"options\":{\"20\":{\"value\":20,\"label\":20},\"30\":{\"value\":30,\"label\":30},\"50\":{\"value\":50,\"label\":50},\"100\":{\"value\":100,\"label\":100},\"200\":{\"value\":200,\"label\":200}},\"value\":20},\"columns\":{\"theme_id\":{\"visible\":false,\"sorting\":\"asc\"},\"theme_title\":{\"visible\":true,\"sorting\":false},\"parent_theme_title\":{\"visible\":true,\"sorting\":false},\"theme_path\":{\"visible\":true,\"sorting\":false},\"actions\":{\"visible\":true,\"sorting\":false}},\"displayMode\":\"grid\",\"positions\":{\"theme_id\":0,\"theme_title\":1,\"parent_theme_title\":2,\"theme_path\":3,\"actions\":4}}}','2024-01-23 03:29:47','2024-01-23 03:29:47'),(25,3,'design_theme_listing','default',1,'Default View','{\"views\":{\"default\":{\"label\":\"Default View\",\"index\":\"default\",\"editable\":false,\"data\":{\"filters\":{\"applied\":{\"placeholder\":true}},\"paging\":{\"pageSize\":20,\"current\":1,\"options\":{\"20\":{\"value\":20,\"label\":20},\"30\":{\"value\":30,\"label\":30},\"50\":{\"value\":50,\"label\":50},\"100\":{\"value\":100,\"label\":100},\"200\":{\"value\":200,\"label\":200}},\"value\":20},\"columns\":{\"theme_id\":{\"visible\":false,\"sorting\":\"asc\"},\"theme_title\":{\"visible\":true,\"sorting\":false},\"parent_theme_title\":{\"visible\":true,\"sorting\":false},\"theme_path\":{\"visible\":true,\"sorting\":false},\"actions\":{\"visible\":true,\"sorting\":false}},\"displayMode\":\"grid\",\"positions\":{\"theme_id\":0,\"theme_title\":1,\"parent_theme_title\":2,\"theme_path\":3,\"actions\":4}},\"value\":\"Default View\"}}}','2024-01-23 03:29:49','2024-01-23 03:29:49'),(26,3,'design_config_listing','default',1,'Default View','{\"views\":{\"default\":{\"label\":\"Default View\",\"index\":\"default\",\"editable\":false,\"data\":{\"filters\":{\"applied\":{\"placeholder\":true}},\"paging\":{\"pageSize\":20,\"current\":1,\"options\":{\"20\":{\"value\":20,\"label\":20},\"30\":{\"value\":30,\"label\":30},\"50\":{\"value\":50,\"label\":50},\"100\":{\"value\":100,\"label\":100},\"200\":{\"value\":200,\"label\":200}},\"value\":20},\"columns\":{\"default\":{\"visible\":true,\"sorting\":false},\"actions\":{\"visible\":true,\"sorting\":false},\"store_website_id\":{\"visible\":true,\"sorting\":false},\"store_group_id\":{\"visible\":true,\"sorting\":false},\"store_id\":{\"visible\":true,\"sorting\":false},\"theme_theme_id\":{\"visible\":true,\"sorting\":false}},\"displayMode\":\"grid\",\"positions\":{\"default\":0,\"store_website_id\":1,\"store_group_id\":2,\"store_id\":3,\"theme_theme_id\":4,\"actions\":5}},\"value\":\"Default View\"}}}','2024-01-23 03:30:01','2024-01-23 03:30:01'),(27,2,'adobe_stock_images_listing','default',1,'Default View','{\"views\":{\"default\":{\"label\":\"Default View\",\"index\":\"default\",\"editable\":false,\"data\":{\"columns\":{\"relevance\":{\"visible\":false,\"sorting\":false},\"creation\":{\"visible\":false,\"sorting\":false},\"popularity\":{\"visible\":false,\"sorting\":false},\"nb_downloads\":{\"visible\":false,\"sorting\":false},\"undiscovered\":{\"visible\":false,\"sorting\":false},\"thumbnail_url\":{\"visible\":true,\"sorting\":false},\"overlay\":{\"visible\":true,\"sorting\":false},\"preview\":{\"visible\":true,\"sorting\":false,\"lastOpenedImage\":false}},\"search\":{\"value\":\"\"},\"filters\":{\"applied\":{\"placeholder\":true}},\"paging\":{\"pageSize\":32,\"current\":1,\"value\":32},\"displayMode\":\"grid\",\"positions\":{\"overlay\":0,\"thumbnail_url\":1,\"preview\":2,\"relevance\":3,\"creation\":4,\"popularity\":5,\"nb_downloads\":6,\"undiscovered\":7}},\"value\":\"Default View\"}}}','2024-01-23 04:05:48','2024-01-23 04:05:48'),(28,2,'media_gallery_listing','default',1,'Default View','{\"views\":{\"default\":{\"label\":\"Default View\",\"index\":\"default\",\"editable\":false,\"data\":{\"columns\":{\"newest_first\":{\"visible\":false,\"sorting\":false},\"oldest_first\":{\"visible\":false,\"sorting\":false},\"created_at\":{\"visible\":false,\"sorting\":false},\"path\":{\"visible\":false,\"sorting\":false},\"directory_desc\":{\"visible\":false,\"sorting\":false},\"directory_asc\":{\"visible\":false,\"sorting\":false},\"title\":{\"visible\":false,\"sorting\":false},\"name_az\":{\"visible\":false,\"sorting\":false},\"name_za\":{\"visible\":false,\"sorting\":false},\"source\":{\"visible\":false,\"sorting\":false},\"overlay\":{\"visible\":true,\"sorting\":false},\"thumbnail_url\":{\"visible\":true,\"sorting\":false}},\"search\":{\"value\":\"\"},\"filters\":{\"applied\":{\"placeholder\":true}},\"paging\":{\"pageSize\":\"32\",\"current\":1,\"options\":{\"32\":{\"value\":32,\"label\":\"32\"},\"48\":{\"value\":48,\"label\":\"48\"},\"64\":{\"value\":64,\"label\":\"64\"}},\"value\":\"32\"},\"displayMode\":\"grid\",\"positions\":{\"source\":0,\"overlay\":1,\"thumbnail_url\":2,\"newest_first\":3,\"oldest_first\":4,\"created_at\":5,\"path\":6,\"directory_desc\":7,\"directory_asc\":8,\"title\":9,\"name_az\":10,\"name_za\":11}},\"value\":\"Default View\"}}}','2024-01-23 04:05:48','2024-01-23 04:05:48'),(29,2,'adobe_stock_images_listing','current',0,NULL,'{\"current\":{\"columns\":{\"relevance\":{\"visible\":false,\"sorting\":false},\"creation\":{\"visible\":false,\"sorting\":false},\"popularity\":{\"visible\":false,\"sorting\":false},\"nb_downloads\":{\"visible\":false,\"sorting\":false},\"undiscovered\":{\"visible\":false,\"sorting\":false},\"thumbnail_url\":{\"visible\":true,\"sorting\":false},\"overlay\":{\"visible\":true,\"sorting\":false},\"preview\":{\"visible\":true,\"sorting\":false,\"lastOpenedImage\":false}},\"search\":{\"value\":\"\"},\"filters\":{\"applied\":{\"placeholder\":true}},\"paging\":{\"pageSize\":32,\"current\":1,\"value\":32},\"displayMode\":\"grid\",\"positions\":{\"overlay\":0,\"thumbnail_url\":1,\"preview\":2,\"relevance\":3,\"creation\":4,\"popularity\":5,\"nb_downloads\":6,\"undiscovered\":7}}}','2024-01-23 04:05:49','2024-01-23 04:05:49'),(30,2,'media_gallery_listing','current',0,NULL,'{\"current\":{\"columns\":{\"newest_first\":{\"visible\":false,\"sorting\":false},\"oldest_first\":{\"visible\":false,\"sorting\":false},\"created_at\":{\"visible\":false,\"sorting\":false},\"path\":{\"visible\":false,\"sorting\":false},\"directory_desc\":{\"visible\":false,\"sorting\":false},\"directory_asc\":{\"visible\":false,\"sorting\":false},\"title\":{\"visible\":false,\"sorting\":false},\"name_az\":{\"visible\":false,\"sorting\":false},\"name_za\":{\"visible\":false,\"sorting\":false},\"source\":{\"visible\":false,\"sorting\":false},\"overlay\":{\"visible\":true,\"sorting\":false},\"thumbnail_url\":{\"visible\":true,\"sorting\":false}},\"search\":{\"value\":\"\"},\"filters\":{\"applied\":{\"placeholder\":true,\"path\":\"catalog/category\"}},\"paging\":{\"pageSize\":\"32\",\"current\":1,\"options\":{\"32\":{\"value\":32,\"label\":\"32\"},\"48\":{\"value\":48,\"label\":\"48\"},\"64\":{\"value\":64,\"label\":\"64\"}},\"value\":\"32\"},\"displayMode\":\"grid\",\"positions\":{\"source\":0,\"overlay\":1,\"thumbnail_url\":2,\"newest_first\":3,\"oldest_first\":4,\"created_at\":5,\"path\":6,\"directory_desc\":7,\"directory_asc\":8,\"title\":9,\"name_az\":10,\"name_za\":11}}}','2024-01-23 04:05:50','2024-01-23 04:06:09'),(31,2,'sales_order_grid','default',1,'Default View','{\"views\":{\"default\":{\"label\":\"Default View\",\"index\":\"default\",\"editable\":false,\"data\":{\"search\":{\"value\":\"\"},\"filters\":{\"applied\":{\"placeholder\":true}},\"paging\":{\"pageSize\":20,\"current\":1,\"options\":{\"20\":{\"value\":20,\"label\":20},\"30\":{\"value\":30,\"label\":30},\"50\":{\"value\":50,\"label\":50},\"100\":{\"value\":100,\"label\":100},\"200\":{\"value\":200,\"label\":200}},\"value\":20},\"columns\":{\"increment_id\":{\"visible\":true,\"sorting\":false},\"store_id\":{\"visible\":true,\"sorting\":false},\"billing_name\":{\"visible\":true,\"sorting\":false},\"shipping_name\":{\"visible\":true,\"sorting\":false},\"base_grand_total\":{\"visible\":true,\"sorting\":false},\"grand_total\":{\"visible\":true,\"sorting\":false},\"billing_address\":{\"visible\":false,\"sorting\":false},\"shipping_address\":{\"visible\":false,\"sorting\":false},\"shipping_information\":{\"visible\":false,\"sorting\":false},\"customer_email\":{\"visible\":false,\"sorting\":false},\"subtotal\":{\"visible\":false,\"sorting\":false},\"shipping_and_handling\":{\"visible\":false,\"sorting\":false},\"customer_name\":{\"visible\":false,\"sorting\":false},\"total_refunded\":{\"visible\":false,\"sorting\":false},\"pickup_location_code\":{\"visible\":false,\"sorting\":false},\"transaction_source\":{\"visible\":true,\"sorting\":false},\"actions\":{\"visible\":true,\"sorting\":false},\"allocated_sources\":{\"visible\":true,\"sorting\":false},\"status\":{\"visible\":true,\"sorting\":false},\"customer_group\":{\"visible\":false,\"sorting\":false},\"payment_method\":{\"visible\":false,\"sorting\":false},\"ids\":{\"visible\":true,\"sorting\":false},\"created_at\":{\"visible\":true,\"sorting\":\"desc\"}},\"displayMode\":\"grid\",\"positions\":{\"ids\":0,\"increment_id\":1,\"store_id\":2,\"created_at\":3,\"billing_name\":4,\"shipping_name\":5,\"base_grand_total\":6,\"grand_total\":7,\"status\":8,\"billing_address\":9,\"shipping_address\":10,\"shipping_information\":11,\"customer_email\":12,\"customer_group\":13,\"subtotal\":14,\"shipping_and_handling\":15,\"customer_name\":16,\"payment_method\":17,\"total_refunded\":18,\"actions\":19,\"allocated_sources\":20,\"pickup_location_code\":21,\"transaction_source\":22}},\"value\":\"Default View\"}}}','2024-01-23 05:08:17','2024-01-23 05:08:17'),(32,2,'sales_order_grid','current',0,NULL,'{\"current\":{\"search\":{\"value\":\"\"},\"filters\":{\"applied\":{\"placeholder\":true}},\"paging\":{\"pageSize\":20,\"current\":1,\"options\":{\"20\":{\"value\":20,\"label\":20},\"30\":{\"value\":30,\"label\":30},\"50\":{\"value\":50,\"label\":50},\"100\":{\"value\":100,\"label\":100},\"200\":{\"value\":200,\"label\":200}},\"value\":20},\"columns\":{\"increment_id\":{\"visible\":true,\"sorting\":false},\"store_id\":{\"visible\":true,\"sorting\":false},\"billing_name\":{\"visible\":true,\"sorting\":false},\"shipping_name\":{\"visible\":true,\"sorting\":false},\"base_grand_total\":{\"visible\":true,\"sorting\":false},\"grand_total\":{\"visible\":true,\"sorting\":false},\"billing_address\":{\"visible\":false,\"sorting\":false},\"shipping_address\":{\"visible\":false,\"sorting\":false},\"shipping_information\":{\"visible\":false,\"sorting\":false},\"customer_email\":{\"visible\":false,\"sorting\":false},\"subtotal\":{\"visible\":false,\"sorting\":false},\"shipping_and_handling\":{\"visible\":false,\"sorting\":false},\"customer_name\":{\"visible\":false,\"sorting\":false},\"total_refunded\":{\"visible\":false,\"sorting\":false},\"pickup_location_code\":{\"visible\":false,\"sorting\":false},\"transaction_source\":{\"visible\":true,\"sorting\":false},\"actions\":{\"visible\":true,\"sorting\":false},\"allocated_sources\":{\"visible\":true,\"sorting\":false},\"status\":{\"visible\":true,\"sorting\":false},\"customer_group\":{\"visible\":false,\"sorting\":false},\"payment_method\":{\"visible\":false,\"sorting\":false},\"ids\":{\"visible\":true,\"sorting\":false},\"created_at\":{\"visible\":true,\"sorting\":\"desc\"}},\"displayMode\":\"grid\",\"positions\":{\"ids\":0,\"increment_id\":1,\"store_id\":2,\"created_at\":3,\"billing_name\":4,\"shipping_name\":5,\"base_grand_total\":6,\"grand_total\":7,\"status\":8,\"billing_address\":9,\"shipping_address\":10,\"shipping_information\":11,\"customer_email\":12,\"customer_group\":13,\"subtotal\":14,\"shipping_and_handling\":15,\"customer_name\":16,\"payment_method\":17,\"total_refunded\":18,\"actions\":19,\"allocated_sources\":20,\"pickup_location_code\":21,\"transaction_source\":22}}}','2024-01-23 05:08:17','2024-01-23 05:08:17'),(33,2,'sales_order_view_invoice_grid','default',1,'Default View','{\"views\":{\"default\":{\"label\":\"Default View\",\"index\":\"default\",\"editable\":false,\"data\":{\"search\":{\"value\":\"\"},\"filters\":{\"applied\":{\"placeholder\":true}},\"paging\":{\"pageSize\":20,\"current\":1,\"options\":{\"20\":{\"value\":20,\"label\":20},\"30\":{\"value\":30,\"label\":30},\"50\":{\"value\":50,\"label\":50},\"100\":{\"value\":100,\"label\":100},\"200\":{\"value\":200,\"label\":200}},\"value\":20},\"columns\":{\"increment_id\":{\"visible\":true,\"sorting\":\"asc\"},\"order_increment_id\":{\"visible\":true,\"sorting\":false},\"billing_name\":{\"visible\":true,\"sorting\":false},\"grand_total\":{\"visible\":true,\"sorting\":false},\"store_id\":{\"visible\":false,\"sorting\":false},\"billing_address\":{\"visible\":false,\"sorting\":false},\"shipping_address\":{\"visible\":false,\"sorting\":false},\"customer_name\":{\"visible\":false,\"sorting\":false},\"customer_email\":{\"visible\":false,\"sorting\":false},\"shipping_information\":{\"visible\":false,\"sorting\":false},\"subtotal\":{\"visible\":false,\"sorting\":false},\"shipping_and_handling\":{\"visible\":false,\"sorting\":false},\"actions\":{\"visible\":true,\"sorting\":false},\"ids\":{\"visible\":true,\"sorting\":false},\"state\":{\"visible\":true,\"sorting\":false},\"customer_group_id\":{\"visible\":false,\"sorting\":false},\"payment_method\":{\"visible\":false,\"sorting\":false},\"created_at\":{\"visible\":true,\"sorting\":false},\"order_created_at\":{\"visible\":true,\"sorting\":false}},\"displayMode\":\"grid\",\"positions\":{\"ids\":0,\"increment_id\":1,\"created_at\":2,\"order_increment_id\":3,\"order_created_at\":4,\"billing_name\":5,\"state\":6,\"grand_total\":7,\"store_id\":8,\"billing_address\":9,\"shipping_address\":10,\"customer_name\":11,\"customer_email\":12,\"customer_group_id\":13,\"payment_method\":14,\"shipping_information\":15,\"subtotal\":16,\"shipping_and_handling\":17,\"actions\":18}},\"value\":\"Default View\"}}}','2024-01-23 05:08:22','2024-01-23 05:08:22'),(34,2,'sales_order_view_creditmemo_grid','default',1,'Default View','{\"views\":{\"default\":{\"label\":\"Default View\",\"index\":\"default\",\"editable\":false,\"data\":{\"search\":{\"value\":\"\"},\"filters\":{\"applied\":{\"placeholder\":true}},\"paging\":{\"pageSize\":20,\"current\":1,\"options\":{\"20\":{\"value\":20,\"label\":20},\"30\":{\"value\":30,\"label\":30},\"50\":{\"value\":50,\"label\":50},\"100\":{\"value\":100,\"label\":100},\"200\":{\"value\":200,\"label\":200}},\"value\":20},\"columns\":{\"increment_id\":{\"visible\":true,\"sorting\":false},\"order_increment_id\":{\"visible\":true,\"sorting\":false},\"billing_name\":{\"visible\":true,\"sorting\":false},\"base_grand_total\":{\"visible\":true,\"sorting\":false},\"store_id\":{\"visible\":false,\"sorting\":false},\"billing_address\":{\"visible\":false,\"sorting\":false},\"shipping_address\":{\"visible\":false,\"sorting\":false},\"customer_name\":{\"visible\":false,\"sorting\":false},\"customer_email\":{\"visible\":false,\"sorting\":false},\"shipping_information\":{\"visible\":false,\"sorting\":false},\"subtotal\":{\"visible\":false,\"sorting\":false},\"shipping_and_handling\":{\"visible\":false,\"sorting\":false},\"adjustment_positive\":{\"visible\":false,\"sorting\":false},\"adjustment_negative\":{\"visible\":false,\"sorting\":false},\"order_base_grand_total\":{\"visible\":false,\"sorting\":false},\"actions\":{\"visible\":true,\"sorting\":false},\"ids\":{\"visible\":true,\"sorting\":false},\"state\":{\"visible\":true,\"sorting\":false},\"order_status\":{\"visible\":false,\"sorting\":false},\"customer_group_id\":{\"visible\":false,\"sorting\":false},\"payment_method\":{\"visible\":false,\"sorting\":false},\"created_at\":{\"visible\":true,\"sorting\":false},\"order_created_at\":{\"visible\":true,\"sorting\":false}},\"displayMode\":\"grid\",\"positions\":{\"ids\":0,\"increment_id\":1,\"created_at\":2,\"order_increment_id\":3,\"order_created_at\":4,\"billing_name\":5,\"state\":6,\"base_grand_total\":7,\"order_status\":8,\"store_id\":9,\"billing_address\":10,\"shipping_address\":11,\"customer_name\":12,\"customer_email\":13,\"customer_group_id\":14,\"payment_method\":15,\"shipping_information\":16,\"subtotal\":17,\"shipping_and_handling\":18,\"adjustment_positive\":19,\"adjustment_negative\":20,\"order_base_grand_total\":21,\"actions\":22}},\"value\":\"Default View\"}}}','2024-01-23 05:08:22','2024-01-23 05:08:22'),(35,2,'sales_order_view_invoice_grid','current',0,NULL,'{\"current\":{\"search\":{\"value\":\"\"},\"filters\":{\"applied\":{\"placeholder\":true}},\"paging\":{\"pageSize\":20,\"current\":1,\"options\":{\"20\":{\"value\":20,\"label\":20},\"30\":{\"value\":30,\"label\":30},\"50\":{\"value\":50,\"label\":50},\"100\":{\"value\":100,\"label\":100},\"200\":{\"value\":200,\"label\":200}},\"value\":20},\"columns\":{\"increment_id\":{\"visible\":true,\"sorting\":\"asc\"},\"order_increment_id\":{\"visible\":true,\"sorting\":false},\"billing_name\":{\"visible\":true,\"sorting\":false},\"grand_total\":{\"visible\":true,\"sorting\":false},\"store_id\":{\"visible\":false,\"sorting\":false},\"billing_address\":{\"visible\":false,\"sorting\":false},\"shipping_address\":{\"visible\":false,\"sorting\":false},\"customer_name\":{\"visible\":false,\"sorting\":false},\"customer_email\":{\"visible\":false,\"sorting\":false},\"shipping_information\":{\"visible\":false,\"sorting\":false},\"subtotal\":{\"visible\":false,\"sorting\":false},\"shipping_and_handling\":{\"visible\":false,\"sorting\":false},\"actions\":{\"visible\":true,\"sorting\":false},\"ids\":{\"visible\":true,\"sorting\":false},\"state\":{\"visible\":true,\"sorting\":false},\"customer_group_id\":{\"visible\":false,\"sorting\":false},\"payment_method\":{\"visible\":false,\"sorting\":false},\"created_at\":{\"visible\":true,\"sorting\":false},\"order_created_at\":{\"visible\":true,\"sorting\":false}},\"displayMode\":\"grid\",\"positions\":{\"ids\":0,\"increment_id\":1,\"created_at\":2,\"order_increment_id\":3,\"order_created_at\":4,\"billing_name\":5,\"state\":6,\"grand_total\":7,\"store_id\":8,\"billing_address\":9,\"shipping_address\":10,\"customer_name\":11,\"customer_email\":12,\"customer_group_id\":13,\"payment_method\":14,\"shipping_information\":15,\"subtotal\":16,\"shipping_and_handling\":17,\"actions\":18}}}','2024-01-23 05:08:22','2024-01-23 05:08:22'),(36,2,'sales_order_view_creditmemo_grid','current',0,NULL,'{\"current\":{\"search\":{\"value\":\"\"},\"filters\":{\"applied\":{\"placeholder\":true}},\"paging\":{\"pageSize\":20,\"current\":1,\"options\":{\"20\":{\"value\":20,\"label\":20},\"30\":{\"value\":30,\"label\":30},\"50\":{\"value\":50,\"label\":50},\"100\":{\"value\":100,\"label\":100},\"200\":{\"value\":200,\"label\":200}},\"value\":20},\"columns\":{\"increment_id\":{\"visible\":true,\"sorting\":false},\"order_increment_id\":{\"visible\":true,\"sorting\":false},\"billing_name\":{\"visible\":true,\"sorting\":false},\"base_grand_total\":{\"visible\":true,\"sorting\":false},\"store_id\":{\"visible\":false,\"sorting\":false},\"billing_address\":{\"visible\":false,\"sorting\":false},\"shipping_address\":{\"visible\":false,\"sorting\":false},\"customer_name\":{\"visible\":false,\"sorting\":false},\"customer_email\":{\"visible\":false,\"sorting\":false},\"shipping_information\":{\"visible\":false,\"sorting\":false},\"subtotal\":{\"visible\":false,\"sorting\":false},\"shipping_and_handling\":{\"visible\":false,\"sorting\":false},\"adjustment_positive\":{\"visible\":false,\"sorting\":false},\"adjustment_negative\":{\"visible\":false,\"sorting\":false},\"order_base_grand_total\":{\"visible\":false,\"sorting\":false},\"actions\":{\"visible\":true,\"sorting\":false},\"ids\":{\"visible\":true,\"sorting\":false},\"state\":{\"visible\":true,\"sorting\":false},\"order_status\":{\"visible\":false,\"sorting\":false},\"customer_group_id\":{\"visible\":false,\"sorting\":false},\"payment_method\":{\"visible\":false,\"sorting\":false},\"created_at\":{\"visible\":true,\"sorting\":false},\"order_created_at\":{\"visible\":true,\"sorting\":false}},\"displayMode\":\"grid\",\"positions\":{\"ids\":0,\"increment_id\":1,\"created_at\":2,\"order_increment_id\":3,\"order_created_at\":4,\"billing_name\":5,\"state\":6,\"base_grand_total\":7,\"order_status\":8,\"store_id\":9,\"billing_address\":10,\"shipping_address\":11,\"customer_name\":12,\"customer_email\":13,\"customer_group_id\":14,\"payment_method\":15,\"shipping_information\":16,\"subtotal\":17,\"shipping_and_handling\":18,\"adjustment_positive\":19,\"adjustment_negative\":20,\"order_base_grand_total\":21,\"actions\":22}}}','2024-01-23 05:08:22','2024-01-23 05:08:22'),(37,3,'sales_order_grid','default',1,'Default View','{\"views\":{\"default\":{\"label\":\"Default View\",\"index\":\"default\",\"editable\":false,\"data\":{\"search\":{\"value\":\"\"},\"filters\":{\"applied\":{\"placeholder\":true}},\"paging\":{\"pageSize\":20,\"current\":1,\"options\":{\"20\":{\"value\":20,\"label\":20},\"30\":{\"value\":30,\"label\":30},\"50\":{\"value\":50,\"label\":50},\"100\":{\"value\":100,\"label\":100},\"200\":{\"value\":200,\"label\":200}},\"value\":20},\"columns\":{\"increment_id\":{\"visible\":true,\"sorting\":false},\"store_id\":{\"visible\":true,\"sorting\":false},\"billing_name\":{\"visible\":true,\"sorting\":false},\"shipping_name\":{\"visible\":true,\"sorting\":false},\"base_grand_total\":{\"visible\":true,\"sorting\":false},\"grand_total\":{\"visible\":true,\"sorting\":false},\"billing_address\":{\"visible\":false,\"sorting\":false},\"shipping_address\":{\"visible\":false,\"sorting\":false},\"shipping_information\":{\"visible\":false,\"sorting\":false},\"customer_email\":{\"visible\":false,\"sorting\":false},\"subtotal\":{\"visible\":false,\"sorting\":false},\"shipping_and_handling\":{\"visible\":false,\"sorting\":false},\"customer_name\":{\"visible\":false,\"sorting\":false},\"total_refunded\":{\"visible\":false,\"sorting\":false},\"pickup_location_code\":{\"visible\":false,\"sorting\":false},\"transaction_source\":{\"visible\":true,\"sorting\":false},\"actions\":{\"visible\":true,\"sorting\":false},\"status\":{\"visible\":true,\"sorting\":false},\"customer_group\":{\"visible\":false,\"sorting\":false},\"payment_method\":{\"visible\":false,\"sorting\":false},\"created_at\":{\"visible\":true,\"sorting\":\"desc\"},\"ids\":{\"visible\":true,\"sorting\":false},\"allocated_sources\":{\"visible\":true,\"sorting\":false}},\"displayMode\":\"grid\",\"positions\":{\"ids\":0,\"increment_id\":1,\"store_id\":2,\"created_at\":3,\"billing_name\":4,\"shipping_name\":5,\"base_grand_total\":6,\"grand_total\":7,\"status\":8,\"billing_address\":9,\"shipping_address\":10,\"shipping_information\":11,\"customer_email\":12,\"customer_group\":13,\"subtotal\":14,\"shipping_and_handling\":15,\"customer_name\":16,\"payment_method\":17,\"total_refunded\":18,\"actions\":19,\"allocated_sources\":20,\"pickup_location_code\":21,\"transaction_source\":22}},\"value\":\"Default View\"}}}','2024-01-23 20:03:16','2024-01-23 20:03:16'),(38,3,'sales_order_grid','current',0,NULL,'{\"current\":{\"search\":{\"value\":\"\"},\"filters\":{\"applied\":{\"placeholder\":true}},\"paging\":{\"pageSize\":20,\"current\":1,\"options\":{\"20\":{\"value\":20,\"label\":20},\"30\":{\"value\":30,\"label\":30},\"50\":{\"value\":50,\"label\":50},\"100\":{\"value\":100,\"label\":100},\"200\":{\"value\":200,\"label\":200}},\"value\":20},\"columns\":{\"increment_id\":{\"visible\":true,\"sorting\":false},\"store_id\":{\"visible\":true,\"sorting\":false},\"billing_name\":{\"visible\":true,\"sorting\":false},\"shipping_name\":{\"visible\":true,\"sorting\":false},\"base_grand_total\":{\"visible\":true,\"sorting\":false},\"grand_total\":{\"visible\":true,\"sorting\":false},\"billing_address\":{\"visible\":false,\"sorting\":false},\"shipping_address\":{\"visible\":false,\"sorting\":false},\"shipping_information\":{\"visible\":false,\"sorting\":false},\"customer_email\":{\"visible\":false,\"sorting\":false},\"subtotal\":{\"visible\":false,\"sorting\":false},\"shipping_and_handling\":{\"visible\":false,\"sorting\":false},\"customer_name\":{\"visible\":false,\"sorting\":false},\"total_refunded\":{\"visible\":false,\"sorting\":false},\"pickup_location_code\":{\"visible\":false,\"sorting\":false},\"transaction_source\":{\"visible\":true,\"sorting\":false},\"actions\":{\"visible\":true,\"sorting\":false},\"status\":{\"visible\":true,\"sorting\":false},\"customer_group\":{\"visible\":false,\"sorting\":false},\"payment_method\":{\"visible\":false,\"sorting\":false},\"created_at\":{\"visible\":true,\"sorting\":\"desc\"},\"ids\":{\"visible\":true,\"sorting\":false},\"allocated_sources\":{\"visible\":true,\"sorting\":false}},\"displayMode\":\"grid\",\"positions\":{\"ids\":0,\"increment_id\":1,\"store_id\":2,\"created_at\":3,\"billing_name\":4,\"shipping_name\":5,\"base_grand_total\":6,\"grand_total\":7,\"status\":8,\"billing_address\":9,\"shipping_address\":10,\"shipping_information\":11,\"customer_email\":12,\"customer_group\":13,\"subtotal\":14,\"shipping_and_handling\":15,\"customer_name\":16,\"payment_method\":17,\"total_refunded\":18,\"actions\":19,\"allocated_sources\":20,\"pickup_location_code\":21,\"transaction_source\":22}}}','2024-01-23 20:03:18','2024-01-23 20:03:18'),(39,3,'cms_block_listing','default',1,'Default View','{\"views\":{\"default\":{\"label\":\"Default View\",\"index\":\"default\",\"editable\":false,\"data\":{\"search\":{\"value\":\"\"},\"filters\":{\"applied\":{\"placeholder\":true}},\"paging\":{\"pageSize\":20,\"current\":1,\"options\":{\"20\":{\"value\":20,\"label\":20},\"30\":{\"value\":30,\"label\":30},\"50\":{\"value\":50,\"label\":50},\"100\":{\"value\":100,\"label\":100},\"200\":{\"value\":200,\"label\":200}},\"value\":20},\"columns\":{\"block_id\":{\"visible\":true,\"sorting\":\"asc\"},\"title\":{\"visible\":true,\"sorting\":false},\"identifier\":{\"visible\":true,\"sorting\":false},\"store_id\":{\"visible\":true,\"sorting\":false},\"actions\":{\"visible\":true,\"sorting\":false},\"ids\":{\"visible\":true,\"sorting\":false},\"is_active\":{\"visible\":true,\"sorting\":false},\"creation_time\":{\"visible\":true,\"sorting\":false},\"update_time\":{\"visible\":true,\"sorting\":false}},\"displayMode\":\"grid\",\"positions\":{\"ids\":0,\"block_id\":1,\"title\":2,\"identifier\":3,\"store_id\":4,\"is_active\":5,\"creation_time\":6,\"update_time\":7,\"actions\":8}},\"value\":\"Default View\"}}}','2024-01-23 20:12:31','2024-01-23 20:12:31'),(40,3,'cms_block_listing','current',0,NULL,'{\"current\":{\"search\":{\"value\":\"special\"},\"filters\":{\"applied\":{\"placeholder\":true}},\"paging\":{\"pageSize\":20,\"current\":1,\"options\":{\"20\":{\"value\":20,\"label\":20},\"30\":{\"value\":30,\"label\":30},\"50\":{\"value\":50,\"label\":50},\"100\":{\"value\":100,\"label\":100},\"200\":{\"value\":200,\"label\":200}},\"value\":20},\"columns\":{\"block_id\":{\"visible\":true,\"sorting\":\"asc\"},\"title\":{\"visible\":true,\"sorting\":false},\"identifier\":{\"visible\":true,\"sorting\":false},\"store_id\":{\"visible\":true,\"sorting\":false},\"actions\":{\"visible\":true,\"sorting\":false},\"ids\":{\"visible\":true,\"sorting\":false},\"is_active\":{\"visible\":true,\"sorting\":false},\"creation_time\":{\"visible\":true,\"sorting\":false},\"update_time\":{\"visible\":true,\"sorting\":false}},\"displayMode\":\"grid\",\"positions\":{\"ids\":0,\"block_id\":1,\"title\":2,\"identifier\":3,\"store_id\":4,\"is_active\":5,\"creation_time\":6,\"update_time\":7,\"actions\":8}}}','2024-01-23 20:12:33','2024-01-30 02:41:07'),(41,3,'customer_listing','default',1,'Default View','{\"views\":{\"default\":{\"label\":\"Default View\",\"index\":\"default\",\"editable\":false,\"data\":{\"search\":{\"value\":\"\"},\"filters\":{\"applied\":{\"placeholder\":true}},\"columns\":{\"entity_id\":{\"visible\":true,\"sorting\":\"asc\"},\"name\":{\"visible\":true,\"sorting\":false},\"email\":{\"visible\":true,\"sorting\":false},\"billing_telephone\":{\"visible\":true,\"sorting\":false},\"billing_postcode\":{\"visible\":true,\"sorting\":false},\"billing_region\":{\"visible\":true,\"sorting\":false},\"confirmation\":{\"visible\":true,\"sorting\":false},\"created_in\":{\"visible\":true,\"sorting\":false},\"billing_full\":{\"visible\":false,\"sorting\":false},\"shipping_full\":{\"visible\":false,\"sorting\":false},\"taxvat\":{\"visible\":true,\"sorting\":false},\"billing_street\":{\"visible\":false,\"sorting\":false},\"billing_city\":{\"visible\":false,\"sorting\":false},\"billing_fax\":{\"visible\":false,\"sorting\":false},\"billing_vat_id\":{\"visible\":false,\"sorting\":false},\"billing_company\":{\"visible\":false,\"sorting\":false},\"billing_firstname\":{\"visible\":false,\"sorting\":false},\"billing_lastname\":{\"visible\":false,\"sorting\":false},\"lock_expires\":{\"visible\":false,\"sorting\":false},\"actions\":{\"visible\":true,\"sorting\":false},\"group_id\":{\"visible\":true,\"sorting\":false},\"billing_country_id\":{\"visible\":true,\"sorting\":false},\"website_id\":{\"visible\":true,\"sorting\":false},\"gender\":{\"visible\":true,\"sorting\":false},\"ids\":{\"visible\":true,\"sorting\":false},\"created_at\":{\"visible\":true,\"sorting\":false},\"dob\":{\"visible\":true,\"sorting\":false}},\"paging\":{\"pageSize\":20,\"current\":1,\"options\":{\"20\":{\"value\":20,\"label\":20},\"30\":{\"value\":30,\"label\":30},\"50\":{\"value\":50,\"label\":50},\"100\":{\"value\":100,\"label\":100},\"200\":{\"value\":200,\"label\":200}},\"value\":20},\"displayMode\":\"grid\",\"positions\":{\"ids\":0,\"entity_id\":1,\"name\":2,\"email\":3,\"group_id\":4,\"billing_telephone\":5,\"billing_postcode\":6,\"billing_country_id\":7,\"billing_region\":8,\"created_at\":9,\"website_id\":10,\"confirmation\":11,\"created_in\":12,\"billing_full\":13,\"shipping_full\":14,\"dob\":15,\"taxvat\":16,\"gender\":17,\"billing_street\":18,\"billing_city\":19,\"billing_fax\":20,\"billing_vat_id\":21,\"billing_company\":22,\"billing_firstname\":23,\"billing_lastname\":24,\"lock_expires\":25,\"actions\":26}},\"value\":\"Default View\"}}}','2024-01-24 03:05:27','2024-01-24 03:05:27'),(42,3,'customer_listing','current',0,NULL,'{\"current\":{\"search\":{\"value\":\"\"},\"filters\":{\"applied\":{\"placeholder\":true}},\"columns\":{\"entity_id\":{\"visible\":true,\"sorting\":\"asc\"},\"name\":{\"visible\":true,\"sorting\":false},\"email\":{\"visible\":true,\"sorting\":false},\"billing_telephone\":{\"visible\":true,\"sorting\":false},\"billing_postcode\":{\"visible\":true,\"sorting\":false},\"billing_region\":{\"visible\":true,\"sorting\":false},\"confirmation\":{\"visible\":true,\"sorting\":false},\"created_in\":{\"visible\":true,\"sorting\":false},\"billing_full\":{\"visible\":false,\"sorting\":false},\"shipping_full\":{\"visible\":false,\"sorting\":false},\"taxvat\":{\"visible\":true,\"sorting\":false},\"billing_street\":{\"visible\":false,\"sorting\":false},\"billing_city\":{\"visible\":false,\"sorting\":false},\"billing_fax\":{\"visible\":false,\"sorting\":false},\"billing_vat_id\":{\"visible\":false,\"sorting\":false},\"billing_company\":{\"visible\":false,\"sorting\":false},\"billing_firstname\":{\"visible\":false,\"sorting\":false},\"billing_lastname\":{\"visible\":false,\"sorting\":false},\"lock_expires\":{\"visible\":false,\"sorting\":false},\"actions\":{\"visible\":true,\"sorting\":false},\"group_id\":{\"visible\":true,\"sorting\":false},\"billing_country_id\":{\"visible\":true,\"sorting\":false},\"website_id\":{\"visible\":true,\"sorting\":false},\"gender\":{\"visible\":true,\"sorting\":false},\"ids\":{\"visible\":true,\"sorting\":false},\"created_at\":{\"visible\":true,\"sorting\":false},\"dob\":{\"visible\":true,\"sorting\":false}},\"paging\":{\"pageSize\":20,\"current\":2,\"options\":{\"20\":{\"value\":20,\"label\":20},\"30\":{\"value\":30,\"label\":30},\"50\":{\"value\":50,\"label\":50},\"100\":{\"value\":100,\"label\":100},\"200\":{\"value\":200,\"label\":200}},\"value\":20},\"displayMode\":\"grid\",\"positions\":{\"ids\":0,\"entity_id\":1,\"name\":2,\"email\":3,\"group_id\":4,\"billing_telephone\":5,\"billing_postcode\":6,\"billing_country_id\":7,\"billing_region\":8,\"created_at\":9,\"website_id\":10,\"confirmation\":11,\"created_in\":12,\"billing_full\":13,\"shipping_full\":14,\"dob\":15,\"taxvat\":16,\"gender\":17,\"billing_street\":18,\"billing_city\":19,\"billing_fax\":20,\"billing_vat_id\":21,\"billing_company\":22,\"billing_firstname\":23,\"billing_lastname\":24,\"lock_expires\":25,\"actions\":26}}}','2024-01-24 03:05:29','2024-01-28 05:30:36'),(43,3,'login_as_customer_log_listing','default',1,'Default View','{\"views\":{\"default\":{\"label\":\"Default View\",\"index\":\"default\",\"editable\":false,\"data\":{\"filters\":{\"applied\":{\"placeholder\":true}},\"paging\":{\"pageSize\":20,\"current\":1,\"options\":{\"20\":{\"value\":20,\"label\":20},\"30\":{\"value\":30,\"label\":30},\"50\":{\"value\":50,\"label\":50},\"100\":{\"value\":100,\"label\":100},\"200\":{\"value\":200,\"label\":200}},\"value\":20},\"columns\":{\"log_id\":{\"visible\":true,\"sorting\":false},\"customer_id\":{\"visible\":true,\"sorting\":false},\"customer_email\":{\"visible\":true,\"sorting\":false},\"user_id\":{\"visible\":true,\"sorting\":false},\"user_name\":{\"visible\":true,\"sorting\":false},\"time\":{\"visible\":true,\"sorting\":false}},\"displayMode\":\"grid\",\"positions\":{\"log_id\":0,\"customer_id\":1,\"customer_email\":2,\"user_id\":3,\"user_name\":4,\"time\":5}},\"value\":\"Default View\"}}}','2024-01-24 03:19:59','2024-01-24 03:19:59'),(44,3,'login_as_customer_log_listing','current',0,NULL,'{\"current\":{\"filters\":{\"applied\":{\"placeholder\":true}},\"paging\":{\"pageSize\":20,\"current\":1,\"options\":{\"20\":{\"value\":20,\"label\":20},\"30\":{\"value\":30,\"label\":30},\"50\":{\"value\":50,\"label\":50},\"100\":{\"value\":100,\"label\":100},\"200\":{\"value\":200,\"label\":200}},\"value\":20},\"columns\":{\"log_id\":{\"visible\":true,\"sorting\":false},\"customer_id\":{\"visible\":true,\"sorting\":false},\"customer_email\":{\"visible\":true,\"sorting\":false},\"user_id\":{\"visible\":true,\"sorting\":false},\"user_name\":{\"visible\":true,\"sorting\":false},\"time\":{\"visible\":true,\"sorting\":false}},\"displayMode\":\"grid\",\"positions\":{\"log_id\":0,\"customer_id\":1,\"customer_email\":2,\"user_id\":3,\"user_name\":4,\"time\":5}}}','2024-01-24 03:20:01','2024-01-24 03:20:01'),(45,3,'customer_group_listing','default',1,'Default View','{\"views\":{\"default\":{\"label\":\"Default View\",\"index\":\"default\",\"editable\":false,\"data\":{\"filters\":{\"applied\":{\"placeholder\":true}},\"paging\":{\"pageSize\":20,\"current\":1,\"options\":{\"20\":{\"value\":20,\"label\":20},\"30\":{\"value\":30,\"label\":30},\"50\":{\"value\":50,\"label\":50},\"100\":{\"value\":100,\"label\":100},\"200\":{\"value\":200,\"label\":200}},\"value\":20},\"columns\":{\"customer_group_id\":{\"visible\":true,\"sorting\":\"asc\"},\"customer_group_code\":{\"visible\":true,\"sorting\":false},\"actions\":{\"visible\":true,\"sorting\":false},\"tax_class_id\":{\"visible\":true,\"sorting\":false}},\"displayMode\":\"grid\",\"positions\":{\"customer_group_id\":0,\"customer_group_code\":1,\"tax_class_id\":2,\"actions\":3}},\"value\":\"Default View\"}}}','2024-01-24 04:06:24','2024-01-24 04:06:24'),(46,3,'customer_group_listing','current',0,NULL,'{\"current\":{\"filters\":{\"applied\":{\"placeholder\":true}},\"paging\":{\"pageSize\":20,\"current\":1,\"options\":{\"20\":{\"value\":20,\"label\":20},\"30\":{\"value\":30,\"label\":30},\"50\":{\"value\":50,\"label\":50},\"100\":{\"value\":100,\"label\":100},\"200\":{\"value\":200,\"label\":200}},\"value\":20},\"columns\":{\"customer_group_id\":{\"visible\":true,\"sorting\":\"asc\"},\"customer_group_code\":{\"visible\":true,\"sorting\":false},\"actions\":{\"visible\":true,\"sorting\":false},\"tax_class_id\":{\"visible\":true,\"sorting\":false}},\"displayMode\":\"grid\",\"positions\":{\"customer_group_id\":0,\"customer_group_code\":1,\"tax_class_id\":2,\"actions\":3}}}','2024-01-24 04:06:26','2024-01-24 04:06:26'),(47,3,'customer_address_listing','default',1,'Default View','{\"views\":{\"default\":{\"label\":\"Default View\",\"index\":\"default\",\"editable\":false,\"data\":{\"displayMode\":\"grid\",\"columns\":{\"firstname\":{\"visible\":true,\"sorting\":false},\"lastname\":{\"visible\":true,\"sorting\":false},\"street\":{\"visible\":true,\"sorting\":false},\"city\":{\"visible\":true,\"sorting\":false},\"region\":{\"visible\":true,\"sorting\":false},\"postcode\":{\"visible\":true,\"sorting\":false},\"telephone\":{\"visible\":true,\"sorting\":false},\"ids\":{\"visible\":true,\"sorting\":false},\"country_id\":{\"visible\":true,\"sorting\":false},\"actions\":{\"visible\":true,\"sorting\":false}},\"search\":{\"value\":\"\"},\"paging\":{\"pageSize\":20,\"current\":1,\"options\":{\"20\":{\"value\":20,\"label\":20},\"30\":{\"value\":30,\"label\":30},\"50\":{\"value\":50,\"label\":50},\"100\":{\"value\":100,\"label\":100},\"200\":{\"value\":200,\"label\":200}},\"value\":20},\"filters\":{\"applied\":{\"placeholder\":true}},\"positions\":{\"ids\":0,\"firstname\":1,\"lastname\":2,\"street\":3,\"city\":4,\"country_id\":5,\"region\":6,\"postcode\":7,\"telephone\":8,\"actions\":9}},\"value\":\"Default View\"}}}','2024-01-24 04:07:41','2024-01-24 04:07:41'),(48,3,'customer_address_listing','current',0,NULL,'{\"current\":{\"displayMode\":\"grid\",\"columns\":{\"firstname\":{\"visible\":true,\"sorting\":false},\"lastname\":{\"visible\":true,\"sorting\":false},\"street\":{\"visible\":true,\"sorting\":false},\"city\":{\"visible\":true,\"sorting\":false},\"region\":{\"visible\":true,\"sorting\":false},\"postcode\":{\"visible\":true,\"sorting\":false},\"telephone\":{\"visible\":true,\"sorting\":false},\"ids\":{\"visible\":true,\"sorting\":false},\"country_id\":{\"visible\":true,\"sorting\":false},\"actions\":{\"visible\":true,\"sorting\":false}},\"search\":{\"value\":\"\"},\"paging\":{\"pageSize\":20,\"current\":1,\"options\":{\"20\":{\"value\":20,\"label\":20},\"30\":{\"value\":30,\"label\":30},\"50\":{\"value\":50,\"label\":50},\"100\":{\"value\":100,\"label\":100},\"200\":{\"value\":200,\"label\":200}},\"value\":20},\"filters\":{\"applied\":{\"placeholder\":true}},\"positions\":{\"ids\":0,\"firstname\":1,\"lastname\":2,\"street\":3,\"city\":4,\"country_id\":5,\"region\":6,\"postcode\":7,\"telephone\":8,\"actions\":9}}}','2024-01-24 04:07:43','2024-01-24 04:07:43'),(49,3,'adobe_stock_images_listing','default',1,'Default View','{\"views\":{\"default\":{\"label\":\"Default View\",\"index\":\"default\",\"editable\":false,\"data\":{\"filters\":{\"applied\":{\"placeholder\":true}},\"paging\":{\"pageSize\":32,\"current\":1,\"value\":32},\"columns\":{\"relevance\":{\"visible\":false,\"sorting\":false},\"creation\":{\"visible\":false,\"sorting\":false},\"popularity\":{\"visible\":false,\"sorting\":false},\"nb_downloads\":{\"visible\":false,\"sorting\":false},\"undiscovered\":{\"visible\":false,\"sorting\":false},\"thumbnail_url\":{\"visible\":true,\"sorting\":false},\"overlay\":{\"visible\":true,\"sorting\":false},\"preview\":{\"visible\":true,\"sorting\":false,\"lastOpenedImage\":false}},\"search\":{\"value\":\"\"},\"displayMode\":\"grid\",\"positions\":{\"overlay\":0,\"thumbnail_url\":1,\"preview\":2,\"relevance\":3,\"creation\":4,\"popularity\":5,\"nb_downloads\":6,\"undiscovered\":7}},\"value\":\"Default View\"}}}','2024-01-24 04:35:46','2024-01-24 04:35:46'),(50,3,'media_gallery_listing','default',1,'Default View','{\"views\":{\"default\":{\"label\":\"Default View\",\"index\":\"default\",\"editable\":false,\"data\":{\"filters\":{\"applied\":{\"placeholder\":true}},\"paging\":{\"pageSize\":\"32\",\"current\":1,\"options\":{\"32\":{\"value\":32,\"label\":\"32\"},\"48\":{\"value\":48,\"label\":\"48\"},\"64\":{\"value\":64,\"label\":\"64\"}},\"value\":\"32\"},\"columns\":{\"newest_first\":{\"visible\":false,\"sorting\":false},\"oldest_first\":{\"visible\":false,\"sorting\":false},\"created_at\":{\"visible\":false,\"sorting\":false},\"path\":{\"visible\":false,\"sorting\":false},\"directory_desc\":{\"visible\":false,\"sorting\":false},\"directory_asc\":{\"visible\":false,\"sorting\":false},\"title\":{\"visible\":false,\"sorting\":false},\"name_az\":{\"visible\":false,\"sorting\":false},\"name_za\":{\"visible\":false,\"sorting\":false},\"source\":{\"visible\":false,\"sorting\":false},\"overlay\":{\"visible\":true,\"sorting\":false},\"thumbnail_url\":{\"visible\":true,\"sorting\":false}},\"search\":{\"value\":\"\"},\"displayMode\":\"grid\",\"positions\":{\"source\":0,\"overlay\":1,\"thumbnail_url\":2,\"newest_first\":3,\"oldest_first\":4,\"created_at\":5,\"path\":6,\"directory_desc\":7,\"directory_asc\":8,\"title\":9,\"name_az\":10,\"name_za\":11}},\"value\":\"Default View\"}}}','2024-01-24 04:35:46','2024-01-24 04:35:46'),(51,3,'adobe_stock_images_listing','current',0,NULL,'{\"current\":{\"filters\":{\"applied\":{\"placeholder\":true}},\"paging\":{\"pageSize\":32,\"current\":1,\"value\":32},\"columns\":{\"relevance\":{\"visible\":false,\"sorting\":false},\"creation\":{\"visible\":false,\"sorting\":false},\"popularity\":{\"visible\":false,\"sorting\":false},\"nb_downloads\":{\"visible\":false,\"sorting\":false},\"undiscovered\":{\"visible\":false,\"sorting\":false},\"thumbnail_url\":{\"visible\":true,\"sorting\":false},\"overlay\":{\"visible\":true,\"sorting\":false},\"preview\":{\"visible\":true,\"sorting\":false,\"lastOpenedImage\":false}},\"search\":{\"value\":\"\"},\"displayMode\":\"grid\",\"positions\":{\"overlay\":0,\"thumbnail_url\":1,\"preview\":2,\"relevance\":3,\"creation\":4,\"popularity\":5,\"nb_downloads\":6,\"undiscovered\":7}}}','2024-01-24 04:35:47','2024-01-24 04:35:47'),(52,3,'media_gallery_listing','current',0,NULL,'{\"current\":{\"filters\":{\"applied\":{\"placeholder\":true,\"path\":\"catalog/category\"}},\"paging\":{\"pageSize\":\"32\",\"current\":1,\"options\":{\"32\":{\"value\":32,\"label\":\"32\"},\"48\":{\"value\":48,\"label\":\"48\"},\"64\":{\"value\":64,\"label\":\"64\"}},\"value\":\"32\"},\"columns\":{\"newest_first\":{\"visible\":false,\"sorting\":false},\"oldest_first\":{\"visible\":false,\"sorting\":false},\"created_at\":{\"visible\":false,\"sorting\":false},\"path\":{\"visible\":false,\"sorting\":false},\"directory_desc\":{\"visible\":false,\"sorting\":false},\"directory_asc\":{\"visible\":false,\"sorting\":false},\"title\":{\"visible\":false,\"sorting\":false},\"name_az\":{\"visible\":false,\"sorting\":false},\"name_za\":{\"visible\":false,\"sorting\":false},\"source\":{\"visible\":false,\"sorting\":false},\"overlay\":{\"visible\":true,\"sorting\":false},\"thumbnail_url\":{\"visible\":true,\"sorting\":false}},\"search\":{\"value\":\"\"},\"displayMode\":\"grid\",\"positions\":{\"source\":0,\"overlay\":1,\"thumbnail_url\":2,\"newest_first\":3,\"oldest_first\":4,\"created_at\":5,\"path\":6,\"directory_desc\":7,\"directory_asc\":8,\"title\":9,\"name_az\":10,\"name_za\":11}}}','2024-01-24 04:35:48','2024-01-24 04:35:48'),(53,3,'sales_order_view_invoice_grid','default',1,'Default View','{\"views\":{\"default\":{\"label\":\"Default View\",\"index\":\"default\",\"editable\":false,\"data\":{\"filters\":{\"applied\":{\"placeholder\":true}},\"paging\":{\"pageSize\":20,\"current\":1,\"options\":{\"20\":{\"value\":20,\"label\":20},\"30\":{\"value\":30,\"label\":30},\"50\":{\"value\":50,\"label\":50},\"100\":{\"value\":100,\"label\":100},\"200\":{\"value\":200,\"label\":200}},\"value\":20},\"columns\":{\"increment_id\":{\"visible\":true,\"sorting\":\"asc\"},\"order_increment_id\":{\"visible\":true,\"sorting\":false},\"billing_name\":{\"visible\":true,\"sorting\":false},\"grand_total\":{\"visible\":true,\"sorting\":false},\"store_id\":{\"visible\":false,\"sorting\":false},\"billing_address\":{\"visible\":false,\"sorting\":false},\"shipping_address\":{\"visible\":false,\"sorting\":false},\"customer_name\":{\"visible\":false,\"sorting\":false},\"customer_email\":{\"visible\":false,\"sorting\":false},\"shipping_information\":{\"visible\":false,\"sorting\":false},\"subtotal\":{\"visible\":false,\"sorting\":false},\"shipping_and_handling\":{\"visible\":false,\"sorting\":false},\"ids\":{\"visible\":true,\"sorting\":false},\"actions\":{\"visible\":true,\"sorting\":false},\"state\":{\"visible\":true,\"sorting\":false},\"customer_group_id\":{\"visible\":false,\"sorting\":false},\"payment_method\":{\"visible\":false,\"sorting\":false},\"created_at\":{\"visible\":true,\"sorting\":false},\"order_created_at\":{\"visible\":true,\"sorting\":false}},\"search\":{\"value\":\"\"},\"displayMode\":\"grid\",\"positions\":{\"ids\":0,\"increment_id\":1,\"created_at\":2,\"order_increment_id\":3,\"order_created_at\":4,\"billing_name\":5,\"state\":6,\"grand_total\":7,\"store_id\":8,\"billing_address\":9,\"shipping_address\":10,\"customer_name\":11,\"customer_email\":12,\"customer_group_id\":13,\"payment_method\":14,\"shipping_information\":15,\"subtotal\":16,\"shipping_and_handling\":17,\"actions\":18}},\"value\":\"Default View\"}}}','2024-01-25 17:09:19','2024-01-25 17:09:19'),(54,3,'sales_order_view_creditmemo_grid','default',1,'Default View','{\"views\":{\"default\":{\"label\":\"Default View\",\"index\":\"default\",\"editable\":false,\"data\":{\"filters\":{\"applied\":{\"placeholder\":true}},\"paging\":{\"pageSize\":20,\"current\":1,\"options\":{\"20\":{\"value\":20,\"label\":20},\"30\":{\"value\":30,\"label\":30},\"50\":{\"value\":50,\"label\":50},\"100\":{\"value\":100,\"label\":100},\"200\":{\"value\":200,\"label\":200}},\"value\":20},\"columns\":{\"increment_id\":{\"visible\":true,\"sorting\":false},\"order_increment_id\":{\"visible\":true,\"sorting\":false},\"billing_name\":{\"visible\":true,\"sorting\":false},\"base_grand_total\":{\"visible\":true,\"sorting\":false},\"store_id\":{\"visible\":false,\"sorting\":false},\"billing_address\":{\"visible\":false,\"sorting\":false},\"shipping_address\":{\"visible\":false,\"sorting\":false},\"customer_name\":{\"visible\":false,\"sorting\":false},\"customer_email\":{\"visible\":false,\"sorting\":false},\"shipping_information\":{\"visible\":false,\"sorting\":false},\"subtotal\":{\"visible\":false,\"sorting\":false},\"shipping_and_handling\":{\"visible\":false,\"sorting\":false},\"adjustment_positive\":{\"visible\":false,\"sorting\":false},\"adjustment_negative\":{\"visible\":false,\"sorting\":false},\"order_base_grand_total\":{\"visible\":false,\"sorting\":false},\"ids\":{\"visible\":true,\"sorting\":false},\"actions\":{\"visible\":true,\"sorting\":false},\"state\":{\"visible\":true,\"sorting\":false},\"order_status\":{\"visible\":false,\"sorting\":false},\"customer_group_id\":{\"visible\":false,\"sorting\":false},\"payment_method\":{\"visible\":false,\"sorting\":false},\"created_at\":{\"visible\":true,\"sorting\":false},\"order_created_at\":{\"visible\":true,\"sorting\":false}},\"search\":{\"value\":\"\"},\"displayMode\":\"grid\",\"positions\":{\"ids\":0,\"increment_id\":1,\"created_at\":2,\"order_increment_id\":3,\"order_created_at\":4,\"billing_name\":5,\"state\":6,\"base_grand_total\":7,\"order_status\":8,\"store_id\":9,\"billing_address\":10,\"shipping_address\":11,\"customer_name\":12,\"customer_email\":13,\"customer_group_id\":14,\"payment_method\":15,\"shipping_information\":16,\"subtotal\":17,\"shipping_and_handling\":18,\"adjustment_positive\":19,\"adjustment_negative\":20,\"order_base_grand_total\":21,\"actions\":22}},\"value\":\"Default View\"}}}','2024-01-25 17:09:19','2024-01-25 17:09:19'),(55,3,'sales_order_view_creditmemo_grid','current',0,NULL,'{\"current\":{\"filters\":{\"applied\":{\"placeholder\":true}},\"paging\":{\"pageSize\":20,\"current\":1,\"options\":{\"20\":{\"value\":20,\"label\":20},\"30\":{\"value\":30,\"label\":30},\"50\":{\"value\":50,\"label\":50},\"100\":{\"value\":100,\"label\":100},\"200\":{\"value\":200,\"label\":200}},\"value\":20},\"columns\":{\"increment_id\":{\"visible\":true,\"sorting\":false},\"order_increment_id\":{\"visible\":true,\"sorting\":false},\"billing_name\":{\"visible\":true,\"sorting\":false},\"base_grand_total\":{\"visible\":true,\"sorting\":false},\"store_id\":{\"visible\":false,\"sorting\":false},\"billing_address\":{\"visible\":false,\"sorting\":false},\"shipping_address\":{\"visible\":false,\"sorting\":false},\"customer_name\":{\"visible\":false,\"sorting\":false},\"customer_email\":{\"visible\":false,\"sorting\":false},\"shipping_information\":{\"visible\":false,\"sorting\":false},\"subtotal\":{\"visible\":false,\"sorting\":false},\"shipping_and_handling\":{\"visible\":false,\"sorting\":false},\"adjustment_positive\":{\"visible\":false,\"sorting\":false},\"adjustment_negative\":{\"visible\":false,\"sorting\":false},\"order_base_grand_total\":{\"visible\":false,\"sorting\":false},\"ids\":{\"visible\":true,\"sorting\":false},\"actions\":{\"visible\":true,\"sorting\":false},\"state\":{\"visible\":true,\"sorting\":false},\"order_status\":{\"visible\":false,\"sorting\":false},\"customer_group_id\":{\"visible\":false,\"sorting\":false},\"payment_method\":{\"visible\":false,\"sorting\":false},\"created_at\":{\"visible\":true,\"sorting\":false},\"order_created_at\":{\"visible\":true,\"sorting\":false}},\"search\":{\"value\":\"\"},\"displayMode\":\"grid\",\"positions\":{\"ids\":0,\"increment_id\":1,\"created_at\":2,\"order_increment_id\":3,\"order_created_at\":4,\"billing_name\":5,\"state\":6,\"base_grand_total\":7,\"order_status\":8,\"store_id\":9,\"billing_address\":10,\"shipping_address\":11,\"customer_name\":12,\"customer_email\":13,\"customer_group_id\":14,\"payment_method\":15,\"shipping_information\":16,\"subtotal\":17,\"shipping_and_handling\":18,\"adjustment_positive\":19,\"adjustment_negative\":20,\"order_base_grand_total\":21,\"actions\":22}}}','2024-01-25 17:09:20','2024-01-25 17:09:20'),(56,3,'sales_order_view_invoice_grid','current',0,NULL,'{\"current\":{\"filters\":{\"applied\":{\"placeholder\":true}},\"paging\":{\"pageSize\":20,\"current\":1,\"options\":{\"20\":{\"value\":20,\"label\":20},\"30\":{\"value\":30,\"label\":30},\"50\":{\"value\":50,\"label\":50},\"100\":{\"value\":100,\"label\":100},\"200\":{\"value\":200,\"label\":200}},\"value\":20},\"columns\":{\"increment_id\":{\"visible\":true,\"sorting\":\"asc\"},\"order_increment_id\":{\"visible\":true,\"sorting\":false},\"billing_name\":{\"visible\":true,\"sorting\":false},\"grand_total\":{\"visible\":true,\"sorting\":false},\"store_id\":{\"visible\":false,\"sorting\":false},\"billing_address\":{\"visible\":false,\"sorting\":false},\"shipping_address\":{\"visible\":false,\"sorting\":false},\"customer_name\":{\"visible\":false,\"sorting\":false},\"customer_email\":{\"visible\":false,\"sorting\":false},\"shipping_information\":{\"visible\":false,\"sorting\":false},\"subtotal\":{\"visible\":false,\"sorting\":false},\"shipping_and_handling\":{\"visible\":false,\"sorting\":false},\"ids\":{\"visible\":true,\"sorting\":false},\"actions\":{\"visible\":true,\"sorting\":false},\"state\":{\"visible\":true,\"sorting\":false},\"customer_group_id\":{\"visible\":false,\"sorting\":false},\"payment_method\":{\"visible\":false,\"sorting\":false},\"created_at\":{\"visible\":true,\"sorting\":false},\"order_created_at\":{\"visible\":true,\"sorting\":false}},\"search\":{\"value\":\"\"},\"displayMode\":\"grid\",\"positions\":{\"ids\":0,\"increment_id\":1,\"created_at\":2,\"order_increment_id\":3,\"order_created_at\":4,\"billing_name\":5,\"state\":6,\"grand_total\":7,\"store_id\":8,\"billing_address\":9,\"shipping_address\":10,\"customer_name\":11,\"customer_email\":12,\"customer_group_id\":13,\"payment_method\":14,\"shipping_information\":15,\"subtotal\":16,\"shipping_and_handling\":17,\"actions\":18}}}','2024-01-25 17:09:20','2024-01-25 17:09:20'),(57,2,'cms_block_listing','default',1,'Default View','{\"views\":{\"default\":{\"label\":\"Default View\",\"index\":\"default\",\"editable\":false,\"data\":{\"filters\":{\"applied\":{\"placeholder\":true}},\"paging\":{\"pageSize\":20,\"current\":1,\"options\":{\"20\":{\"value\":20,\"label\":20},\"30\":{\"value\":30,\"label\":30},\"50\":{\"value\":50,\"label\":50},\"100\":{\"value\":100,\"label\":100},\"200\":{\"value\":200,\"label\":200}},\"value\":20},\"columns\":{\"block_id\":{\"visible\":true,\"sorting\":\"asc\"},\"title\":{\"visible\":true,\"sorting\":false},\"identifier\":{\"visible\":true,\"sorting\":false},\"store_id\":{\"visible\":true,\"sorting\":false},\"actions\":{\"visible\":true,\"sorting\":false},\"ids\":{\"visible\":true,\"sorting\":false},\"is_active\":{\"visible\":true,\"sorting\":false},\"creation_time\":{\"visible\":true,\"sorting\":false},\"update_time\":{\"visible\":true,\"sorting\":false}},\"search\":{\"value\":\"\"},\"displayMode\":\"grid\",\"positions\":{\"ids\":0,\"block_id\":1,\"title\":2,\"identifier\":3,\"store_id\":4,\"is_active\":5,\"creation_time\":6,\"update_time\":7,\"actions\":8}},\"value\":\"Default View\"}}}','2024-01-26 18:39:06','2024-01-26 18:39:06'),(58,2,'cms_block_listing','current',0,NULL,'{\"current\":{\"filters\":{\"applied\":{\"placeholder\":true}},\"paging\":{\"pageSize\":20,\"current\":1,\"options\":{\"20\":{\"value\":20,\"label\":20},\"30\":{\"value\":30,\"label\":30},\"50\":{\"value\":50,\"label\":50},\"100\":{\"value\":100,\"label\":100},\"200\":{\"value\":200,\"label\":200}},\"value\":20},\"columns\":{\"block_id\":{\"visible\":true,\"sorting\":\"asc\"},\"title\":{\"visible\":true,\"sorting\":false},\"identifier\":{\"visible\":true,\"sorting\":false},\"store_id\":{\"visible\":true,\"sorting\":false},\"actions\":{\"visible\":true,\"sorting\":false},\"ids\":{\"visible\":true,\"sorting\":false},\"is_active\":{\"visible\":true,\"sorting\":false},\"creation_time\":{\"visible\":true,\"sorting\":false},\"update_time\":{\"visible\":true,\"sorting\":false}},\"search\":{\"value\":\"\"},\"displayMode\":\"grid\",\"positions\":{\"ids\":0,\"block_id\":1,\"title\":2,\"identifier\":3,\"store_id\":4,\"is_active\":5,\"creation_time\":6,\"update_time\":7,\"actions\":8}}}','2024-01-26 18:39:06','2024-01-26 18:39:06'),(59,4,'design_theme_listing','default',1,'Vista predeterminada','{\"views\":{\"default\":{\"label\":\"Vista predeterminada\",\"index\":\"default\",\"editable\":false,\"data\":{\"filters\":{\"applied\":{\"placeholder\":true}},\"paging\":{\"pageSize\":20,\"current\":1,\"options\":{\"20\":{\"value\":20,\"label\":20},\"30\":{\"value\":30,\"label\":30},\"50\":{\"value\":50,\"label\":50},\"100\":{\"value\":100,\"label\":100},\"200\":{\"value\":200,\"label\":200}},\"value\":20},\"columns\":{\"theme_id\":{\"visible\":false,\"sorting\":\"asc\"},\"theme_title\":{\"visible\":true,\"sorting\":false},\"parent_theme_title\":{\"visible\":true,\"sorting\":false},\"theme_path\":{\"visible\":true,\"sorting\":false},\"actions\":{\"visible\":true,\"sorting\":false}},\"displayMode\":\"grid\",\"positions\":{\"theme_id\":0,\"theme_title\":1,\"parent_theme_title\":2,\"theme_path\":3,\"actions\":4}},\"value\":\"Vista predeterminada\"}}}','2024-01-26 23:33:41','2024-01-26 23:33:41'),(60,4,'design_theme_listing','current',0,NULL,'{\"current\":{\"filters\":{\"applied\":{\"placeholder\":true}},\"paging\":{\"pageSize\":20,\"current\":1,\"options\":{\"20\":{\"value\":20,\"label\":20},\"30\":{\"value\":30,\"label\":30},\"50\":{\"value\":50,\"label\":50},\"100\":{\"value\":100,\"label\":100},\"200\":{\"value\":200,\"label\":200}},\"value\":20},\"columns\":{\"theme_id\":{\"visible\":false,\"sorting\":\"asc\"},\"theme_title\":{\"visible\":true,\"sorting\":false},\"parent_theme_title\":{\"visible\":true,\"sorting\":false},\"theme_path\":{\"visible\":true,\"sorting\":false},\"actions\":{\"visible\":true,\"sorting\":false}},\"displayMode\":\"grid\",\"positions\":{\"theme_id\":0,\"theme_title\":1,\"parent_theme_title\":2,\"theme_path\":3,\"actions\":4}}}','2024-01-26 23:33:43','2024-01-26 23:33:43'),(61,4,'design_config_listing','default',1,'Vista predeterminada','{\"views\":{\"default\":{\"label\":\"Vista predeterminada\",\"index\":\"default\",\"editable\":false,\"data\":{\"filters\":{\"applied\":{\"placeholder\":true}},\"paging\":{\"pageSize\":20,\"current\":1,\"options\":{\"20\":{\"value\":20,\"label\":20},\"30\":{\"value\":30,\"label\":30},\"50\":{\"value\":50,\"label\":50},\"100\":{\"value\":100,\"label\":100},\"200\":{\"value\":200,\"label\":200}},\"value\":20},\"columns\":{\"default\":{\"visible\":true,\"sorting\":false},\"actions\":{\"visible\":true,\"sorting\":false},\"store_website_id\":{\"visible\":true,\"sorting\":false},\"store_group_id\":{\"visible\":true,\"sorting\":false},\"store_id\":{\"visible\":true,\"sorting\":false},\"theme_theme_id\":{\"visible\":true,\"sorting\":false}},\"displayMode\":\"grid\",\"positions\":{\"default\":0,\"store_website_id\":1,\"store_group_id\":2,\"store_id\":3,\"theme_theme_id\":4,\"actions\":5}},\"value\":\"Vista predeterminada\"}}}','2024-01-26 23:33:53','2024-01-26 23:33:53'),(62,4,'design_config_listing','current',0,NULL,'{\"current\":{\"filters\":{\"applied\":{\"placeholder\":true}},\"paging\":{\"pageSize\":20,\"current\":1,\"options\":{\"20\":{\"value\":20,\"label\":20},\"30\":{\"value\":30,\"label\":30},\"50\":{\"value\":50,\"label\":50},\"100\":{\"value\":100,\"label\":100},\"200\":{\"value\":200,\"label\":200}},\"value\":20},\"columns\":{\"default\":{\"visible\":true,\"sorting\":false},\"actions\":{\"visible\":true,\"sorting\":false},\"store_website_id\":{\"visible\":true,\"sorting\":false},\"store_group_id\":{\"visible\":true,\"sorting\":false},\"store_id\":{\"visible\":true,\"sorting\":false},\"theme_theme_id\":{\"visible\":true,\"sorting\":false}},\"displayMode\":\"grid\",\"positions\":{\"default\":0,\"store_website_id\":1,\"store_group_id\":2,\"store_id\":3,\"theme_theme_id\":4,\"actions\":5}}}','2024-01-26 23:33:55','2024-01-26 23:33:55'),(63,4,'cms_page_listing','default',1,'Vista predeterminada','{\"views\":{\"default\":{\"label\":\"Vista predeterminada\",\"index\":\"default\",\"editable\":false,\"data\":{\"search\":{\"value\":\"\"},\"filters\":{\"applied\":{\"placeholder\":true}},\"paging\":{\"pageSize\":20,\"current\":1,\"options\":{\"20\":{\"value\":20,\"label\":20},\"30\":{\"value\":30,\"label\":30},\"50\":{\"value\":50,\"label\":50},\"100\":{\"value\":100,\"label\":100},\"200\":{\"value\":200,\"label\":200}},\"value\":20},\"columns\":{\"page_id\":{\"visible\":true,\"sorting\":\"asc\"},\"title\":{\"visible\":true,\"sorting\":false},\"identifier\":{\"visible\":true,\"sorting\":false},\"store_id\":{\"visible\":true,\"sorting\":false},\"meta_title\":{\"visible\":false,\"sorting\":false},\"meta_keywords\":{\"visible\":false,\"sorting\":false},\"meta_description\":{\"visible\":false,\"sorting\":false},\"actions\":{\"visible\":true,\"sorting\":false},\"ids\":{\"visible\":true,\"sorting\":false},\"page_layout\":{\"visible\":true,\"sorting\":false},\"is_active\":{\"visible\":true,\"sorting\":false},\"custom_theme\":{\"visible\":false,\"sorting\":false},\"custom_root_template\":{\"visible\":false,\"sorting\":false},\"creation_time\":{\"visible\":true,\"sorting\":false},\"update_time\":{\"visible\":true,\"sorting\":false},\"custom_theme_from\":{\"visible\":false,\"sorting\":false},\"custom_theme_to\":{\"visible\":false,\"sorting\":false}},\"displayMode\":\"grid\",\"positions\":{\"ids\":0,\"page_id\":1,\"title\":2,\"identifier\":3,\"page_layout\":4,\"store_id\":5,\"is_active\":6,\"creation_time\":7,\"update_time\":8,\"custom_theme_from\":9,\"custom_theme_to\":10,\"custom_theme\":11,\"custom_root_template\":12,\"meta_title\":13,\"meta_keywords\":14,\"meta_description\":15,\"actions\":16}},\"value\":\"Vista predeterminada\"}}}','2024-01-26 23:35:41','2024-01-26 23:35:41'),(64,4,'cms_page_listing','current',0,NULL,'{\"current\":{\"search\":{\"value\":\"block-subscribe-footer\"},\"filters\":{\"applied\":{\"placeholder\":true}},\"paging\":{\"pageSize\":20,\"current\":1,\"options\":{\"20\":{\"value\":20,\"label\":20},\"30\":{\"value\":30,\"label\":30},\"50\":{\"value\":50,\"label\":50},\"100\":{\"value\":100,\"label\":100},\"200\":{\"value\":200,\"label\":200}},\"value\":20},\"columns\":{\"page_id\":{\"visible\":true,\"sorting\":\"asc\"},\"title\":{\"visible\":true,\"sorting\":false},\"identifier\":{\"visible\":true,\"sorting\":false},\"store_id\":{\"visible\":true,\"sorting\":false},\"meta_title\":{\"visible\":false,\"sorting\":false},\"meta_keywords\":{\"visible\":false,\"sorting\":false},\"meta_description\":{\"visible\":false,\"sorting\":false},\"actions\":{\"visible\":true,\"sorting\":false},\"ids\":{\"visible\":true,\"sorting\":false},\"page_layout\":{\"visible\":true,\"sorting\":false},\"is_active\":{\"visible\":true,\"sorting\":false},\"custom_theme\":{\"visible\":false,\"sorting\":false},\"custom_root_template\":{\"visible\":false,\"sorting\":false},\"creation_time\":{\"visible\":true,\"sorting\":false},\"update_time\":{\"visible\":true,\"sorting\":false},\"custom_theme_from\":{\"visible\":false,\"sorting\":false},\"custom_theme_to\":{\"visible\":false,\"sorting\":false}},\"displayMode\":\"grid\",\"positions\":{\"ids\":0,\"page_id\":1,\"title\":2,\"identifier\":3,\"page_layout\":4,\"store_id\":5,\"is_active\":6,\"creation_time\":7,\"update_time\":8,\"custom_theme_from\":9,\"custom_theme_to\":10,\"custom_theme\":11,\"custom_root_template\":12,\"meta_title\":13,\"meta_keywords\":14,\"meta_description\":15,\"actions\":16}}}','2024-01-26 23:35:42','2024-01-29 17:59:56'),(65,4,'cms_block_listing','default',1,'Vista predeterminada','{\"views\":{\"default\":{\"label\":\"Vista predeterminada\",\"index\":\"default\",\"editable\":false,\"data\":{\"search\":{\"value\":\"\"},\"filters\":{\"applied\":{\"placeholder\":true}},\"paging\":{\"pageSize\":20,\"current\":1,\"options\":{\"20\":{\"value\":20,\"label\":20},\"30\":{\"value\":30,\"label\":30},\"50\":{\"value\":50,\"label\":50},\"100\":{\"value\":100,\"label\":100},\"200\":{\"value\":200,\"label\":200}},\"value\":20},\"columns\":{\"block_id\":{\"visible\":true,\"sorting\":\"asc\"},\"title\":{\"visible\":true,\"sorting\":false},\"identifier\":{\"visible\":true,\"sorting\":false},\"store_id\":{\"visible\":true,\"sorting\":false},\"actions\":{\"visible\":true,\"sorting\":false},\"ids\":{\"visible\":true,\"sorting\":false},\"is_active\":{\"visible\":true,\"sorting\":false},\"creation_time\":{\"visible\":true,\"sorting\":false},\"update_time\":{\"visible\":true,\"sorting\":false}},\"displayMode\":\"grid\",\"positions\":{\"ids\":0,\"block_id\":1,\"title\":2,\"identifier\":3,\"store_id\":4,\"is_active\":5,\"creation_time\":6,\"update_time\":7,\"actions\":8}},\"value\":\"Vista predeterminada\"}}}','2024-01-26 23:36:36','2024-01-26 23:36:36'),(66,4,'cms_block_listing','current',0,NULL,'{\"current\":{\"search\":{\"value\":\"\"},\"filters\":{\"applied\":{\"placeholder\":true}},\"paging\":{\"pageSize\":20,\"current\":1,\"options\":{\"20\":{\"value\":20,\"label\":20},\"30\":{\"value\":30,\"label\":30},\"50\":{\"value\":50,\"label\":50},\"100\":{\"value\":100,\"label\":100},\"200\":{\"value\":200,\"label\":200}},\"value\":20},\"columns\":{\"block_id\":{\"visible\":true,\"sorting\":\"asc\"},\"title\":{\"visible\":true,\"sorting\":false},\"identifier\":{\"visible\":true,\"sorting\":false},\"store_id\":{\"visible\":true,\"sorting\":false},\"actions\":{\"visible\":true,\"sorting\":false},\"ids\":{\"visible\":true,\"sorting\":false},\"is_active\":{\"visible\":true,\"sorting\":false},\"creation_time\":{\"visible\":true,\"sorting\":false},\"update_time\":{\"visible\":true,\"sorting\":false}},\"displayMode\":\"grid\",\"positions\":{\"ids\":0,\"block_id\":1,\"title\":2,\"identifier\":3,\"store_id\":4,\"is_active\":5,\"creation_time\":6,\"update_time\":7,\"actions\":8}}}','2024-01-26 23:36:37','2024-01-26 23:36:37'),(67,4,'standalone_media_gallery_listing','default',1,'Vista predeterminada','{\"views\":{\"default\":{\"label\":\"Vista predeterminada\",\"index\":\"default\",\"editable\":false,\"data\":{\"search\":{\"value\":\"\"},\"filters\":{\"applied\":{\"placeholder\":true}},\"paging\":{\"pageSize\":\"32\",\"current\":1,\"options\":{\"32\":{\"value\":32,\"label\":\"32\"},\"48\":{\"value\":48,\"label\":\"48\"},\"64\":{\"value\":64,\"label\":\"64\"}},\"value\":\"32\"},\"columns\":{\"newest_first\":{\"visible\":false,\"sorting\":false},\"oldest_first\":{\"visible\":false,\"sorting\":false},\"created_at\":{\"visible\":false,\"sorting\":false},\"path\":{\"visible\":false,\"sorting\":false},\"directory_desc\":{\"visible\":false,\"sorting\":false},\"directory_asc\":{\"visible\":false,\"sorting\":false},\"title\":{\"visible\":false,\"sorting\":false},\"name_az\":{\"visible\":false,\"sorting\":false},\"name_za\":{\"visible\":false,\"sorting\":false},\"source\":{\"visible\":false,\"sorting\":false},\"overlay\":{\"visible\":true,\"sorting\":false},\"thumbnail_url\":{\"visible\":true,\"sorting\":false}},\"displayMode\":\"grid\",\"positions\":{\"source\":0,\"overlay\":1,\"thumbnail_url\":2,\"newest_first\":3,\"oldest_first\":4,\"created_at\":5,\"path\":6,\"directory_desc\":7,\"directory_asc\":8,\"title\":9,\"name_az\":10,\"name_za\":11}},\"value\":\"Vista predeterminada\"}}}','2024-01-26 23:39:10','2024-01-26 23:39:10'),(68,4,'standalone_adobe_stock_images_listing','default',1,'Vista predeterminada','{\"views\":{\"default\":{\"label\":\"Vista predeterminada\",\"index\":\"default\",\"editable\":false,\"data\":{\"search\":{\"value\":\"\"},\"filters\":{\"applied\":{\"placeholder\":true}},\"paging\":{\"pageSize\":32,\"current\":1,\"value\":32},\"columns\":{\"relevance\":{\"visible\":false,\"sorting\":false},\"creation\":{\"visible\":false,\"sorting\":false},\"popularity\":{\"visible\":false,\"sorting\":false},\"nb_downloads\":{\"visible\":false,\"sorting\":false},\"undiscovered\":{\"visible\":false,\"sorting\":false},\"thumbnail_url\":{\"visible\":true,\"sorting\":false},\"overlay\":{\"visible\":true,\"sorting\":false},\"preview\":{\"visible\":true,\"sorting\":false,\"lastOpenedImage\":false}},\"displayMode\":\"grid\",\"positions\":{\"overlay\":0,\"thumbnail_url\":1,\"preview\":2,\"relevance\":3,\"creation\":4,\"popularity\":5,\"nb_downloads\":6,\"undiscovered\":7}},\"value\":\"Vista predeterminada\"}}}','2024-01-26 23:39:10','2024-01-26 23:39:10'),(69,4,'standalone_media_gallery_listing','current',0,NULL,'{\"current\":{\"search\":{\"value\":\"\"},\"filters\":{\"applied\":{\"placeholder\":true,\"path\":\"wysiwyg\"}},\"paging\":{\"pageSize\":\"32\",\"current\":1,\"options\":{\"32\":{\"value\":32,\"label\":\"32\"},\"48\":{\"value\":48,\"label\":\"48\"},\"64\":{\"value\":64,\"label\":\"64\"}},\"value\":\"32\"},\"columns\":{\"newest_first\":{\"visible\":false,\"sorting\":false},\"oldest_first\":{\"visible\":false,\"sorting\":false},\"created_at\":{\"visible\":false,\"sorting\":false},\"path\":{\"visible\":false,\"sorting\":false},\"directory_desc\":{\"visible\":false,\"sorting\":false},\"directory_asc\":{\"visible\":false,\"sorting\":false},\"title\":{\"visible\":false,\"sorting\":false},\"name_az\":{\"visible\":false,\"sorting\":false},\"name_za\":{\"visible\":false,\"sorting\":false},\"source\":{\"visible\":false,\"sorting\":false},\"overlay\":{\"visible\":true,\"sorting\":false},\"thumbnail_url\":{\"visible\":true,\"sorting\":false}},\"displayMode\":\"grid\",\"positions\":{\"source\":0,\"overlay\":1,\"thumbnail_url\":2,\"newest_first\":3,\"oldest_first\":4,\"created_at\":5,\"path\":6,\"directory_desc\":7,\"directory_asc\":8,\"title\":9,\"name_az\":10,\"name_za\":11}}}','2024-01-26 23:39:12','2024-01-29 15:49:27'),(70,4,'standalone_adobe_stock_images_listing','current',0,NULL,'{\"current\":{\"search\":{\"value\":\"\"},\"filters\":{\"applied\":{\"placeholder\":true}},\"paging\":{\"pageSize\":32,\"current\":1,\"value\":32},\"columns\":{\"relevance\":{\"visible\":false,\"sorting\":false},\"creation\":{\"visible\":false,\"sorting\":false},\"popularity\":{\"visible\":false,\"sorting\":false},\"nb_downloads\":{\"visible\":false,\"sorting\":false},\"undiscovered\":{\"visible\":false,\"sorting\":false},\"thumbnail_url\":{\"visible\":true,\"sorting\":false},\"overlay\":{\"visible\":true,\"sorting\":false},\"preview\":{\"visible\":true,\"sorting\":false,\"lastOpenedImage\":false}},\"displayMode\":\"grid\",\"positions\":{\"overlay\":0,\"thumbnail_url\":1,\"preview\":2,\"relevance\":3,\"creation\":4,\"popularity\":5,\"nb_downloads\":6,\"undiscovered\":7}}}','2024-01-26 23:39:12','2024-01-26 23:39:12'),(71,4,'customer_listing','default',1,'Vista predeterminada','{\"views\":{\"default\":{\"label\":\"Vista predeterminada\",\"index\":\"default\",\"editable\":false,\"data\":{\"paging\":{\"pageSize\":20,\"current\":1,\"options\":{\"20\":{\"value\":20,\"label\":20},\"30\":{\"value\":30,\"label\":30},\"50\":{\"value\":50,\"label\":50},\"100\":{\"value\":100,\"label\":100},\"200\":{\"value\":200,\"label\":200}},\"value\":20},\"columns\":{\"entity_id\":{\"visible\":true,\"sorting\":\"asc\"},\"name\":{\"visible\":true,\"sorting\":false},\"email\":{\"visible\":true,\"sorting\":false},\"billing_telephone\":{\"visible\":true,\"sorting\":false},\"billing_postcode\":{\"visible\":true,\"sorting\":false},\"billing_region\":{\"visible\":true,\"sorting\":false},\"confirmation\":{\"visible\":true,\"sorting\":false},\"created_in\":{\"visible\":true,\"sorting\":false},\"billing_full\":{\"visible\":false,\"sorting\":false},\"shipping_full\":{\"visible\":false,\"sorting\":false},\"taxvat\":{\"visible\":true,\"sorting\":false},\"billing_street\":{\"visible\":false,\"sorting\":false},\"billing_city\":{\"visible\":false,\"sorting\":false},\"billing_fax\":{\"visible\":false,\"sorting\":false},\"billing_vat_id\":{\"visible\":false,\"sorting\":false},\"billing_company\":{\"visible\":false,\"sorting\":false},\"billing_firstname\":{\"visible\":false,\"sorting\":false},\"billing_lastname\":{\"visible\":false,\"sorting\":false},\"lock_expires\":{\"visible\":false,\"sorting\":false},\"actions\":{\"visible\":true,\"sorting\":false},\"ids\":{\"visible\":true,\"sorting\":false},\"group_id\":{\"visible\":true,\"sorting\":false},\"billing_country_id\":{\"visible\":true,\"sorting\":false},\"website_id\":{\"visible\":true,\"sorting\":false},\"gender\":{\"visible\":true,\"sorting\":false},\"created_at\":{\"visible\":true,\"sorting\":false},\"dob\":{\"visible\":true,\"sorting\":false}},\"displayMode\":\"grid\",\"positions\":{\"ids\":0,\"entity_id\":1,\"name\":2,\"email\":3,\"group_id\":4,\"billing_telephone\":5,\"billing_postcode\":6,\"billing_country_id\":7,\"billing_region\":8,\"created_at\":9,\"website_id\":10,\"confirmation\":11,\"created_in\":12,\"billing_full\":13,\"shipping_full\":14,\"dob\":15,\"taxvat\":16,\"gender\":17,\"billing_street\":18,\"billing_city\":19,\"billing_fax\":20,\"billing_vat_id\":21,\"billing_company\":22,\"billing_firstname\":23,\"billing_lastname\":24,\"lock_expires\":25,\"actions\":26},\"search\":{\"value\":\"client-says\"},\"filters\":{\"applied\":{\"placeholder\":true}}},\"value\":\"Vista predeterminada\"}}}','2024-01-26 23:41:53','2024-01-26 23:41:53'),(72,4,'customer_listing','current',0,NULL,'{\"current\":{\"paging\":{\"pageSize\":20,\"current\":1,\"options\":{\"20\":{\"value\":20,\"label\":20},\"30\":{\"value\":30,\"label\":30},\"50\":{\"value\":50,\"label\":50},\"100\":{\"value\":100,\"label\":100},\"200\":{\"value\":200,\"label\":200}},\"value\":20},\"columns\":{\"entity_id\":{\"visible\":true,\"sorting\":\"asc\"},\"name\":{\"visible\":true,\"sorting\":false},\"email\":{\"visible\":true,\"sorting\":false},\"billing_telephone\":{\"visible\":true,\"sorting\":false},\"billing_postcode\":{\"visible\":true,\"sorting\":false},\"billing_region\":{\"visible\":true,\"sorting\":false},\"confirmation\":{\"visible\":true,\"sorting\":false},\"created_in\":{\"visible\":true,\"sorting\":false},\"billing_full\":{\"visible\":false,\"sorting\":false},\"shipping_full\":{\"visible\":false,\"sorting\":false},\"taxvat\":{\"visible\":true,\"sorting\":false},\"billing_street\":{\"visible\":false,\"sorting\":false},\"billing_city\":{\"visible\":false,\"sorting\":false},\"billing_fax\":{\"visible\":false,\"sorting\":false},\"billing_vat_id\":{\"visible\":false,\"sorting\":false},\"billing_company\":{\"visible\":false,\"sorting\":false},\"billing_firstname\":{\"visible\":false,\"sorting\":false},\"billing_lastname\":{\"visible\":false,\"sorting\":false},\"lock_expires\":{\"visible\":false,\"sorting\":false},\"actions\":{\"visible\":true,\"sorting\":false},\"ids\":{\"visible\":true,\"sorting\":false},\"group_id\":{\"visible\":true,\"sorting\":false},\"billing_country_id\":{\"visible\":true,\"sorting\":false},\"website_id\":{\"visible\":true,\"sorting\":false},\"gender\":{\"visible\":true,\"sorting\":false},\"created_at\":{\"visible\":true,\"sorting\":false},\"dob\":{\"visible\":true,\"sorting\":false}},\"displayMode\":\"grid\",\"positions\":{\"ids\":0,\"entity_id\":1,\"name\":2,\"email\":3,\"group_id\":4,\"billing_telephone\":5,\"billing_postcode\":6,\"billing_country_id\":7,\"billing_region\":8,\"created_at\":9,\"website_id\":10,\"confirmation\":11,\"created_in\":12,\"billing_full\":13,\"shipping_full\":14,\"dob\":15,\"taxvat\":16,\"gender\":17,\"billing_street\":18,\"billing_city\":19,\"billing_fax\":20,\"billing_vat_id\":21,\"billing_company\":22,\"billing_firstname\":23,\"billing_lastname\":24,\"lock_expires\":25,\"actions\":26},\"search\":{\"value\":\"\"},\"filters\":{\"applied\":{\"placeholder\":true}}}}','2024-01-26 23:41:54','2024-01-26 23:41:56'),(73,3,'product_attributes_listing','default',1,'Default View','{\"views\":{\"default\":{\"label\":\"Default View\",\"index\":\"default\",\"editable\":false,\"data\":{\"paging\":{\"pageSize\":20,\"current\":1,\"options\":{\"20\":{\"value\":20,\"label\":20},\"30\":{\"value\":30,\"label\":30},\"50\":{\"value\":50,\"label\":50},\"100\":{\"value\":100,\"label\":100},\"200\":{\"value\":200,\"label\":200}},\"value\":20},\"columns\":{\"ids\":{\"visible\":true,\"sorting\":false},\"attribute_code\":{\"visible\":true,\"sorting\":\"asc\"},\"frontend_label\":{\"visible\":true,\"sorting\":false},\"is_required\":{\"visible\":true,\"sorting\":false},\"is_user_defined\":{\"visible\":true,\"sorting\":false},\"is_visible\":{\"visible\":true,\"sorting\":false},\"is_global\":{\"visible\":true,\"sorting\":false},\"is_searchable\":{\"visible\":true,\"sorting\":false},\"is_comparable\":{\"visible\":true,\"sorting\":false},\"is_filterable\":{\"visible\":true,\"sorting\":false}},\"displayMode\":\"grid\",\"positions\":{\"ids\":0,\"attribute_code\":1,\"frontend_label\":2,\"is_required\":3,\"is_user_defined\":4,\"is_visible\":5,\"is_global\":6,\"is_searchable\":7,\"is_comparable\":8,\"is_filterable\":9}},\"value\":\"Default View\"}}}','2024-01-27 00:23:22','2024-01-27 00:23:22'),(74,3,'product_attributes_listing','current',0,NULL,'{\"current\":{\"paging\":{\"pageSize\":20,\"current\":1,\"options\":{\"20\":{\"value\":20,\"label\":20},\"30\":{\"value\":30,\"label\":30},\"50\":{\"value\":50,\"label\":50},\"100\":{\"value\":100,\"label\":100},\"200\":{\"value\":200,\"label\":200}},\"value\":20},\"columns\":{\"ids\":{\"visible\":true,\"sorting\":false},\"attribute_code\":{\"visible\":true,\"sorting\":\"asc\"},\"frontend_label\":{\"visible\":true,\"sorting\":false},\"is_required\":{\"visible\":true,\"sorting\":false},\"is_user_defined\":{\"visible\":true,\"sorting\":false},\"is_visible\":{\"visible\":true,\"sorting\":false},\"is_global\":{\"visible\":true,\"sorting\":false},\"is_searchable\":{\"visible\":true,\"sorting\":false},\"is_comparable\":{\"visible\":true,\"sorting\":false},\"is_filterable\":{\"visible\":true,\"sorting\":false}},\"displayMode\":\"grid\",\"positions\":{\"ids\":0,\"attribute_code\":1,\"frontend_label\":2,\"is_required\":3,\"is_user_defined\":4,\"is_visible\":5,\"is_global\":6,\"is_searchable\":7,\"is_comparable\":8,\"is_filterable\":9}}}','2024-01-27 00:23:24','2024-01-27 00:23:24'),(75,4,'adobe_stock_images_listing','default',1,'Vista predeterminada','{\"views\":{\"default\":{\"label\":\"Vista predeterminada\",\"index\":\"default\",\"editable\":false,\"data\":{\"search\":{\"value\":\"\"},\"filters\":{\"applied\":{\"placeholder\":true}},\"columns\":{\"thumbnail_url\":{\"visible\":true,\"sorting\":false},\"overlay\":{\"visible\":true,\"sorting\":false},\"preview\":{\"visible\":true,\"sorting\":false,\"lastOpenedImage\":false},\"relevance\":{\"visible\":false,\"sorting\":false},\"creation\":{\"visible\":false,\"sorting\":false},\"popularity\":{\"visible\":false,\"sorting\":false},\"nb_downloads\":{\"visible\":false,\"sorting\":false},\"undiscovered\":{\"visible\":false,\"sorting\":false}},\"paging\":{\"pageSize\":32,\"current\":1,\"value\":32},\"displayMode\":\"grid\",\"positions\":{\"overlay\":0,\"thumbnail_url\":1,\"preview\":2,\"relevance\":3,\"creation\":4,\"popularity\":5,\"nb_downloads\":6,\"undiscovered\":7}},\"value\":\"Vista predeterminada\"}}}','2024-01-29 15:58:25','2024-01-29 15:58:25'),(76,4,'media_gallery_listing','default',1,'Vista predeterminada','{\"views\":{\"default\":{\"label\":\"Vista predeterminada\",\"index\":\"default\",\"editable\":false,\"data\":{\"search\":{\"value\":\"\"},\"filters\":{\"applied\":{\"placeholder\":true}},\"columns\":{\"source\":{\"visible\":false,\"sorting\":false},\"overlay\":{\"visible\":true,\"sorting\":false},\"thumbnail_url\":{\"visible\":true,\"sorting\":false},\"newest_first\":{\"visible\":false,\"sorting\":false},\"oldest_first\":{\"visible\":false,\"sorting\":false},\"created_at\":{\"visible\":false,\"sorting\":false},\"path\":{\"visible\":false,\"sorting\":false},\"directory_desc\":{\"visible\":false,\"sorting\":false},\"directory_asc\":{\"visible\":false,\"sorting\":false},\"title\":{\"visible\":false,\"sorting\":false},\"name_az\":{\"visible\":false,\"sorting\":false},\"name_za\":{\"visible\":false,\"sorting\":false}},\"paging\":{\"pageSize\":\"32\",\"current\":1,\"options\":{\"32\":{\"value\":32,\"label\":\"32\"},\"48\":{\"value\":48,\"label\":\"48\"},\"64\":{\"value\":64,\"label\":\"64\"}},\"value\":\"32\"},\"displayMode\":\"grid\",\"positions\":{\"source\":0,\"overlay\":1,\"thumbnail_url\":2,\"newest_first\":3,\"oldest_first\":4,\"created_at\":5,\"path\":6,\"directory_desc\":7,\"directory_asc\":8,\"title\":9,\"name_az\":10,\"name_za\":11}},\"value\":\"Vista predeterminada\"}}}','2024-01-29 15:58:25','2024-01-29 15:58:25'),(77,4,'adobe_stock_images_listing','current',0,NULL,'{\"current\":{\"search\":{\"value\":\"\"},\"filters\":{\"applied\":{\"placeholder\":true}},\"columns\":{\"thumbnail_url\":{\"visible\":true,\"sorting\":false},\"overlay\":{\"visible\":true,\"sorting\":false},\"preview\":{\"visible\":true,\"sorting\":false,\"lastOpenedImage\":false},\"relevance\":{\"visible\":false,\"sorting\":false},\"creation\":{\"visible\":false,\"sorting\":false},\"popularity\":{\"visible\":false,\"sorting\":false},\"nb_downloads\":{\"visible\":false,\"sorting\":false},\"undiscovered\":{\"visible\":false,\"sorting\":false}},\"paging\":{\"pageSize\":32,\"current\":1,\"value\":32},\"displayMode\":\"grid\",\"positions\":{\"overlay\":0,\"thumbnail_url\":1,\"preview\":2,\"relevance\":3,\"creation\":4,\"popularity\":5,\"nb_downloads\":6,\"undiscovered\":7}}}','2024-01-29 15:58:26','2024-01-29 15:58:26'),(78,4,'media_gallery_listing','current',0,NULL,'{\"current\":{\"search\":{\"value\":\"\"},\"filters\":{\"applied\":{\"placeholder\":true,\"path\":\"wysiwyg\"}},\"columns\":{\"source\":{\"visible\":false,\"sorting\":false},\"overlay\":{\"visible\":true,\"sorting\":false},\"thumbnail_url\":{\"visible\":true,\"sorting\":false},\"newest_first\":{\"visible\":false,\"sorting\":false},\"oldest_first\":{\"visible\":false,\"sorting\":false},\"created_at\":{\"visible\":false,\"sorting\":false},\"path\":{\"visible\":false,\"sorting\":false},\"directory_desc\":{\"visible\":false,\"sorting\":false},\"directory_asc\":{\"visible\":false,\"sorting\":false},\"title\":{\"visible\":false,\"sorting\":false},\"name_az\":{\"visible\":false,\"sorting\":false},\"name_za\":{\"visible\":false,\"sorting\":false}},\"paging\":{\"pageSize\":\"32\",\"current\":1,\"options\":{\"32\":{\"value\":32,\"label\":\"32\"},\"48\":{\"value\":48,\"label\":\"48\"},\"64\":{\"value\":64,\"label\":\"64\"}},\"value\":\"32\"},\"displayMode\":\"grid\",\"positions\":{\"source\":0,\"overlay\":1,\"thumbnail_url\":2,\"newest_first\":3,\"oldest_first\":4,\"created_at\":5,\"path\":6,\"directory_desc\":7,\"directory_asc\":8,\"title\":9,\"name_az\":10,\"name_za\":11}}}','2024-01-29 15:58:26','2024-01-29 15:58:26'),(79,4,'product_listing','default',1,'Vista predeterminada','{\"views\":{\"default\":{\"label\":\"Vista predeterminada\",\"index\":\"default\",\"editable\":false,\"data\":{\"filters\":{\"applied\":{\"placeholder\":true}},\"paging\":{\"pageSize\":20,\"current\":1,\"options\":{\"20\":{\"value\":20,\"label\":20},\"30\":{\"value\":30,\"label\":30},\"50\":{\"value\":50,\"label\":50},\"100\":{\"value\":100,\"label\":100},\"200\":{\"value\":200,\"label\":200}},\"value\":20},\"search\":{\"value\":\"\"},\"columns\":{\"entity_id\":{\"visible\":true,\"sorting\":\"asc\"},\"name\":{\"visible\":true,\"sorting\":false},\"sku\":{\"visible\":true,\"sorting\":false},\"price\":{\"visible\":true,\"sorting\":false},\"websites\":{\"visible\":true,\"sorting\":false},\"qty\":{\"visible\":true,\"sorting\":false},\"short_description\":{\"visible\":false,\"sorting\":false},\"special_price\":{\"visible\":false,\"sorting\":false},\"cost\":{\"visible\":false,\"sorting\":false},\"weight\":{\"visible\":false,\"sorting\":false},\"meta_title\":{\"visible\":false,\"sorting\":false},\"meta_keyword\":{\"visible\":false,\"sorting\":false},\"meta_description\":{\"visible\":false,\"sorting\":false},\"url_key\":{\"visible\":false,\"sorting\":false},\"msrp\":{\"visible\":false,\"sorting\":false},\"ean\":{\"visible\":true,\"sorting\":false},\"city\":{\"visible\":false,\"sorting\":false},\"actions\":{\"visible\":true,\"sorting\":false},\"ids\":{\"visible\":true,\"sorting\":false},\"type_id\":{\"visible\":true,\"sorting\":false},\"attribute_set_id\":{\"visible\":true,\"sorting\":false},\"visibility\":{\"visible\":true,\"sorting\":false},\"status\":{\"visible\":true,\"sorting\":false},\"manufacturer\":{\"visible\":false,\"sorting\":false},\"color\":{\"visible\":false,\"sorting\":false},\"custom_design\":{\"visible\":false,\"sorting\":false},\"page_layout\":{\"visible\":false,\"sorting\":false},\"country_of_manufacture\":{\"visible\":false,\"sorting\":false},\"custom_layout\":{\"visible\":false,\"sorting\":false},\"gift_message_available\":{\"visible\":false,\"sorting\":false},\"tax_class_id\":{\"visible\":false,\"sorting\":false},\"updated_at\":{\"visible\":true,\"sorting\":false},\"special_from_date\":{\"visible\":false,\"sorting\":false},\"special_to_date\":{\"visible\":false,\"sorting\":false},\"news_from_date\":{\"visible\":false,\"sorting\":false},\"news_to_date\":{\"visible\":false,\"sorting\":false},\"custom_design_from\":{\"visible\":false,\"sorting\":false},\"custom_design_to\":{\"visible\":false,\"sorting\":false},\"salable_quantity\":{\"visible\":true,\"sorting\":false},\"thumbnail\":{\"visible\":true,\"sorting\":false}},\"displayMode\":\"grid\",\"positions\":{\"ids\":0,\"entity_id\":1,\"thumbnail\":2,\"name\":3,\"type_id\":4,\"attribute_set_id\":5,\"sku\":6,\"price\":7,\"qty\":8,\"salable_quantity\":9,\"visibility\":10,\"status\":11,\"websites\":12,\"short_description\":13,\"special_price\":14,\"special_from_date\":15,\"special_to_date\":16,\"cost\":17,\"weight\":18,\"manufacturer\":19,\"meta_title\":20,\"meta_keyword\":21,\"meta_description\":22,\"color\":23,\"news_from_date\":24,\"news_to_date\":25,\"custom_design\":26,\"custom_design_from\":27,\"custom_design_to\":28,\"page_layout\":29,\"country_of_manufacture\":30,\"custom_layout\":31,\"url_key\":32,\"msrp\":33,\"gift_message_available\":34,\"tax_class_id\":35,\"ean\":36,\"city\":37,\"updated_at\":38,\"actions\":39}},\"value\":\"Vista predeterminada\"}}}','2024-01-29 18:10:04','2024-01-29 18:10:04'),(80,4,'product_listing','current',0,NULL,'{\"current\":{\"filters\":{\"applied\":{\"placeholder\":true}},\"paging\":{\"pageSize\":20,\"current\":1,\"options\":{\"20\":{\"value\":20,\"label\":20},\"30\":{\"value\":30,\"label\":30},\"50\":{\"value\":50,\"label\":50},\"100\":{\"value\":100,\"label\":100},\"200\":{\"value\":200,\"label\":200}},\"value\":20},\"search\":{\"value\":\"\"},\"columns\":{\"entity_id\":{\"visible\":true,\"sorting\":\"asc\"},\"name\":{\"visible\":true,\"sorting\":false},\"sku\":{\"visible\":true,\"sorting\":false},\"price\":{\"visible\":true,\"sorting\":false},\"websites\":{\"visible\":true,\"sorting\":false},\"qty\":{\"visible\":true,\"sorting\":false},\"short_description\":{\"visible\":false,\"sorting\":false},\"special_price\":{\"visible\":false,\"sorting\":false},\"cost\":{\"visible\":false,\"sorting\":false},\"weight\":{\"visible\":false,\"sorting\":false},\"meta_title\":{\"visible\":false,\"sorting\":false},\"meta_keyword\":{\"visible\":false,\"sorting\":false},\"meta_description\":{\"visible\":false,\"sorting\":false},\"url_key\":{\"visible\":false,\"sorting\":false},\"msrp\":{\"visible\":false,\"sorting\":false},\"ean\":{\"visible\":true,\"sorting\":false},\"city\":{\"visible\":false,\"sorting\":false},\"actions\":{\"visible\":true,\"sorting\":false},\"ids\":{\"visible\":true,\"sorting\":false},\"type_id\":{\"visible\":true,\"sorting\":false},\"attribute_set_id\":{\"visible\":true,\"sorting\":false},\"visibility\":{\"visible\":true,\"sorting\":false},\"status\":{\"visible\":true,\"sorting\":false},\"manufacturer\":{\"visible\":false,\"sorting\":false},\"color\":{\"visible\":false,\"sorting\":false},\"custom_design\":{\"visible\":false,\"sorting\":false},\"page_layout\":{\"visible\":false,\"sorting\":false},\"country_of_manufacture\":{\"visible\":false,\"sorting\":false},\"custom_layout\":{\"visible\":false,\"sorting\":false},\"gift_message_available\":{\"visible\":false,\"sorting\":false},\"tax_class_id\":{\"visible\":false,\"sorting\":false},\"updated_at\":{\"visible\":true,\"sorting\":false},\"special_from_date\":{\"visible\":false,\"sorting\":false},\"special_to_date\":{\"visible\":false,\"sorting\":false},\"news_from_date\":{\"visible\":false,\"sorting\":false},\"news_to_date\":{\"visible\":false,\"sorting\":false},\"custom_design_from\":{\"visible\":false,\"sorting\":false},\"custom_design_to\":{\"visible\":false,\"sorting\":false},\"salable_quantity\":{\"visible\":true,\"sorting\":false},\"thumbnail\":{\"visible\":true,\"sorting\":false}},\"displayMode\":\"grid\",\"positions\":{\"ids\":0,\"entity_id\":1,\"thumbnail\":2,\"name\":3,\"type_id\":4,\"attribute_set_id\":5,\"sku\":6,\"price\":7,\"qty\":8,\"salable_quantity\":9,\"visibility\":10,\"status\":11,\"websites\":12,\"short_description\":13,\"special_price\":14,\"special_from_date\":15,\"special_to_date\":16,\"cost\":17,\"weight\":18,\"manufacturer\":19,\"meta_title\":20,\"meta_keyword\":21,\"meta_description\":22,\"color\":23,\"news_from_date\":24,\"news_to_date\":25,\"custom_design\":26,\"custom_design_from\":27,\"custom_design_to\":28,\"page_layout\":29,\"country_of_manufacture\":30,\"custom_layout\":31,\"url_key\":32,\"msrp\":33,\"gift_message_available\":34,\"tax_class_id\":35,\"ean\":36,\"city\":37,\"updated_at\":38,\"actions\":39}}}','2024-01-29 18:10:05','2024-01-29 18:10:05'),(81,5,'cms_block_listing','default',1,'Vista predeterminada','{\"views\":{\"default\":{\"label\":\"Vista predeterminada\",\"index\":\"default\",\"editable\":false,\"data\":{\"search\":{\"value\":\"\"},\"filters\":{\"applied\":{\"placeholder\":true}},\"columns\":{\"block_id\":{\"visible\":true,\"sorting\":\"asc\"},\"title\":{\"visible\":true,\"sorting\":false},\"identifier\":{\"visible\":true,\"sorting\":false},\"store_id\":{\"visible\":true,\"sorting\":false},\"actions\":{\"visible\":true,\"sorting\":false},\"ids\":{\"visible\":true,\"sorting\":false},\"is_active\":{\"visible\":true,\"sorting\":false},\"creation_time\":{\"visible\":true,\"sorting\":false},\"update_time\":{\"visible\":true,\"sorting\":false}},\"paging\":{\"pageSize\":20,\"current\":1,\"options\":{\"20\":{\"value\":20,\"label\":20},\"30\":{\"value\":30,\"label\":30},\"50\":{\"value\":50,\"label\":50},\"100\":{\"value\":100,\"label\":100},\"200\":{\"value\":200,\"label\":200}},\"value\":20},\"displayMode\":\"grid\",\"positions\":{\"ids\":0,\"block_id\":1,\"title\":2,\"identifier\":3,\"store_id\":4,\"is_active\":5,\"creation_time\":6,\"update_time\":7,\"actions\":8}},\"value\":\"Vista predeterminada\"}}}','2024-01-30 03:02:01','2024-01-30 03:02:01'),(82,5,'cms_block_listing','current',0,NULL,'{\"current\":{\"search\":{\"value\":\"\"},\"filters\":{\"applied\":{\"placeholder\":true}},\"columns\":{\"block_id\":{\"visible\":true,\"sorting\":\"asc\"},\"title\":{\"visible\":true,\"sorting\":false},\"identifier\":{\"visible\":true,\"sorting\":false},\"store_id\":{\"visible\":true,\"sorting\":false},\"actions\":{\"visible\":true,\"sorting\":false},\"ids\":{\"visible\":true,\"sorting\":false},\"is_active\":{\"visible\":true,\"sorting\":false},\"creation_time\":{\"visible\":true,\"sorting\":false},\"update_time\":{\"visible\":true,\"sorting\":false}},\"paging\":{\"pageSize\":20,\"current\":1,\"options\":{\"20\":{\"value\":20,\"label\":20},\"30\":{\"value\":30,\"label\":30},\"50\":{\"value\":50,\"label\":50},\"100\":{\"value\":100,\"label\":100},\"200\":{\"value\":200,\"label\":200}},\"value\":20},\"displayMode\":\"grid\",\"positions\":{\"ids\":0,\"block_id\":1,\"title\":2,\"identifier\":3,\"store_id\":4,\"is_active\":5,\"creation_time\":6,\"update_time\":7,\"actions\":8}}}','2024-01-30 03:02:02','2024-01-30 03:02:02'),(83,5,'product_listing','default',1,'Vista predeterminada','{\"views\":{\"default\":{\"label\":\"Vista predeterminada\",\"index\":\"default\",\"editable\":false,\"data\":{\"filters\":{\"applied\":{\"placeholder\":true}},\"columns\":{\"entity_id\":{\"visible\":true,\"sorting\":\"asc\"},\"name\":{\"visible\":true,\"sorting\":false},\"sku\":{\"visible\":true,\"sorting\":false},\"price\":{\"visible\":true,\"sorting\":false},\"websites\":{\"visible\":true,\"sorting\":false},\"qty\":{\"visible\":true,\"sorting\":false},\"short_description\":{\"visible\":false,\"sorting\":false},\"special_price\":{\"visible\":false,\"sorting\":false},\"cost\":{\"visible\":false,\"sorting\":false},\"weight\":{\"visible\":false,\"sorting\":false},\"meta_title\":{\"visible\":false,\"sorting\":false},\"meta_keyword\":{\"visible\":false,\"sorting\":false},\"meta_description\":{\"visible\":false,\"sorting\":false},\"url_key\":{\"visible\":false,\"sorting\":false},\"msrp\":{\"visible\":false,\"sorting\":false},\"ean\":{\"visible\":true,\"sorting\":false},\"city\":{\"visible\":false,\"sorting\":false},\"actions\":{\"visible\":true,\"sorting\":false},\"ids\":{\"visible\":true,\"sorting\":false},\"type_id\":{\"visible\":true,\"sorting\":false},\"attribute_set_id\":{\"visible\":true,\"sorting\":false},\"visibility\":{\"visible\":true,\"sorting\":false},\"status\":{\"visible\":true,\"sorting\":false},\"manufacturer\":{\"visible\":false,\"sorting\":false},\"color\":{\"visible\":false,\"sorting\":false},\"custom_design\":{\"visible\":false,\"sorting\":false},\"page_layout\":{\"visible\":false,\"sorting\":false},\"country_of_manufacture\":{\"visible\":false,\"sorting\":false},\"custom_layout\":{\"visible\":false,\"sorting\":false},\"gift_message_available\":{\"visible\":false,\"sorting\":false},\"tax_class_id\":{\"visible\":false,\"sorting\":false},\"salable_quantity\":{\"visible\":true,\"sorting\":false},\"thumbnail\":{\"visible\":true,\"sorting\":false},\"updated_at\":{\"visible\":true,\"sorting\":false},\"special_from_date\":{\"visible\":false,\"sorting\":false},\"special_to_date\":{\"visible\":false,\"sorting\":false},\"news_from_date\":{\"visible\":false,\"sorting\":false},\"news_to_date\":{\"visible\":false,\"sorting\":false},\"custom_design_from\":{\"visible\":false,\"sorting\":false},\"custom_design_to\":{\"visible\":false,\"sorting\":false}},\"paging\":{\"pageSize\":20,\"current\":1,\"options\":{\"20\":{\"value\":20,\"label\":20},\"30\":{\"value\":30,\"label\":30},\"50\":{\"value\":50,\"label\":50},\"100\":{\"value\":100,\"label\":100},\"200\":{\"value\":200,\"label\":200}},\"value\":20},\"search\":{\"value\":\"\"},\"displayMode\":\"grid\",\"positions\":{\"ids\":0,\"entity_id\":1,\"thumbnail\":2,\"name\":3,\"type_id\":4,\"attribute_set_id\":5,\"sku\":6,\"price\":7,\"qty\":8,\"salable_quantity\":9,\"visibility\":10,\"status\":11,\"websites\":12,\"short_description\":13,\"special_price\":14,\"special_from_date\":15,\"special_to_date\":16,\"cost\":17,\"weight\":18,\"manufacturer\":19,\"meta_title\":20,\"meta_keyword\":21,\"meta_description\":22,\"color\":23,\"news_from_date\":24,\"news_to_date\":25,\"custom_design\":26,\"custom_design_from\":27,\"custom_design_to\":28,\"page_layout\":29,\"country_of_manufacture\":30,\"custom_layout\":31,\"url_key\":32,\"msrp\":33,\"gift_message_available\":34,\"tax_class_id\":35,\"ean\":36,\"city\":37,\"updated_at\":38,\"actions\":39}},\"value\":\"Vista predeterminada\"}}}','2024-02-01 17:50:02','2024-02-01 17:50:02'),(84,5,'product_listing','current',0,NULL,'{\"current\":{\"filters\":{\"applied\":{\"placeholder\":true}},\"columns\":{\"entity_id\":{\"visible\":true,\"sorting\":\"asc\"},\"name\":{\"visible\":true,\"sorting\":false},\"sku\":{\"visible\":true,\"sorting\":false},\"price\":{\"visible\":true,\"sorting\":false},\"websites\":{\"visible\":true,\"sorting\":false},\"qty\":{\"visible\":true,\"sorting\":false},\"short_description\":{\"visible\":false,\"sorting\":false},\"special_price\":{\"visible\":false,\"sorting\":false},\"cost\":{\"visible\":false,\"sorting\":false},\"weight\":{\"visible\":false,\"sorting\":false},\"meta_title\":{\"visible\":false,\"sorting\":false},\"meta_keyword\":{\"visible\":false,\"sorting\":false},\"meta_description\":{\"visible\":false,\"sorting\":false},\"url_key\":{\"visible\":false,\"sorting\":false},\"msrp\":{\"visible\":false,\"sorting\":false},\"ean\":{\"visible\":true,\"sorting\":false},\"city\":{\"visible\":false,\"sorting\":false},\"actions\":{\"visible\":true,\"sorting\":false},\"ids\":{\"visible\":true,\"sorting\":false},\"type_id\":{\"visible\":true,\"sorting\":false},\"attribute_set_id\":{\"visible\":true,\"sorting\":false},\"visibility\":{\"visible\":true,\"sorting\":false},\"status\":{\"visible\":true,\"sorting\":false},\"manufacturer\":{\"visible\":false,\"sorting\":false},\"color\":{\"visible\":false,\"sorting\":false},\"custom_design\":{\"visible\":false,\"sorting\":false},\"page_layout\":{\"visible\":false,\"sorting\":false},\"country_of_manufacture\":{\"visible\":false,\"sorting\":false},\"custom_layout\":{\"visible\":false,\"sorting\":false},\"gift_message_available\":{\"visible\":false,\"sorting\":false},\"tax_class_id\":{\"visible\":false,\"sorting\":false},\"salable_quantity\":{\"visible\":true,\"sorting\":false},\"thumbnail\":{\"visible\":true,\"sorting\":false},\"updated_at\":{\"visible\":true,\"sorting\":false},\"special_from_date\":{\"visible\":false,\"sorting\":false},\"special_to_date\":{\"visible\":false,\"sorting\":false},\"news_from_date\":{\"visible\":false,\"sorting\":false},\"news_to_date\":{\"visible\":false,\"sorting\":false},\"custom_design_from\":{\"visible\":false,\"sorting\":false},\"custom_design_to\":{\"visible\":false,\"sorting\":false},\"category_string\":{\"visible\":false,\"sorting\":false},\"product_score\":{\"visible\":false,\"sorting\":false}},\"paging\":{\"pageSize\":20,\"current\":3,\"options\":{\"20\":{\"value\":20,\"label\":20},\"30\":{\"value\":30,\"label\":30},\"50\":{\"value\":50,\"label\":50},\"100\":{\"value\":100,\"label\":100},\"200\":{\"value\":200,\"label\":200}},\"value\":20},\"search\":{\"value\":\"\"},\"displayMode\":\"grid\",\"positions\":{\"ids\":0,\"entity_id\":1,\"thumbnail\":2,\"name\":3,\"type_id\":4,\"attribute_set_id\":5,\"sku\":6,\"price\":7,\"qty\":8,\"salable_quantity\":9,\"visibility\":10,\"status\":11,\"websites\":12,\"short_description\":13,\"special_price\":14,\"special_from_date\":15,\"special_to_date\":16,\"cost\":17,\"weight\":18,\"manufacturer\":19,\"meta_title\":20,\"meta_keyword\":21,\"meta_description\":22,\"color\":23,\"news_from_date\":24,\"news_to_date\":25,\"custom_design\":26,\"custom_design_from\":27,\"custom_design_to\":28,\"page_layout\":29,\"country_of_manufacture\":30,\"custom_layout\":31,\"url_key\":32,\"msrp\":33,\"gift_message_available\":34,\"tax_class_id\":35,\"ean\":36,\"city\":37,\"updated_at\":38,\"actions\":39,\"category_string\":40,\"product_score\":41}}}','2024-02-01 17:50:03','2024-02-14 04:03:29'),(85,5,'inventory_source_listing','default',1,'Vista predeterminada','{\"views\":{\"default\":{\"label\":\"Vista predeterminada\",\"index\":\"default\",\"editable\":false,\"data\":{\"search\":{\"value\":\"\"},\"filters\":{\"applied\":{\"placeholder\":true}},\"paging\":{\"pageSize\":20,\"current\":1,\"options\":{\"20\":{\"value\":20,\"label\":20},\"30\":{\"value\":30,\"label\":30},\"50\":{\"value\":50,\"label\":50},\"100\":{\"value\":100,\"label\":100},\"200\":{\"value\":200,\"label\":200}},\"value\":20},\"columns\":{\"source_code\":{\"visible\":true,\"sorting\":false},\"name\":{\"visible\":true,\"sorting\":false},\"contact_name\":{\"visible\":false,\"sorting\":false},\"email\":{\"visible\":false,\"sorting\":false},\"latitude\":{\"visible\":false,\"sorting\":false},\"longitude\":{\"visible\":false,\"sorting\":false},\"region\":{\"visible\":false,\"sorting\":false},\"city\":{\"visible\":false,\"sorting\":false},\"street\":{\"visible\":false,\"sorting\":false},\"postcode\":{\"visible\":false,\"sorting\":false},\"phone\":{\"visible\":false,\"sorting\":false},\"fax\":{\"visible\":false,\"sorting\":false},\"actions\":{\"visible\":true,\"sorting\":false},\"ids\":{\"visible\":true,\"sorting\":false},\"enabled\":{\"visible\":true,\"sorting\":false},\"country_id\":{\"visible\":false,\"sorting\":false},\"is_pickup_location_active\":{\"visible\":true,\"sorting\":false}},\"displayMode\":\"grid\",\"positions\":{\"ids\":0,\"source_code\":1,\"name\":2,\"contact_name\":3,\"enabled\":4,\"email\":5,\"is_pickup_location_active\":6,\"latitude\":7,\"longitude\":8,\"country_id\":9,\"region\":10,\"city\":11,\"street\":12,\"postcode\":13,\"phone\":14,\"fax\":15,\"actions\":16}},\"value\":\"Vista predeterminada\"}}}','2024-02-07 20:31:43','2024-02-07 20:31:43'),(86,5,'inventory_source_listing','current',0,NULL,'{\"current\":{\"search\":{\"value\":\"\"},\"filters\":{\"applied\":{\"placeholder\":true}},\"paging\":{\"pageSize\":20,\"current\":1,\"options\":{\"20\":{\"value\":20,\"label\":20},\"30\":{\"value\":30,\"label\":30},\"50\":{\"value\":50,\"label\":50},\"100\":{\"value\":100,\"label\":100},\"200\":{\"value\":200,\"label\":200}},\"value\":20},\"columns\":{\"source_code\":{\"visible\":true,\"sorting\":false},\"name\":{\"visible\":true,\"sorting\":false},\"contact_name\":{\"visible\":false,\"sorting\":false},\"email\":{\"visible\":false,\"sorting\":false},\"latitude\":{\"visible\":false,\"sorting\":false},\"longitude\":{\"visible\":false,\"sorting\":false},\"region\":{\"visible\":false,\"sorting\":false},\"city\":{\"visible\":false,\"sorting\":false},\"street\":{\"visible\":false,\"sorting\":false},\"postcode\":{\"visible\":false,\"sorting\":false},\"phone\":{\"visible\":false,\"sorting\":false},\"fax\":{\"visible\":false,\"sorting\":false},\"actions\":{\"visible\":true,\"sorting\":false},\"ids\":{\"visible\":true,\"sorting\":false},\"enabled\":{\"visible\":true,\"sorting\":false},\"country_id\":{\"visible\":false,\"sorting\":false},\"is_pickup_location_active\":{\"visible\":true,\"sorting\":false}},\"displayMode\":\"grid\",\"positions\":{\"ids\":0,\"source_code\":1,\"name\":2,\"contact_name\":3,\"enabled\":4,\"email\":5,\"is_pickup_location_active\":6,\"latitude\":7,\"longitude\":8,\"country_id\":9,\"region\":10,\"city\":11,\"street\":12,\"postcode\":13,\"phone\":14,\"fax\":15,\"actions\":16}}}','2024-02-07 20:31:44','2024-02-07 20:31:44'),(87,5,'advancedbookingsystem_holidays','default',1,'Vista predeterminada','{\"views\":{\"default\":{\"label\":\"Vista predeterminada\",\"index\":\"default\",\"editable\":false,\"data\":{\"columns\":{\"ids\":{\"visible\":true,\"sorting\":false},\"status\":{\"visible\":true,\"sorting\":false},\"from_date\":{\"visible\":true,\"sorting\":false},\"to_date\":{\"visible\":true,\"sorting\":false},\"entity_id\":{\"visible\":true,\"sorting\":\"desc\"},\"name\":{\"visible\":true,\"sorting\":false},\"actions\":{\"visible\":true,\"sorting\":false}},\"filters\":{\"applied\":{\"placeholder\":true}},\"paging\":{\"pageSize\":20,\"current\":1,\"options\":{\"20\":{\"value\":20,\"label\":20},\"30\":{\"value\":30,\"label\":30},\"50\":{\"value\":50,\"label\":50},\"100\":{\"value\":100,\"label\":100},\"200\":{\"value\":200,\"label\":200}},\"value\":20},\"positions\":{\"ids\":0,\"entity_id\":1,\"name\":2,\"from_date\":3,\"to_date\":4,\"status\":5,\"actions\":6},\"displayMode\":\"grid\"},\"value\":\"Vista predeterminada\"}}}','2024-02-09 06:16:44','2024-02-09 06:16:44'),(88,5,'advancedbookingsystem_holidays','current',0,NULL,'{\"current\":{\"columns\":{\"ids\":{\"visible\":true,\"sorting\":false},\"status\":{\"visible\":true,\"sorting\":false},\"from_date\":{\"visible\":true,\"sorting\":false},\"to_date\":{\"visible\":true,\"sorting\":false},\"entity_id\":{\"visible\":true,\"sorting\":\"desc\"},\"name\":{\"visible\":true,\"sorting\":false},\"actions\":{\"visible\":true,\"sorting\":false}},\"filters\":{\"applied\":{\"placeholder\":true}},\"paging\":{\"pageSize\":20,\"current\":1,\"options\":{\"20\":{\"value\":20,\"label\":20},\"30\":{\"value\":30,\"label\":30},\"50\":{\"value\":50,\"label\":50},\"100\":{\"value\":100,\"label\":100},\"200\":{\"value\":200,\"label\":200}},\"value\":20},\"positions\":{\"ids\":0,\"entity_id\":1,\"name\":2,\"from_date\":3,\"to_date\":4,\"status\":5,\"actions\":6},\"displayMode\":\"grid\"}}','2024-02-09 06:16:45','2024-02-09 06:16:45'),(89,5,'customer_listing','default',1,'Vista predeterminada','{\"views\":{\"default\":{\"label\":\"Vista predeterminada\",\"index\":\"default\",\"editable\":false,\"data\":{\"search\":{\"value\":\"\"},\"filters\":{\"applied\":{\"placeholder\":true}},\"paging\":{\"pageSize\":20,\"current\":1,\"options\":{\"20\":{\"value\":20,\"label\":20},\"30\":{\"value\":30,\"label\":30},\"50\":{\"value\":50,\"label\":50},\"100\":{\"value\":100,\"label\":100},\"200\":{\"value\":200,\"label\":200}},\"value\":20},\"columns\":{\"entity_id\":{\"visible\":true,\"sorting\":\"asc\"},\"name\":{\"visible\":true,\"sorting\":false},\"email\":{\"visible\":true,\"sorting\":false},\"billing_telephone\":{\"visible\":true,\"sorting\":false},\"billing_postcode\":{\"visible\":true,\"sorting\":false},\"billing_region\":{\"visible\":true,\"sorting\":false},\"confirmation\":{\"visible\":true,\"sorting\":false},\"created_in\":{\"visible\":true,\"sorting\":false},\"billing_full\":{\"visible\":false,\"sorting\":false},\"shipping_full\":{\"visible\":false,\"sorting\":false},\"taxvat\":{\"visible\":true,\"sorting\":false},\"billing_street\":{\"visible\":false,\"sorting\":false},\"billing_city\":{\"visible\":false,\"sorting\":false},\"billing_fax\":{\"visible\":false,\"sorting\":false},\"billing_vat_id\":{\"visible\":false,\"sorting\":false},\"billing_company\":{\"visible\":false,\"sorting\":false},\"billing_firstname\":{\"visible\":false,\"sorting\":false},\"billing_lastname\":{\"visible\":false,\"sorting\":false},\"lock_expires\":{\"visible\":false,\"sorting\":false},\"actions\":{\"visible\":true,\"sorting\":false},\"ids\":{\"visible\":true,\"sorting\":false},\"group_id\":{\"visible\":true,\"sorting\":false},\"billing_country_id\":{\"visible\":true,\"sorting\":false},\"website_id\":{\"visible\":true,\"sorting\":false},\"gender\":{\"visible\":true,\"sorting\":false},\"created_at\":{\"visible\":true,\"sorting\":false},\"dob\":{\"visible\":true,\"sorting\":false}},\"displayMode\":\"grid\",\"positions\":{\"ids\":0,\"entity_id\":1,\"name\":2,\"email\":3,\"group_id\":4,\"billing_telephone\":5,\"billing_postcode\":6,\"billing_country_id\":7,\"billing_region\":8,\"created_at\":9,\"website_id\":10,\"confirmation\":11,\"created_in\":12,\"billing_full\":13,\"shipping_full\":14,\"dob\":15,\"taxvat\":16,\"gender\":17,\"billing_street\":18,\"billing_city\":19,\"billing_fax\":20,\"billing_vat_id\":21,\"billing_company\":22,\"billing_firstname\":23,\"billing_lastname\":24,\"lock_expires\":25,\"actions\":26}},\"value\":\"Vista predeterminada\"}}}','2024-02-13 02:36:44','2024-02-13 02:36:44'),(90,5,'customer_listing','current',0,NULL,'{\"current\":{\"search\":{\"value\":\"\"},\"filters\":{\"applied\":{\"placeholder\":true}},\"paging\":{\"pageSize\":20,\"current\":1,\"options\":{\"20\":{\"value\":20,\"label\":20},\"30\":{\"value\":30,\"label\":30},\"50\":{\"value\":50,\"label\":50},\"100\":{\"value\":100,\"label\":100},\"200\":{\"value\":200,\"label\":200}},\"value\":20},\"columns\":{\"entity_id\":{\"visible\":true,\"sorting\":false},\"name\":{\"visible\":true,\"sorting\":false},\"email\":{\"visible\":true,\"sorting\":false},\"billing_telephone\":{\"visible\":true,\"sorting\":false},\"billing_postcode\":{\"visible\":true,\"sorting\":false},\"billing_region\":{\"visible\":true,\"sorting\":false},\"confirmation\":{\"visible\":true,\"sorting\":false},\"created_in\":{\"visible\":true,\"sorting\":false},\"billing_full\":{\"visible\":false,\"sorting\":false},\"shipping_full\":{\"visible\":false,\"sorting\":false},\"taxvat\":{\"visible\":true,\"sorting\":false},\"billing_street\":{\"visible\":false,\"sorting\":false},\"billing_city\":{\"visible\":false,\"sorting\":false},\"billing_fax\":{\"visible\":false,\"sorting\":false},\"billing_vat_id\":{\"visible\":false,\"sorting\":false},\"billing_company\":{\"visible\":false,\"sorting\":false},\"billing_firstname\":{\"visible\":false,\"sorting\":false},\"billing_lastname\":{\"visible\":false,\"sorting\":false},\"lock_expires\":{\"visible\":false,\"sorting\":false},\"actions\":{\"visible\":true,\"sorting\":false},\"ids\":{\"visible\":true,\"sorting\":false},\"group_id\":{\"visible\":true,\"sorting\":false},\"billing_country_id\":{\"visible\":true,\"sorting\":false},\"website_id\":{\"visible\":true,\"sorting\":false},\"gender\":{\"visible\":true,\"sorting\":false},\"created_at\":{\"visible\":true,\"sorting\":\"desc\"},\"dob\":{\"visible\":true,\"sorting\":false}},\"displayMode\":\"grid\",\"positions\":{\"ids\":0,\"entity_id\":1,\"name\":2,\"email\":3,\"group_id\":4,\"billing_telephone\":5,\"billing_postcode\":6,\"billing_country_id\":7,\"billing_region\":8,\"created_at\":9,\"website_id\":10,\"confirmation\":11,\"created_in\":12,\"billing_full\":13,\"shipping_full\":14,\"dob\":15,\"taxvat\":16,\"gender\":17,\"billing_street\":18,\"billing_city\":19,\"billing_fax\":20,\"billing_vat_id\":21,\"billing_company\":22,\"billing_firstname\":23,\"billing_lastname\":24,\"lock_expires\":25,\"actions\":26}}}','2024-02-13 02:36:46','2024-02-13 02:39:57'),(91,5,'customer_group_listing','default',1,'Vista predeterminada','{\"views\":{\"default\":{\"label\":\"Vista predeterminada\",\"index\":\"default\",\"editable\":false,\"data\":{\"filters\":{\"applied\":{\"placeholder\":true}},\"paging\":{\"pageSize\":20,\"current\":1,\"options\":{\"20\":{\"value\":20,\"label\":20},\"30\":{\"value\":30,\"label\":30},\"50\":{\"value\":50,\"label\":50},\"100\":{\"value\":100,\"label\":100},\"200\":{\"value\":200,\"label\":200}},\"value\":20},\"columns\":{\"tax_class_id\":{\"visible\":true,\"sorting\":false},\"customer_group_id\":{\"visible\":true,\"sorting\":\"asc\"},\"customer_group_code\":{\"visible\":true,\"sorting\":false},\"actions\":{\"visible\":true,\"sorting\":false}},\"displayMode\":\"grid\",\"positions\":{\"customer_group_id\":0,\"customer_group_code\":1,\"tax_class_id\":2,\"actions\":3}},\"value\":\"Vista predeterminada\"}}}','2024-02-13 05:00:53','2024-02-13 05:00:53'),(92,5,'customer_group_listing','current',0,NULL,'{\"current\":{\"filters\":{\"applied\":{\"placeholder\":true}},\"paging\":{\"pageSize\":20,\"current\":1,\"options\":{\"20\":{\"value\":20,\"label\":20},\"30\":{\"value\":30,\"label\":30},\"50\":{\"value\":50,\"label\":50},\"100\":{\"value\":100,\"label\":100},\"200\":{\"value\":200,\"label\":200}},\"value\":20},\"columns\":{\"tax_class_id\":{\"visible\":true,\"sorting\":false},\"customer_group_id\":{\"visible\":true,\"sorting\":\"asc\"},\"customer_group_code\":{\"visible\":true,\"sorting\":false},\"actions\":{\"visible\":true,\"sorting\":false}},\"displayMode\":\"grid\",\"positions\":{\"customer_group_id\":0,\"customer_group_code\":1,\"tax_class_id\":2,\"actions\":3}}}','2024-02-13 05:00:54','2024-02-13 05:00:54'),(93,5,'booking_products_listing','default',1,'Vista predeterminada','{\"views\":{\"default\":{\"label\":\"Vista predeterminada\",\"index\":\"default\",\"editable\":false,\"data\":{\"filters\":{\"applied\":{\"placeholder\":true}},\"paging\":{\"pageSize\":20,\"current\":1,\"options\":{\"20\":{\"value\":20,\"label\":20},\"30\":{\"value\":30,\"label\":30},\"50\":{\"value\":50,\"label\":50},\"100\":{\"value\":100,\"label\":100},\"200\":{\"value\":200,\"label\":200}},\"value\":20},\"columns\":{\"entity_id\":{\"visible\":true,\"sorting\":\"asc\"},\"name\":{\"visible\":true,\"sorting\":false},\"sku\":{\"visible\":true,\"sorting\":false},\"price\":{\"visible\":true,\"sorting\":false},\"websites\":{\"visible\":true,\"sorting\":false},\"short_description\":{\"visible\":false,\"sorting\":false},\"special_price\":{\"visible\":false,\"sorting\":false},\"cost\":{\"visible\":false,\"sorting\":false},\"weight\":{\"visible\":false,\"sorting\":false},\"meta_title\":{\"visible\":false,\"sorting\":false},\"meta_keyword\":{\"visible\":false,\"sorting\":false},\"meta_description\":{\"visible\":false,\"sorting\":false},\"url_key\":{\"visible\":false,\"sorting\":false},\"msrp\":{\"visible\":false,\"sorting\":false},\"ean\":{\"visible\":true,\"sorting\":false},\"city\":{\"visible\":false,\"sorting\":false},\"category_string\":{\"visible\":false,\"sorting\":false},\"product_score\":{\"visible\":false,\"sorting\":false},\"actions\":{\"visible\":true,\"sorting\":false},\"ids\":{\"visible\":true,\"sorting\":false},\"attribute_set_id\":{\"visible\":true,\"sorting\":false},\"visibility\":{\"visible\":true,\"sorting\":false},\"status\":{\"visible\":true,\"sorting\":false},\"manufacturer\":{\"visible\":false,\"sorting\":false},\"color\":{\"visible\":false,\"sorting\":false},\"custom_design\":{\"visible\":false,\"sorting\":false},\"page_layout\":{\"visible\":false,\"sorting\":false},\"country_of_manufacture\":{\"visible\":false,\"sorting\":false},\"custom_layout\":{\"visible\":false,\"sorting\":false},\"gift_message_available\":{\"visible\":false,\"sorting\":false},\"tax_class_id\":{\"visible\":false,\"sorting\":false},\"thumbnail\":{\"visible\":true,\"sorting\":false},\"special_from_date\":{\"visible\":false,\"sorting\":false},\"special_to_date\":{\"visible\":false,\"sorting\":false},\"news_from_date\":{\"visible\":false,\"sorting\":false},\"news_to_date\":{\"visible\":false,\"sorting\":false},\"custom_design_from\":{\"visible\":false,\"sorting\":false},\"custom_design_to\":{\"visible\":false,\"sorting\":false}},\"displayMode\":\"grid\",\"positions\":{\"ids\":0,\"entity_id\":1,\"thumbnail\":2,\"name\":3,\"attribute_set_id\":4,\"sku\":5,\"price\":6,\"visibility\":7,\"status\":8,\"websites\":9,\"short_description\":10,\"special_price\":11,\"special_from_date\":12,\"special_to_date\":13,\"cost\":14,\"weight\":15,\"manufacturer\":16,\"meta_title\":17,\"meta_keyword\":18,\"meta_description\":19,\"color\":20,\"news_from_date\":21,\"news_to_date\":22,\"custom_design\":23,\"custom_design_from\":24,\"custom_design_to\":25,\"page_layout\":26,\"country_of_manufacture\":27,\"custom_layout\":28,\"url_key\":29,\"msrp\":30,\"gift_message_available\":31,\"tax_class_id\":32,\"ean\":33,\"city\":34,\"category_string\":35,\"product_score\":36,\"actions\":37}},\"value\":\"Vista predeterminada\"}}}','2024-02-13 06:18:51','2024-02-13 06:18:51'),(94,5,'booking_products_listing','current',0,NULL,'{\"current\":{\"filters\":{\"applied\":{\"placeholder\":true}},\"paging\":{\"pageSize\":20,\"current\":2,\"options\":{\"20\":{\"value\":20,\"label\":20},\"30\":{\"value\":30,\"label\":30},\"50\":{\"value\":50,\"label\":50},\"100\":{\"value\":100,\"label\":100},\"200\":{\"value\":200,\"label\":200}},\"value\":20},\"columns\":{\"entity_id\":{\"visible\":true,\"sorting\":\"asc\"},\"name\":{\"visible\":true,\"sorting\":false},\"sku\":{\"visible\":true,\"sorting\":false},\"price\":{\"visible\":true,\"sorting\":false},\"websites\":{\"visible\":true,\"sorting\":false},\"short_description\":{\"visible\":false,\"sorting\":false},\"special_price\":{\"visible\":false,\"sorting\":false},\"cost\":{\"visible\":false,\"sorting\":false},\"weight\":{\"visible\":false,\"sorting\":false},\"meta_title\":{\"visible\":false,\"sorting\":false},\"meta_keyword\":{\"visible\":false,\"sorting\":false},\"meta_description\":{\"visible\":false,\"sorting\":false},\"url_key\":{\"visible\":false,\"sorting\":false},\"msrp\":{\"visible\":false,\"sorting\":false},\"ean\":{\"visible\":true,\"sorting\":false},\"city\":{\"visible\":false,\"sorting\":false},\"category_string\":{\"visible\":false,\"sorting\":false},\"product_score\":{\"visible\":false,\"sorting\":false},\"actions\":{\"visible\":true,\"sorting\":false},\"ids\":{\"visible\":true,\"sorting\":false},\"attribute_set_id\":{\"visible\":true,\"sorting\":false},\"visibility\":{\"visible\":true,\"sorting\":false},\"status\":{\"visible\":true,\"sorting\":false},\"manufacturer\":{\"visible\":false,\"sorting\":false},\"color\":{\"visible\":false,\"sorting\":false},\"custom_design\":{\"visible\":false,\"sorting\":false},\"page_layout\":{\"visible\":false,\"sorting\":false},\"country_of_manufacture\":{\"visible\":false,\"sorting\":false},\"custom_layout\":{\"visible\":false,\"sorting\":false},\"gift_message_available\":{\"visible\":false,\"sorting\":false},\"tax_class_id\":{\"visible\":false,\"sorting\":false},\"thumbnail\":{\"visible\":true,\"sorting\":false},\"special_from_date\":{\"visible\":false,\"sorting\":false},\"special_to_date\":{\"visible\":false,\"sorting\":false},\"news_from_date\":{\"visible\":false,\"sorting\":false},\"news_to_date\":{\"visible\":false,\"sorting\":false},\"custom_design_from\":{\"visible\":false,\"sorting\":false},\"custom_design_to\":{\"visible\":false,\"sorting\":false}},\"displayMode\":\"grid\",\"positions\":{\"ids\":0,\"entity_id\":1,\"thumbnail\":2,\"name\":3,\"attribute_set_id\":4,\"sku\":5,\"price\":6,\"visibility\":7,\"status\":8,\"websites\":9,\"short_description\":10,\"special_price\":11,\"special_from_date\":12,\"special_to_date\":13,\"cost\":14,\"weight\":15,\"manufacturer\":16,\"meta_title\":17,\"meta_keyword\":18,\"meta_description\":19,\"color\":20,\"news_from_date\":21,\"news_to_date\":22,\"custom_design\":23,\"custom_design_from\":24,\"custom_design_to\":25,\"page_layout\":26,\"country_of_manufacture\":27,\"custom_layout\":28,\"url_key\":29,\"msrp\":30,\"gift_message_available\":31,\"tax_class_id\":32,\"ean\":33,\"city\":34,\"category_string\":35,\"product_score\":36,\"actions\":37}}}','2024-02-13 06:18:52','2024-02-14 04:01:10');

--
-- Table structure for table `url_rewrite`
--

CREATE TABLE `url_rewrite` (
  `url_rewrite_id` int unsigned NOT NULL AUTO_INCREMENT COMMENT 'Rewrite ID',
  `entity_type` varchar(32) NOT NULL COMMENT 'Entity type code',
  `entity_id` int unsigned NOT NULL COMMENT 'Entity ID',
  `request_path` varchar(255) DEFAULT NULL COMMENT 'Request Path',
  `target_path` varchar(255) DEFAULT NULL COMMENT 'Target Path',
  `redirect_type` smallint unsigned NOT NULL DEFAULT '0' COMMENT 'Redirect Type',
  `store_id` smallint unsigned NOT NULL COMMENT 'Store ID',
  `description` varchar(255) DEFAULT NULL COMMENT 'Description',
  `is_autogenerated` smallint unsigned NOT NULL DEFAULT '0' COMMENT 'Is rewrite generated automatically flag',
  `metadata` varchar(255) DEFAULT NULL COMMENT 'Meta data for url rewrite',
  PRIMARY KEY (`url_rewrite_id`),
  UNIQUE KEY `URL_REWRITE_REQUEST_PATH_STORE_ID` (`request_path`,`store_id`),
  KEY `URL_REWRITE_TARGET_PATH` (`target_path`),
  KEY `URL_REWRITE_STORE_ID_ENTITY_ID` (`store_id`,`entity_id`),
  KEY `URL_REWRITE_ENTITY_ID` (`entity_id`),
  KEY `URL_REWRITE_IS_AUTOGENERATED_METADATA` (`is_autogenerated`,`metadata`)
) ENGINE=InnoDB AUTO_INCREMENT=73 DEFAULT CHARSET=utf8mb3 COMMENT='Url Rewrites';

--
-- Dumping data for table `url_rewrite`
--

INSERT INTO `url_rewrite` VALUES (1,'cms-page',1,'no-route','cms/page/view/page_id/1',0,1,NULL,1,NULL),(2,'cms-page',2,'home','cms/page/view/page_id/2',0,1,NULL,1,NULL),(3,'cms-page',3,'enable-cookies','cms/page/view/page_id/3',0,1,NULL,1,NULL),(4,'cms-page',4,'privacy-policy-cookie-restriction-mode','cms/page/view/page_id/4',0,1,NULL,1,NULL),(7,'category',3,'restaurantes.html','catalog/category/view/id/3',0,1,NULL,1,NULL),(8,'category',4,'bares.html','catalog/category/view/id/4',0,1,NULL,1,NULL),(9,'cms-page',5,'blogs','cms/page/view/page_id/5',0,1,NULL,1,NULL),(10,'cms-page',6,'home-demo-01','cms/page/view/page_id/6',0,1,NULL,1,NULL),(11,'product',3,'antojitos-veroka.html','taconazo.html',301,1,NULL,0,'[]'),(13,'category',5,'restaurantes-recomendados.html','catalog/category/view/id/5',0,1,NULL,1,NULL),(15,'category',6,'restaurantes/mexicana.html','catalog/category/view/id/6',0,1,NULL,1,NULL),(16,'category',7,'restaurantes/italiana.html','catalog/category/view/id/7',0,1,NULL,1,NULL),(17,'category',10,'restaurantes/americana.html','catalog/category/view/id/10',0,1,NULL,1,NULL),(18,'category',12,'restaurantes/postres.html','catalog/category/view/id/12',0,1,NULL,1,NULL),(19,'category',13,'restaurantes/asiatica.html','catalog/category/view/id/13',0,1,NULL,1,NULL),(20,'category',14,'restaurantes/vegana.html','catalog/category/view/id/14',0,1,NULL,1,NULL),(21,'product',3,'taconazo.html','catalog/product/view/id/3',0,1,NULL,1,NULL),(23,'product',7,'la-cocina-de-abuelita.html','catalog/product/view/id/7',0,1,NULL,1,NULL),(24,'product',8,'el-sabor-de-mexico.html','catalog/product/view/id/8',0,1,NULL,1,NULL),(25,'product',9,'el-mariachi-loco.html','catalog/product/view/id/9',0,1,NULL,1,NULL),(27,'product',11,'taconazo-2.html','catalog/product/view/id/11',0,1,NULL,1,NULL),(28,'product',12,'la-cocina-de-abuelita-1.html','catalog/product/view/id/12',0,1,NULL,1,NULL),(29,'product',13,'la-cocina-de-abuelita-2.html','catalog/product/view/id/13',0,1,NULL,1,NULL),(30,'product',14,'la-cocina-de-abuelita-3.html','nonna-maria.html',301,1,NULL,0,'[]'),(31,'product',14,'nonna-maria.html','catalog/product/view/id/14',0,1,NULL,1,NULL),(33,'product',15,'il-ristorante-di-marco.html','catalog/product/view/id/15',0,1,NULL,1,NULL),(34,'product',16,'la-pizzaria-del-sole.html','catalog/product/view/id/16',0,1,NULL,1,NULL),(35,'product',17,'the-butcher-s-table.html','catalog/product/view/id/17',0,1,NULL,1,NULL),(36,'product',18,'the-diner.html','catalog/product/view/id/18',0,1,NULL,1,NULL),(37,'product',19,'the-roadhouse.html','catalog/product/view/id/19',0,1,NULL,1,NULL),(38,'product',20,'the-speakeasy.html','catalog/product/view/id/20',0,1,NULL,1,NULL),(39,'product',21,'bbq-joint.html','catalog/product/view/id/21',0,1,NULL,1,NULL),(40,'product',22,'dulce-tentacion.html','catalog/product/view/id/22',0,1,NULL,1,NULL),(41,'product',23,'rincon-del-dulce.html','catalog/product/view/id/23',0,1,NULL,1,NULL),(43,'product',25,'la-casa-del-helado.html','catalog/product/view/id/25',0,1,NULL,1,NULL),(44,'product',26,'la-pasteleria-de-julia.html','catalog/product/view/id/26',0,1,NULL,1,NULL),(45,'product',27,'el-paraiso-de-los-dulces.html','catalog/product/view/id/27',0,1,NULL,1,NULL),(46,'product',28,'el-tigre-de-oriente.html','catalog/product/view/id/28',0,1,NULL,1,NULL),(47,'product',29,'kimchi.html','catalog/product/view/id/29',0,1,NULL,1,NULL),(48,'product',30,'el-wok-de-pekin.html','catalog/product/view/id/30',0,1,NULL,1,NULL),(49,'product',31,'sushi-bar.html','catalog/product/view/id/31',0,1,NULL,1,NULL),(50,'product',32,'el-ramen.html','catalog/product/view/id/32',0,1,NULL,1,NULL),(51,'product',33,'el-huerto.html','catalog/product/view/id/33',0,1,NULL,1,NULL),(52,'product',34,'el-bosque.html','catalog/product/view/id/34',0,1,NULL,1,NULL),(53,'product',35,'el-mercado.html','catalog/product/view/id/35',0,1,NULL,1,NULL),(54,'product',36,'la-terraza.html','catalog/product/view/id/36',0,1,NULL,1,NULL),(55,'product',37,'la-cocina.html','catalog/product/view/id/37',0,1,NULL,1,NULL),(56,'product',38,'antojitos-poblanos.html','catalog/product/view/id/38',0,1,NULL,1,NULL),(57,'product',39,'prueba.html','catalog/product/view/id/39',0,1,NULL,1,NULL),(58,'product',40,'producto-de-prueba.html','catalog/product/view/id/40',0,1,NULL,1,NULL),(59,'product',41,'prueba2.html','catalog/product/view/id/41',0,1,NULL,1,NULL),(60,'product',42,'producto-de-reserva.html','catalog/product/view/id/42',0,1,NULL,1,NULL),(61,'product',43,'producto-de-reserva-2.html','catalog/product/view/id/43',0,1,NULL,1,NULL),(62,'product',44,'producto-de-reserva-3.html','catalog/product/view/id/44',0,1,NULL,1,NULL),(63,'product',45,'producto-de-reserva-4.html','catalog/product/view/id/45',0,1,NULL,1,NULL),(64,'product',46,'producto-de-reserva-5.html','catalog/product/view/id/46',0,1,NULL,1,NULL),(65,'product',47,'producto-de-reserva-6.html','catalog/product/view/id/47',0,1,NULL,1,NULL),(66,'product',48,'producto-de-reserva-8.html','catalog/product/view/id/48',0,1,NULL,1,NULL),(67,'product',49,'producto-de-reserva-9.html','catalog/product/view/id/49',0,1,NULL,1,NULL),(68,'product',50,'producto-de-reserva-10.html','catalog/product/view/id/50',0,1,NULL,1,NULL),(69,'product',51,'producto-de-reserva-11.html','catalog/product/view/id/51',0,1,NULL,1,NULL),(70,'product',52,'producto-de-reserva-12.html','catalog/product/view/id/52',0,1,NULL,1,NULL),(71,'product',53,'producto-de-reserva-13.html','catalog/product/view/id/53',0,1,NULL,1,NULL),(72,'product',54,'producto-de-reserva-14.html','catalog/product/view/id/54',0,1,NULL,1,NULL);

--
-- Table structure for table `variable`
--

CREATE TABLE `variable` (
  `variable_id` int unsigned NOT NULL AUTO_INCREMENT COMMENT 'Variable ID',
  `code` varchar(255) DEFAULT NULL COMMENT 'Variable Code',
  `name` varchar(255) DEFAULT NULL COMMENT 'Variable Name',
  PRIMARY KEY (`variable_id`),
  UNIQUE KEY `VARIABLE_CODE` (`code`)
) ENGINE=InnoDB DEFAULT CHARSET=utf8mb3 COMMENT='Variables';

--
-- Dumping data for table `variable`
--


--
-- Table structure for table `variable_value`
--

CREATE TABLE `variable_value` (
  `value_id` int unsigned NOT NULL AUTO_INCREMENT COMMENT 'Variable Value ID',
  `variable_id` int unsigned NOT NULL DEFAULT '0' COMMENT 'Variable ID',
  `store_id` smallint unsigned NOT NULL DEFAULT '0' COMMENT 'Store ID',
  `plain_value` text COMMENT 'Plain Text Value',
  `html_value` text COMMENT 'Html Value',
  PRIMARY KEY (`value_id`),
  UNIQUE KEY `VARIABLE_VALUE_VARIABLE_ID_STORE_ID` (`variable_id`,`store_id`),
  KEY `VARIABLE_VALUE_STORE_ID` (`store_id`),
  CONSTRAINT `VARIABLE_VALUE_STORE_ID_STORE_STORE_ID` FOREIGN KEY (`store_id`) REFERENCES `store` (`store_id`) ON DELETE CASCADE,
  CONSTRAINT `VARIABLE_VALUE_VARIABLE_ID_VARIABLE_VARIABLE_ID` FOREIGN KEY (`variable_id`) REFERENCES `variable` (`variable_id`) ON DELETE CASCADE
) ENGINE=InnoDB DEFAULT CHARSET=utf8mb3 COMMENT='Variable Value';

--
-- Dumping data for table `variable_value`
--


--
-- Table structure for table `vault_payment_token`
--

CREATE TABLE `vault_payment_token` (
  `entity_id` int unsigned NOT NULL AUTO_INCREMENT COMMENT 'Entity ID',
  `customer_id` int unsigned DEFAULT NULL COMMENT 'Customer ID',
  `public_hash` varchar(128) NOT NULL COMMENT 'Hash code for using on frontend',
  `payment_method_code` varchar(128) NOT NULL COMMENT 'Payment method code',
  `type` varchar(128) NOT NULL COMMENT 'Type',
  `created_at` timestamp NOT NULL DEFAULT CURRENT_TIMESTAMP COMMENT 'Created At',
  `expires_at` timestamp NULL DEFAULT NULL COMMENT 'Expires At',
  `gateway_token` varchar(255) NOT NULL COMMENT 'Gateway Token',
  `details` text COMMENT 'Details',
  `is_active` tinyint(1) NOT NULL DEFAULT '1',
  `is_visible` tinyint(1) NOT NULL DEFAULT '1',
  PRIMARY KEY (`entity_id`),
  UNIQUE KEY `VAULT_PAYMENT_TOKEN_PUBLIC_HASH` (`public_hash`),
  UNIQUE KEY `VAULT_PAYMENT_TOKEN_PAYMENT_METHOD_CODE_CSTR_ID_GATEWAY_TOKEN` (`payment_method_code`,`customer_id`,`gateway_token`),
  KEY `VAULT_PAYMENT_TOKEN_CUSTOMER_ID_CUSTOMER_ENTITY_ENTITY_ID` (`customer_id`),
  CONSTRAINT `VAULT_PAYMENT_TOKEN_CUSTOMER_ID_CUSTOMER_ENTITY_ENTITY_ID` FOREIGN KEY (`customer_id`) REFERENCES `customer_entity` (`entity_id`) ON DELETE CASCADE
) ENGINE=InnoDB DEFAULT CHARSET=utf8mb3 COMMENT='Vault tokens of payment';

--
-- Dumping data for table `vault_payment_token`
--


--
-- Table structure for table `vault_payment_token_order_payment_link`
--

CREATE TABLE `vault_payment_token_order_payment_link` (
  `order_payment_id` int unsigned NOT NULL COMMENT 'Order payment ID',
  `payment_token_id` int unsigned NOT NULL COMMENT 'Payment token ID',
  PRIMARY KEY (`order_payment_id`,`payment_token_id`),
  KEY `FK_4ED894655446D385894580BECA993862` (`payment_token_id`),
  CONSTRAINT `FK_4ED894655446D385894580BECA993862` FOREIGN KEY (`payment_token_id`) REFERENCES `vault_payment_token` (`entity_id`) ON DELETE CASCADE,
  CONSTRAINT `FK_CF37B9D854256534BE23C818F6291CA2` FOREIGN KEY (`order_payment_id`) REFERENCES `sales_order_payment` (`entity_id`) ON DELETE CASCADE
) ENGINE=InnoDB DEFAULT CHARSET=utf8mb3 COMMENT='Order payments to vault token';

--
-- Dumping data for table `vault_payment_token_order_payment_link`
--


--
-- Table structure for table `weee_tax`
--

CREATE TABLE `weee_tax` (
  `value_id` int NOT NULL AUTO_INCREMENT COMMENT 'Value ID',
  `website_id` smallint unsigned NOT NULL DEFAULT '0' COMMENT 'Website ID',
  `entity_id` int unsigned NOT NULL DEFAULT '0' COMMENT 'Entity ID',
  `country` varchar(2) DEFAULT NULL COMMENT 'Country',
  `value` decimal(12,4) NOT NULL DEFAULT '0.0000' COMMENT 'Value',
  `state` int NOT NULL DEFAULT '0' COMMENT 'State',
  `attribute_id` smallint unsigned NOT NULL COMMENT 'Attribute ID',
  PRIMARY KEY (`value_id`),
  KEY `WEEE_TAX_WEBSITE_ID` (`website_id`),
  KEY `WEEE_TAX_ENTITY_ID` (`entity_id`),
  KEY `WEEE_TAX_COUNTRY` (`country`),
  KEY `WEEE_TAX_ATTRIBUTE_ID` (`attribute_id`),
  CONSTRAINT `WEEE_TAX_ATTRIBUTE_ID_EAV_ATTRIBUTE_ATTRIBUTE_ID` FOREIGN KEY (`attribute_id`) REFERENCES `eav_attribute` (`attribute_id`) ON DELETE CASCADE,
  CONSTRAINT `WEEE_TAX_COUNTRY_DIRECTORY_COUNTRY_COUNTRY_ID` FOREIGN KEY (`country`) REFERENCES `directory_country` (`country_id`) ON DELETE CASCADE,
  CONSTRAINT `WEEE_TAX_ENTITY_ID_CATALOG_PRODUCT_ENTITY_ENTITY_ID` FOREIGN KEY (`entity_id`) REFERENCES `catalog_product_entity` (`entity_id`) ON DELETE CASCADE,
  CONSTRAINT `WEEE_TAX_WEBSITE_ID_STORE_WEBSITE_WEBSITE_ID` FOREIGN KEY (`website_id`) REFERENCES `store_website` (`website_id`) ON DELETE CASCADE
) ENGINE=InnoDB DEFAULT CHARSET=utf8mb3 COMMENT='Weee Tax';

--
-- Dumping data for table `weee_tax`
--


--
-- Table structure for table `widget`
--

CREATE TABLE `widget` (
  `widget_id` int unsigned NOT NULL AUTO_INCREMENT COMMENT 'Widget ID',
  `widget_code` varchar(255) DEFAULT NULL COMMENT 'Widget code for template directive',
  `widget_type` varchar(255) DEFAULT NULL COMMENT 'Widget Type',
  `parameters` text COMMENT 'Parameters',
  PRIMARY KEY (`widget_id`),
  KEY `WIDGET_WIDGET_CODE` (`widget_code`)
) ENGINE=InnoDB DEFAULT CHARSET=utf8mb3 COMMENT='Preconfigured Widgets';

--
-- Dumping data for table `widget`
--


--
-- Table structure for table `widget_instance`
--

CREATE TABLE `widget_instance` (
  `instance_id` int unsigned NOT NULL AUTO_INCREMENT COMMENT 'Instance ID',
  `instance_type` varchar(255) DEFAULT NULL COMMENT 'Instance Type',
  `theme_id` int unsigned NOT NULL COMMENT 'Theme ID',
  `title` varchar(255) DEFAULT NULL COMMENT 'Widget Title',
  `store_ids` varchar(255) NOT NULL DEFAULT '0' COMMENT 'Store ids',
  `widget_parameters` text COMMENT 'Widget parameters',
  `sort_order` smallint unsigned NOT NULL DEFAULT '0' COMMENT 'Sort order',
  PRIMARY KEY (`instance_id`),
  KEY `WIDGET_INSTANCE_THEME_ID_THEME_THEME_ID` (`theme_id`),
  CONSTRAINT `WIDGET_INSTANCE_THEME_ID_THEME_THEME_ID` FOREIGN KEY (`theme_id`) REFERENCES `theme` (`theme_id`) ON DELETE CASCADE
) ENGINE=InnoDB AUTO_INCREMENT=2 DEFAULT CHARSET=utf8mb3 COMMENT='Instances of Widget for Package Theme';

--
-- Dumping data for table `widget_instance`
--

INSERT INTO `widget_instance` VALUES (1,'Magento\\Catalog\\Block\\Category\\Widget\\Link',4,'Mostrar Categorías','0','{\"anchor_text\":\"\",\"title\":\"categor\\u00edas\",\"id_path\":\"category\\/3\"}',0);

--
-- Table structure for table `widget_instance_page`
--

CREATE TABLE `widget_instance_page` (
  `page_id` int unsigned NOT NULL AUTO_INCREMENT COMMENT 'Page ID',
  `instance_id` int unsigned NOT NULL DEFAULT '0' COMMENT 'Instance ID',
  `page_group` varchar(25) DEFAULT NULL COMMENT 'Block Group Type',
  `layout_handle` varchar(255) DEFAULT NULL COMMENT 'Layout Handle',
  `block_reference` varchar(255) DEFAULT NULL COMMENT 'Container',
  `page_for` varchar(25) DEFAULT NULL COMMENT 'For instance entities',
  `entities` text COMMENT 'Catalog entities (comma separated)',
  `page_template` varchar(255) DEFAULT NULL COMMENT 'Path to widget template',
  PRIMARY KEY (`page_id`),
  KEY `WIDGET_INSTANCE_PAGE_INSTANCE_ID` (`instance_id`),
  CONSTRAINT `WIDGET_INSTANCE_PAGE_INSTANCE_ID_WIDGET_INSTANCE_INSTANCE_ID` FOREIGN KEY (`instance_id`) REFERENCES `widget_instance` (`instance_id`) ON DELETE CASCADE
) ENGINE=InnoDB DEFAULT CHARSET=utf8mb3 COMMENT='Instance of Widget on Page';

--
-- Dumping data for table `widget_instance_page`
--


--
-- Table structure for table `widget_instance_page_layout`
--

CREATE TABLE `widget_instance_page_layout` (
  `page_id` int unsigned NOT NULL DEFAULT '0' COMMENT 'Page ID',
  `layout_update_id` int unsigned NOT NULL DEFAULT '0' COMMENT 'Layout Update ID',
  PRIMARY KEY (`layout_update_id`,`page_id`),
  KEY `WIDGET_INSTANCE_PAGE_LAYOUT_PAGE_ID` (`page_id`),
  CONSTRAINT `WIDGET_INSTANCE_PAGE_LAYOUT_PAGE_ID_WIDGET_INSTANCE_PAGE_PAGE_ID` FOREIGN KEY (`page_id`) REFERENCES `widget_instance_page` (`page_id`) ON DELETE CASCADE,
  CONSTRAINT `WIDGET_INSTANCE_PAGE_LYT_LYT_UPDATE_ID_LYT_UPDATE_LYT_UPDATE_ID` FOREIGN KEY (`layout_update_id`) REFERENCES `layout_update` (`layout_update_id`) ON DELETE CASCADE
) ENGINE=InnoDB DEFAULT CHARSET=utf8mb3 COMMENT='Layout updates';

--
-- Dumping data for table `widget_instance_page_layout`
--


--
-- Table structure for table `wishlist`
--

CREATE TABLE `wishlist` (
  `wishlist_id` int unsigned NOT NULL AUTO_INCREMENT COMMENT 'Wishlist ID',
  `customer_id` int unsigned NOT NULL DEFAULT '0' COMMENT 'Customer ID',
  `shared` smallint unsigned NOT NULL DEFAULT '0' COMMENT 'Sharing flag (0 or 1)',
  `sharing_code` varchar(32) DEFAULT NULL COMMENT 'Sharing encrypted code',
  `updated_at` timestamp NULL DEFAULT NULL COMMENT 'Last updated date',
  PRIMARY KEY (`wishlist_id`),
  UNIQUE KEY `WISHLIST_CUSTOMER_ID` (`customer_id`),
  KEY `WISHLIST_SHARED` (`shared`),
  CONSTRAINT `WISHLIST_CUSTOMER_ID_CUSTOMER_ENTITY_ENTITY_ID` FOREIGN KEY (`customer_id`) REFERENCES `customer_entity` (`entity_id`) ON DELETE CASCADE
) ENGINE=InnoDB AUTO_INCREMENT=8 DEFAULT CHARSET=utf8mb3 COMMENT='Wishlist main Table';

--
-- Dumping data for table `wishlist`
--

INSERT INTO `wishlist` VALUES (1,1,0,'kkYMjyHUs2iEe3fwlPBJS4BM67zMSenQ','2024-01-19 15:34:06'),(2,2,0,'tDKkbrVKzy3uD3C2Ux5ajL5FtDsORxOL','2024-01-23 05:12:36'),(3,3,0,'Gn5F1dcD1kBHs3bRiBJ9FcvpdIEBGcBn','2024-01-24 03:20:45'),(4,4,0,'nXeDk0ZpFaMOil7fLTeIK8GsGIEZaIHG','2024-01-24 04:09:54'),(5,17,0,'ToYIBk5p1e9KIc1ZHrvvUtkV277j9miH','2024-01-26 00:41:29'),(6,19,0,'2TsgbWDMwC0MIImT45LKatZntMBL0cM2','2024-02-09 04:04:35'),(7,18,0,'ZcK1CYIwZb6Dl8WW1im0C65dWLlBgHNN','2024-02-10 00:46:54');

--
-- Table structure for table `wishlist_item`
--

CREATE TABLE `wishlist_item` (
  `wishlist_item_id` int unsigned NOT NULL AUTO_INCREMENT COMMENT 'Wishlist item ID',
  `wishlist_id` int unsigned NOT NULL DEFAULT '0' COMMENT 'Wishlist ID',
  `product_id` int unsigned NOT NULL DEFAULT '0' COMMENT 'Product ID',
  `store_id` smallint unsigned DEFAULT NULL COMMENT 'Store ID',
  `added_at` timestamp NULL DEFAULT NULL COMMENT 'Add date and time',
  `description` text COMMENT 'Short description of wish list item',
  `qty` decimal(12,4) NOT NULL COMMENT 'Qty',
  PRIMARY KEY (`wishlist_item_id`),
  KEY `WISHLIST_ITEM_WISHLIST_ID` (`wishlist_id`),
  KEY `WISHLIST_ITEM_PRODUCT_ID` (`product_id`),
  KEY `WISHLIST_ITEM_STORE_ID` (`store_id`),
  CONSTRAINT `WISHLIST_ITEM_PRODUCT_ID_CATALOG_PRODUCT_ENTITY_ENTITY_ID` FOREIGN KEY (`product_id`) REFERENCES `catalog_product_entity` (`entity_id`) ON DELETE CASCADE,
  CONSTRAINT `WISHLIST_ITEM_STORE_ID_STORE_STORE_ID` FOREIGN KEY (`store_id`) REFERENCES `store` (`store_id`) ON DELETE SET NULL,
  CONSTRAINT `WISHLIST_ITEM_WISHLIST_ID_WISHLIST_WISHLIST_ID` FOREIGN KEY (`wishlist_id`) REFERENCES `wishlist` (`wishlist_id`) ON DELETE CASCADE
) ENGINE=InnoDB AUTO_INCREMENT=9 DEFAULT CHARSET=utf8mb3 COMMENT='Wishlist items';

--
-- Dumping data for table `wishlist_item`
--

INSERT INTO `wishlist_item` VALUES (1,2,3,1,'2024-01-23 05:10:16',NULL,1.0000),(2,2,3,1,'2024-01-23 05:12:36',NULL,1.0000),(3,6,3,1,'2024-02-09 03:39:12',NULL,1.0000),(4,6,7,1,'2024-02-09 04:04:35',NULL,1.0000),(7,7,3,1,'2024-02-10 00:46:23',NULL,1.0000);

--
-- Table structure for table `wishlist_item_option`
--

CREATE TABLE `wishlist_item_option` (
  `option_id` int unsigned NOT NULL AUTO_INCREMENT COMMENT 'Option ID',
  `wishlist_item_id` int unsigned NOT NULL COMMENT 'Wishlist Item ID',
  `product_id` int unsigned NOT NULL COMMENT 'Product ID',
  `code` varchar(255) NOT NULL COMMENT 'Code',
  `value` text COMMENT 'Value',
  PRIMARY KEY (`option_id`),
  KEY `FK_A014B30B04B72DD0EAB3EECD779728D6` (`wishlist_item_id`),
  CONSTRAINT `FK_A014B30B04B72DD0EAB3EECD779728D6` FOREIGN KEY (`wishlist_item_id`) REFERENCES `wishlist_item` (`wishlist_item_id`) ON DELETE CASCADE
) ENGINE=InnoDB AUTO_INCREMENT=14 DEFAULT CHARSET=utf8mb3 COMMENT='Wishlist Item Option Table';

--
-- Dumping data for table `wishlist_item_option`
--

INSERT INTO `wishlist_item_option` VALUES (1,1,3,'info_buyRequest','{\"product\":\"3\",\"form_key\":\"jqf1oGmJN9HjYSqJ\",\"uenc\":\"aHR0cDovL2FuZHJvbWVkYW1hZ2VudG8udGVzdC9hbnRvaml0b3MtdmVyb2thLmh0bWw~\",\"action\":\"add\"}'),(2,2,3,'info_buyRequest','{\"uenc\":\"aHR0cDovL2FuZHJvbWVkYW1hZ2VudG8udGVzdC9hbnRvaml0b3MtdmVyb2thLmh0bWw_cXR5PTE~\",\"product\":\"3\",\"selected_configurable_option\":\"\",\"related_product\":\"\",\"item\":\"3\",\"booking_date\":\"01\\/26\\/2024\",\"booking_time\":\"07:20 pm\",\"temp_qty\":\"2\",\"qty\":1,\"options\":{\"1\":\"2024-01-26\",\"2\":\"07:20 pm\",\"3\":\"dfsfds\",\"4\":\"Guest\"},\"parent_slot_id\":\"0\",\"slot_id\":\"7\",\"slot_day_index\":\"5\",\"charged_per_count\":\"1\",\"original_qty\":\"1\",\"action\":\"add\"}'),(3,2,3,'option_ids','1,2,3,4'),(4,2,3,'option_1','2024-01-26'),(5,2,3,'option_2','07:20 pm'),(6,2,3,'option_3','dfsfds'),(7,2,3,'option_4','Guest'),(8,3,3,'info_buyRequest','{\"action\":\"add\"}'),(9,4,7,'info_buyRequest','{\"action\":\"add\"}'),(12,7,3,'info_buyRequest','{\"action\":\"add\"}');

--
-- Table structure for table `wk_advancebooking_holidays`
--

CREATE TABLE `wk_advancebooking_holidays` (
  `entity_id` int unsigned NOT NULL AUTO_INCREMENT COMMENT 'Entity Id',
  `status` tinyint(1) DEFAULT '0' COMMENT 'Status',
  `is_single_date` tinyint(1) DEFAULT '0' COMMENT 'Is Single Date',
  `name` varchar(255) NOT NULL COMMENT 'Holiday Name',
  `date` varchar(255) NOT NULL COMMENT 'Date',
  `from_date` date DEFAULT NULL COMMENT 'From Date',
  `to_date` date DEFAULT NULL COMMENT 'To Date',
  PRIMARY KEY (`entity_id`)
) ENGINE=InnoDB DEFAULT CHARSET=utf8mb3 COMMENT='Webkul AdvancedBooking Holidays';

--
-- Dumping data for table `wk_advancebooking_holidays`
--


--
-- Table structure for table `wk_bs_booking_booked`
--

CREATE TABLE `wk_bs_booking_booked` (
  `id` int NOT NULL AUTO_INCREMENT,
  `order_id` int NOT NULL,
  `order_item_id` int NOT NULL,
  `item_id` int NOT NULL,
  `qty` int NOT NULL,
  `product_id` int NOT NULL,
  `slot_id` int NOT NULL,
  `parent_slot_id` int NOT NULL,
  `customer_id` int NOT NULL,
  `customer_email` varchar(255) NOT NULL,
  `booking_from` timestamp NOT NULL,
  `booking_too` timestamp NOT NULL,
  `time` varchar(255) NOT NULL,
  `slot_day_index` int NOT NULL,
  `slot_date` date DEFAULT NULL,
  `slot_time` text NOT NULL,
  `rent_type` smallint NOT NULL,
  `child_product_id` int unsigned NOT NULL DEFAULT '0',
  PRIMARY KEY (`id`)
) ENGINE=InnoDB AUTO_INCREMENT=16 DEFAULT CHARSET=utf8mb3;

--
-- Dumping data for table `wk_bs_booking_booked`
--

INSERT INTO `wk_bs_booking_booked` VALUES (1,1,1,2,1,3,3,0,0,'acontreras@3dpro.mx','2024-01-24 14:00:00','2024-01-24 14:50:00','1705986416',3,'2024-01-24','02:00 pm',0,0),(2,2,2,4,2,3,3,1,2,'acontreras@3dpro.mx','2024-01-27 17:00:00','2024-01-27 17:50:00','1705987178',6,'2024-01-27','5:00 pm',0,0),(3,3,3,5,2,3,3,1,2,'acontreras@3dpro.mx','2024-01-27 17:00:00','2024-01-27 17:50:00','1705992100',6,'2024-01-27','5:00 pm',0,0),(4,3,4,7,2,3,3,1,2,'acontreras@3dpro.mx','2024-01-30 17:00:00','2024-01-30 17:50:00','1705992100',2,'2024-01-30','5:00 pm',0,0),(5,4,5,8,2,3,4,1,2,'acontreras@3dpro.mx','2024-01-31 18:20:00','2024-01-31 19:10:00','1705992186',3,'2024-01-31','06:20 pm',0,0),(6,5,6,10,2,3,2,0,2,'acontreras@3dpro.mx','2024-01-25 12:40:00','2024-01-25 13:30:00','1706028345',4,'2024-01-25','12:40 pm',0,0),(7,6,7,11,4,3,1,0,2,'acontreras@3dpro.mx','2024-01-24 11:20:00','2024-01-24 12:10:00','1706039565',3,'2024-01-24','11:20 am',0,0),(8,7,8,12,2,3,3,1,2,'acontreras@3dpro.mx','2024-01-31 17:00:00','2024-01-31 17:50:00','1706204291',3,'2024-01-31','5:00 pm',0,0),(9,8,9,14,4,3,0,0,17,'pedroparama@correo.com','2024-02-01 10:00:00','2024-02-01 10:50:00','1706230365',4,'2024-02-01','10:00 am',0,0),(10,9,10,13,1,3,5,1,2,'acontreras@3dpro.mx','2024-01-26 19:40:00','2024-01-26 20:30:00','1706230686',5,'2024-01-26','07:40 pm',0,0),(11,9,11,15,1,3,5,1,2,'acontreras@3dpro.mx','2024-01-27 19:40:00','2024-01-27 20:30:00','1706230686',6,'2024-01-27','07:40 pm',0,0),(12,10,12,16,2,3,5,1,2,'acontreras@3dpro.mx','2024-01-27 19:40:00','2024-01-27 20:30:00','1706300083',6,'2024-01-27','07:40 pm',0,0),(13,11,13,20,4,37,3,0,2,'acontreras@3dpro.mx','2024-01-31 13:30:00','2024-01-31 15:30:00','1706638687',3,'2024-01-31','01:30 pm',0,0),(14,12,14,22,4,3,0,0,2,'acontreras@3dpro.mx','2024-02-22 10:00:00','2024-02-22 10:50:00','1707514131',4,'2024-02-22','10:00 am',0,0),(15,13,15,23,1,7,3,1,2,'acontreras@3dpro.mx','2024-02-23 11:40:00','2024-02-23 13:00:00','1707523489',5,'2024-02-23','11:40 am',0,0);

--
-- Table structure for table `wk_bs_booking_info`
--

CREATE TABLE `wk_bs_booking_info` (
  `id` int NOT NULL AUTO_INCREMENT,
  `product_id` int NOT NULL,
  `start_date` varchar(255) NOT NULL,
  `end_date` varchar(255) NOT NULL,
  `info` longblob NOT NULL,
  `qty` int NOT NULL,
  `type` int NOT NULL,
  `total_slots` int NOT NULL,
  `attribute_set_id` int unsigned NOT NULL,
  `available_qty` int NOT NULL,
  PRIMARY KEY (`id`)
) ENGINE=InnoDB AUTO_INCREMENT=37 DEFAULT CHARSET=utf8mb3;

--
-- Dumping data for table `wk_bs_booking_info`
--

INSERT INTO `wk_bs_booking_info` VALUES (1,3,'','',_binary '{\"1\":[{\"from\":\"10:00 am\",\"to\":\"2:44 pm\",\"slots_info\":[{\"qty\":\"4\",\"time\":\"10:00 am\"},{\"qty\":\"4\",\"time\":\"11:20 am\"},{\"qty\":\"4\",\"time\":\"12:40 pm\"}]},{\"from\":\"5:00 pm\",\"to\":\"06:17 pm\",\"slots_info\":{\"3\":{\"qty\":\"4\",\"time\":\"5:00 pm\"}}},{\"from\":\"07:00 pm\",\"to\":\"09:00 pm\",\"slots_info\":{\"3\":{\"qty\":\"4\",\"time\":\"07:00 pm\"}}}],\"2\":[{\"from\":\"10:00 am\",\"to\":\"2:44 pm\",\"slots_info\":[{\"qty\":\"4\",\"time\":\"10:00 am\"},{\"qty\":\"4\",\"time\":\"11:20 am\"},{\"qty\":\"4\",\"time\":\"12:40 pm\"}]},{\"from\":\"5:00 pm\",\"to\":\"06:17 pm\",\"slots_info\":{\"3\":{\"qty\":\"4\",\"time\":\"5:00 pm\"}}},{\"from\":\"07:00 pm\",\"to\":\"09:00 pm\",\"slots_info\":{\"3\":{\"qty\":\"4\",\"time\":\"07:00 pm\"}}}],\"3\":[{\"from\":\"10:00 am\",\"to\":\"2:44 pm\",\"slots_info\":[{\"qty\":\"4\",\"time\":\"10:00 am\"},{\"qty\":\"4\",\"time\":\"11:20 am\"},{\"qty\":\"4\",\"time\":\"12:40 pm\"}]},{\"from\":\"5:00 pm\",\"to\":\"06:17 pm\",\"slots_info\":{\"3\":{\"qty\":\"4\",\"time\":\"5:00 pm\"}}},{\"from\":\"07:00 pm\",\"to\":\"09:00 pm\",\"slots_info\":{\"3\":{\"qty\":\"4\",\"time\":\"07:00 pm\"}}}],\"4\":[{\"from\":\"10:00 am\",\"to\":\"2:44 pm\",\"slots_info\":[{\"qty\":\"4\",\"time\":\"10:00 am\"},{\"qty\":\"4\",\"time\":\"11:20 am\"},{\"qty\":\"4\",\"time\":\"12:40 pm\"}]},{\"from\":\"5:00 pm\",\"to\":\"06:17 pm\",\"slots_info\":{\"3\":{\"qty\":\"4\",\"time\":\"5:00 pm\"}}},{\"from\":\"07:00 pm\",\"to\":\"09:00 pm\",\"slots_info\":{\"3\":{\"qty\":\"4\",\"time\":\"07:00 pm\"}}}],\"5\":[{\"from\":\"10:00 am\",\"to\":\"2:44 pm\",\"slots_info\":[{\"qty\":\"4\",\"time\":\"10:00 am\"},{\"qty\":\"4\",\"time\":\"11:20 am\"},{\"qty\":\"4\",\"time\":\"12:40 pm\"}]},{\"from\":\"5:00 pm\",\"to\":\"06:17 pm\",\"slots_info\":{\"3\":{\"qty\":\"4\",\"time\":\"5:00 pm\"}}},{\"from\":\"07:00 pm\",\"to\":\"09:00 pm\",\"slots_info\":{\"3\":{\"qty\":\"4\",\"time\":\"07:00 pm\"}}}],\"6\":[{\"from\":\"10:00 am\",\"to\":\"2:44 pm\",\"slots_info\":[{\"qty\":\"4\",\"time\":\"10:00 am\"},{\"qty\":\"4\",\"time\":\"11:20 am\"},{\"qty\":\"4\",\"time\":\"12:40 pm\"}]},{\"from\":\"5:00 pm\",\"to\":\"06:17 pm\",\"slots_info\":{\"3\":{\"qty\":\"4\",\"time\":\"5:00 pm\"}}},{\"from\":\"07:00 pm\",\"to\":\"09:00 pm\",\"slots_info\":{\"3\":{\"qty\":\"4\",\"time\":\"07:00 pm\"}}}],\"7\":[{\"from\":\"10:00 am\",\"to\":\"2:44 pm\",\"slots_info\":[{\"qty\":\"4\",\"time\":\"10:00 am\"},{\"qty\":\"4\",\"time\":\"11:20 am\"},{\"qty\":\"4\",\"time\":\"12:40 pm\"}]},{\"from\":\"5:00 pm\",\"to\":\"06:17 pm\",\"slots_info\":{\"3\":{\"qty\":\"4\",\"time\":\"5:00 pm\"}}},{\"from\":\"07:00 pm\",\"to\":\"09:00 pm\",\"slots_info\":{\"3\":{\"qty\":\"4\",\"time\":\"07:00 pm\"}}}]}',99999969,1,99999999,13,0),(2,4,'','',_binary '{\"1\":[{\"from\":\"12:00 pm\",\"to\":\"07:00 pm\",\"slots_info\":[{\"qty\":\"8\",\"time\":\"12:00 pm\"},{\"qty\":\"8\",\"time\":\"02:15 pm\"},{\"qty\":\"8\",\"time\":\"04:30 pm\"}]}]}',3,0,99999999,13,0),(3,6,'','',_binary '{\"1\":[{\"from\":\"10:00 am\",\"to\":\"10:00pm\",\"slots_info\":[{\"qty\":\"32\",\"time\":\"10:00 am\"},{\"qty\":\"32\",\"time\":\"11:10 am\"},{\"qty\":\"32\",\"time\":\"12:20 pm\"},{\"qty\":\"32\",\"time\":\"01:30 pm\"},{\"qty\":\"32\",\"time\":\"02:40 pm\"},{\"qty\":\"32\",\"time\":\"03:50 pm\"},{\"qty\":\"32\",\"time\":\"05:00 pm\"},{\"qty\":\"32\",\"time\":\"06:10 pm\"},{\"qty\":\"32\",\"time\":\"07:20 pm\"},{\"qty\":\"32\",\"time\":\"08:30 pm\"}]}],\"2\":[{\"from\":\"10:00 am\",\"to\":\"10:00pm\",\"slots_info\":[{\"qty\":\"32\",\"time\":\"10:00 am\"},{\"qty\":\"32\",\"time\":\"11:10 am\"},{\"qty\":\"32\",\"time\":\"12:20 pm\"},{\"qty\":\"32\",\"time\":\"01:30 pm\"},{\"qty\":\"32\",\"time\":\"02:40 pm\"},{\"qty\":\"32\",\"time\":\"03:50 pm\"},{\"qty\":\"32\",\"time\":\"05:00 pm\"},{\"qty\":\"32\",\"time\":\"06:10 pm\"},{\"qty\":\"32\",\"time\":\"07:20 pm\"},{\"qty\":\"32\",\"time\":\"08:30 pm\"}]}],\"3\":[{\"from\":\"10:00 am\",\"to\":\"10:00pm\",\"slots_info\":[{\"qty\":\"32\",\"time\":\"10:00 am\"},{\"qty\":\"32\",\"time\":\"11:10 am\"},{\"qty\":\"32\",\"time\":\"12:20 pm\"},{\"qty\":\"32\",\"time\":\"01:30 pm\"},{\"qty\":\"32\",\"time\":\"02:40 pm\"},{\"qty\":\"32\",\"time\":\"03:50 pm\"},{\"qty\":\"32\",\"time\":\"05:00 pm\"},{\"qty\":\"32\",\"time\":\"06:10 pm\"},{\"qty\":\"32\",\"time\":\"07:20 pm\"},{\"qty\":\"32\",\"time\":\"08:30 pm\"}]}],\"4\":[{\"from\":\"10:00 am\",\"to\":\"10:00pm\",\"slots_info\":[{\"qty\":\"32\",\"time\":\"10:00 am\"},{\"qty\":\"32\",\"time\":\"11:10 am\"},{\"qty\":\"32\",\"time\":\"12:20 pm\"},{\"qty\":\"32\",\"time\":\"01:30 pm\"},{\"qty\":\"32\",\"time\":\"02:40 pm\"},{\"qty\":\"32\",\"time\":\"03:50 pm\"},{\"qty\":\"32\",\"time\":\"05:00 pm\"},{\"qty\":\"32\",\"time\":\"06:10 pm\"},{\"qty\":\"32\",\"time\":\"07:20 pm\"},{\"qty\":\"32\",\"time\":\"08:30 pm\"}]}],\"5\":[{\"from\":\"10:00 am\",\"to\":\"10:00pm\",\"slots_info\":[{\"qty\":\"32\",\"time\":\"10:00 am\"},{\"qty\":\"32\",\"time\":\"11:10 am\"},{\"qty\":\"32\",\"time\":\"12:20 pm\"},{\"qty\":\"32\",\"time\":\"01:30 pm\"},{\"qty\":\"32\",\"time\":\"02:40 pm\"},{\"qty\":\"32\",\"time\":\"03:50 pm\"},{\"qty\":\"32\",\"time\":\"05:00 pm\"},{\"qty\":\"32\",\"time\":\"06:10 pm\"},{\"qty\":\"32\",\"time\":\"07:20 pm\"},{\"qty\":\"32\",\"time\":\"08:30 pm\"}]}],\"6\":[{\"from\":\"10:00 am\",\"to\":\"10:00pm\",\"slots_info\":[{\"qty\":\"32\",\"time\":\"10:00 am\"},{\"qty\":\"32\",\"time\":\"11:10 am\"},{\"qty\":\"32\",\"time\":\"12:20 pm\"},{\"qty\":\"32\",\"time\":\"01:30 pm\"},{\"qty\":\"32\",\"time\":\"02:40 pm\"},{\"qty\":\"32\",\"time\":\"03:50 pm\"},{\"qty\":\"32\",\"time\":\"05:00 pm\"},{\"qty\":\"32\",\"time\":\"06:10 pm\"},{\"qty\":\"32\",\"time\":\"07:20 pm\"},{\"qty\":\"32\",\"time\":\"08:30 pm\"}]}],\"7\":[{\"from\":\"10:00 am\",\"to\":\"10:00pm\",\"slots_info\":[{\"qty\":\"32\",\"time\":\"10:00 am\"},{\"qty\":\"32\",\"time\":\"11:10 am\"},{\"qty\":\"32\",\"time\":\"12:20 pm\"},{\"qty\":\"32\",\"time\":\"01:30 pm\"},{\"qty\":\"32\",\"time\":\"02:40 pm\"},{\"qty\":\"32\",\"time\":\"03:50 pm\"},{\"qty\":\"32\",\"time\":\"05:00 pm\"},{\"qty\":\"32\",\"time\":\"06:10 pm\"},{\"qty\":\"32\",\"time\":\"07:20 pm\"},{\"qty\":\"32\",\"time\":\"08:30 pm\"}]}]}',8,1,99999999,13,0),(4,7,'','',_binary '{\"1\":[{\"from\":\"06:00 am\",\"to\":\"08:12 am\",\"slots_info\":[{\"qty\":\"6\",\"time\":\"06:00 am\"}]},{\"from\":\"08:20 am\",\"to\":\"05:29 pm\",\"slots_info\":{\"1\":{\"qty\":\"6\",\"time\":\"08:20 am\"},\"2\":{\"qty\":\"6\",\"time\":\"10:00 am\"},\"3\":{\"qty\":\"6\",\"time\":\"11:40 am\"},\"4\":{\"qty\":\"6\",\"time\":\"01:20 pm\"},\"5\":{\"qty\":\"6\",\"time\":\"03:00 pm\"}}}],\"2\":[{\"from\":\"06:00 am\",\"to\":\"08:12 am\",\"slots_info\":[{\"qty\":\"6\",\"time\":\"06:00 am\"}]},{\"from\":\"08:20 am\",\"to\":\"05:29 pm\",\"slots_info\":{\"1\":{\"qty\":\"6\",\"time\":\"08:20 am\"},\"2\":{\"qty\":\"6\",\"time\":\"10:00 am\"},\"3\":{\"qty\":\"6\",\"time\":\"11:40 am\"},\"4\":{\"qty\":\"6\",\"time\":\"01:20 pm\"},\"5\":{\"qty\":\"6\",\"time\":\"03:00 pm\"}}}],\"3\":[{\"from\":\"06:00 am\",\"to\":\"08:12 am\",\"slots_info\":[{\"qty\":\"6\",\"time\":\"06:00 am\"}]},{\"from\":\"08:20 am\",\"to\":\"05:29 pm\",\"slots_info\":{\"1\":{\"qty\":\"6\",\"time\":\"08:20 am\"},\"2\":{\"qty\":\"6\",\"time\":\"10:00 am\"},\"3\":{\"qty\":\"6\",\"time\":\"11:40 am\"},\"4\":{\"qty\":\"6\",\"time\":\"01:20 pm\"},\"5\":{\"qty\":\"6\",\"time\":\"03:00 pm\"}}}],\"4\":[{\"from\":\"06:00 am\",\"to\":\"08:12 am\",\"slots_info\":[{\"qty\":\"6\",\"time\":\"06:00 am\"}]},{\"from\":\"08:20 am\",\"to\":\"05:29 pm\",\"slots_info\":{\"1\":{\"qty\":\"6\",\"time\":\"08:20 am\"},\"2\":{\"qty\":\"6\",\"time\":\"10:00 am\"},\"3\":{\"qty\":\"6\",\"time\":\"11:40 am\"},\"4\":{\"qty\":\"6\",\"time\":\"01:20 pm\"},\"5\":{\"qty\":\"6\",\"time\":\"03:00 pm\"}}}],\"5\":[{\"from\":\"06:00 am\",\"to\":\"08:12 am\",\"slots_info\":[{\"qty\":\"6\",\"time\":\"06:00 am\"}]},{\"from\":\"08:20 am\",\"to\":\"05:29 pm\",\"slots_info\":{\"1\":{\"qty\":\"6\",\"time\":\"08:20 am\"},\"2\":{\"qty\":\"6\",\"time\":\"10:00 am\"},\"3\":{\"qty\":\"6\",\"time\":\"11:40 am\"},\"4\":{\"qty\":\"6\",\"time\":\"01:20 pm\"},\"5\":{\"qty\":\"6\",\"time\":\"03:00 pm\"}}}],\"6\":[{\"from\":\"06:00 am\",\"to\":\"08:12 am\",\"slots_info\":[{\"qty\":\"6\",\"time\":\"06:00 am\"}]},{\"from\":\"08:20 am\",\"to\":\"05:29 pm\",\"slots_info\":{\"1\":{\"qty\":\"6\",\"time\":\"08:20 am\"},\"2\":{\"qty\":\"6\",\"time\":\"10:00 am\"},\"3\":{\"qty\":\"6\",\"time\":\"11:40 am\"},\"4\":{\"qty\":\"6\",\"time\":\"01:20 pm\"},\"5\":{\"qty\":\"6\",\"time\":\"03:00 pm\"}}}],\"7\":[{\"from\":\"06:00 am\",\"to\":\"08:12 am\",\"slots_info\":[{\"qty\":\"6\",\"time\":\"06:00 am\"}]},{\"from\":\"08:20 am\",\"to\":\"05:29 pm\",\"slots_info\":{\"1\":{\"qty\":\"6\",\"time\":\"08:20 am\"},\"2\":{\"qty\":\"6\",\"time\":\"10:00 am\"},\"3\":{\"qty\":\"6\",\"time\":\"11:40 am\"},\"4\":{\"qty\":\"6\",\"time\":\"01:20 pm\"},\"5\":{\"qty\":\"6\",\"time\":\"03:00 pm\"}}}]}',99999999,1,99999998,13,0),(5,8,'','',_binary '{\"1\":[{\"from\":\"01:00 pm\",\"to\":\"11:00 pm\",\"slots_info\":[{\"qty\":\"100\",\"time\":\"01:00 pm\"},{\"qty\":\"100\",\"time\":\"03:50 pm\"},{\"qty\":\"100\",\"time\":\"06:40 pm\"}]}],\"2\":[{\"from\":\"01:00 pm\",\"to\":\"11:00 pm\",\"slots_info\":[{\"qty\":\"100\",\"time\":\"01:00 pm\"},{\"qty\":\"100\",\"time\":\"03:50 pm\"},{\"qty\":\"100\",\"time\":\"06:40 pm\"}]}],\"3\":[{\"from\":\"01:00 pm\",\"to\":\"11:00 pm\",\"slots_info\":[{\"qty\":\"100\",\"time\":\"01:00 pm\"},{\"qty\":\"100\",\"time\":\"03:50 pm\"},{\"qty\":\"100\",\"time\":\"06:40 pm\"}]}],\"4\":[{\"from\":\"01:00 pm\",\"to\":\"11:00 pm\",\"slots_info\":[{\"qty\":\"100\",\"time\":\"01:00 pm\"},{\"qty\":\"100\",\"time\":\"03:50 pm\"},{\"qty\":\"100\",\"time\":\"06:40 pm\"}]}],\"5\":[{\"from\":\"01:00 pm\",\"to\":\"11:00 pm\",\"slots_info\":[{\"qty\":\"100\",\"time\":\"01:00 pm\"},{\"qty\":\"100\",\"time\":\"03:50 pm\"},{\"qty\":\"100\",\"time\":\"06:40 pm\"}]}],\"6\":[{\"from\":\"01:00 pm\",\"to\":\"11:00 pm\",\"slots_info\":[{\"qty\":\"100\",\"time\":\"01:00 pm\"},{\"qty\":\"100\",\"time\":\"03:50 pm\"},{\"qty\":\"100\",\"time\":\"06:40 pm\"}]}],\"7\":[{\"from\":\"01:00 pm\",\"to\":\"11:00 pm\",\"slots_info\":[{\"qty\":\"100\",\"time\":\"01:00 pm\"},{\"qty\":\"100\",\"time\":\"03:50 pm\"},{\"qty\":\"100\",\"time\":\"06:40 pm\"}]}]}',99999999,1,99999999,13,0),(6,9,'','',_binary '{\"1\":[],\"2\":[],\"3\":[],\"4\":[],\"5\":[],\"6\":[],\"7\":[]}',0,1,99999999,13,0),(7,11,'','',_binary '{\"1\":[],\"2\":[],\"3\":[],\"4\":[],\"5\":[],\"6\":[],\"7\":[]}',99999999,1,99999999,13,0),(8,12,'','',_binary '{\"1\":[{\"from\":\"11:00 am\",\"to\":\"08:00 pm\",\"slots_info\":[{\"qty\":\"6\",\"time\":\"11:00 am\"},{\"qty\":\"6\",\"time\":\"12:40 pm\"},{\"qty\":\"6\",\"time\":\"02:20 pm\"},{\"qty\":\"6\",\"time\":\"04:00 pm\"},{\"qty\":\"6\",\"time\":\"05:40 pm\"}]}],\"2\":[{\"from\":\"11:00 am\",\"to\":\"08:00 pm\",\"slots_info\":[{\"qty\":\"6\",\"time\":\"11:00 am\"},{\"qty\":\"6\",\"time\":\"12:40 pm\"},{\"qty\":\"6\",\"time\":\"02:20 pm\"},{\"qty\":\"6\",\"time\":\"04:00 pm\"},{\"qty\":\"6\",\"time\":\"05:40 pm\"}]}],\"3\":[{\"from\":\"11:00 am\",\"to\":\"08:00 pm\",\"slots_info\":[{\"qty\":\"6\",\"time\":\"11:00 am\"},{\"qty\":\"6\",\"time\":\"12:40 pm\"},{\"qty\":\"6\",\"time\":\"02:20 pm\"},{\"qty\":\"6\",\"time\":\"04:00 pm\"},{\"qty\":\"6\",\"time\":\"05:40 pm\"}]}],\"4\":[{\"from\":\"11:00 am\",\"to\":\"08:00 pm\",\"slots_info\":[{\"qty\":\"6\",\"time\":\"11:00 am\"},{\"qty\":\"6\",\"time\":\"12:40 pm\"},{\"qty\":\"6\",\"time\":\"02:20 pm\"},{\"qty\":\"6\",\"time\":\"04:00 pm\"},{\"qty\":\"6\",\"time\":\"05:40 pm\"}]}],\"5\":[{\"from\":\"11:00 am\",\"to\":\"08:00 pm\",\"slots_info\":[{\"qty\":\"6\",\"time\":\"11:00 am\"},{\"qty\":\"6\",\"time\":\"12:40 pm\"},{\"qty\":\"6\",\"time\":\"02:20 pm\"},{\"qty\":\"6\",\"time\":\"04:00 pm\"},{\"qty\":\"6\",\"time\":\"05:40 pm\"}]}],\"6\":[{\"from\":\"11:00 am\",\"to\":\"08:00 pm\",\"slots_info\":[{\"qty\":\"6\",\"time\":\"11:00 am\"},{\"qty\":\"6\",\"time\":\"12:40 pm\"},{\"qty\":\"6\",\"time\":\"02:20 pm\"},{\"qty\":\"6\",\"time\":\"04:00 pm\"},{\"qty\":\"6\",\"time\":\"05:40 pm\"}]}],\"7\":[{\"from\":\"11:00 am\",\"to\":\"08:00 pm\",\"slots_info\":[{\"qty\":\"6\",\"time\":\"11:00 am\"},{\"qty\":\"6\",\"time\":\"12:40 pm\"},{\"qty\":\"6\",\"time\":\"02:20 pm\"},{\"qty\":\"6\",\"time\":\"04:00 pm\"},{\"qty\":\"6\",\"time\":\"05:40 pm\"}]}]}',99999999,1,99999999,13,0),(9,13,'','',_binary '{\"1\":[{\"from\":\"11:00 am\",\"to\":\"09:00 pm\",\"slots_info\":[{\"qty\":\"6\",\"time\":\"11:00 am\"},{\"qty\":\"6\",\"time\":\"12:40 pm\"},{\"qty\":\"6\",\"time\":\"02:20 pm\"},{\"qty\":\"6\",\"time\":\"04:00 pm\"},{\"qty\":\"6\",\"time\":\"05:40 pm\"},{\"qty\":\"6\",\"time\":\"07:20 pm\"}]}],\"2\":[{\"from\":\"11:00 am\",\"to\":\"09:00 pm\",\"slots_info\":[{\"qty\":\"6\",\"time\":\"11:00 am\"},{\"qty\":\"6\",\"time\":\"12:40 pm\"},{\"qty\":\"6\",\"time\":\"02:20 pm\"},{\"qty\":\"6\",\"time\":\"04:00 pm\"},{\"qty\":\"6\",\"time\":\"05:40 pm\"},{\"qty\":\"6\",\"time\":\"07:20 pm\"}]}],\"3\":[{\"from\":\"11:00 am\",\"to\":\"09:00 pm\",\"slots_info\":[{\"qty\":\"6\",\"time\":\"11:00 am\"},{\"qty\":\"6\",\"time\":\"12:40 pm\"},{\"qty\":\"6\",\"time\":\"02:20 pm\"},{\"qty\":\"6\",\"time\":\"04:00 pm\"},{\"qty\":\"6\",\"time\":\"05:40 pm\"},{\"qty\":\"6\",\"time\":\"07:20 pm\"}]}],\"4\":[{\"from\":\"11:00 am\",\"to\":\"09:00 pm\",\"slots_info\":[{\"qty\":\"6\",\"time\":\"11:00 am\"},{\"qty\":\"6\",\"time\":\"12:40 pm\"},{\"qty\":\"6\",\"time\":\"02:20 pm\"},{\"qty\":\"6\",\"time\":\"04:00 pm\"},{\"qty\":\"6\",\"time\":\"05:40 pm\"},{\"qty\":\"6\",\"time\":\"07:20 pm\"}]}],\"5\":[{\"from\":\"11:00 am\",\"to\":\"09:00 pm\",\"slots_info\":[{\"qty\":\"6\",\"time\":\"11:00 am\"},{\"qty\":\"6\",\"time\":\"12:40 pm\"},{\"qty\":\"6\",\"time\":\"02:20 pm\"},{\"qty\":\"6\",\"time\":\"04:00 pm\"},{\"qty\":\"6\",\"time\":\"05:40 pm\"},{\"qty\":\"6\",\"time\":\"07:20 pm\"}]}],\"6\":[{\"from\":\"11:00 am\",\"to\":\"09:00 pm\",\"slots_info\":[{\"qty\":\"6\",\"time\":\"11:00 am\"},{\"qty\":\"6\",\"time\":\"12:40 pm\"},{\"qty\":\"6\",\"time\":\"02:20 pm\"},{\"qty\":\"6\",\"time\":\"04:00 pm\"},{\"qty\":\"6\",\"time\":\"05:40 pm\"},{\"qty\":\"6\",\"time\":\"07:20 pm\"}]}],\"7\":[{\"from\":\"11:00 am\",\"to\":\"09:00 pm\",\"slots_info\":[{\"qty\":\"6\",\"time\":\"11:00 am\"},{\"qty\":\"6\",\"time\":\"12:40 pm\"},{\"qty\":\"6\",\"time\":\"02:20 pm\"},{\"qty\":\"6\",\"time\":\"04:00 pm\"},{\"qty\":\"6\",\"time\":\"05:40 pm\"},{\"qty\":\"6\",\"time\":\"07:20 pm\"}]}]}',99999999,1,99999999,13,0),(10,14,'','',_binary '{\"1\":[{\"from\":\"03:00 pm\",\"to\":\"11:00 pm\",\"slots_info\":[{\"qty\":\"6\",\"time\":\"03:00 pm\"},{\"qty\":\"6\",\"time\":\"04:40 pm\"},{\"qty\":\"6\",\"time\":\"06:20 pm\"},{\"qty\":\"6\",\"time\":\"08:00 pm\"}]}],\"2\":[{\"from\":\"03:00 pm\",\"to\":\"11:00 pm\",\"slots_info\":[{\"qty\":\"6\",\"time\":\"03:00 pm\"},{\"qty\":\"6\",\"time\":\"04:40 pm\"},{\"qty\":\"6\",\"time\":\"06:20 pm\"},{\"qty\":\"6\",\"time\":\"08:00 pm\"}]}],\"3\":[{\"from\":\"03:00 pm\",\"to\":\"11:00 pm\",\"slots_info\":[{\"qty\":\"6\",\"time\":\"03:00 pm\"},{\"qty\":\"6\",\"time\":\"04:40 pm\"},{\"qty\":\"6\",\"time\":\"06:20 pm\"},{\"qty\":\"6\",\"time\":\"08:00 pm\"}]}],\"4\":[{\"from\":\"03:00 pm\",\"to\":\"11:00 pm\",\"slots_info\":[{\"qty\":\"6\",\"time\":\"03:00 pm\"},{\"qty\":\"6\",\"time\":\"04:40 pm\"},{\"qty\":\"6\",\"time\":\"06:20 pm\"},{\"qty\":\"6\",\"time\":\"08:00 pm\"}]}],\"5\":[{\"from\":\"03:00 pm\",\"to\":\"11:00 pm\",\"slots_info\":[{\"qty\":\"6\",\"time\":\"03:00 pm\"},{\"qty\":\"6\",\"time\":\"04:40 pm\"},{\"qty\":\"6\",\"time\":\"06:20 pm\"},{\"qty\":\"6\",\"time\":\"08:00 pm\"}]}],\"6\":[{\"from\":\"03:00 pm\",\"to\":\"11:00 pm\",\"slots_info\":[{\"qty\":\"6\",\"time\":\"03:00 pm\"},{\"qty\":\"6\",\"time\":\"04:40 pm\"},{\"qty\":\"6\",\"time\":\"06:20 pm\"},{\"qty\":\"6\",\"time\":\"08:00 pm\"}]}],\"7\":[{\"from\":\"03:00 pm\",\"to\":\"11:00 pm\",\"slots_info\":[{\"qty\":\"6\",\"time\":\"03:00 pm\"},{\"qty\":\"6\",\"time\":\"04:40 pm\"},{\"qty\":\"6\",\"time\":\"06:20 pm\"},{\"qty\":\"6\",\"time\":\"08:00 pm\"}]}]}',99999999,1,99999999,13,0),(11,15,'','',_binary '{\"1\":[{\"from\":\"08:00 am\",\"to\":\"06:00 pm\",\"slots_info\":[{\"qty\":\"50\",\"time\":\"08:00 am\"},{\"qty\":\"50\",\"time\":\"09:35 am\"},{\"qty\":\"50\",\"time\":\"11:10 am\"},{\"qty\":\"50\",\"time\":\"12:45 pm\"},{\"qty\":\"50\",\"time\":\"02:20 pm\"},{\"qty\":\"50\",\"time\":\"03:55 pm\"}]}],\"2\":[{\"from\":\"08:00 am\",\"to\":\"06:00 pm\",\"slots_info\":[{\"qty\":\"50\",\"time\":\"08:00 am\"},{\"qty\":\"50\",\"time\":\"09:35 am\"},{\"qty\":\"50\",\"time\":\"11:10 am\"},{\"qty\":\"50\",\"time\":\"12:45 pm\"},{\"qty\":\"50\",\"time\":\"02:20 pm\"},{\"qty\":\"50\",\"time\":\"03:55 pm\"}]}],\"3\":[{\"from\":\"08:00 am\",\"to\":\"06:00 pm\",\"slots_info\":[{\"qty\":\"50\",\"time\":\"08:00 am\"},{\"qty\":\"50\",\"time\":\"09:35 am\"},{\"qty\":\"50\",\"time\":\"11:10 am\"},{\"qty\":\"50\",\"time\":\"12:45 pm\"},{\"qty\":\"50\",\"time\":\"02:20 pm\"},{\"qty\":\"50\",\"time\":\"03:55 pm\"}]}],\"4\":[{\"from\":\"08:00 am\",\"to\":\"06:00 pm\",\"slots_info\":[{\"qty\":\"50\",\"time\":\"08:00 am\"},{\"qty\":\"50\",\"time\":\"09:35 am\"},{\"qty\":\"50\",\"time\":\"11:10 am\"},{\"qty\":\"50\",\"time\":\"12:45 pm\"},{\"qty\":\"50\",\"time\":\"02:20 pm\"},{\"qty\":\"50\",\"time\":\"03:55 pm\"}]}],\"5\":[{\"from\":\"08:00 am\",\"to\":\"06:00 pm\",\"slots_info\":[{\"qty\":\"50\",\"time\":\"08:00 am\"},{\"qty\":\"50\",\"time\":\"09:35 am\"},{\"qty\":\"50\",\"time\":\"11:10 am\"},{\"qty\":\"50\",\"time\":\"12:45 pm\"},{\"qty\":\"50\",\"time\":\"02:20 pm\"},{\"qty\":\"50\",\"time\":\"03:55 pm\"}]}],\"6\":[{\"from\":\"08:00 am\",\"to\":\"06:00 pm\",\"slots_info\":[{\"qty\":\"50\",\"time\":\"08:00 am\"},{\"qty\":\"50\",\"time\":\"09:35 am\"},{\"qty\":\"50\",\"time\":\"11:10 am\"},{\"qty\":\"50\",\"time\":\"12:45 pm\"},{\"qty\":\"50\",\"time\":\"02:20 pm\"},{\"qty\":\"50\",\"time\":\"03:55 pm\"}]}],\"7\":[{\"from\":\"08:00 am\",\"to\":\"06:00 pm\",\"slots_info\":[{\"qty\":\"50\",\"time\":\"08:00 am\"},{\"qty\":\"50\",\"time\":\"09:35 am\"},{\"qty\":\"50\",\"time\":\"11:10 am\"},{\"qty\":\"50\",\"time\":\"12:45 pm\"},{\"qty\":\"50\",\"time\":\"02:20 pm\"},{\"qty\":\"50\",\"time\":\"03:55 pm\"}]}]}',99999999,1,99999999,13,0),(12,16,'','',_binary '{\"1\":[{\"from\":\"12:00 pm\",\"to\":\"08:00 pm\",\"slots_info\":[{\"qty\":\"25\",\"time\":\"12:00 pm\"},{\"qty\":\"25\",\"time\":\"01:45 pm\"},{\"qty\":\"25\",\"time\":\"03:30 pm\"},{\"qty\":\"25\",\"time\":\"05:15 pm\"}]}],\"2\":[{\"from\":\"12:00 pm\",\"to\":\"08:00 pm\",\"slots_info\":[{\"qty\":\"25\",\"time\":\"12:00 pm\"},{\"qty\":\"25\",\"time\":\"01:45 pm\"},{\"qty\":\"25\",\"time\":\"03:30 pm\"},{\"qty\":\"25\",\"time\":\"05:15 pm\"}]}],\"3\":[{\"from\":\"12:00 pm\",\"to\":\"08:00 pm\",\"slots_info\":[{\"qty\":\"25\",\"time\":\"12:00 pm\"},{\"qty\":\"25\",\"time\":\"01:45 pm\"},{\"qty\":\"25\",\"time\":\"03:30 pm\"},{\"qty\":\"25\",\"time\":\"05:15 pm\"}]}],\"4\":[{\"from\":\"12:00 pm\",\"to\":\"08:00 pm\",\"slots_info\":[{\"qty\":\"25\",\"time\":\"12:00 pm\"},{\"qty\":\"25\",\"time\":\"01:45 pm\"},{\"qty\":\"25\",\"time\":\"03:30 pm\"},{\"qty\":\"25\",\"time\":\"05:15 pm\"}]}],\"5\":[{\"from\":\"12:00 pm\",\"to\":\"08:00 pm\",\"slots_info\":[{\"qty\":\"25\",\"time\":\"12:00 pm\"},{\"qty\":\"25\",\"time\":\"01:45 pm\"},{\"qty\":\"25\",\"time\":\"03:30 pm\"},{\"qty\":\"25\",\"time\":\"05:15 pm\"}]}],\"6\":[{\"from\":\"12:00 pm\",\"to\":\"08:00 pm\",\"slots_info\":[{\"qty\":\"25\",\"time\":\"12:00 pm\"},{\"qty\":\"25\",\"time\":\"01:45 pm\"},{\"qty\":\"25\",\"time\":\"03:30 pm\"},{\"qty\":\"25\",\"time\":\"05:15 pm\"}]}],\"7\":[{\"from\":\"12:00 pm\",\"to\":\"08:00 pm\",\"slots_info\":[{\"qty\":\"25\",\"time\":\"12:00 pm\"},{\"qty\":\"25\",\"time\":\"01:45 pm\"},{\"qty\":\"25\",\"time\":\"03:30 pm\"},{\"qty\":\"25\",\"time\":\"05:15 pm\"}]}]}',99999999,1,99999999,13,0),(13,17,'','',_binary '{\"7\":[{\"from\":\"12:00 pm\",\"to\":\"11:00 pm\",\"slots_info\":[{\"qty\":\"80\",\"time\":\"12:00 pm\"},{\"qty\":\"80\",\"time\":\"02:20 pm\"},{\"qty\":\"80\",\"time\":\"04:40 pm\"},{\"qty\":\"80\",\"time\":\"07:00 pm\"}]}]}',99999999,0,99999999,13,0),(14,18,'','',_binary '{\"1\":[{\"from\":\"09:00 am\",\"to\":\"08:00 pm\",\"slots_info\":[{\"qty\":\"50\",\"time\":\"09:00 am\"},{\"qty\":\"50\",\"time\":\"11:20 am\"},{\"qty\":\"50\",\"time\":\"01:40 pm\"},{\"qty\":\"50\",\"time\":\"04:00 pm\"}]}],\"2\":[{\"from\":\"8:30 am\",\"to\":\"05:29 pm\",\"slots_info\":[{\"qty\":\"50\",\"time\":\"8:30 am\"},{\"qty\":\"50\",\"time\":\"10:50 am\"},{\"qty\":\"50\",\"time\":\"01:10 pm\"}]}],\"3\":[{\"from\":\"10:00 am\",\"to\":\"07:00 pm\",\"slots_info\":[{\"qty\":\"50\",\"time\":\"10:00 am\"},{\"qty\":\"50\",\"time\":\"12:20 pm\"},{\"qty\":\"50\",\"time\":\"02:40 pm\"}]}],\"7\":[{\"from\":\"10:00 am\",\"to\":\"08:00 pm\",\"slots_info\":[{\"qty\":\"50\",\"time\":\"10:00 am\"},{\"qty\":\"50\",\"time\":\"12:20 pm\"},{\"qty\":\"50\",\"time\":\"02:40 pm\"},{\"qty\":\"50\",\"time\":\"05:00 pm\"}]}]}',99999999,0,99999999,13,0),(15,19,'','',_binary '{\"4\":[],\"5\":[],\"6\":[],\"7\":[]}',9999999,0,99999999,13,0),(16,20,'','',_binary '{\"1\":[{\"from\":\"08:00 am\",\"to\":\"12:00 pm\",\"slots_info\":[{\"qty\":\"35\",\"time\":\"08:00 am\"},{\"qty\":\"35\",\"time\":\"09:35 am\"}]}],\"2\":[{\"from\":\"08:00 am\",\"to\":\"12:00 pm\",\"slots_info\":[{\"qty\":\"35\",\"time\":\"08:00 am\"},{\"qty\":\"35\",\"time\":\"09:35 am\"}]}],\"3\":[{\"from\":\"08:00 am\",\"to\":\"12:00 pm\",\"slots_info\":[{\"qty\":\"35\",\"time\":\"08:00 am\"},{\"qty\":\"35\",\"time\":\"09:35 am\"}]}],\"4\":[{\"from\":\"08:00 am\",\"to\":\"12:00 pm\",\"slots_info\":[{\"qty\":\"35\",\"time\":\"08:00 am\"},{\"qty\":\"35\",\"time\":\"09:35 am\"}]}],\"5\":[{\"from\":\"08:00 am\",\"to\":\"12:00 pm\",\"slots_info\":[{\"qty\":\"35\",\"time\":\"08:00 am\"},{\"qty\":\"35\",\"time\":\"09:35 am\"}]}],\"6\":[{\"from\":\"08:00 am\",\"to\":\"12:00 pm\",\"slots_info\":[{\"qty\":\"35\",\"time\":\"08:00 am\"},{\"qty\":\"35\",\"time\":\"09:35 am\"}]}],\"7\":[{\"from\":\"08:00 am\",\"to\":\"12:00 pm\",\"slots_info\":[{\"qty\":\"35\",\"time\":\"08:00 am\"},{\"qty\":\"35\",\"time\":\"09:35 am\"}]}]}',99999999,1,99999999,13,0),(17,21,'','',_binary '{\"1\":[{\"from\":\"08:00 am\",\"to\":\"10:00 pm\",\"slots_info\":[{\"qty\":\"100\",\"time\":\"08:00 am\"},{\"qty\":\"100\",\"time\":\"11:50 am\"},{\"qty\":\"100\",\"time\":\"03:40 pm\"}]}],\"2\":[{\"from\":\"08:00 am\",\"to\":\"10:00 pm\",\"slots_info\":[{\"qty\":\"100\",\"time\":\"08:00 am\"},{\"qty\":\"100\",\"time\":\"11:50 am\"},{\"qty\":\"100\",\"time\":\"03:40 pm\"}]}],\"3\":[{\"from\":\"08:00 am\",\"to\":\"10:00 pm\",\"slots_info\":[{\"qty\":\"100\",\"time\":\"08:00 am\"},{\"qty\":\"100\",\"time\":\"11:50 am\"},{\"qty\":\"100\",\"time\":\"03:40 pm\"}]}],\"4\":[{\"from\":\"08:00 am\",\"to\":\"10:00 pm\",\"slots_info\":[{\"qty\":\"100\",\"time\":\"08:00 am\"},{\"qty\":\"100\",\"time\":\"11:50 am\"},{\"qty\":\"100\",\"time\":\"03:40 pm\"}]}],\"5\":[{\"from\":\"08:00 am\",\"to\":\"10:00 pm\",\"slots_info\":[{\"qty\":\"100\",\"time\":\"08:00 am\"},{\"qty\":\"100\",\"time\":\"11:50 am\"},{\"qty\":\"100\",\"time\":\"03:40 pm\"}]}],\"6\":[{\"from\":\"08:00 am\",\"to\":\"10:00 pm\",\"slots_info\":[{\"qty\":\"100\",\"time\":\"08:00 am\"},{\"qty\":\"100\",\"time\":\"11:50 am\"},{\"qty\":\"100\",\"time\":\"03:40 pm\"}]}],\"7\":[{\"from\":\"08:00 am\",\"to\":\"10:00 pm\",\"slots_info\":[{\"qty\":\"100\",\"time\":\"08:00 am\"},{\"qty\":\"100\",\"time\":\"11:50 am\"},{\"qty\":\"100\",\"time\":\"03:40 pm\"}]}]}',99999999,1,99999999,13,0),(18,22,'','',_binary '{\"1\":[{\"from\":\"07:00 am\",\"to\":\"12:00 pm\",\"slots_info\":[{\"qty\":\"25\",\"time\":\"07:00 am\"},{\"qty\":\"25\",\"time\":\"08:35 am\"},{\"qty\":\"25\",\"time\":\"10:10 am\"}]},{\"from\":\"02:30 pm\",\"to\":\"08:00 pm\",\"slots_info\":{\"3\":{\"qty\":\"25\",\"time\":\"02:30 pm\"},\"4\":{\"qty\":\"25\",\"time\":\"04:05 pm\"},\"5\":{\"qty\":\"25\",\"time\":\"05:40 pm\"}}}],\"2\":[{\"from\":\"07:00 am\",\"to\":\"12:00 pm\",\"slots_info\":[{\"qty\":\"25\",\"time\":\"07:00 am\"},{\"qty\":\"25\",\"time\":\"08:35 am\"},{\"qty\":\"25\",\"time\":\"10:10 am\"}]},{\"from\":\"02:30 pm\",\"to\":\"08:00 pm\",\"slots_info\":{\"3\":{\"qty\":\"25\",\"time\":\"02:30 pm\"},\"4\":{\"qty\":\"25\",\"time\":\"04:05 pm\"},\"5\":{\"qty\":\"25\",\"time\":\"05:40 pm\"}}}],\"3\":[{\"from\":\"07:00 am\",\"to\":\"12:00 pm\",\"slots_info\":[{\"qty\":\"25\",\"time\":\"07:00 am\"},{\"qty\":\"25\",\"time\":\"08:35 am\"},{\"qty\":\"25\",\"time\":\"10:10 am\"}]},{\"from\":\"02:30 pm\",\"to\":\"08:00 pm\",\"slots_info\":{\"3\":{\"qty\":\"25\",\"time\":\"02:30 pm\"},\"4\":{\"qty\":\"25\",\"time\":\"04:05 pm\"},\"5\":{\"qty\":\"25\",\"time\":\"05:40 pm\"}}}],\"4\":[{\"from\":\"07:00 am\",\"to\":\"12:00 pm\",\"slots_info\":[{\"qty\":\"25\",\"time\":\"07:00 am\"},{\"qty\":\"25\",\"time\":\"08:35 am\"},{\"qty\":\"25\",\"time\":\"10:10 am\"}]},{\"from\":\"02:30 pm\",\"to\":\"08:00 pm\",\"slots_info\":{\"3\":{\"qty\":\"25\",\"time\":\"02:30 pm\"},\"4\":{\"qty\":\"25\",\"time\":\"04:05 pm\"},\"5\":{\"qty\":\"25\",\"time\":\"05:40 pm\"}}}],\"5\":[{\"from\":\"07:00 am\",\"to\":\"12:00 pm\",\"slots_info\":[{\"qty\":\"25\",\"time\":\"07:00 am\"},{\"qty\":\"25\",\"time\":\"08:35 am\"},{\"qty\":\"25\",\"time\":\"10:10 am\"}]},{\"from\":\"02:30 pm\",\"to\":\"08:00 pm\",\"slots_info\":{\"3\":{\"qty\":\"25\",\"time\":\"02:30 pm\"},\"4\":{\"qty\":\"25\",\"time\":\"04:05 pm\"},\"5\":{\"qty\":\"25\",\"time\":\"05:40 pm\"}}}],\"6\":[{\"from\":\"07:00 am\",\"to\":\"12:00 pm\",\"slots_info\":[{\"qty\":\"25\",\"time\":\"07:00 am\"},{\"qty\":\"25\",\"time\":\"08:35 am\"},{\"qty\":\"25\",\"time\":\"10:10 am\"}]},{\"from\":\"02:30 pm\",\"to\":\"08:00 pm\",\"slots_info\":{\"3\":{\"qty\":\"25\",\"time\":\"02:30 pm\"},\"4\":{\"qty\":\"25\",\"time\":\"04:05 pm\"},\"5\":{\"qty\":\"25\",\"time\":\"05:40 pm\"}}}],\"7\":[{\"from\":\"07:00 am\",\"to\":\"12:00 pm\",\"slots_info\":[{\"qty\":\"25\",\"time\":\"07:00 am\"},{\"qty\":\"25\",\"time\":\"08:35 am\"},{\"qty\":\"25\",\"time\":\"10:10 am\"}]},{\"from\":\"02:30 pm\",\"to\":\"08:00 pm\",\"slots_info\":{\"3\":{\"qty\":\"25\",\"time\":\"02:30 pm\"},\"4\":{\"qty\":\"25\",\"time\":\"04:05 pm\"},\"5\":{\"qty\":\"25\",\"time\":\"05:40 pm\"}}}]}',99999999,1,99999999,13,0),(19,23,'','',_binary '{\"1\":[{\"from\":\"08:00 am\",\"to\":\"06:00 pm\",\"slots_info\":[{\"qty\":\"12\",\"time\":\"08:00 am\"},{\"qty\":\"12\",\"time\":\"09:10 am\"},{\"qty\":\"12\",\"time\":\"10:20 am\"},{\"qty\":\"12\",\"time\":\"11:30 am\"},{\"qty\":\"12\",\"time\":\"12:40 pm\"},{\"qty\":\"12\",\"time\":\"01:50 pm\"},{\"qty\":\"12\",\"time\":\"03:00 pm\"},{\"qty\":\"12\",\"time\":\"04:10 pm\"}]}],\"2\":[{\"from\":\"08:00 am\",\"to\":\"06:00 pm\",\"slots_info\":[{\"qty\":\"12\",\"time\":\"08:00 am\"},{\"qty\":\"12\",\"time\":\"09:10 am\"},{\"qty\":\"12\",\"time\":\"10:20 am\"},{\"qty\":\"12\",\"time\":\"11:30 am\"},{\"qty\":\"12\",\"time\":\"12:40 pm\"},{\"qty\":\"12\",\"time\":\"01:50 pm\"},{\"qty\":\"12\",\"time\":\"03:00 pm\"},{\"qty\":\"12\",\"time\":\"04:10 pm\"}]}],\"3\":[{\"from\":\"08:00 am\",\"to\":\"06:00 pm\",\"slots_info\":[{\"qty\":\"12\",\"time\":\"08:00 am\"},{\"qty\":\"12\",\"time\":\"09:10 am\"},{\"qty\":\"12\",\"time\":\"10:20 am\"},{\"qty\":\"12\",\"time\":\"11:30 am\"},{\"qty\":\"12\",\"time\":\"12:40 pm\"},{\"qty\":\"12\",\"time\":\"01:50 pm\"},{\"qty\":\"12\",\"time\":\"03:00 pm\"},{\"qty\":\"12\",\"time\":\"04:10 pm\"}]}],\"4\":[{\"from\":\"08:00 am\",\"to\":\"06:00 pm\",\"slots_info\":[{\"qty\":\"12\",\"time\":\"08:00 am\"},{\"qty\":\"12\",\"time\":\"09:10 am\"},{\"qty\":\"12\",\"time\":\"10:20 am\"},{\"qty\":\"12\",\"time\":\"11:30 am\"},{\"qty\":\"12\",\"time\":\"12:40 pm\"},{\"qty\":\"12\",\"time\":\"01:50 pm\"},{\"qty\":\"12\",\"time\":\"03:00 pm\"},{\"qty\":\"12\",\"time\":\"04:10 pm\"}]}],\"5\":[{\"from\":\"08:00 am\",\"to\":\"06:00 pm\",\"slots_info\":[{\"qty\":\"12\",\"time\":\"08:00 am\"},{\"qty\":\"12\",\"time\":\"09:10 am\"},{\"qty\":\"12\",\"time\":\"10:20 am\"},{\"qty\":\"12\",\"time\":\"11:30 am\"},{\"qty\":\"12\",\"time\":\"12:40 pm\"},{\"qty\":\"12\",\"time\":\"01:50 pm\"},{\"qty\":\"12\",\"time\":\"03:00 pm\"},{\"qty\":\"12\",\"time\":\"04:10 pm\"}]}],\"6\":[{\"from\":\"08:00 am\",\"to\":\"06:00 pm\",\"slots_info\":[{\"qty\":\"12\",\"time\":\"08:00 am\"},{\"qty\":\"12\",\"time\":\"09:10 am\"},{\"qty\":\"12\",\"time\":\"10:20 am\"},{\"qty\":\"12\",\"time\":\"11:30 am\"},{\"qty\":\"12\",\"time\":\"12:40 pm\"},{\"qty\":\"12\",\"time\":\"01:50 pm\"},{\"qty\":\"12\",\"time\":\"03:00 pm\"},{\"qty\":\"12\",\"time\":\"04:10 pm\"}]}],\"7\":[{\"from\":\"08:00 am\",\"to\":\"06:00 pm\",\"slots_info\":[{\"qty\":\"12\",\"time\":\"08:00 am\"},{\"qty\":\"12\",\"time\":\"09:10 am\"},{\"qty\":\"12\",\"time\":\"10:20 am\"},{\"qty\":\"12\",\"time\":\"11:30 am\"},{\"qty\":\"12\",\"time\":\"12:40 pm\"},{\"qty\":\"12\",\"time\":\"01:50 pm\"},{\"qty\":\"12\",\"time\":\"03:00 pm\"},{\"qty\":\"12\",\"time\":\"04:10 pm\"}]}]}',99999999,1,99999999,13,0),(20,25,'','',_binary '{\"1\":[{\"from\":\"01:00 pm\",\"to\":\"06:00 pm\",\"slots_info\":[{\"qty\":\"8\",\"time\":\"01:00 pm\"},{\"qty\":\"8\",\"time\":\"02:10 pm\"},{\"qty\":\"8\",\"time\":\"03:20 pm\"},{\"qty\":\"8\",\"time\":\"04:30 pm\"}]}],\"2\":[{\"from\":\"01:00 pm\",\"to\":\"06:00 pm\",\"slots_info\":[{\"qty\":\"8\",\"time\":\"01:00 pm\"},{\"qty\":\"8\",\"time\":\"02:10 pm\"},{\"qty\":\"8\",\"time\":\"03:20 pm\"},{\"qty\":\"8\",\"time\":\"04:30 pm\"}]}],\"3\":[{\"from\":\"01:00 pm\",\"to\":\"06:00 pm\",\"slots_info\":[{\"qty\":\"8\",\"time\":\"01:00 pm\"},{\"qty\":\"8\",\"time\":\"02:10 pm\"},{\"qty\":\"8\",\"time\":\"03:20 pm\"},{\"qty\":\"8\",\"time\":\"04:30 pm\"}]}],\"4\":[{\"from\":\"01:00 pm\",\"to\":\"06:00 pm\",\"slots_info\":[{\"qty\":\"8\",\"time\":\"01:00 pm\"},{\"qty\":\"8\",\"time\":\"02:10 pm\"},{\"qty\":\"8\",\"time\":\"03:20 pm\"},{\"qty\":\"8\",\"time\":\"04:30 pm\"}]}],\"5\":[{\"from\":\"01:00 pm\",\"to\":\"06:00 pm\",\"slots_info\":[{\"qty\":\"8\",\"time\":\"01:00 pm\"},{\"qty\":\"8\",\"time\":\"02:10 pm\"},{\"qty\":\"8\",\"time\":\"03:20 pm\"},{\"qty\":\"8\",\"time\":\"04:30 pm\"}]}],\"6\":[{\"from\":\"01:00 pm\",\"to\":\"06:00 pm\",\"slots_info\":[{\"qty\":\"8\",\"time\":\"01:00 pm\"},{\"qty\":\"8\",\"time\":\"02:10 pm\"},{\"qty\":\"8\",\"time\":\"03:20 pm\"},{\"qty\":\"8\",\"time\":\"04:30 pm\"}]}],\"7\":[{\"from\":\"01:00 pm\",\"to\":\"06:00 pm\",\"slots_info\":[{\"qty\":\"8\",\"time\":\"01:00 pm\"},{\"qty\":\"8\",\"time\":\"02:10 pm\"},{\"qty\":\"8\",\"time\":\"03:20 pm\"},{\"qty\":\"8\",\"time\":\"04:30 pm\"}]}]}',99999999,1,99999999,13,0),(21,26,'','',_binary '{\"1\":[{\"from\":\"09:00 am\",\"to\":\"06:00 pm\",\"slots_info\":[{\"qty\":\"30\",\"time\":\"09:00 am\"},{\"qty\":\"30\",\"time\":\"10:30 am\"},{\"qty\":\"30\",\"time\":\"12:00 pm\"},{\"qty\":\"30\",\"time\":\"01:30 pm\"},{\"qty\":\"30\",\"time\":\"03:00 pm\"},{\"qty\":\"30\",\"time\":\"04:30 pm\"}]}],\"2\":[{\"from\":\"09:00 am\",\"to\":\"06:00 pm\",\"slots_info\":[{\"qty\":\"30\",\"time\":\"09:00 am\"},{\"qty\":\"30\",\"time\":\"10:30 am\"},{\"qty\":\"30\",\"time\":\"12:00 pm\"},{\"qty\":\"30\",\"time\":\"01:30 pm\"},{\"qty\":\"30\",\"time\":\"03:00 pm\"},{\"qty\":\"30\",\"time\":\"04:30 pm\"}]}],\"3\":[{\"from\":\"09:00 am\",\"to\":\"06:00 pm\",\"slots_info\":[{\"qty\":\"30\",\"time\":\"09:00 am\"},{\"qty\":\"30\",\"time\":\"10:30 am\"},{\"qty\":\"30\",\"time\":\"12:00 pm\"},{\"qty\":\"30\",\"time\":\"01:30 pm\"},{\"qty\":\"30\",\"time\":\"03:00 pm\"},{\"qty\":\"30\",\"time\":\"04:30 pm\"}]}],\"4\":[{\"from\":\"09:00 am\",\"to\":\"06:00 pm\",\"slots_info\":[{\"qty\":\"30\",\"time\":\"09:00 am\"},{\"qty\":\"30\",\"time\":\"10:30 am\"},{\"qty\":\"30\",\"time\":\"12:00 pm\"},{\"qty\":\"30\",\"time\":\"01:30 pm\"},{\"qty\":\"30\",\"time\":\"03:00 pm\"},{\"qty\":\"30\",\"time\":\"04:30 pm\"}]}],\"5\":[{\"from\":\"09:00 am\",\"to\":\"06:00 pm\",\"slots_info\":[{\"qty\":\"30\",\"time\":\"09:00 am\"},{\"qty\":\"30\",\"time\":\"10:30 am\"},{\"qty\":\"30\",\"time\":\"12:00 pm\"},{\"qty\":\"30\",\"time\":\"01:30 pm\"},{\"qty\":\"30\",\"time\":\"03:00 pm\"},{\"qty\":\"30\",\"time\":\"04:30 pm\"}]}],\"6\":[{\"from\":\"09:00 am\",\"to\":\"06:00 pm\",\"slots_info\":[{\"qty\":\"30\",\"time\":\"09:00 am\"},{\"qty\":\"30\",\"time\":\"10:30 am\"},{\"qty\":\"30\",\"time\":\"12:00 pm\"},{\"qty\":\"30\",\"time\":\"01:30 pm\"},{\"qty\":\"30\",\"time\":\"03:00 pm\"},{\"qty\":\"30\",\"time\":\"04:30 pm\"}]}]}',99999999,0,99999999,13,0),(22,27,'','',_binary '{\"1\":[{\"from\":\"07:00 am\",\"to\":\"10:00 pm\",\"slots_info\":[{\"qty\":\"80\",\"time\":\"07:00 am\"},{\"qty\":\"80\",\"time\":\"09:15 am\"},{\"qty\":\"80\",\"time\":\"11:30 am\"},{\"qty\":\"80\",\"time\":\"01:45 pm\"},{\"qty\":\"80\",\"time\":\"04:00 pm\"},{\"qty\":\"80\",\"time\":\"06:15 pm\"}]}],\"2\":[{\"from\":\"07:00 am\",\"to\":\"10:00 pm\",\"slots_info\":[{\"qty\":\"80\",\"time\":\"07:00 am\"},{\"qty\":\"80\",\"time\":\"09:15 am\"},{\"qty\":\"80\",\"time\":\"11:30 am\"},{\"qty\":\"80\",\"time\":\"01:45 pm\"},{\"qty\":\"80\",\"time\":\"04:00 pm\"},{\"qty\":\"80\",\"time\":\"06:15 pm\"}]}],\"3\":[{\"from\":\"07:00 am\",\"to\":\"10:00 pm\",\"slots_info\":[{\"qty\":\"80\",\"time\":\"07:00 am\"},{\"qty\":\"80\",\"time\":\"09:15 am\"},{\"qty\":\"80\",\"time\":\"11:30 am\"},{\"qty\":\"80\",\"time\":\"01:45 pm\"},{\"qty\":\"80\",\"time\":\"04:00 pm\"},{\"qty\":\"80\",\"time\":\"06:15 pm\"}]}],\"4\":[{\"from\":\"07:00 am\",\"to\":\"10:00 pm\",\"slots_info\":[{\"qty\":\"80\",\"time\":\"07:00 am\"},{\"qty\":\"80\",\"time\":\"09:15 am\"},{\"qty\":\"80\",\"time\":\"11:30 am\"},{\"qty\":\"80\",\"time\":\"01:45 pm\"},{\"qty\":\"80\",\"time\":\"04:00 pm\"},{\"qty\":\"80\",\"time\":\"06:15 pm\"}]}],\"5\":[{\"from\":\"07:00 am\",\"to\":\"10:00 pm\",\"slots_info\":[{\"qty\":\"80\",\"time\":\"07:00 am\"},{\"qty\":\"80\",\"time\":\"09:15 am\"},{\"qty\":\"80\",\"time\":\"11:30 am\"},{\"qty\":\"80\",\"time\":\"01:45 pm\"},{\"qty\":\"80\",\"time\":\"04:00 pm\"},{\"qty\":\"80\",\"time\":\"06:15 pm\"}]}],\"6\":[{\"from\":\"07:00 am\",\"to\":\"10:00 pm\",\"slots_info\":[{\"qty\":\"80\",\"time\":\"07:00 am\"},{\"qty\":\"80\",\"time\":\"09:15 am\"},{\"qty\":\"80\",\"time\":\"11:30 am\"},{\"qty\":\"80\",\"time\":\"01:45 pm\"},{\"qty\":\"80\",\"time\":\"04:00 pm\"},{\"qty\":\"80\",\"time\":\"06:15 pm\"}]}],\"7\":[{\"from\":\"07:00 am\",\"to\":\"10:00 pm\",\"slots_info\":[{\"qty\":\"80\",\"time\":\"07:00 am\"},{\"qty\":\"80\",\"time\":\"09:15 am\"},{\"qty\":\"80\",\"time\":\"11:30 am\"},{\"qty\":\"80\",\"time\":\"01:45 pm\"},{\"qty\":\"80\",\"time\":\"04:00 pm\"},{\"qty\":\"80\",\"time\":\"06:15 pm\"}]}]}',99999999,1,99999999,13,0),(23,28,'','',_binary '{\"1\":[{\"from\":\"12:00 pm\",\"to\":\"10:00 pm\",\"slots_info\":[{\"qty\":\"80\",\"time\":\"12:00 pm\"},{\"qty\":\"80\",\"time\":\"02:20 pm\"},{\"qty\":\"80\",\"time\":\"04:40 pm\"},{\"qty\":\"80\",\"time\":\"07:00 pm\"}]}],\"2\":[{\"from\":\"12:00 pm\",\"to\":\"10:00 pm\",\"slots_info\":[{\"qty\":\"80\",\"time\":\"12:00 pm\"},{\"qty\":\"80\",\"time\":\"02:20 pm\"},{\"qty\":\"80\",\"time\":\"04:40 pm\"},{\"qty\":\"80\",\"time\":\"07:00 pm\"}]}],\"3\":[{\"from\":\"12:00 pm\",\"to\":\"10:00 pm\",\"slots_info\":[{\"qty\":\"80\",\"time\":\"12:00 pm\"},{\"qty\":\"80\",\"time\":\"02:20 pm\"},{\"qty\":\"80\",\"time\":\"04:40 pm\"},{\"qty\":\"80\",\"time\":\"07:00 pm\"}]}],\"4\":[{\"from\":\"12:00 pm\",\"to\":\"10:00 pm\",\"slots_info\":[{\"qty\":\"80\",\"time\":\"12:00 pm\"},{\"qty\":\"80\",\"time\":\"02:20 pm\"},{\"qty\":\"80\",\"time\":\"04:40 pm\"},{\"qty\":\"80\",\"time\":\"07:00 pm\"}]}],\"5\":[{\"from\":\"12:00 pm\",\"to\":\"10:00 pm\",\"slots_info\":[{\"qty\":\"80\",\"time\":\"12:00 pm\"},{\"qty\":\"80\",\"time\":\"02:20 pm\"},{\"qty\":\"80\",\"time\":\"04:40 pm\"},{\"qty\":\"80\",\"time\":\"07:00 pm\"}]}],\"6\":[{\"from\":\"12:00 pm\",\"to\":\"10:00 pm\",\"slots_info\":[{\"qty\":\"80\",\"time\":\"12:00 pm\"},{\"qty\":\"80\",\"time\":\"02:20 pm\"},{\"qty\":\"80\",\"time\":\"04:40 pm\"},{\"qty\":\"80\",\"time\":\"07:00 pm\"}]}],\"7\":[{\"from\":\"12:00 pm\",\"to\":\"10:00 pm\",\"slots_info\":[{\"qty\":\"80\",\"time\":\"12:00 pm\"},{\"qty\":\"80\",\"time\":\"02:20 pm\"},{\"qty\":\"80\",\"time\":\"04:40 pm\"},{\"qty\":\"80\",\"time\":\"07:00 pm\"}]}]}',99999999,1,99999999,13,0),(24,29,'','',_binary '{\"1\":[{\"from\":\"01:00 pm\",\"to\":\"09:00 pm\",\"slots_info\":[{\"qty\":\"50\",\"time\":\"01:00 pm\"},{\"qty\":\"50\",\"time\":\"03:15 pm\"},{\"qty\":\"50\",\"time\":\"05:30 pm\"}]}],\"2\":[{\"from\":\"01:00 pm\",\"to\":\"09:00 pm\",\"slots_info\":[{\"qty\":\"50\",\"time\":\"01:00 pm\"},{\"qty\":\"50\",\"time\":\"03:15 pm\"},{\"qty\":\"50\",\"time\":\"05:30 pm\"}]}],\"3\":[{\"from\":\"01:00 pm\",\"to\":\"09:00 pm\",\"slots_info\":[{\"qty\":\"50\",\"time\":\"01:00 pm\"},{\"qty\":\"50\",\"time\":\"03:15 pm\"},{\"qty\":\"50\",\"time\":\"05:30 pm\"}]}],\"4\":[{\"from\":\"01:00 pm\",\"to\":\"09:00 pm\",\"slots_info\":[{\"qty\":\"50\",\"time\":\"01:00 pm\"},{\"qty\":\"50\",\"time\":\"03:15 pm\"},{\"qty\":\"50\",\"time\":\"05:30 pm\"}]}],\"5\":[{\"from\":\"01:00 pm\",\"to\":\"09:00 pm\",\"slots_info\":[{\"qty\":\"50\",\"time\":\"01:00 pm\"},{\"qty\":\"50\",\"time\":\"03:15 pm\"},{\"qty\":\"50\",\"time\":\"05:30 pm\"}]}],\"6\":[{\"from\":\"01:00 pm\",\"to\":\"09:00 pm\",\"slots_info\":[{\"qty\":\"50\",\"time\":\"01:00 pm\"},{\"qty\":\"50\",\"time\":\"03:15 pm\"},{\"qty\":\"50\",\"time\":\"05:30 pm\"}]}],\"7\":[{\"from\":\"01:00 pm\",\"to\":\"09:00 pm\",\"slots_info\":[{\"qty\":\"50\",\"time\":\"01:00 pm\"},{\"qty\":\"50\",\"time\":\"03:15 pm\"},{\"qty\":\"50\",\"time\":\"05:30 pm\"}]}]}',99999999,1,99999999,13,0),(25,30,'','',_binary '{\"1\":[{\"from\":\"02:00 pm\",\"to\":\"11:00 pm\",\"slots_info\":[{\"qty\":\"50\",\"time\":\"02:00 pm\"},{\"qty\":\"50\",\"time\":\"03:35 pm\"},{\"qty\":\"50\",\"time\":\"05:10 pm\"},{\"qty\":\"50\",\"time\":\"06:45 pm\"},{\"qty\":\"50\",\"time\":\"08:20 pm\"}]}],\"2\":[{\"from\":\"02:00 pm\",\"to\":\"11:00 pm\",\"slots_info\":[{\"qty\":\"50\",\"time\":\"02:00 pm\"},{\"qty\":\"50\",\"time\":\"03:35 pm\"},{\"qty\":\"50\",\"time\":\"05:10 pm\"},{\"qty\":\"50\",\"time\":\"06:45 pm\"},{\"qty\":\"50\",\"time\":\"08:20 pm\"}]}],\"3\":[{\"from\":\"02:00 pm\",\"to\":\"11:00 pm\",\"slots_info\":[{\"qty\":\"50\",\"time\":\"02:00 pm\"},{\"qty\":\"50\",\"time\":\"03:35 pm\"},{\"qty\":\"50\",\"time\":\"05:10 pm\"},{\"qty\":\"50\",\"time\":\"06:45 pm\"},{\"qty\":\"50\",\"time\":\"08:20 pm\"}]}],\"4\":[{\"from\":\"02:00 pm\",\"to\":\"11:00 pm\",\"slots_info\":[{\"qty\":\"50\",\"time\":\"02:00 pm\"},{\"qty\":\"50\",\"time\":\"03:35 pm\"},{\"qty\":\"50\",\"time\":\"05:10 pm\"},{\"qty\":\"50\",\"time\":\"06:45 pm\"},{\"qty\":\"50\",\"time\":\"08:20 pm\"}]}],\"5\":[{\"from\":\"02:00 pm\",\"to\":\"11:00 pm\",\"slots_info\":[{\"qty\":\"50\",\"time\":\"02:00 pm\"},{\"qty\":\"50\",\"time\":\"03:35 pm\"},{\"qty\":\"50\",\"time\":\"05:10 pm\"},{\"qty\":\"50\",\"time\":\"06:45 pm\"},{\"qty\":\"50\",\"time\":\"08:20 pm\"}]}],\"6\":[{\"from\":\"02:00 pm\",\"to\":\"11:00 pm\",\"slots_info\":[{\"qty\":\"50\",\"time\":\"02:00 pm\"},{\"qty\":\"50\",\"time\":\"03:35 pm\"},{\"qty\":\"50\",\"time\":\"05:10 pm\"},{\"qty\":\"50\",\"time\":\"06:45 pm\"},{\"qty\":\"50\",\"time\":\"08:20 pm\"}]}],\"7\":[{\"from\":\"02:00 pm\",\"to\":\"11:00 pm\",\"slots_info\":[{\"qty\":\"50\",\"time\":\"02:00 pm\"},{\"qty\":\"50\",\"time\":\"03:35 pm\"},{\"qty\":\"50\",\"time\":\"05:10 pm\"},{\"qty\":\"50\",\"time\":\"06:45 pm\"},{\"qty\":\"50\",\"time\":\"08:20 pm\"}]}]}',99999999,1,99999999,13,0),(26,31,'','',_binary '{\"1\":[{\"from\":\"12:00 am\",\"to\":\"03:00 am\",\"slots_info\":[{\"qty\":\"35\",\"time\":\"12:00 am\"}]}],\"2\":[{\"from\":\"12:00 am\",\"to\":\"03:00 am\",\"slots_info\":[{\"qty\":\"35\",\"time\":\"12:00 am\"}]}],\"3\":[{\"from\":\"12:00 am\",\"to\":\"03:00 am\",\"slots_info\":[{\"qty\":\"35\",\"time\":\"12:00 am\"}]}],\"4\":[{\"from\":\"12:00 am\",\"to\":\"03:00 am\",\"slots_info\":[{\"qty\":\"35\",\"time\":\"12:00 am\"}]}],\"5\":[{\"from\":\"12:00 am\",\"to\":\"03:00 am\",\"slots_info\":[{\"qty\":\"35\",\"time\":\"12:00 am\"}]}],\"6\":[{\"from\":\"12:00 am\",\"to\":\"03:00 am\",\"slots_info\":[{\"qty\":\"35\",\"time\":\"12:00 am\"}]}],\"7\":[{\"from\":\"12:00 am\",\"to\":\"03:00 am\",\"slots_info\":[{\"qty\":\"35\",\"time\":\"12:00 am\"}]}]}',99999999,1,99999999,13,0),(27,32,'','',_binary '{\"2\":[{\"from\":\"01:00 pm\",\"to\":\"09:00 pm\",\"slots_info\":[{\"qty\":\"50\",\"time\":\"01:00 pm\"},{\"qty\":\"50\",\"time\":\"03:20 pm\"},{\"qty\":\"50\",\"time\":\"05:40 pm\"}]}],\"3\":[{\"from\":\"01:00 pm\",\"to\":\"09:00 pm\",\"slots_info\":[{\"qty\":\"50\",\"time\":\"01:00 pm\"},{\"qty\":\"50\",\"time\":\"03:20 pm\"},{\"qty\":\"50\",\"time\":\"05:40 pm\"}]}],\"4\":[{\"from\":\"01:00 pm\",\"to\":\"09:00 pm\",\"slots_info\":[{\"qty\":\"50\",\"time\":\"01:00 pm\"},{\"qty\":\"50\",\"time\":\"03:20 pm\"},{\"qty\":\"50\",\"time\":\"05:40 pm\"}]}]}',99999999,0,99999999,13,0),(28,33,'','',_binary '{\"1\":[{\"from\":\"08:20 am\",\"to\":\"05:29 pm\",\"slots_info\":[{\"qty\":\"25\",\"time\":\"08:20 am\"},{\"qty\":\"25\",\"time\":\"10:05 am\"},{\"qty\":\"25\",\"time\":\"11:50 am\"},{\"qty\":\"25\",\"time\":\"01:35 pm\"},{\"qty\":\"25\",\"time\":\"03:20 pm\"}]}],\"2\":[{\"from\":\"08:20 am\",\"to\":\"05:29 pm\",\"slots_info\":[{\"qty\":\"25\",\"time\":\"08:20 am\"},{\"qty\":\"25\",\"time\":\"10:05 am\"},{\"qty\":\"25\",\"time\":\"11:50 am\"},{\"qty\":\"25\",\"time\":\"01:35 pm\"},{\"qty\":\"25\",\"time\":\"03:20 pm\"}]}],\"3\":[{\"from\":\"08:20 am\",\"to\":\"05:29 pm\",\"slots_info\":[{\"qty\":\"25\",\"time\":\"08:20 am\"},{\"qty\":\"25\",\"time\":\"10:05 am\"},{\"qty\":\"25\",\"time\":\"11:50 am\"},{\"qty\":\"25\",\"time\":\"01:35 pm\"},{\"qty\":\"25\",\"time\":\"03:20 pm\"}]}],\"4\":[{\"from\":\"08:20 am\",\"to\":\"05:29 pm\",\"slots_info\":[{\"qty\":\"25\",\"time\":\"08:20 am\"},{\"qty\":\"25\",\"time\":\"10:05 am\"},{\"qty\":\"25\",\"time\":\"11:50 am\"},{\"qty\":\"25\",\"time\":\"01:35 pm\"},{\"qty\":\"25\",\"time\":\"03:20 pm\"}]}],\"5\":[{\"from\":\"08:20 am\",\"to\":\"05:29 pm\",\"slots_info\":[{\"qty\":\"25\",\"time\":\"08:20 am\"},{\"qty\":\"25\",\"time\":\"10:05 am\"},{\"qty\":\"25\",\"time\":\"11:50 am\"},{\"qty\":\"25\",\"time\":\"01:35 pm\"},{\"qty\":\"25\",\"time\":\"03:20 pm\"}]}]}',99999999,0,99999999,13,0),(29,34,'','',_binary '{\"1\":[{\"from\":\"07:00 am\",\"to\":\"03:00 pm\",\"slots_info\":[{\"qty\":\"40\",\"time\":\"07:00 am\"},{\"qty\":\"40\",\"time\":\"10:40 am\"}]}],\"2\":[{\"from\":\"07:00 am\",\"to\":\"03:00 pm\",\"slots_info\":[{\"qty\":\"40\",\"time\":\"07:00 am\"},{\"qty\":\"40\",\"time\":\"10:40 am\"}]}],\"3\":[{\"from\":\"07:00 am\",\"to\":\"03:00 pm\",\"slots_info\":[{\"qty\":\"40\",\"time\":\"07:00 am\"},{\"qty\":\"40\",\"time\":\"10:40 am\"}]}],\"4\":[{\"from\":\"07:00 am\",\"to\":\"03:00 pm\",\"slots_info\":[{\"qty\":\"40\",\"time\":\"07:00 am\"},{\"qty\":\"40\",\"time\":\"10:40 am\"}]}],\"5\":[{\"from\":\"07:00 am\",\"to\":\"03:00 pm\",\"slots_info\":[{\"qty\":\"40\",\"time\":\"07:00 am\"},{\"qty\":\"40\",\"time\":\"10:40 am\"}]}],\"6\":[{\"from\":\"07:00 am\",\"to\":\"03:00 pm\",\"slots_info\":[{\"qty\":\"40\",\"time\":\"07:00 am\"},{\"qty\":\"40\",\"time\":\"10:40 am\"}]}],\"7\":[{\"from\":\"07:00 am\",\"to\":\"03:00 pm\",\"slots_info\":[{\"qty\":\"40\",\"time\":\"07:00 am\"},{\"qty\":\"40\",\"time\":\"10:40 am\"}]}]}',99999999,1,99999999,13,0),(30,35,'','',_binary '{\"1\":[{\"from\":\"08:00 am\",\"to\":\"08:00 pm\",\"slots_info\":[{\"qty\":\"60\",\"time\":\"08:00 am\"},{\"qty\":\"60\",\"time\":\"11:45 am\"},{\"qty\":\"60\",\"time\":\"03:30 pm\"}]}],\"2\":[{\"from\":\"08:00 am\",\"to\":\"08:00 pm\",\"slots_info\":[{\"qty\":\"60\",\"time\":\"08:00 am\"},{\"qty\":\"60\",\"time\":\"11:45 am\"},{\"qty\":\"60\",\"time\":\"03:30 pm\"}]}],\"3\":[{\"from\":\"08:00 am\",\"to\":\"08:00 pm\",\"slots_info\":[{\"qty\":\"60\",\"time\":\"08:00 am\"},{\"qty\":\"60\",\"time\":\"11:45 am\"},{\"qty\":\"60\",\"time\":\"03:30 pm\"}]}],\"4\":[{\"from\":\"08:00 am\",\"to\":\"08:00 pm\",\"slots_info\":[{\"qty\":\"60\",\"time\":\"08:00 am\"},{\"qty\":\"60\",\"time\":\"11:45 am\"},{\"qty\":\"60\",\"time\":\"03:30 pm\"}]}],\"5\":[{\"from\":\"08:00 am\",\"to\":\"08:00 pm\",\"slots_info\":[{\"qty\":\"60\",\"time\":\"08:00 am\"},{\"qty\":\"60\",\"time\":\"11:45 am\"},{\"qty\":\"60\",\"time\":\"03:30 pm\"}]}],\"6\":[{\"from\":\"08:00 am\",\"to\":\"08:00 pm\",\"slots_info\":[{\"qty\":\"60\",\"time\":\"08:00 am\"},{\"qty\":\"60\",\"time\":\"11:45 am\"},{\"qty\":\"60\",\"time\":\"03:30 pm\"}]}],\"7\":[{\"from\":\"08:00 am\",\"to\":\"08:00 pm\",\"slots_info\":[{\"qty\":\"60\",\"time\":\"08:00 am\"},{\"qty\":\"60\",\"time\":\"11:45 am\"},{\"qty\":\"60\",\"time\":\"03:30 pm\"}]}]}',99999999,1,99999999,13,0),(31,36,'','',_binary '{\"1\":[{\"from\":\"07:00 am\",\"to\":\"06:00 pm\",\"slots_info\":[{\"qty\":\"20\",\"time\":\"07:00 am\"},{\"qty\":\"20\",\"time\":\"08:40 am\"},{\"qty\":\"20\",\"time\":\"10:20 am\"},{\"qty\":\"20\",\"time\":\"12:00 pm\"},{\"qty\":\"20\",\"time\":\"01:40 pm\"},{\"qty\":\"20\",\"time\":\"03:20 pm\"}]}]}',99999999,0,99999999,13,0),(32,37,'','',_binary '{\"1\":[{\"from\":\"07:00 am\",\"to\":\"05:00 pm\",\"slots_info\":[{\"qty\":\"30\",\"time\":\"07:00 am\"},{\"qty\":\"30\",\"time\":\"09:10 am\"},{\"qty\":\"30\",\"time\":\"11:20 am\"},{\"qty\":\"30\",\"time\":\"01:30 pm\"}]}],\"2\":[{\"from\":\"07:00 am\",\"to\":\"05:00 pm\",\"slots_info\":[{\"qty\":\"30\",\"time\":\"07:00 am\"},{\"qty\":\"30\",\"time\":\"09:10 am\"},{\"qty\":\"30\",\"time\":\"11:20 am\"},{\"qty\":\"30\",\"time\":\"01:30 pm\"}]}],\"3\":[{\"from\":\"07:00 am\",\"to\":\"05:00 pm\",\"slots_info\":[{\"qty\":\"30\",\"time\":\"07:00 am\"},{\"qty\":\"30\",\"time\":\"09:10 am\"},{\"qty\":\"30\",\"time\":\"11:20 am\"},{\"qty\":\"30\",\"time\":\"01:30 pm\"}]}],\"4\":[{\"from\":\"07:00 am\",\"to\":\"05:00 pm\",\"slots_info\":[{\"qty\":\"30\",\"time\":\"07:00 am\"},{\"qty\":\"30\",\"time\":\"09:10 am\"},{\"qty\":\"30\",\"time\":\"11:20 am\"},{\"qty\":\"30\",\"time\":\"01:30 pm\"}]}],\"5\":[{\"from\":\"07:00 am\",\"to\":\"05:00 pm\",\"slots_info\":[{\"qty\":\"30\",\"time\":\"07:00 am\"},{\"qty\":\"30\",\"time\":\"09:10 am\"},{\"qty\":\"30\",\"time\":\"11:20 am\"},{\"qty\":\"30\",\"time\":\"01:30 pm\"}]}],\"6\":[{\"from\":\"07:00 am\",\"to\":\"05:00 pm\",\"slots_info\":[{\"qty\":\"30\",\"time\":\"07:00 am\"},{\"qty\":\"30\",\"time\":\"09:10 am\"},{\"qty\":\"30\",\"time\":\"11:20 am\"},{\"qty\":\"30\",\"time\":\"01:30 pm\"}]}],\"7\":[{\"from\":\"07:00 am\",\"to\":\"05:00 pm\",\"slots_info\":[{\"qty\":\"30\",\"time\":\"07:00 am\"},{\"qty\":\"30\",\"time\":\"09:10 am\"},{\"qty\":\"30\",\"time\":\"11:20 am\"},{\"qty\":\"30\",\"time\":\"01:30 pm\"}]}]}',99999999,1,99999995,13,0),(33,38,'','',_binary '{\"1\":[{\"from\":\"10:00 am\",\"to\":\"2:00 pm\",\"slots_info\":[{\"qty\":\"200\",\"time\":\"10:00 am\"},{\"qty\":\"200\",\"time\":\"10:40 am\"},{\"qty\":\"200\",\"time\":\"11:20 am\"},{\"qty\":\"200\",\"time\":\"12:00 pm\"},{\"qty\":\"200\",\"time\":\"12:40 pm\"},{\"qty\":\"200\",\"time\":\"01:20 pm\"}]},{\"from\":\"5:00 pm\",\"to\":\"10:00 pm\",\"slots_info\":{\"6\":{\"qty\":\"200\",\"time\":\"5:00 pm\"},\"7\":{\"qty\":\"200\",\"time\":\"05:40 pm\"},\"8\":{\"qty\":\"200\",\"time\":\"06:20 pm\"},\"9\":{\"qty\":\"200\",\"time\":\"07:00 pm\"},\"10\":{\"qty\":\"200\",\"time\":\"07:40 pm\"},\"11\":{\"qty\":\"200\",\"time\":\"08:20 pm\"},\"12\":{\"qty\":\"200\",\"time\":\"09:00 pm\"}}}],\"2\":[{\"from\":\"10:00 am\",\"to\":\"2:00 pm\",\"slots_info\":[{\"qty\":\"200\",\"time\":\"10:00 am\"},{\"qty\":\"200\",\"time\":\"10:40 am\"},{\"qty\":\"200\",\"time\":\"11:20 am\"},{\"qty\":\"200\",\"time\":\"12:00 pm\"},{\"qty\":\"200\",\"time\":\"12:40 pm\"},{\"qty\":\"200\",\"time\":\"01:20 pm\"}]},{\"from\":\"5:00 pm\",\"to\":\"10:00 pm\",\"slots_info\":{\"6\":{\"qty\":\"200\",\"time\":\"5:00 pm\"},\"7\":{\"qty\":\"200\",\"time\":\"05:40 pm\"},\"8\":{\"qty\":\"200\",\"time\":\"06:20 pm\"},\"9\":{\"qty\":\"200\",\"time\":\"07:00 pm\"},\"10\":{\"qty\":\"200\",\"time\":\"07:40 pm\"},\"11\":{\"qty\":\"200\",\"time\":\"08:20 pm\"},\"12\":{\"qty\":\"200\",\"time\":\"09:00 pm\"}}}],\"3\":[{\"from\":\"10:00 am\",\"to\":\"2:00 pm\",\"slots_info\":[{\"qty\":\"200\",\"time\":\"10:00 am\"},{\"qty\":\"200\",\"time\":\"10:40 am\"},{\"qty\":\"200\",\"time\":\"11:20 am\"},{\"qty\":\"200\",\"time\":\"12:00 pm\"},{\"qty\":\"200\",\"time\":\"12:40 pm\"},{\"qty\":\"200\",\"time\":\"01:20 pm\"}]},{\"from\":\"5:00 pm\",\"to\":\"10:00 pm\",\"slots_info\":{\"6\":{\"qty\":\"200\",\"time\":\"5:00 pm\"},\"7\":{\"qty\":\"200\",\"time\":\"05:40 pm\"},\"8\":{\"qty\":\"200\",\"time\":\"06:20 pm\"},\"9\":{\"qty\":\"200\",\"time\":\"07:00 pm\"},\"10\":{\"qty\":\"200\",\"time\":\"07:40 pm\"},\"11\":{\"qty\":\"200\",\"time\":\"08:20 pm\"},\"12\":{\"qty\":\"200\",\"time\":\"09:00 pm\"}}}],\"4\":[{\"from\":\"10:00 am\",\"to\":\"2:00 pm\",\"slots_info\":[{\"qty\":\"200\",\"time\":\"10:00 am\"},{\"qty\":\"200\",\"time\":\"10:40 am\"},{\"qty\":\"200\",\"time\":\"11:20 am\"},{\"qty\":\"200\",\"time\":\"12:00 pm\"},{\"qty\":\"200\",\"time\":\"12:40 pm\"},{\"qty\":\"200\",\"time\":\"01:20 pm\"}]},{\"from\":\"5:00 pm\",\"to\":\"10:00 pm\",\"slots_info\":{\"6\":{\"qty\":\"200\",\"time\":\"5:00 pm\"},\"7\":{\"qty\":\"200\",\"time\":\"05:40 pm\"},\"8\":{\"qty\":\"200\",\"time\":\"06:20 pm\"},\"9\":{\"qty\":\"200\",\"time\":\"07:00 pm\"},\"10\":{\"qty\":\"200\",\"time\":\"07:40 pm\"},\"11\":{\"qty\":\"200\",\"time\":\"08:20 pm\"},\"12\":{\"qty\":\"200\",\"time\":\"09:00 pm\"}}}],\"5\":[{\"from\":\"10:00 am\",\"to\":\"2:00 pm\",\"slots_info\":[{\"qty\":\"200\",\"time\":\"10:00 am\"},{\"qty\":\"200\",\"time\":\"10:40 am\"},{\"qty\":\"200\",\"time\":\"11:20 am\"},{\"qty\":\"200\",\"time\":\"12:00 pm\"},{\"qty\":\"200\",\"time\":\"12:40 pm\"},{\"qty\":\"200\",\"time\":\"01:20 pm\"}]},{\"from\":\"5:00 pm\",\"to\":\"10:00 pm\",\"slots_info\":{\"6\":{\"qty\":\"200\",\"time\":\"5:00 pm\"},\"7\":{\"qty\":\"200\",\"time\":\"05:40 pm\"},\"8\":{\"qty\":\"200\",\"time\":\"06:20 pm\"},\"9\":{\"qty\":\"200\",\"time\":\"07:00 pm\"},\"10\":{\"qty\":\"200\",\"time\":\"07:40 pm\"},\"11\":{\"qty\":\"200\",\"time\":\"08:20 pm\"},\"12\":{\"qty\":\"200\",\"time\":\"09:00 pm\"}}}],\"6\":[{\"from\":\"10:00 am\",\"to\":\"2:00 pm\",\"slots_info\":[{\"qty\":\"200\",\"time\":\"10:00 am\"},{\"qty\":\"200\",\"time\":\"10:40 am\"},{\"qty\":\"200\",\"time\":\"11:20 am\"},{\"qty\":\"200\",\"time\":\"12:00 pm\"},{\"qty\":\"200\",\"time\":\"12:40 pm\"},{\"qty\":\"200\",\"time\":\"01:20 pm\"}]},{\"from\":\"5:00 pm\",\"to\":\"10:00 pm\",\"slots_info\":{\"6\":{\"qty\":\"200\",\"time\":\"5:00 pm\"},\"7\":{\"qty\":\"200\",\"time\":\"05:40 pm\"},\"8\":{\"qty\":\"200\",\"time\":\"06:20 pm\"},\"9\":{\"qty\":\"200\",\"time\":\"07:00 pm\"},\"10\":{\"qty\":\"200\",\"time\":\"07:40 pm\"},\"11\":{\"qty\":\"200\",\"time\":\"08:20 pm\"},\"12\":{\"qty\":\"200\",\"time\":\"09:00 pm\"}}}],\"7\":[{\"from\":\"10:00 am\",\"to\":\"2:00 pm\",\"slots_info\":[{\"qty\":\"200\",\"time\":\"10:00 am\"},{\"qty\":\"200\",\"time\":\"10:40 am\"},{\"qty\":\"200\",\"time\":\"11:20 am\"},{\"qty\":\"200\",\"time\":\"12:00 pm\"},{\"qty\":\"200\",\"time\":\"12:40 pm\"},{\"qty\":\"200\",\"time\":\"01:20 pm\"}]},{\"from\":\"5:00 pm\",\"to\":\"10:00 pm\",\"slots_info\":{\"6\":{\"qty\":\"200\",\"time\":\"5:00 pm\"},\"7\":{\"qty\":\"200\",\"time\":\"05:40 pm\"},\"8\":{\"qty\":\"200\",\"time\":\"06:20 pm\"},\"9\":{\"qty\":\"200\",\"time\":\"07:00 pm\"},\"10\":{\"qty\":\"200\",\"time\":\"07:40 pm\"},\"11\":{\"qty\":\"200\",\"time\":\"08:20 pm\"},\"12\":{\"qty\":\"200\",\"time\":\"09:00 pm\"}}}]}',20,1,99999999,13,0),(34,40,'','',_binary '{\"1\":[{\"from\":\"09:00 am\",\"to\":\"02:00 pm\",\"slots_info\":[{\"qty\":\"4\",\"time\":\"09:00 am\"},{\"qty\":\"4\",\"time\":\"10:10 am\"},{\"qty\":\"4\",\"time\":\"11:20 am\"},{\"qty\":\"4\",\"time\":\"12:30 pm\"}]}],\"2\":[{\"from\":\"08:00 am\",\"to\":\"03:00 pm\",\"slots_info\":[{\"qty\":\"4\",\"time\":\"08:00 am\"},{\"qty\":\"4\",\"time\":\"09:10 am\"},{\"qty\":\"4\",\"time\":\"10:20 am\"},{\"qty\":\"4\",\"time\":\"11:30 am\"},{\"qty\":\"4\",\"time\":\"12:40 pm\"},{\"qty\":\"4\",\"time\":\"01:50 pm\"}]}]}',0,0,99999999,13,0),(35,43,'','',_binary '{\"1\":[{\"from\":\"09:00 am\",\"to\":\"04:00 pm\",\"slots_info\":[{\"qty\":\"8\",\"time\":\"09:00 am\"},{\"qty\":\"8\",\"time\":\"10:15 am\"},{\"qty\":\"8\",\"time\":\"11:30 am\"},{\"qty\":\"8\",\"time\":\"12:45 pm\"},{\"qty\":\"8\",\"time\":\"02:00 pm\"}]}],\"2\":[{\"from\":\"09:00 am\",\"to\":\"04:00 pm\",\"slots_info\":[{\"qty\":\"8\",\"time\":\"09:00 am\"},{\"qty\":\"8\",\"time\":\"10:15 am\"},{\"qty\":\"8\",\"time\":\"11:30 am\"},{\"qty\":\"8\",\"time\":\"12:45 pm\"},{\"qty\":\"8\",\"time\":\"02:00 pm\"}]}],\"3\":[{\"from\":\"09:00 am\",\"to\":\"04:00 pm\",\"slots_info\":[{\"qty\":\"8\",\"time\":\"09:00 am\"},{\"qty\":\"8\",\"time\":\"10:15 am\"},{\"qty\":\"8\",\"time\":\"11:30 am\"},{\"qty\":\"8\",\"time\":\"12:45 pm\"},{\"qty\":\"8\",\"time\":\"02:00 pm\"}]}],\"4\":[{\"from\":\"09:00 am\",\"to\":\"04:00 pm\",\"slots_info\":[{\"qty\":\"8\",\"time\":\"09:00 am\"},{\"qty\":\"8\",\"time\":\"10:15 am\"},{\"qty\":\"8\",\"time\":\"11:30 am\"},{\"qty\":\"8\",\"time\":\"12:45 pm\"},{\"qty\":\"8\",\"time\":\"02:00 pm\"}]}],\"5\":[{\"from\":\"09:00 am\",\"to\":\"04:00 pm\",\"slots_info\":[{\"qty\":\"8\",\"time\":\"09:00 am\"},{\"qty\":\"8\",\"time\":\"10:15 am\"},{\"qty\":\"8\",\"time\":\"11:30 am\"},{\"qty\":\"8\",\"time\":\"12:45 pm\"},{\"qty\":\"8\",\"time\":\"02:00 pm\"}]}],\"6\":[{\"from\":\"09:00 am\",\"to\":\"04:00 pm\",\"slots_info\":[{\"qty\":\"8\",\"time\":\"09:00 am\"},{\"qty\":\"8\",\"time\":\"10:15 am\"},{\"qty\":\"8\",\"time\":\"11:30 am\"},{\"qty\":\"8\",\"time\":\"12:45 pm\"},{\"qty\":\"8\",\"time\":\"02:00 pm\"}]}],\"7\":[{\"from\":\"09:00 am\",\"to\":\"04:00 pm\",\"slots_info\":[{\"qty\":\"8\",\"time\":\"09:00 am\"},{\"qty\":\"8\",\"time\":\"10:15 am\"},{\"qty\":\"8\",\"time\":\"11:30 am\"},{\"qty\":\"8\",\"time\":\"12:45 pm\"},{\"qty\":\"8\",\"time\":\"02:00 pm\"}]}]}',0,1,99999999,13,0),(36,51,'','',_binary '{\"1\":[{\"from\":\"02:00 am\",\"to\":\"05:00 am\",\"slots_info\":[{\"qty\":\"4\",\"time\":\"02:00 am\"},{\"qty\":\"4\",\"time\":\"03:10 am\"}]},{\"from\":\"06:00 am\",\"to\":\"05:00 pm\",\"slots_info\":{\"2\":{\"qty\":\"4\",\"time\":\"06:00 am\"},\"3\":{\"qty\":\"4\",\"time\":\"07:10 am\"},\"4\":{\"qty\":\"4\",\"time\":\"08:20 am\"},\"5\":{\"qty\":\"4\",\"time\":\"09:30 am\"},\"6\":{\"qty\":\"4\",\"time\":\"10:40 am\"},\"7\":{\"qty\":\"4\",\"time\":\"11:50 am\"},\"8\":{\"qty\":\"4\",\"time\":\"01:00 pm\"},\"9\":{\"qty\":\"4\",\"time\":\"02:10 pm\"},\"10\":{\"qty\":\"4\",\"time\":\"03:20 pm\"}}},{\"from\":\"06:00 pm\",\"to\":\"08:00 pm\",\"slots_info\":{\"11\":{\"qty\":\"4\",\"time\":\"06:00 pm\"}}}],\"3\":[{\"from\":\"05:00 am\",\"to\":\"02:00 pm\",\"slots_info\":[{\"qty\":\"4\",\"time\":\"05:00 am\"},{\"qty\":\"4\",\"time\":\"06:10 am\"},{\"qty\":\"4\",\"time\":\"07:20 am\"},{\"qty\":\"4\",\"time\":\"08:30 am\"},{\"qty\":\"4\",\"time\":\"09:40 am\"},{\"qty\":\"4\",\"time\":\"10:50 am\"},{\"qty\":\"4\",\"time\":\"12:00 pm\"}]},{\"from\":\"03:00 pm\",\"to\":\"06:00 pm\",\"slots_info\":{\"7\":{\"qty\":\"4\",\"time\":\"03:00 pm\"},\"8\":{\"qty\":\"4\",\"time\":\"04:10 pm\"}}}],\"4\":[{\"from\":\"09:00 am\",\"to\":\"10:15 pm\",\"slots_info\":[{\"qty\":\"4\",\"time\":\"09:00 am\"},{\"qty\":\"4\",\"time\":\"10:10 am\"},{\"qty\":\"4\",\"time\":\"11:20 am\"},{\"qty\":\"4\",\"time\":\"12:30 pm\"},{\"qty\":\"4\",\"time\":\"01:40 pm\"},{\"qty\":\"4\",\"time\":\"02:50 pm\"},{\"qty\":\"4\",\"time\":\"04:00 pm\"},{\"qty\":\"4\",\"time\":\"05:10 pm\"},{\"qty\":\"4\",\"time\":\"06:20 pm\"},{\"qty\":\"4\",\"time\":\"07:30 pm\"},{\"qty\":\"4\",\"time\":\"08:40 pm\"}]}]}',99999999,0,99999999,13,0);

--
-- Table structure for table `wk_bs_booking_slot`
--

CREATE TABLE `wk_bs_booking_slot` (
  `id` int NOT NULL AUTO_INCREMENT,
  `product_id` int NOT NULL,
  `type` int NOT NULL,
  `info` mediumtext NOT NULL,
  `status` int NOT NULL,
  PRIMARY KEY (`id`)
) ENGINE=InnoDB AUTO_INCREMENT=53 DEFAULT CHARSET=utf8mb3;

--
-- Dumping data for table `wk_bs_booking_slot`
--

INSERT INTO `wk_bs_booking_slot` VALUES (1,3,1,'',1),(2,3,1,'',1),(3,4,0,'',1),(4,6,1,'',1),(5,7,1,'',1),(6,8,1,'',1),(7,9,1,'',1),(8,11,1,'',1),(9,12,1,'',1),(10,13,1,'',1),(11,12,1,'',1),(12,14,1,'',1),(13,15,1,'',1),(14,16,1,'',1),(15,17,0,'',1),(16,18,0,'',1),(17,19,0,'',1),(18,20,1,'',1),(19,21,1,'',1),(20,22,1,'',1),(21,23,1,'',1),(22,25,1,'',1),(23,26,0,'',1),(24,27,1,'',1),(25,28,1,'',1),(26,29,1,'',1),(27,30,1,'',1),(28,31,1,'',1),(29,32,0,'',1),(30,33,0,'',1),(31,34,1,'',1),(32,35,1,'',1),(33,36,0,'',1),(34,37,1,'',1),(35,8,1,'',1),(36,15,1,'',1),(37,14,1,'',1),(38,13,1,'',1),(39,17,0,'',1),(40,18,0,'',1),(41,21,1,'',1),(42,20,1,'',1),(43,32,0,'',1),(44,31,1,'',1),(45,36,0,'',1),(46,38,1,'',1),(47,7,1,'',1),(48,3,1,'',1),(49,40,0,'',1),(50,43,1,'',1),(51,51,0,'',1),(52,51,0,'',1);

--
-- Table structure for table `wk_bs_cancellation_requests`
--

CREATE TABLE `wk_bs_cancellation_requests` (
  `entity_id` int unsigned NOT NULL AUTO_INCREMENT,
  `order_id` int NOT NULL COMMENT 'Order Id',
  `order_item_id` int NOT NULL COMMENT 'Order Item Id',
  `credit_memo_id` int DEFAULT NULL COMMENT 'CreditMemo Id',
  `cancellation_charge` decimal(12,4) NOT NULL DEFAULT '0.0000' COMMENT 'Cancellation charge',
  `status` smallint NOT NULL DEFAULT '0' COMMENT 'Status',
  `created_at` timestamp NOT NULL DEFAULT CURRENT_TIMESTAMP,
  PRIMARY KEY (`entity_id`)
) ENGINE=InnoDB DEFAULT CHARSET=utf8mb3;

--
-- Dumping data for table `wk_bs_cancellation_requests`
--


--
-- Table structure for table `wk_bs_hotelbooking_answer`
--

CREATE TABLE `wk_bs_hotelbooking_answer` (
  `entity_id` int unsigned NOT NULL AUTO_INCREMENT,
  `customer_id` int NOT NULL,
  `question_id` int NOT NULL,
  `status` smallint NOT NULL DEFAULT '0',
  `nick_name` varchar(255) NOT NULL,
  `answer` text NOT NULL,
  `created_at` timestamp NOT NULL DEFAULT CURRENT_TIMESTAMP,
  `updated_at` timestamp NOT NULL DEFAULT CURRENT_TIMESTAMP,
  PRIMARY KEY (`entity_id`)
) ENGINE=InnoDB DEFAULT CHARSET=utf8mb3;

--
-- Dumping data for table `wk_bs_hotelbooking_answer`
--


--
-- Table structure for table `wk_bs_hotelbooking_question`
--

CREATE TABLE `wk_bs_hotelbooking_question` (
  `entity_id` int unsigned NOT NULL AUTO_INCREMENT,
  `customer_id` int NOT NULL,
  `product_id` int NOT NULL,
  `product_name` varchar(255) NOT NULL,
  `status` smallint NOT NULL DEFAULT '0',
  `nick_name` varchar(255) NOT NULL,
  `question` text NOT NULL,
  `created_at` timestamp NOT NULL DEFAULT CURRENT_TIMESTAMP,
  `updated_at` timestamp NOT NULL DEFAULT CURRENT_TIMESTAMP,
  PRIMARY KEY (`entity_id`)
) ENGINE=InnoDB DEFAULT CHARSET=utf8mb3;

--
-- Dumping data for table `wk_bs_hotelbooking_question`
--


--
-- Table structure for table `wk_bs_quote_item`
--

CREATE TABLE `wk_bs_quote_item` (
  `id` int NOT NULL AUTO_INCREMENT,
  `item_id` int unsigned NOT NULL DEFAULT '0',
  `slot_id` int NOT NULL,
  `parent_slot_id` int NOT NULL,
  `product_id` int unsigned NOT NULL DEFAULT '0',
  `quote_id` int unsigned NOT NULL,
  `slot_day_index` int NOT NULL,
  `slot_date` date DEFAULT NULL,
  `slot_time` text NOT NULL,
  `to_slot_date` date DEFAULT NULL,
  `to_slot_time` text NOT NULL,
  `rent_type` smallint NOT NULL,
  `qty` int unsigned NOT NULL DEFAULT '0',
  PRIMARY KEY (`id`),
  KEY `WK_BS_QUOTE_ITEM_ITEM_ID_QUOTE_ITEM_ITEM_ID` (`item_id`),
  CONSTRAINT `WK_BS_QUOTE_ITEM_ITEM_ID_QUOTE_ITEM_ITEM_ID` FOREIGN KEY (`item_id`) REFERENCES `quote_item` (`item_id`) ON DELETE CASCADE
) ENGINE=InnoDB AUTO_INCREMENT=23 DEFAULT CHARSET=utf8mb3;

--
-- Dumping data for table `wk_bs_quote_item`
--

INSERT INTO `wk_bs_quote_item` VALUES (1,2,3,0,3,2,3,'2024-01-24','02:00 pm',NULL,'',0,1),(3,4,3,1,3,3,6,'2024-01-27','5:00 pm',NULL,'',0,1),(4,5,3,1,3,16,6,'2024-01-27','5:00 pm',NULL,'',0,1),(6,7,3,1,3,16,2,'2024-01-30','5:00 pm',NULL,'',0,1),(7,8,4,1,3,19,3,'2024-01-31','06:20 pm',NULL,'',0,1),(9,10,2,0,3,20,4,'2024-01-25','12:40 pm',NULL,'',0,1),(10,11,1,0,3,23,3,'2024-01-24','11:20 am',NULL,'',0,2),(11,12,3,1,3,27,3,'2024-01-31','5:00 pm',NULL,'',0,1),(12,13,5,1,3,28,5,'2024-01-26','07:40 pm',NULL,'',0,1),(13,14,0,0,3,29,4,'2024-02-01','10:00 am',NULL,'',0,2),(14,15,5,1,3,28,6,'2024-01-27','07:40 pm',NULL,'',0,1),(15,16,5,1,3,33,6,'2024-01-27','07:40 pm',NULL,'',0,1),(19,20,3,0,37,34,3,'2024-01-31','01:30 pm',NULL,'',0,1),(20,21,0,0,7,41,6,'2024-02-03','08:20 am',NULL,'',0,1),(21,22,0,0,3,48,4,'2024-02-22','10:00 am',NULL,'',0,2),(22,23,3,1,7,49,5,'2024-02-23','11:40 am',NULL,'',0,1);

--
-- Final view structure for view `inventory_stock_1`
--

/*!50001 DROP VIEW IF EXISTS `inventory_stock_1`*/;
/*!50001 CREATE ALGORITHM=UNDEFINED */
/*!50013 DEFINER=`magento2`@`localhost` SQL SECURITY INVOKER */
/*!50001 VIEW `inventory_stock_1` AS select distinct `legacy_stock_status`.`product_id` AS `product_id`,`legacy_stock_status`.`website_id` AS `website_id`,`legacy_stock_status`.`stock_id` AS `stock_id`,`legacy_stock_status`.`qty` AS `quantity`,`legacy_stock_status`.`stock_status` AS `is_salable`,`product`.`sku` AS `sku` from (`cataloginventory_stock_status` `legacy_stock_status` join `catalog_product_entity` `product` on((`legacy_stock_status`.`product_id` = `product`.`entity_id`))) */;

--
-- Final view structure for view `threedadv_sepomex_zip_code_full_wiew`
--

/*!50001 DROP VIEW IF EXISTS `threedadv_sepomex_zip_code_full_wiew`*/;
/*!50001 CREATE ALGORITHM=UNDEFINED */
/*!50013 DEFINER=`andromeda`@`localhost` SQL SECURITY DEFINER */
/*!50001 VIEW `threedadv_sepomex_zip_code_full_wiew` AS select `func_inc_var_session`(0) AS `zip_code_full_wiew_id`,`tszc`.`codigo_postal` AS `codigo_postal`,`tsc`.`nombre_ciudad` AS `nombre_ciudad`,`tss`.`nombre_estado` AS `nombre_estado` from ((`threedadv_sepomex_zip_codes` `tszc` join `threedadv_sepomex_city` `tsc` on((`tsc`.`city_id` = `tszc`.`id_ciudad`))) join `threedadv_sepomex_state` `tss` on((`tss`.`state_id` = `tsc`.`id_estado`))) */;


