--
-- Host: localhost    Database: andromeda
-- ------------------------------------------------------


--
-- Table structure for table `admin_adobe_ims_webapi`
--

CREATE TABLE `admin_adobe_ims_webapi` (
  `id` int unsigned NOT NULL AUTO_INCREMENT COMMENT 'Entity ID',
  `admin_user_id` int unsigned NOT NULL DEFAULT '0' COMMENT 'Admin User Id',
  `access_token_hash` varchar(255) DEFAULT NULL COMMENT 'Access Token Hash',
  `access_token` text COMMENT 'Access Token',
  `created_at` timestamp NOT NULL DEFAULT CURRENT_TIMESTAMP COMMENT 'Created At',
  `updated_at` timestamp NOT NULL DEFAULT CURRENT_TIMESTAMP ON UPDATE CURRENT_TIMESTAMP COMMENT 'Updated At',
  `last_check_time` timestamp NOT NULL DEFAULT '0000-00-00 00:00:00' COMMENT 'Last check time',
  `access_token_expires_at` timestamp NOT NULL DEFAULT '0000-00-00 00:00:00' COMMENT 'Access Token Expires At',
  PRIMARY KEY (`id`),
  UNIQUE KEY `ADMIN_ADOBE_IMS_WEBAPI_ACCESS_TOKEN_HASH` (`access_token_hash`),
  KEY `ADMIN_ADOBE_IMS_WEBAPI_ADMIN_USER_ID` (`admin_user_id`),
  CONSTRAINT `ADMIN_ADOBE_IMS_WEBAPI_ADMIN_USER_ID_ADMIN_USER_USER_ID` FOREIGN KEY (`admin_user_id`) REFERENCES `admin_user` (`user_id`) ON DELETE CASCADE
) ENGINE=InnoDB DEFAULT CHARSET=utf8mb3 COMMENT='Admin Adobe IMS Webapi';

--
-- Dumping data for table `admin_adobe_ims_webapi`
--


--
-- Table structure for table `admin_analytics_usage_version_log`
--

CREATE TABLE `admin_analytics_usage_version_log` (
  `id` int unsigned NOT NULL AUTO_INCREMENT COMMENT 'Log ID',
  `last_viewed_in_version` varchar(50) NOT NULL COMMENT 'Viewer last viewed on product version',
  PRIMARY KEY (`id`),
  UNIQUE KEY `ADMIN_ANALYTICS_USAGE_VERSION_LOG_LAST_VIEWED_IN_VERSION` (`last_viewed_in_version`)
) ENGINE=InnoDB AUTO_INCREMENT=2 DEFAULT CHARSET=utf8mb3 COMMENT='Admin Notification Viewer Log Table';

--
-- Dumping data for table `admin_analytics_usage_version_log`
--

INSERT INTO `admin_analytics_usage_version_log` VALUES (1,'2.4.6-p3');

--
-- Table structure for table `admin_passwords`
--

CREATE TABLE `admin_passwords` (
  `password_id` int unsigned NOT NULL AUTO_INCREMENT COMMENT 'Password ID',
  `user_id` int unsigned NOT NULL DEFAULT '0' COMMENT 'User ID',
  `password_hash` varchar(255) DEFAULT NULL COMMENT 'Password Hash',
  `expires` int unsigned NOT NULL DEFAULT '0' COMMENT 'Deprecated',
  `last_updated` int unsigned NOT NULL DEFAULT '0' COMMENT 'Last Updated',
  PRIMARY KEY (`password_id`),
  KEY `ADMIN_PASSWORDS_USER_ID` (`user_id`),
  CONSTRAINT `ADMIN_PASSWORDS_USER_ID_ADMIN_USER_USER_ID` FOREIGN KEY (`user_id`) REFERENCES `admin_user` (`user_id`) ON DELETE CASCADE
) ENGINE=InnoDB AUTO_INCREMENT=8 DEFAULT CHARSET=utf8mb3 COMMENT='Admin Passwords';

--
-- Dumping data for table `admin_passwords`
--

INSERT INTO `admin_passwords` VALUES (1,1,'e6e3354982bfee0de81df57ab9b8f6ad4ef461676c2727ad9ecc13ef638f66bb:T2PVJcRLsxa6VibE2hLyuvcOUnoWlky5:3_32_2_67108864',0,1699145638),(2,2,'78291b62bd9810700573538420e08a72614cd12bf51931089911cdbbbf188cbb:Z1aZJcz8vgSFAvh0GHLFmMMsYmQ1TzLs:3_32_2_67108864',0,1699145734),(3,3,'d01d6135b5594c3d4cddd03216be5af722a8f95f63b06d1d5f4fc0d0df2b66c4:9J2fXAufiZlaOq7H6cBIkQAzKP6yI9MI:3_32_2_67108864',0,1705978710),(4,4,'d3dc647d73174f5d9ac7054bd1984f5b61bd4031472221464086690d60bd6183:HrJGW2T6UoBhn6LhMH7emsXYSD60NYnW:3_32_2_67108864',0,1706300804),(5,5,'d91524d801fa7b09634d16e3df27b04e6a69e42c3b76fb0fd495fd807657a452:d5ZrPd0TQysoTn5ZQF6ZZJh2U6Szuaov:3_32_2_67108864',0,1706583307),(6,5,'35a4045b4dc170f7c3616eb85445f1a2f8bd24e307ff9cee8d66292da9fc3902:PxLe9w5ZnyXvyuma6GiWw2xXo7Xl7eeD:3_32_2_67108864',0,1706583420),(7,2,'7b44f836c88eda141c2a0cf4ce2bf9163a411aae934daa821af17024bfab109b:i2HfVaw2NOe97Me0Nh0W6IUj8uE6KQZ4:3_32_2_67108864',0,1707514214);

--
-- Table structure for table `admin_system_messages`
--

CREATE TABLE `admin_system_messages` (
  `identity` varchar(100) NOT NULL COMMENT 'Message ID',
  `severity` smallint unsigned NOT NULL DEFAULT '0' COMMENT 'Problem type',
  `created_at` timestamp NOT NULL DEFAULT CURRENT_TIMESTAMP COMMENT 'Create date',
  PRIMARY KEY (`identity`)
) ENGINE=InnoDB DEFAULT CHARSET=utf8mb3 COMMENT='Admin System Messages';

--
-- Dumping data for table `admin_system_messages`
--

INSERT INTO `admin_system_messages` VALUES ('48020c8a4512db709593af61d3b577a84b656d7785d9319e146c128646167e2d',2,'2023-11-06 01:19:23');

--
-- Table structure for table `admin_user`
--

CREATE TABLE `admin_user` (
  `user_id` int unsigned NOT NULL AUTO_INCREMENT COMMENT 'User ID',
  `firstname` varchar(32) DEFAULT NULL COMMENT 'User First Name',
  `lastname` varchar(32) DEFAULT NULL COMMENT 'User Last Name',
  `email` varchar(128) DEFAULT NULL COMMENT 'User Email',
  `username` varchar(40) DEFAULT NULL COMMENT 'User Login',
  `password` varchar(255) NOT NULL COMMENT 'User Password',
  `created` timestamp NOT NULL DEFAULT CURRENT_TIMESTAMP COMMENT 'User Created Time',
  `modified` timestamp NOT NULL DEFAULT CURRENT_TIMESTAMP ON UPDATE CURRENT_TIMESTAMP COMMENT 'User Modified Time',
  `logdate` timestamp NULL DEFAULT NULL COMMENT 'User Last Login Time',
  `lognum` smallint unsigned NOT NULL DEFAULT '0' COMMENT 'User Login Number',
  `reload_acl_flag` smallint NOT NULL DEFAULT '0' COMMENT 'Reload ACL',
  `is_active` smallint NOT NULL DEFAULT '1' COMMENT 'User Is Active',
  `extra` text COMMENT 'User Extra Data',
  `rp_token` text COMMENT 'Reset Password Link Token',
  `rp_token_created_at` timestamp NULL DEFAULT NULL COMMENT 'Reset Password Link Token Creation Date',
  `interface_locale` varchar(16) NOT NULL DEFAULT 'en_US' COMMENT 'Backend interface locale',
  `failures_num` smallint DEFAULT '0' COMMENT 'Failure Number',
  `first_failure` timestamp NULL DEFAULT NULL COMMENT 'First Failure',
  `lock_expires` timestamp NULL DEFAULT NULL COMMENT 'Expiration Lock Dates',
  PRIMARY KEY (`user_id`),
  UNIQUE KEY `ADMIN_USER_USERNAME` (`username`)
) ENGINE=InnoDB AUTO_INCREMENT=6 DEFAULT CHARSET=utf8mb3 COMMENT='Admin User Table';

--
-- Dumping data for table `admin_user`
--

INSERT INTO `admin_user` VALUES (1,'Admin','Admin','abdul.rehman@cloudways.com','admin','e6e3354982bfee0de81df57ab9b8f6ad4ef461676c2727ad9ecc13ef638f66bb:T2PVJcRLsxa6VibE2hLyuvcOUnoWlky5:3_32_2_67108864','2023-11-05 00:53:58','2023-11-05 00:53:58',NULL,0,0,1,NULL,NULL,NULL,'en_US',0,NULL,NULL),(2,'Alberto','Contreras','alberto.contreras@never8.com','alberto.contreras','7b44f836c88eda141c2a0cf4ce2bf9163a411aae934daa821af17024bfab109b:i2HfVaw2NOe97Me0Nh0W6IUj8uE6KQZ4:3_32_2_67108864','2023-11-05 00:55:34','2024-02-09 21:31:10','2024-02-09 21:29:18',106,0,1,'{\"configState\":{\"integraciones_turbodescripciones\":\"1\",\"dev_debug\":\"1\",\"dev_front_end_development_workflow\":\"0\",\"dev_restrict\":\"0\",\"dev_template\":\"0\",\"dev_translate_inline\":\"0\",\"dev_js\":\"0\",\"dev_css\":\"0\",\"dev_image\":\"0\",\"dev_caching\":\"0\",\"dev_static\":\"0\",\"dev_grid\":\"0\",\"general_country\":\"1\",\"general_locale\":\"1\",\"general_store_information\":\"1\",\"oauth_access_token_lifetime\":\"1\",\"oauth_consumer\":\"1\",\"webapi_webapisecurity\":\"1\",\"webapi_soap\":\"1\",\"webapi_graphql_validation\":\"1\",\"webapi_validation\":\"1\",\"webapi_jwtauth\":\"1\",\"oauth_cleanup\":\"1\",\"oauth_authentication_lock\":\"1\",\"multe_theme_layout\":\"1\",\"multe_general\":\"1\",\"web_default\":\"1\",\"web_url\":\"0\",\"web_seo\":\"1\",\"web_unsecure\":\"1\",\"web_secure\":\"1\",\"web_default_layouts\":\"1\",\"web_cookie\":\"1\",\"web_session\":\"1\",\"web_browser_capabilities\":\"1\",\"multe_product_listing\":\"1\",\"advancedbookingsystem_settings\":\"1\",\"advancedbookingsystem_email\":\"1\",\"multe_advanced\":\"1\",\"multe_theme_install\":\"1\",\"multe_product_information\":\"1\",\"multe_product_detail\":\"1\",\"currency_options\":\"1\",\"currency_fixerio\":\"1\",\"currency_fixerio_apilayer\":\"1\",\"currency_currencyconverterapi\":\"1\",\"trans_email_ident_general\":\"1\",\"trans_email_ident_sales\":\"1\",\"trans_email_ident_support\":\"1\",\"contact_contact\":\"1\",\"contact_email\":\"1\",\"cms_wysiwyg\":\"1\",\"cms_pagebuilder\":\"0\",\"multe_socials\":\"1\",\"advancedbookingsystem_cancellation\":\"0\",\"catalog_frontend\":\"1\",\"catalog_review\":\"1\",\"catalog_productalert\":\"1\",\"catalog_layered_navigation\":\"1\",\"catalog_search\":\"1\",\"catalog_seo\":\"1\",\"megamenu_general\":\"1\",\"megamenu_product_information\":\"1\",\"filterproducts_general\":\"1\",\"filterproducts_source\":\"1\",\"catalog_recently_products\":\"1\"}}',NULL,NULL,'en_US',2,'2024-02-09 21:30:14',NULL),(3,'super','user','superuser@email.com','superuser','d01d6135b5594c3d4cddd03216be5af722a8f95f63b06d1d5f4fc0d0df2b66c4:9J2fXAufiZlaOq7H6cBIkQAzKP6yI9MI:3_32_2_67108864','2024-01-23 02:58:30','2024-02-10 00:04:57','2024-02-10 00:04:57',55,0,1,'{\"configState\":{\"mfwysiwygadvanced_general\":\"1\",\"multe_general\":\"1\",\"multe_theme_layout\":\"1\",\"multe_advanced\":\"1\",\"multe_theme_install\":\"1\",\"advancedbookingsystem_settings\":\"1\",\"advancedbookingsystem_email\":\"1\",\"advancedbookingsystem_cancellation\":\"1\",\"web_default\":\"1\",\"web_url\":\"1\",\"web_seo\":\"0\",\"web_unsecure\":\"1\",\"web_secure\":\"1\",\"web_default_layouts\":\"1\",\"web_cookie\":\"1\",\"web_session\":\"1\",\"web_browser_capabilities\":\"0\",\"cartquickpro_general\":\"1\",\"general_country\":\"1\",\"general_region\":\"1\",\"general_locale\":\"1\",\"general_store_information\":\"1\",\"general_single_store_mode\":\"1\",\"dev_debug\":\"1\",\"oauth_access_token_lifetime\":\"1\",\"oauth_consumer\":\"1\",\"oauth_authentication_lock\":\"1\",\"oauth_cleanup\":\"1\",\"webapi_soap\":\"1\",\"webapi_validation\":\"1\",\"webapi_webapisecurity\":\"1\",\"webapi_jwtauth\":\"1\",\"webapi_graphql_validation\":\"1\",\"customer_startup\":\"1\",\"wishlist_general\":\"1\",\"wishlist_email\":\"0\",\"wishlist_wishlist_link\":\"0\",\"customer_account_share\":\"1\",\"customer_online_customers\":\"1\",\"customer_create_account\":\"1\",\"customer_password\":\"1\",\"customer_account_information\":\"1\",\"customer_address\":\"1\",\"currency_options\":\"1\",\"currency_fixerio\":\"0\",\"currency_fixerio_apilayer\":\"0\",\"currency_currencyconverterapi\":\"0\",\"currency_import\":\"0\",\"customer_address_templates\":\"0\",\"customer_captcha\":\"0\",\"megamenu_general\":\"1\",\"megamenu_product_information\":\"1\",\"catalog_fields_masks\":\"0\",\"catalog_review\":\"0\",\"catalog_frontend\":\"0\",\"catalog_productalert_cron\":\"0\",\"catalog_productalert\":\"0\",\"catalog_placeholder\":\"0\",\"catalog_recently_products\":\"0\",\"catalog_product_video\":\"0\",\"catalog_price\":\"0\",\"catalog_layered_navigation\":\"0\",\"catalog_search\":\"0\",\"catalog_seo\":\"0\",\"catalog_navigation\":\"0\",\"catalog_downloadable\":\"0\",\"catalog_custom_options\":\"0\",\"filterproducts_general\":\"0\",\"filterproducts_source\":\"1\"}}',NULL,NULL,'en_US',0,NULL,NULL),(4,'ivette','Posada','ivette@gmail.com','ivette','d3dc647d73174f5d9ac7054bd1984f5b61bd4031472221464086690d60bd6183:HrJGW2T6UoBhn6LhMH7emsXYSD60NYnW:3_32_2_67108864','2024-01-26 20:26:44','2024-01-29 21:54:13','2024-01-29 21:54:13',4,0,1,'{\"configState\":{\"multe_general\":\"1\",\"multe_theme_layout\":\"1\",\"multe_product_listing\":\"1\",\"multe_product_detail\":\"1\",\"multe_socials\":\"1\",\"multe_advanced\":\"1\",\"multe_theme_install\":\"1\",\"multe_product_information\":\"1\",\"cartquickpro_general\":\"1\",\"cartquickpro_product_information\":\"1\",\"megamenu_product_information\":\"1\",\"megamenu_general\":\"1\",\"filterproducts_general\":\"1\",\"filterproducts_source\":\"1\",\"general_country\":\"0\",\"general_region\":\"0\",\"general_locale\":\"0\",\"general_store_information\":\"0\",\"general_single_store_mode\":\"1\",\"sales_general\":\"1\",\"sales_totals_sort\":\"1\",\"sales_reorder\":\"1\",\"sales_zerograndtotal_creditmemo\":\"1\",\"sales_identity\":\"1\",\"sales_minimum_order\":\"1\",\"sales_dashboard\":\"1\",\"sales_orders\":\"1\",\"sales_gift_options\":\"1\",\"sales_msrp\":\"1\",\"sales_instant_purchase\":\"1\",\"dev_translate_inline\":\"1\",\"dev_front_end_development_workflow\":\"1\",\"dev_restrict\":\"1\",\"dev_debug\":\"1\",\"dev_template\":\"1\",\"dev_js\":\"1\",\"dev_css\":\"0\",\"dev_image\":\"0\",\"dev_caching\":\"0\",\"dev_static\":\"0\",\"dev_grid\":\"0\"}}',NULL,NULL,'es_MX',0,NULL,NULL),(5,'azael','cabañas','azael@gmail.com','azaelcabanas','35a4045b4dc170f7c3616eb85445f1a2f8bd24e307ff9cee8d66292da9fc3902:PxLe9w5ZnyXvyuma6GiWw2xXo7Xl7eeD:3_32_2_67108864','2024-01-30 02:55:07','2024-02-14 20:39:02','2024-02-14 20:39:02',36,0,1,'{\"configState\":{\"multe_general\":\"1\",\"multe_product_information\":\"1\",\"multe_theme_layout\":\"1\",\"multe_product_listing\":\"1\",\"multe_product_detail\":\"1\",\"multe_socials\":\"1\",\"multe_advanced\":\"1\",\"multe_theme_install\":\"0\",\"filterproducts_general\":\"1\",\"filterproducts_source\":\"1\",\"catalog_fields_masks\":\"1\",\"catalog_frontend\":\"1\",\"catalog_review\":\"1\",\"catalog_search\":\"1\",\"catalog_custom_options\":\"1\",\"catalog_productalert\":\"1\",\"catalog_productalert_cron\":\"1\",\"catalog_placeholder\":\"1\",\"catalog_recently_products\":\"1\",\"catalog_product_video\":\"1\",\"catalog_price\":\"1\",\"catalog_layered_navigation\":\"1\",\"webapi_soap\":\"1\",\"webapi_webapisecurity\":\"1\",\"webapi_validation\":\"1\",\"system_bulk\":\"1\",\"catalog_seo\":\"1\",\"catalog_navigation\":\"1\",\"catalog_downloadable\":\"1\",\"cataloginventory_options\":\"1\",\"cataloginventory_item_options\":\"1\",\"cataloginventory_bulk_operations\":\"1\",\"cataloginventory_indexer\":\"1\",\"cataloginventory_source_selection_distance_based\":\"1\",\"cataloginventory_source_selection_distance_based_google\":\"1\",\"general_single_store_mode\":\"1\",\"general_store_information\":\"1\",\"general_region\":\"1\",\"general_country\":\"1\",\"newrelicreporting_general\":\"1\",\"newrelicreporting_cron\":\"1\",\"cms_pagebuilder\":\"1\",\"cms_wysiwyg\":\"1\",\"reports_dashboard\":\"1\",\"reports_options\":\"1\",\"contact_email\":\"1\",\"trans_email_ident_general\":\"1\",\"trans_email_ident_sales\":\"1\",\"trans_email_ident_support\":\"1\",\"trans_email_ident_custom1\":\"1\",\"trans_email_ident_custom2\":\"1\",\"web_seo\":\"1\",\"web_url\":\"1\",\"web_session\":\"1\",\"web_browser_capabilities\":\"1\",\"web_cookie\":\"1\",\"web_default_layouts\":\"1\",\"web_default\":\"1\",\"web_secure\":\"1\",\"web_unsecure\":\"1\",\"wishlist_general\":\"1\",\"wishlist_email\":\"1\",\"wishlist_wishlist_link\":\"1\",\"advancedbookingsystem_settings\":\"1\",\"advancedbookingsystem_email\":\"1\",\"advancedbookingsystem_cancellation\":\"1\"}}',NULL,NULL,'es_MX',0,NULL,NULL);

--
-- Table structure for table `admin_user_expiration`
--

CREATE TABLE `admin_user_expiration` (
  `user_id` int unsigned NOT NULL COMMENT 'User ID',
  `expires_at` datetime NOT NULL DEFAULT '0000-00-00 00:00:00' COMMENT 'User Expiration Date',
  PRIMARY KEY (`user_id`),
  CONSTRAINT `ADMIN_USER_EXPIRATION_USER_ID_ADMIN_USER_USER_ID` FOREIGN KEY (`user_id`) REFERENCES `admin_user` (`user_id`) ON DELETE CASCADE
) ENGINE=InnoDB DEFAULT CHARSET=utf8mb3 COMMENT='Admin User expiration dates table';

--
-- Dumping data for table `admin_user_expiration`
--


--
-- Table structure for table `admin_user_session`
--

CREATE TABLE `admin_user_session` (
  `id` int unsigned NOT NULL AUTO_INCREMENT COMMENT 'Entity ID',
  `session_id` varchar(1) DEFAULT NULL COMMENT 'Deprecated: Session ID value no longer used',
  `user_id` int unsigned DEFAULT NULL COMMENT 'Admin User ID',
  `status` smallint unsigned NOT NULL DEFAULT '1' COMMENT 'Current Session status',
  `created_at` timestamp NOT NULL DEFAULT CURRENT_TIMESTAMP COMMENT 'Created Time',
  `updated_at` timestamp NOT NULL DEFAULT CURRENT_TIMESTAMP ON UPDATE CURRENT_TIMESTAMP COMMENT 'Update Time',
  `ip` varchar(15) NOT NULL COMMENT 'Remote user IP',
  PRIMARY KEY (`id`),
  KEY `ADMIN_USER_SESSION_SESSION_ID` (`session_id`),
  KEY `ADMIN_USER_SESSION_USER_ID` (`user_id`),
  CONSTRAINT `ADMIN_USER_SESSION_USER_ID_ADMIN_USER_USER_ID` FOREIGN KEY (`user_id`) REFERENCES `admin_user` (`user_id`) ON DELETE CASCADE
) ENGINE=InnoDB AUTO_INCREMENT=195 DEFAULT CHARSET=utf8mb3 COMMENT='Admin User sessions table';

--
-- Dumping data for table `admin_user_session`
--

INSERT INTO `admin_user_session` VALUES (189,NULL,5,1,'2024-02-13 05:52:11','2024-02-13 06:22:01','189.180.10.36'),(190,NULL,5,1,'2024-02-14 01:03:34','2024-02-14 01:16:08','189.180.10.36'),(191,NULL,5,1,'2024-02-14 02:09:00','2024-02-14 02:09:00','189.180.10.36'),(192,NULL,5,1,'2024-02-14 02:31:57','2024-02-14 02:40:08','189.180.10.36'),(193,NULL,5,1,'2024-02-14 03:25:57','2024-02-14 04:42:31','189.180.10.36'),(194,NULL,5,1,'2024-02-14 20:39:02','2024-02-14 20:39:30','189.180.12.156');

--
-- Table structure for table `adminnotification_inbox`
--

CREATE TABLE `adminnotification_inbox` (
  `notification_id` int unsigned NOT NULL AUTO_INCREMENT COMMENT 'Notification ID',
  `severity` smallint unsigned NOT NULL DEFAULT '0' COMMENT 'Problem type',
  `date_added` timestamp NOT NULL DEFAULT CURRENT_TIMESTAMP COMMENT 'Create date',
  `title` varchar(255) NOT NULL COMMENT 'Title',
  `description` text COMMENT 'Description',
  `url` varchar(255) DEFAULT NULL COMMENT 'Url',
  `is_read` smallint unsigned NOT NULL DEFAULT '0' COMMENT 'Flag if notification read',
  `is_remove` smallint unsigned NOT NULL DEFAULT '0' COMMENT 'Flag if notification might be removed',
  PRIMARY KEY (`notification_id`),
  KEY `ADMINNOTIFICATION_INBOX_SEVERITY` (`severity`),
  KEY `ADMINNOTIFICATION_INBOX_IS_READ` (`is_read`),
  KEY `ADMINNOTIFICATION_INBOX_IS_REMOVE` (`is_remove`)
) ENGINE=InnoDB AUTO_INCREMENT=5 DEFAULT CHARSET=utf8mb3 COMMENT='Adminnotification Inbox';

--
-- Dumping data for table `adminnotification_inbox`
--

INSERT INTO `adminnotification_inbox` VALUES (1,4,'2023-11-05 00:53:57','Disable Notice','To improve performance, collecting statistics for the Magento Report module is disabled by default. \nYou can enable it in System Config.','',0,0),(2,3,'2024-01-23 02:56:22','New version 2.11.0 of Magefan Magento 2 Blog Extension is now available.',' You can download the new version from Magefan Store or update it via composer. Get us in touch if you need our help with an update or you have any questions.\n                                    https://magefan.com/magento2-blog-extension?version=2.11.0\n                                 ','https://magefan.com/magento2-blog-extension?version=2.11.0',0,0),(3,4,'2024-01-23 02:56:22','FAQ: How to configure &quot;read more&quot; in your Magento 2 blog post',' If you still don&#039;t know how to configure read more functionality in your magento 2 blog post, please read this article.\n                    Online documentation for Magento 2 blog extension is also available on our website. http://goo.gl/XOEdpy ','http://magefan.com/blog/add-read-more-tag-to-blog-post-content/?from=notification1',0,0),(4,4,'2024-02-08 00:00:00','NEW Magento 2 Google Indexing API Extension','Google page indexing made easy! Check it out https://magefan.com/magento-2-google-indexing-api','https://magefan.com/magento-2-google-indexing-api?utm_source=website-admin-ntf&amp;utm_medium=new-product-feb24&amp;utm_campaign=google-indexing-api',0,0);

--
-- Table structure for table `adobe_stock_asset`
--

CREATE TABLE `adobe_stock_asset` (
  `id` int unsigned NOT NULL AUTO_INCREMENT COMMENT 'Entity ID',
  `media_gallery_id` int unsigned DEFAULT NULL COMMENT 'Media gallery ID',
  `category_id` int unsigned DEFAULT NULL COMMENT 'Category ID',
  `creator_id` int unsigned DEFAULT NULL COMMENT 'Creator ID',
  `is_licensed` int unsigned NOT NULL DEFAULT '0' COMMENT 'Is Licensed',
  `creation_date` varchar(255) DEFAULT NULL COMMENT 'Creation Date',
  PRIMARY KEY (`id`),
  KEY `ADOBE_STOCK_ASSET_MEDIA_GALLERY_ID_MEDIA_GALLERY_ASSET_ID` (`media_gallery_id`),
  KEY `ADOBE_STOCK_ASSET_ID` (`id`),
  KEY `ADOBE_STOCK_ASSET_CATEGORY_ID` (`category_id`),
  KEY `ADOBE_STOCK_ASSET_CREATOR_ID` (`creator_id`),
  CONSTRAINT `ADOBE_STOCK_ASSET_CATEGORY_ID_ADOBE_STOCK_CATEGORY_ID` FOREIGN KEY (`category_id`) REFERENCES `adobe_stock_category` (`id`) ON DELETE SET NULL,
  CONSTRAINT `ADOBE_STOCK_ASSET_CREATOR_ID_ADOBE_STOCK_CREATOR_ID` FOREIGN KEY (`creator_id`) REFERENCES `adobe_stock_creator` (`id`) ON DELETE SET NULL,
  CONSTRAINT `ADOBE_STOCK_ASSET_MEDIA_GALLERY_ID_MEDIA_GALLERY_ASSET_ID` FOREIGN KEY (`media_gallery_id`) REFERENCES `media_gallery_asset` (`id`) ON DELETE CASCADE
) ENGINE=InnoDB DEFAULT CHARSET=utf8mb3 COMMENT='Adobe Stock Asset';

--
-- Dumping data for table `adobe_stock_asset`
--


--
-- Table structure for table `adobe_stock_category`
--

CREATE TABLE `adobe_stock_category` (
  `id` int unsigned NOT NULL AUTO_INCREMENT COMMENT 'Entity ID',
  `name` varchar(255) DEFAULT NULL COMMENT 'Name',
  PRIMARY KEY (`id`),
  KEY `ADOBE_STOCK_CATEGORY_ID` (`id`)
) ENGINE=InnoDB DEFAULT CHARSET=utf8mb3 COMMENT='Adobe Stock Category';

--
-- Dumping data for table `adobe_stock_category`
--


--
-- Table structure for table `adobe_stock_creator`
--

CREATE TABLE `adobe_stock_creator` (
  `id` int unsigned NOT NULL AUTO_INCREMENT COMMENT 'ID',
  `name` varchar(255) DEFAULT NULL COMMENT 'Asset creator''s name',
  PRIMARY KEY (`id`),
  KEY `ADOBE_STOCK_CREATOR_ID` (`id`)
) ENGINE=InnoDB DEFAULT CHARSET=utf8mb3 COMMENT='Adobe Stock Creator';

--
-- Dumping data for table `adobe_stock_creator`
--


--
-- Table structure for table `adobe_user_profile`
--

CREATE TABLE `adobe_user_profile` (
  `id` int unsigned NOT NULL AUTO_INCREMENT COMMENT 'Entity ID',
  `admin_user_id` int unsigned NOT NULL DEFAULT '0' COMMENT 'Admin User Id',
  `name` varchar(255) NOT NULL COMMENT 'Display Name',
  `email` varchar(255) NOT NULL COMMENT 'user profile email',
  `image` varchar(255) NOT NULL COMMENT 'user profile avatar',
  `account_type` varchar(255) DEFAULT NULL COMMENT 'Account Type',
  `access_token` text COMMENT 'Access Token',
  `refresh_token` text COMMENT 'Refresh Token',
  `created_at` timestamp NOT NULL DEFAULT CURRENT_TIMESTAMP COMMENT 'Created At',
  `updated_at` timestamp NOT NULL DEFAULT CURRENT_TIMESTAMP ON UPDATE CURRENT_TIMESTAMP COMMENT 'Updated At',
  `access_token_expires_at` timestamp NOT NULL DEFAULT '0000-00-00 00:00:00' COMMENT 'Access Token Expires At',
  PRIMARY KEY (`id`),
  KEY `ADOBE_USER_PROFILE_ADMIN_USER_ID` (`admin_user_id`),
  CONSTRAINT `ADOBE_USER_PROFILE_ADMIN_USER_ID_ADMIN_USER_USER_ID` FOREIGN KEY (`admin_user_id`) REFERENCES `admin_user` (`user_id`) ON DELETE CASCADE
) ENGINE=InnoDB DEFAULT CHARSET=utf8mb3 COMMENT='Adobe IMS User Profile';

--
-- Dumping data for table `adobe_user_profile`
--


--
-- Table structure for table `authorization_role`
--

CREATE TABLE `authorization_role` (
  `role_id` int unsigned NOT NULL AUTO_INCREMENT COMMENT 'Role ID',
  `parent_id` int unsigned NOT NULL DEFAULT '0' COMMENT 'Parent Role ID',
  `tree_level` smallint unsigned NOT NULL DEFAULT '0' COMMENT 'Role Tree Level',
  `sort_order` smallint unsigned NOT NULL DEFAULT '0' COMMENT 'Role Sort Order',
  `role_type` varchar(1) NOT NULL DEFAULT '0' COMMENT 'Role Type',
  `user_id` int unsigned NOT NULL DEFAULT '0' COMMENT 'User ID',
  `user_type` varchar(16) DEFAULT NULL COMMENT 'User Type',
  `role_name` varchar(50) DEFAULT NULL COMMENT 'Role Name',
  PRIMARY KEY (`role_id`),
  KEY `AUTHORIZATION_ROLE_PARENT_ID_SORT_ORDER` (`parent_id`,`sort_order`),
  KEY `AUTHORIZATION_ROLE_TREE_LEVEL` (`tree_level`)
) ENGINE=InnoDB AUTO_INCREMENT=12 DEFAULT CHARSET=utf8mb3 COMMENT='Admin Role Table';

--
-- Dumping data for table `authorization_role`
--

INSERT INTO `authorization_role` VALUES (1,0,1,1,'G',0,'2','Administrators'),(2,1,2,0,'U',1,'2','admin'),(3,1,2,0,'U',2,'2','alberto.contreras'),(4,0,1,0,'U',1,'1','11'),(5,0,1,0,'U',2,'1','12'),(6,1,2,0,'U',3,'2','super'),(7,0,1,0,'U',3,'1','13'),(8,0,1,0,'G',0,'2','Restaurant'),(9,0,1,0,'U',4,'1','14'),(10,1,2,0,'U',4,'2','ivette'),(11,1,2,0,'U',5,'2','azael');

--
-- Table structure for table `authorization_rule`
--

CREATE TABLE `authorization_rule` (
  `rule_id` int unsigned NOT NULL AUTO_INCREMENT COMMENT 'Rule ID',
  `role_id` int unsigned NOT NULL DEFAULT '0' COMMENT 'Role ID',
  `resource_id` varchar(255) DEFAULT NULL COMMENT 'Resource ID',
  `privileges` varchar(20) DEFAULT NULL COMMENT 'Privileges',
  `permission` varchar(10) DEFAULT NULL COMMENT 'Permission',
  PRIMARY KEY (`rule_id`),
  KEY `AUTHORIZATION_RULE_RESOURCE_ID_ROLE_ID` (`resource_id`,`role_id`),
  KEY `AUTHORIZATION_RULE_ROLE_ID_RESOURCE_ID` (`role_id`,`resource_id`),
  CONSTRAINT `AUTHORIZATION_RULE_ROLE_ID_AUTHORIZATION_ROLE_ROLE_ID` FOREIGN KEY (`role_id`) REFERENCES `authorization_role` (`role_id`) ON DELETE CASCADE
) ENGINE=InnoDB AUTO_INCREMENT=11955 DEFAULT CHARSET=utf8mb3 COMMENT='Admin Rule Table';

--
-- Dumping data for table `authorization_rule`
--

INSERT INTO `authorization_rule` VALUES (1,1,'Magento_Backend::all',NULL,'allow'),(6692,4,'Magento_Backend::all',NULL,'deny'),(6693,4,'Magento_Backend::admin',NULL,'allow'),(6694,4,'Magento_Backend::dashboard',NULL,'deny'),(6695,4,'Magento_Analytics::analytics',NULL,'allow'),(6696,4,'Magento_Analytics::analytics_api',NULL,'allow'),(6697,4,'ThreedAdv_TurboDescripciones::Response',NULL,'deny'),(6698,4,'ThreedAdv_TurboDescripciones::Response_save',NULL,'deny'),(6699,4,'ThreedAdv_TurboDescripciones::Response_delete',NULL,'deny'),(6700,4,'ThreedAdv_TurboDescripciones::Response_update',NULL,'deny'),(6701,4,'ThreedAdv_TurboDescripciones::Response_view',NULL,'deny'),(6702,4,'ThreedAdv_TurboDescripciones::Request',NULL,'deny'),(6703,4,'ThreedAdv_TurboDescripciones::Request_save',NULL,'deny'),(6704,4,'ThreedAdv_TurboDescripciones::Request_delete',NULL,'deny'),(6705,4,'ThreedAdv_TurboDescripciones::Request_update',NULL,'deny'),(6706,4,'ThreedAdv_TurboDescripciones::Request_view',NULL,'deny'),(6707,4,'ThreedAdv_TurboDescripciones::producto',NULL,'deny'),(6708,4,'ThreedAdv_TurboDescripciones::producto_save',NULL,'deny'),(6709,4,'ThreedAdv_TurboDescripciones::producto_update',NULL,'deny'),(6710,4,'ThreedAdv_TurboDescripciones::producto_view',NULL,'deny'),(6711,4,'Magento_Sales::sales',NULL,'deny'),(6712,4,'Magento_Sales::sales_operation',NULL,'deny'),(6713,4,'Magento_Sales::sales_order',NULL,'deny'),(6714,4,'Magento_Sales::actions',NULL,'deny'),(6715,4,'Magento_Sales::create',NULL,'deny'),(6716,4,'Magento_Sales::actions_view',NULL,'deny'),(6717,4,'Magento_Sales::email',NULL,'deny'),(6718,4,'Magento_Sales::reorder',NULL,'deny'),(6719,4,'Magento_Sales::actions_edit',NULL,'deny'),(6720,4,'Magento_Sales::cancel',NULL,'deny'),(6721,4,'Magento_Sales::review_payment',NULL,'deny'),(6722,4,'Magento_Sales::capture',NULL,'deny'),(6723,4,'Magento_Sales::invoice',NULL,'deny'),(6724,4,'Magento_Sales::creditmemo',NULL,'deny'),(6725,4,'Magento_Sales::hold',NULL,'deny'),(6726,4,'Magento_Sales::unhold',NULL,'deny'),(6727,4,'Magento_Sales::ship',NULL,'deny'),(6728,4,'Magento_Sales::comment',NULL,'deny'),(6729,4,'Magento_Sales::emails',NULL,'deny'),(6730,4,'Magento_Paypal::authorization',NULL,'deny'),(6731,4,'Magento_Sales::sales_invoice',NULL,'deny'),(6732,4,'Magento_Sales::shipment',NULL,'deny'),(6733,4,'Magento_Sales::sales_creditmemo',NULL,'deny'),(6734,4,'Magento_Paypal::billing_agreement',NULL,'deny'),(6735,4,'Magento_Paypal::billing_agreement_actions',NULL,'deny'),(6736,4,'Magento_Paypal::billing_agreement_actions_view',NULL,'deny'),(6737,4,'Magento_Paypal::actions_manage',NULL,'deny'),(6738,4,'Magento_Paypal::use',NULL,'deny'),(6739,4,'Magento_Sales::transactions',NULL,'deny'),(6740,4,'Magento_Sales::transactions_fetch',NULL,'deny'),(6741,4,'Magento_Catalog::catalog',NULL,'deny'),(6742,4,'Magento_Catalog::catalog_inventory',NULL,'deny'),(6743,4,'Magento_Catalog::products',NULL,'deny'),(6744,4,'Magento_Catalog::update_attributes',NULL,'deny'),(6745,4,'Magento_Catalog::edit_product_design',NULL,'deny'),(6746,4,'Magento_Catalog::categories',NULL,'deny'),(6747,4,'Magento_Catalog::edit_category_design',NULL,'deny'),(6748,4,'Magento_Customer::customer',NULL,'deny'),(6749,4,'Magento_Customer::manage',NULL,'deny'),(6750,4,'Magento_Customer::actions',NULL,'deny'),(6751,4,'Magento_Customer::delete',NULL,'deny'),(6752,4,'Magento_Customer::reset_password',NULL,'deny'),(6753,4,'Magento_Customer::invalidate_tokens',NULL,'deny'),(6754,4,'Magento_LoginAsCustomer::allow_shopping_assistance',NULL,'deny'),(6755,4,'Magento_Customer::online',NULL,'deny'),(6756,4,'Magento_Customer::group',NULL,'deny'),(6757,4,'Magento_LoginAsCustomer::login',NULL,'deny'),(6758,4,'Magento_LoginAsCustomerLog::login_log',NULL,'deny'),(6759,4,'Magento_Cart::cart',NULL,'deny'),(6760,4,'Magento_Cart::manage',NULL,'deny'),(6761,4,'Magento_Backend::myaccount',NULL,'deny'),(6762,4,'Magento_Backend::marketing',NULL,'deny'),(6763,4,'Magento_CatalogRule::promo',NULL,'deny'),(6764,4,'Magento_CatalogRule::promo_catalog',NULL,'deny'),(6765,4,'Magento_SalesRule::quote',NULL,'deny'),(6766,4,'Magento_Backend::marketing_communications',NULL,'deny'),(6767,4,'Magento_Email::template',NULL,'deny'),(6768,4,'Magento_Newsletter::template',NULL,'deny'),(6769,4,'Magento_Newsletter::queue',NULL,'deny'),(6770,4,'Magento_Newsletter::subscriber',NULL,'deny'),(6771,4,'Magento_Backend::marketing_seo',NULL,'deny'),(6772,4,'Magento_Search::search',NULL,'deny'),(6773,4,'Magento_Search::synonyms',NULL,'deny'),(6774,4,'Magento_UrlRewrite::urlrewrite',NULL,'deny'),(6775,4,'Magento_Sitemap::sitemap',NULL,'deny'),(6776,4,'Magento_Backend::marketing_user_content',NULL,'deny'),(6777,4,'Magento_Review::reviews_all',NULL,'deny'),(6778,4,'Magento_Review::pending',NULL,'deny'),(6779,4,'Magento_Backend::content',NULL,'deny'),(6780,4,'Magento_Backend::content_elements',NULL,'deny'),(6781,4,'Magento_Cms::page',NULL,'deny'),(6782,4,'Magento_Cms::save',NULL,'deny'),(6783,4,'Magento_Cms::save_design',NULL,'deny'),(6784,4,'Magento_Cms::page_delete',NULL,'deny'),(6785,4,'Magento_Cms::block',NULL,'deny'),(6786,4,'Magento_Widget::widget_instance',NULL,'deny'),(6787,4,'Magento_Cms::media_gallery',NULL,'deny'),(6788,4,'Magento_MediaGalleryUiApi::insert_assets',NULL,'deny'),(6789,4,'Magento_MediaGalleryUiApi::upload_assets',NULL,'deny'),(6790,4,'Magento_MediaGalleryUiApi::edit_assets',NULL,'deny'),(6791,4,'Magento_AdobeStockImageAdminUi::media_gallery',NULL,'deny'),(6792,4,'Magento_AdobeStockImageAdminUi::save_preview_images',NULL,'deny'),(6793,4,'Magento_AdobeStockImageAdminUi::license_images',NULL,'deny'),(6794,4,'Magento_MediaGalleryUiApi::delete_assets',NULL,'deny'),(6795,4,'Magento_MediaGalleryUiApi::create_folder',NULL,'deny'),(6796,4,'Magento_MediaGalleryUiApi::delete_folder',NULL,'deny'),(6797,4,'Magento_PageBuilder::templates',NULL,'deny'),(6798,4,'Magento_PageBuilder::template_save',NULL,'deny'),(6799,4,'Magento_PageBuilder::template_apply',NULL,'deny'),(6800,4,'Magento_PageBuilder::template_delete',NULL,'deny'),(6801,4,'Magento_Backend::design',NULL,'deny'),(6802,4,'Magento_Theme::theme',NULL,'deny'),(6803,4,'Magento_Backend::schedule',NULL,'deny'),(6804,4,'Magento_Backend::content_translation',NULL,'deny'),(6805,4,'Magento_Reports::report',NULL,'deny'),(6806,4,'Magento_Reports::report_marketing',NULL,'deny'),(6807,4,'Magento_Reports::shopcart',NULL,'deny'),(6808,4,'Magento_Reports::product',NULL,'deny'),(6809,4,'Magento_Reports::abandoned',NULL,'deny'),(6810,4,'Magento_Reports::report_search',NULL,'deny'),(6811,4,'Magento_Newsletter::problem',NULL,'deny'),(6812,4,'Magento_Reports::review',NULL,'deny'),(6813,4,'Magento_Reports::review_customer',NULL,'deny'),(6814,4,'Magento_Reports::review_product',NULL,'deny'),(6815,4,'Magento_Reports::salesroot',NULL,'deny'),(6816,4,'Magento_Reports::salesroot_sales',NULL,'deny'),(6817,4,'Magento_Reports::tax',NULL,'deny'),(6818,4,'Magento_Reports::invoiced',NULL,'deny'),(6819,4,'Magento_Reports::shipping',NULL,'deny'),(6820,4,'Magento_Reports::refunded',NULL,'deny'),(6821,4,'Magento_Reports::coupons',NULL,'deny'),(6822,4,'Magento_Paypal::paypal_settlement_reports',NULL,'deny'),(6823,4,'Magento_Paypal::paypal_settlement_reports_view',NULL,'deny'),(6824,4,'Magento_Paypal::fetch',NULL,'deny'),(6825,4,'PayPal_Braintree::settlement_report',NULL,'deny'),(6826,4,'Magento_Reports::customers',NULL,'deny'),(6827,4,'Magento_Reports::totals',NULL,'deny'),(6828,4,'Magento_Reports::customers_orders',NULL,'deny'),(6829,4,'Magento_Reports::accounts',NULL,'deny'),(6830,4,'Magento_Reports::report_products',NULL,'deny'),(6831,4,'Magento_Reports::viewed',NULL,'deny'),(6832,4,'Magento_Reports::bestsellers',NULL,'deny'),(6833,4,'Magento_Reports::lowstock',NULL,'deny'),(6834,4,'Magento_Reports::sold',NULL,'deny'),(6835,4,'Magento_Reports::downloads',NULL,'deny'),(6836,4,'Magento_Reports::statistics',NULL,'deny'),(6837,4,'Magento_Reports::statistics_refresh',NULL,'deny'),(6838,4,'Magento_Analytics::business_intelligence',NULL,'deny'),(6839,4,'Magento_Analytics::advanced_reporting',NULL,'deny'),(6840,4,'Magento_Analytics::bi_essentials',NULL,'deny'),(6841,4,'Magento_Backend::stores',NULL,'deny'),(6842,4,'Magento_Backend::stores_settings',NULL,'deny'),(6843,4,'Magento_Backend::store',NULL,'deny'),(6844,4,'Magento_Config::config',NULL,'deny'),(6845,4,'Magento_Cms::config_cms',NULL,'deny'),(6846,4,'Magento_Catalog::config_catalog',NULL,'deny'),(6847,4,'Magento_CatalogSearch::config_catalog_search',NULL,'deny'),(6848,4,'Magento_CatalogInventory::cataloginventory',NULL,'deny'),(6849,4,'Magento_Payment::payment',NULL,'deny'),(6850,4,'Magento_Payment::payment_services',NULL,'deny'),(6851,4,'Magento_Contact::contact',NULL,'deny'),(6852,4,'Magento_Downloadable::downloadable',NULL,'deny'),(6853,4,'Magento_GoogleAnalytics::google',NULL,'deny'),(6854,4,'Magento_LoginAsCustomer::config_section',NULL,'deny'),(6855,4,'Magento_Newsletter::newsletter',NULL,'deny'),(6856,4,'ThreedAdv_TurboDescripciones::config_threedadv_turbodescripciones',NULL,'deny'),(6857,4,'Magento_Shipping::carriers',NULL,'deny'),(6858,4,'Magento_InventoryInStorePickupApi::inStorePickup',NULL,'deny'),(6859,4,'Magento_InventoryInStorePickupApi::notify_orders_are_ready_for_pickup',NULL,'deny'),(6860,4,'Magento_Shipping::config_shipping',NULL,'deny'),(6861,4,'Magento_Shipping::shipping_policy',NULL,'deny'),(6862,4,'Magento_Multishipping::config_multishipping',NULL,'deny'),(6863,4,'Magento_ReCaptchaUi::config',NULL,'deny'),(6864,4,'Magento_Securitytxt::config',NULL,'deny'),(6865,4,'Magento_Config::config_general',NULL,'deny'),(6866,4,'Magento_Integration::config_oauth',NULL,'deny'),(6867,4,'Magento_Webapi::config_webapi',NULL,'deny'),(6868,4,'Magento_Config::web',NULL,'deny'),(6869,4,'Magento_Config::config_design',NULL,'deny'),(6870,4,'Magento_Customer::config_customer',NULL,'deny'),(6871,4,'Magento_Paypal::paypal',NULL,'deny'),(6872,4,'Magento_Tax::config_tax',NULL,'deny'),(6873,4,'Magento_Checkout::checkout',NULL,'deny'),(6874,4,'Magento_Sales::config_sales',NULL,'deny'),(6875,4,'Magento_Persistent::persistent',NULL,'deny'),(6876,4,'Magento_Sales::sales_email',NULL,'deny'),(6877,4,'Magento_Sales::sales_pdf',NULL,'deny'),(6878,4,'Magento_Reports::reports',NULL,'deny'),(6879,4,'Magento_Sitemap::config_sitemap',NULL,'deny'),(6880,4,'Magento_Config::config_system',NULL,'deny'),(6881,4,'Magento_Wishlist::config_wishlist',NULL,'deny'),(6882,4,'Magento_SalesRule::config_promo',NULL,'deny'),(6883,4,'Magento_Config::config_admin',NULL,'deny'),(6884,4,'Magento_Config::trans_email',NULL,'deny'),(6885,4,'Magento_Config::dev',NULL,'deny'),(6886,4,'Magento_Config::currency',NULL,'deny'),(6887,4,'Magento_Rss::rss',NULL,'deny'),(6888,4,'Magento_Config::sendfriend',NULL,'deny'),(6889,4,'Magento_Analytics::analytics_settings',NULL,'deny'),(6890,4,'Magento_NewRelicReporting::config_newrelicreporting',NULL,'deny'),(6891,4,'Magento_CheckoutAgreements::checkoutagreement',NULL,'deny'),(6892,4,'Magento_Sales::order_statuses',NULL,'deny'),(6893,4,'Magento_InventoryApi::inventory',NULL,'deny'),(6894,4,'Magento_InventoryApi::source',NULL,'deny'),(6895,4,'Magento_InventoryApi::source_edit',NULL,'deny'),(6896,4,'Magento_InventoryApi::ship_source_selection',NULL,'deny'),(6897,4,'Magento_InventorySourceSelectionApi::source_selection_algorithm',NULL,'deny'),(6898,4,'Magento_InventorySourceSelectionApi::source_selection_algorithm_post',NULL,'deny'),(6899,4,'Magento_InventoryApi::stock',NULL,'deny'),(6900,4,'Magento_InventoryApi::stock_edit',NULL,'deny'),(6901,4,'Magento_InventoryApi::stock_delete',NULL,'deny'),(6902,4,'Magento_InventoryLowQuantityNotificationApi::low_quantity_notification',NULL,'deny'),(6903,4,'Magento_InventoryLowQuantityNotificationApi::stock_create_low_quantity_notification',NULL,'deny'),(6904,4,'Magento_InventoryLowQuantityNotificationApi::stock_delete_low_quantity_notification',NULL,'deny'),(6905,4,'Magento_InventoryApi::stock_source_link',NULL,'deny'),(6906,4,'Magento_InventoryApi::stock_source_item_assign',NULL,'deny'),(6907,4,'Magento_InventorySalesApi::stock',NULL,'deny'),(6908,4,'Magento_Tax::manage_tax',NULL,'deny'),(6909,4,'Magento_CurrencySymbol::system_currency',NULL,'deny'),(6910,4,'Magento_CurrencySymbol::currency_rates',NULL,'deny'),(6911,4,'Magento_CurrencySymbol::symbols',NULL,'deny'),(6912,4,'Magento_Backend::stores_attributes',NULL,'deny'),(6913,4,'Magento_Catalog::attributes_attributes',NULL,'deny'),(6914,4,'Magento_Catalog::sets',NULL,'deny'),(6915,4,'Magento_Review::ratings',NULL,'deny'),(6916,4,'Magento_Swatches::iframe',NULL,'deny'),(6917,4,'Magento_Backend::stores_other_settings',NULL,'deny'),(6918,4,'Magento_Backend::system',NULL,'deny'),(6919,4,'Magento_AdobeIms::adobe_ims',NULL,'deny'),(6920,4,'Magento_AdobeIms::actions',NULL,'deny'),(6921,4,'Magento_AdobeIms::login',NULL,'deny'),(6922,4,'Magento_AdobeIms::logout',NULL,'deny'),(6923,4,'Magento_AdobeStockAsset::adobe_stock_asset',NULL,'deny'),(6924,4,'Magento_AdobeStockAsset::actions',NULL,'deny'),(6925,4,'Magento_AdobeStockAsset::actions_delete',NULL,'deny'),(6926,4,'Magento_AdobeStockAsset::actions_save',NULL,'deny'),(6927,4,'Magento_AdobeStockAsset::actions_view',NULL,'deny'),(6928,4,'Magento_AdobeStockAsset::actions_get',NULL,'deny'),(6929,4,'Magento_Backend::convert',NULL,'deny'),(6930,4,'Magento_ImportExport::import',NULL,'deny'),(6931,4,'Magento_ImportExport::export',NULL,'deny'),(6932,4,'Magento_TaxImportExport::import_export',NULL,'deny'),(6933,4,'Magento_ImportExport::history',NULL,'deny'),(6934,4,'Magento_Backend::extensions',NULL,'deny'),(6935,4,'Magento_Backend::local',NULL,'deny'),(6936,4,'Magento_Backend::custom',NULL,'deny'),(6937,4,'Magento_Integration::extensions',NULL,'deny'),(6938,4,'Magento_Integration::integrations',NULL,'deny'),(6939,4,'Magento_Backend::tools',NULL,'deny'),(6940,4,'Magento_Backend::cache',NULL,'deny'),(6941,4,'Magento_Backend::main_actions',NULL,'deny'),(6942,4,'Magento_Backend::flush_cache_storage',NULL,'deny'),(6943,4,'Magento_Backend::flush_magento_cache',NULL,'deny'),(6944,4,'Magento_Backend::mass_actions',NULL,'deny'),(6945,4,'Magento_Backend::toggling_cache_type',NULL,'deny'),(6946,4,'Magento_Backend::refresh_cache_type',NULL,'deny'),(6947,4,'Magento_Backend::additional_cache_management',NULL,'deny'),(6948,4,'Magento_Backend::flush_catalog_images',NULL,'deny'),(6949,4,'Magento_Backend::flush_js_css',NULL,'deny'),(6950,4,'Magento_Backend::flush_static_files',NULL,'deny'),(6951,4,'Magento_Backup::backup',NULL,'deny'),(6952,4,'Magento_Backup::rollback',NULL,'deny'),(6953,4,'Magento_Indexer::index',NULL,'deny'),(6954,4,'Magento_Indexer::changeMode',NULL,'deny'),(6955,4,'Magento_Indexer::invalidate',NULL,'deny'),(6956,4,'Magento_User::acl',NULL,'deny'),(6957,4,'Magento_User::acl_users',NULL,'deny'),(6958,4,'Magento_User::locks',NULL,'deny'),(6959,4,'Magento_User::acl_roles',NULL,'deny'),(6960,4,'Magento_Logging::magento_logging',NULL,'deny'),(6961,4,'Magento_Logging::magento_logging_events',NULL,'deny'),(6962,4,'Magento_Logging::system_magento_logging_bulk_operations',NULL,'deny'),(6963,4,'Magento_Backend::system_other_settings',NULL,'deny'),(6964,4,'Magento_AdminNotification::adminnotification',NULL,'deny'),(6965,4,'Magento_AdminNotification::show_toolbar',NULL,'deny'),(6966,4,'Magento_AdminNotification::show_list',NULL,'deny'),(6967,4,'Magento_AdminNotification::mark_as_read',NULL,'deny'),(6968,4,'Magento_AdminNotification::adminnotification_remove',NULL,'deny'),(6969,4,'Magento_Variable::variable',NULL,'deny'),(6970,4,'Magento_EncryptionKey::crypt_key',NULL,'deny'),(6971,4,'Magento_Backend::global_search',NULL,'deny'),(9495,5,'Magento_Backend::all',NULL,'deny'),(9496,5,'Magento_Backend::admin',NULL,'allow'),(9497,5,'Magento_Backend::dashboard',NULL,'deny'),(9498,5,'Magento_Analytics::analytics',NULL,'deny'),(9499,5,'Magento_Analytics::analytics_api',NULL,'deny'),(9500,5,'ThreedAdv_TurboDescripciones::Response',NULL,'deny'),(9501,5,'ThreedAdv_TurboDescripciones::Response_save',NULL,'deny'),(9502,5,'ThreedAdv_TurboDescripciones::Response_delete',NULL,'deny'),(9503,5,'ThreedAdv_TurboDescripciones::Response_update',NULL,'deny'),(9504,5,'ThreedAdv_TurboDescripciones::Response_view',NULL,'deny'),(9505,5,'ThreedAdv_TurboDescripciones::Request',NULL,'deny'),(9506,5,'ThreedAdv_TurboDescripciones::Request_save',NULL,'deny'),(9507,5,'ThreedAdv_TurboDescripciones::Request_delete',NULL,'deny'),(9508,5,'ThreedAdv_TurboDescripciones::Request_update',NULL,'deny'),(9509,5,'ThreedAdv_TurboDescripciones::Request_view',NULL,'deny'),(9510,5,'ThreedAdv_TurboDescripciones::producto',NULL,'deny'),(9511,5,'ThreedAdv_TurboDescripciones::producto_save',NULL,'deny'),(9512,5,'ThreedAdv_TurboDescripciones::producto_update',NULL,'deny'),(9513,5,'ThreedAdv_TurboDescripciones::producto_view',NULL,'deny'),(9514,5,'Magento_Sales::sales',NULL,'deny'),(9515,5,'Magento_Sales::sales_operation',NULL,'deny'),(9516,5,'Magento_Sales::sales_order',NULL,'deny'),(9517,5,'Magento_Sales::actions',NULL,'deny'),(9518,5,'Magento_Sales::create',NULL,'deny'),(9519,5,'Magento_Sales::actions_view',NULL,'deny'),(9520,5,'Magento_Sales::email',NULL,'deny'),(9521,5,'Magento_Sales::reorder',NULL,'deny'),(9522,5,'Magento_Sales::actions_edit',NULL,'deny'),(9523,5,'Magento_Sales::cancel',NULL,'deny'),(9524,5,'Magento_Sales::review_payment',NULL,'deny'),(9525,5,'Magento_Sales::capture',NULL,'deny'),(9526,5,'Magento_Sales::invoice',NULL,'deny'),(9527,5,'Magento_Sales::creditmemo',NULL,'deny'),(9528,5,'Magento_Sales::hold',NULL,'deny'),(9529,5,'Magento_Sales::unhold',NULL,'deny'),(9530,5,'Magento_Sales::ship',NULL,'deny'),(9531,5,'Magento_Sales::comment',NULL,'deny'),(9532,5,'Magento_Sales::emails',NULL,'deny'),(9533,5,'Magento_Paypal::authorization',NULL,'deny'),(9534,5,'Magento_Sales::sales_invoice',NULL,'deny'),(9535,5,'Magento_Sales::shipment',NULL,'deny'),(9536,5,'Magento_Sales::sales_creditmemo',NULL,'deny'),(9537,5,'Magento_Paypal::billing_agreement',NULL,'deny'),(9538,5,'Magento_Paypal::billing_agreement_actions',NULL,'deny'),(9539,5,'Magento_Paypal::billing_agreement_actions_view',NULL,'deny'),(9540,5,'Magento_Paypal::actions_manage',NULL,'deny'),(9541,5,'Magento_Paypal::use',NULL,'deny'),(9542,5,'Magento_Sales::transactions',NULL,'deny'),(9543,5,'Magento_Sales::transactions_fetch',NULL,'deny'),(9544,5,'Magento_Catalog::catalog',NULL,'allow'),(9545,5,'Magento_Catalog::catalog_inventory',NULL,'allow'),(9546,5,'Magento_Catalog::products',NULL,'allow'),(9547,5,'Magento_Catalog::update_attributes',NULL,'deny'),(9548,5,'Magento_Catalog::edit_product_design',NULL,'allow'),(9549,5,'Magento_Catalog::categories',NULL,'deny'),(9550,5,'Magento_Catalog::edit_category_design',NULL,'deny'),(9551,5,'Magento_Customer::customer',NULL,'deny'),(9552,5,'Magento_Customer::manage',NULL,'deny'),(9553,5,'Magento_Customer::actions',NULL,'deny'),(9554,5,'Magento_Customer::delete',NULL,'deny'),(9555,5,'Magento_Customer::reset_password',NULL,'deny'),(9556,5,'Magento_Customer::invalidate_tokens',NULL,'deny'),(9557,5,'Magento_LoginAsCustomer::allow_shopping_assistance',NULL,'deny'),(9558,5,'Magento_Customer::online',NULL,'deny'),(9559,5,'Magento_Customer::group',NULL,'deny'),(9560,5,'Magento_LoginAsCustomer::login',NULL,'deny'),(9561,5,'Magento_LoginAsCustomerLog::login_log',NULL,'deny'),(9562,5,'Magento_Cart::cart',NULL,'deny'),(9563,5,'Magento_Cart::manage',NULL,'deny'),(9564,5,'Magento_Backend::myaccount',NULL,'deny'),(9565,5,'Magento_Backend::marketing',NULL,'deny'),(9566,5,'Magento_CatalogRule::promo',NULL,'deny'),(9567,5,'Magento_CatalogRule::promo_catalog',NULL,'deny'),(9568,5,'Magento_SalesRule::quote',NULL,'deny'),(9569,5,'Magento_Backend::marketing_communications',NULL,'deny'),(9570,5,'Magento_Email::template',NULL,'deny'),(9571,5,'Magento_Newsletter::template',NULL,'deny'),(9572,5,'Magento_Newsletter::queue',NULL,'deny'),(9573,5,'Magento_Newsletter::subscriber',NULL,'deny'),(9574,5,'Magento_Backend::marketing_seo',NULL,'deny'),(9575,5,'Magento_Search::search',NULL,'deny'),(9576,5,'Magento_Search::synonyms',NULL,'deny'),(9577,5,'Magento_UrlRewrite::urlrewrite',NULL,'deny'),(9578,5,'Magento_Sitemap::sitemap',NULL,'deny'),(9579,5,'Magento_Backend::marketing_user_content',NULL,'deny'),(9580,5,'Magento_Review::reviews_all',NULL,'deny'),(9581,5,'Magento_Review::pending',NULL,'deny'),(9582,5,'Magento_Backend::content',NULL,'deny'),(9583,5,'Magento_Backend::content_elements',NULL,'deny'),(9584,5,'Magento_Cms::page',NULL,'deny'),(9585,5,'Magento_Cms::save',NULL,'deny'),(9586,5,'Magento_Cms::save_design',NULL,'deny'),(9587,5,'Magento_Cms::page_delete',NULL,'deny'),(9588,5,'Magento_Cms::block',NULL,'deny'),(9589,5,'Magento_Widget::widget_instance',NULL,'deny'),(9590,5,'Magento_Cms::media_gallery',NULL,'deny'),(9591,5,'Magento_MediaGalleryUiApi::insert_assets',NULL,'deny'),(9592,5,'Magento_MediaGalleryUiApi::upload_assets',NULL,'deny'),(9593,5,'Magento_MediaGalleryUiApi::edit_assets',NULL,'deny'),(9594,5,'Magento_AdobeStockImageAdminUi::media_gallery',NULL,'deny'),(9595,5,'Magento_AdobeStockImageAdminUi::save_preview_images',NULL,'deny'),(9596,5,'Magento_AdobeStockImageAdminUi::license_images',NULL,'deny'),(9597,5,'Magento_MediaGalleryUiApi::delete_assets',NULL,'deny'),(9598,5,'Magento_MediaGalleryUiApi::create_folder',NULL,'deny'),(9599,5,'Magento_MediaGalleryUiApi::delete_folder',NULL,'deny'),(9600,5,'Magento_PageBuilder::templates',NULL,'deny'),(9601,5,'Magento_PageBuilder::template_save',NULL,'deny'),(9602,5,'Magento_PageBuilder::template_apply',NULL,'deny'),(9603,5,'Magento_PageBuilder::template_delete',NULL,'deny'),(9604,5,'Magento_Backend::design',NULL,'deny'),(9605,5,'Magento_Theme::theme',NULL,'deny'),(9606,5,'Magento_Backend::schedule',NULL,'deny'),(9607,5,'Magento_Backend::content_translation',NULL,'deny'),(9608,5,'Magento_Reports::report',NULL,'deny'),(9609,5,'Magento_Reports::report_marketing',NULL,'deny'),(9610,5,'Magento_Reports::shopcart',NULL,'deny'),(9611,5,'Magento_Reports::product',NULL,'deny'),(9612,5,'Magento_Reports::abandoned',NULL,'deny'),(9613,5,'Magento_Reports::report_search',NULL,'deny'),(9614,5,'Magento_Newsletter::problem',NULL,'deny'),(9615,5,'Magento_Reports::review',NULL,'deny'),(9616,5,'Magento_Reports::review_customer',NULL,'deny'),(9617,5,'Magento_Reports::review_product',NULL,'deny'),(9618,5,'Magento_Reports::salesroot',NULL,'deny'),(9619,5,'Magento_Reports::salesroot_sales',NULL,'deny'),(9620,5,'Magento_Reports::tax',NULL,'deny'),(9621,5,'Magento_Reports::invoiced',NULL,'deny'),(9622,5,'Magento_Reports::shipping',NULL,'deny'),(9623,5,'Magento_Reports::refunded',NULL,'deny'),(9624,5,'Magento_Reports::coupons',NULL,'deny'),(9625,5,'Magento_Paypal::paypal_settlement_reports',NULL,'deny'),(9626,5,'Magento_Paypal::paypal_settlement_reports_view',NULL,'deny'),(9627,5,'Magento_Paypal::fetch',NULL,'deny'),(9628,5,'PayPal_Braintree::settlement_report',NULL,'deny'),(9629,5,'Magento_Reports::customers',NULL,'deny'),(9630,5,'Magento_Reports::totals',NULL,'deny'),(9631,5,'Magento_Reports::customers_orders',NULL,'deny'),(9632,5,'Magento_Reports::accounts',NULL,'deny'),(9633,5,'Magento_Reports::report_products',NULL,'deny'),(9634,5,'Magento_Reports::viewed',NULL,'deny'),(9635,5,'Magento_Reports::bestsellers',NULL,'deny'),(9636,5,'Magento_Reports::lowstock',NULL,'deny'),(9637,5,'Magento_Reports::sold',NULL,'deny'),(9638,5,'Magento_Reports::downloads',NULL,'deny'),(9639,5,'Magento_Reports::statistics',NULL,'deny'),(9640,5,'Magento_Reports::statistics_refresh',NULL,'deny'),(9641,5,'Magento_Analytics::business_intelligence',NULL,'deny'),(9642,5,'Magento_Analytics::advanced_reporting',NULL,'deny'),(9643,5,'Magento_Analytics::bi_essentials',NULL,'deny'),(9644,5,'Magento_Backend::stores',NULL,'deny'),(9645,5,'Magento_Backend::stores_settings',NULL,'deny'),(9646,5,'Magento_Backend::store',NULL,'deny'),(9647,5,'Magento_Config::config',NULL,'deny'),(9648,5,'Magento_Cms::config_cms',NULL,'deny'),(9649,5,'Magento_Catalog::config_catalog',NULL,'deny'),(9650,5,'Magento_CatalogSearch::config_catalog_search',NULL,'deny'),(9651,5,'Magento_CatalogInventory::cataloginventory',NULL,'deny'),(9652,5,'Magento_Payment::payment',NULL,'deny'),(9653,5,'Magento_Payment::payment_services',NULL,'deny'),(9654,5,'Magento_Contact::contact',NULL,'deny'),(9655,5,'Magento_Downloadable::downloadable',NULL,'deny'),(9656,5,'Magento_GoogleAnalytics::google',NULL,'deny'),(9657,5,'Magento_LoginAsCustomer::config_section',NULL,'deny'),(9658,5,'Magento_Newsletter::newsletter',NULL,'deny'),(9659,5,'ThreedAdv_TurboDescripciones::config_threedadv_turbodescripciones',NULL,'deny'),(9660,5,'Magento_Shipping::carriers',NULL,'deny'),(9661,5,'Magento_InventoryInStorePickupApi::inStorePickup',NULL,'deny'),(9662,5,'Magento_InventoryInStorePickupApi::notify_orders_are_ready_for_pickup',NULL,'deny'),(9663,5,'Magento_Shipping::config_shipping',NULL,'deny'),(9664,5,'Magento_Shipping::shipping_policy',NULL,'deny'),(9665,5,'Magento_Multishipping::config_multishipping',NULL,'deny'),(9666,5,'Magento_ReCaptchaUi::config',NULL,'deny'),(9667,5,'Magento_Securitytxt::config',NULL,'deny'),(9668,5,'Magento_Config::config_general',NULL,'deny'),(9669,5,'Magento_Integration::config_oauth',NULL,'deny'),(9670,5,'Magento_Webapi::config_webapi',NULL,'deny'),(9671,5,'Magento_Config::web',NULL,'deny'),(9672,5,'Magento_Config::config_design',NULL,'deny'),(9673,5,'Magento_Customer::config_customer',NULL,'deny'),(9674,5,'Magento_Paypal::paypal',NULL,'deny'),(9675,5,'Magento_Tax::config_tax',NULL,'deny'),(9676,5,'Magento_Checkout::checkout',NULL,'deny'),(9677,5,'Magento_Sales::config_sales',NULL,'deny'),(9678,5,'Magento_Persistent::persistent',NULL,'deny'),(9679,5,'Magento_Sales::sales_email',NULL,'deny'),(9680,5,'Magento_Sales::sales_pdf',NULL,'deny'),(9681,5,'Magento_Reports::reports',NULL,'deny'),(9682,5,'Magento_Sitemap::config_sitemap',NULL,'deny'),(9683,5,'Magento_Config::config_system',NULL,'deny'),(9684,5,'Magento_Wishlist::config_wishlist',NULL,'deny'),(9685,5,'Magento_SalesRule::config_promo',NULL,'deny'),(9686,5,'Magento_Config::config_admin',NULL,'deny'),(9687,5,'Magento_Config::trans_email',NULL,'deny'),(9688,5,'Magento_Config::dev',NULL,'deny'),(9689,5,'Magento_Config::currency',NULL,'deny'),(9690,5,'Magento_Rss::rss',NULL,'deny'),(9691,5,'Magento_Config::sendfriend',NULL,'deny'),(9692,5,'Magento_Analytics::analytics_settings',NULL,'deny'),(9693,5,'Magento_NewRelicReporting::config_newrelicreporting',NULL,'deny'),(9694,5,'Magento_CheckoutAgreements::checkoutagreement',NULL,'deny'),(9695,5,'Magento_Sales::order_statuses',NULL,'deny'),(9696,5,'Magento_InventoryApi::inventory',NULL,'deny'),(9697,5,'Magento_InventoryApi::source',NULL,'deny'),(9698,5,'Magento_InventoryApi::source_edit',NULL,'deny'),(9699,5,'Magento_InventoryApi::ship_source_selection',NULL,'deny'),(9700,5,'Magento_InventorySourceSelectionApi::source_selection_algorithm',NULL,'deny'),(9701,5,'Magento_InventorySourceSelectionApi::source_selection_algorithm_post',NULL,'deny'),(9702,5,'Magento_InventoryApi::stock',NULL,'deny'),(9703,5,'Magento_InventoryApi::stock_edit',NULL,'deny'),(9704,5,'Magento_InventoryApi::stock_delete',NULL,'deny'),(9705,5,'Magento_InventoryLowQuantityNotificationApi::low_quantity_notification',NULL,'deny'),(9706,5,'Magento_InventoryLowQuantityNotificationApi::stock_create_low_quantity_notification',NULL,'deny'),(9707,5,'Magento_InventoryLowQuantityNotificationApi::stock_delete_low_quantity_notification',NULL,'deny'),(9708,5,'Magento_InventoryApi::stock_source_link',NULL,'deny'),(9709,5,'Magento_InventoryApi::stock_source_item_assign',NULL,'deny'),(9710,5,'Magento_InventorySalesApi::stock',NULL,'deny'),(9711,5,'Magento_Tax::manage_tax',NULL,'deny'),(9712,5,'Magento_CurrencySymbol::system_currency',NULL,'deny'),(9713,5,'Magento_CurrencySymbol::currency_rates',NULL,'deny'),(9714,5,'Magento_CurrencySymbol::symbols',NULL,'deny'),(9715,5,'Magento_Backend::stores_attributes',NULL,'deny'),(9716,5,'Magento_Catalog::attributes_attributes',NULL,'deny'),(9717,5,'Magento_Catalog::sets',NULL,'deny'),(9718,5,'Magento_Review::ratings',NULL,'deny'),(9719,5,'Magento_Swatches::iframe',NULL,'deny'),(9720,5,'Magento_Backend::stores_other_settings',NULL,'deny'),(9721,5,'Magento_Backend::system',NULL,'deny'),(9722,5,'Magento_AdobeIms::adobe_ims',NULL,'deny'),(9723,5,'Magento_AdobeIms::actions',NULL,'deny'),(9724,5,'Magento_AdobeIms::login',NULL,'deny'),(9725,5,'Magento_AdobeIms::logout',NULL,'deny'),(9726,5,'Magento_AdobeStockAsset::adobe_stock_asset',NULL,'deny'),(9727,5,'Magento_AdobeStockAsset::actions',NULL,'deny'),(9728,5,'Magento_AdobeStockAsset::actions_delete',NULL,'deny'),(9729,5,'Magento_AdobeStockAsset::actions_save',NULL,'deny'),(9730,5,'Magento_AdobeStockAsset::actions_view',NULL,'deny'),(9731,5,'Magento_AdobeStockAsset::actions_get',NULL,'deny'),(9732,5,'Magento_Backend::convert',NULL,'deny'),(9733,5,'Magento_ImportExport::import',NULL,'deny'),(9734,5,'Magento_ImportExport::export',NULL,'deny'),(9735,5,'Magento_TaxImportExport::import_export',NULL,'deny'),(9736,5,'Magento_ImportExport::history',NULL,'deny'),(9737,5,'Magento_Backend::extensions',NULL,'deny'),(9738,5,'Magento_Backend::local',NULL,'deny'),(9739,5,'Magento_Backend::custom',NULL,'deny'),(9740,5,'Magento_Integration::extensions',NULL,'deny'),(9741,5,'Magento_Integration::integrations',NULL,'deny'),(9742,5,'Magento_Backend::tools',NULL,'deny'),(9743,5,'Magento_Backend::cache',NULL,'deny'),(9744,5,'Magento_Backend::main_actions',NULL,'deny'),(9745,5,'Magento_Backend::flush_cache_storage',NULL,'deny'),(9746,5,'Magento_Backend::flush_magento_cache',NULL,'deny'),(9747,5,'Magento_Backend::mass_actions',NULL,'deny'),(9748,5,'Magento_Backend::toggling_cache_type',NULL,'deny'),(9749,5,'Magento_Backend::refresh_cache_type',NULL,'deny'),(9750,5,'Magento_Backend::additional_cache_management',NULL,'deny'),(9751,5,'Magento_Backend::flush_catalog_images',NULL,'deny'),(9752,5,'Magento_Backend::flush_js_css',NULL,'deny'),(9753,5,'Magento_Backend::flush_static_files',NULL,'deny'),(9754,5,'Magento_Backup::backup',NULL,'deny'),(9755,5,'Magento_Backup::rollback',NULL,'deny'),(9756,5,'Magento_Indexer::index',NULL,'deny'),(9757,5,'Magento_Indexer::changeMode',NULL,'deny'),(9758,5,'Magento_Indexer::invalidate',NULL,'deny'),(9759,5,'Magento_User::acl',NULL,'deny'),(9760,5,'Magento_User::acl_users',NULL,'deny'),(9761,5,'Magento_User::locks',NULL,'deny'),(9762,5,'Magento_User::acl_roles',NULL,'deny'),(9763,5,'Magento_Logging::magento_logging',NULL,'deny'),(9764,5,'Magento_Logging::magento_logging_events',NULL,'deny'),(9765,5,'Magento_Logging::system_magento_logging_bulk_operations',NULL,'deny'),(9766,5,'Magento_Backend::system_other_settings',NULL,'deny'),(9767,5,'Magento_AdminNotification::adminnotification',NULL,'deny'),(9768,5,'Magento_AdminNotification::show_toolbar',NULL,'deny'),(9769,5,'Magento_AdminNotification::show_list',NULL,'deny'),(9770,5,'Magento_AdminNotification::mark_as_read',NULL,'deny'),(9771,5,'Magento_AdminNotification::adminnotification_remove',NULL,'deny'),(9772,5,'Magento_Variable::variable',NULL,'deny'),(9773,5,'Magento_EncryptionKey::crypt_key',NULL,'deny'),(9774,5,'Magento_Backend::global_search',NULL,'deny'),(10696,8,'Magento_Backend::all',NULL,'deny'),(10697,8,'Magento_Backend::admin',NULL,'allow'),(10698,8,'Magento_Backend::dashboard',NULL,'deny'),(10699,8,'Magento_Analytics::analytics',NULL,'deny'),(10700,8,'Magento_Analytics::analytics_api',NULL,'deny'),(10701,8,'Webkul_AdvancedBookingSystem::advancedbookingsystem',NULL,'deny'),(10702,8,'Webkul_AdvancedBookingSystem::menu',NULL,'deny'),(10703,8,'Webkul_AdvancedBookingSystem::bookings',NULL,'deny'),(10704,8,'Webkul_AdvancedBookingSystem::bookings_products',NULL,'deny'),(10705,8,'Webkul_AdvancedBookingSystem::bookings_questions',NULL,'deny'),(10706,8,'Webkul_AdvancedBookingSystem::calendar',NULL,'deny'),(10707,8,'Webkul_AdvancedBookingSystem::bookings_cancellation',NULL,'deny'),(10708,8,'Webkul_AdvancedBookingSystem::holidays',NULL,'deny'),(10709,8,'Webkul_AdvancedBookingSystem::advancedbookingsystem_support',NULL,'deny'),(10710,8,'Webkul_AdvancedBookingSystem::advancedbookingsystem_userguide',NULL,'deny'),(10711,8,'Webkul_AdvancedBookingSystem::advancedbookingsystem_extension',NULL,'deny'),(10712,8,'Webkul_AdvancedBookingSystem::advancedbookingsystem_uvdesk',NULL,'deny'),(10713,8,'Webkul_AdvancedBookingSystem::advancedbookingsystem_services',NULL,'deny'),(10714,8,'Webkul_AdvancedBookingSystem::advancedbookingsystem_reviews',NULL,'deny'),(10715,8,'Magento_Sales::sales',NULL,'deny'),(10716,8,'Magento_Sales::sales_operation',NULL,'deny'),(10717,8,'Magento_Sales::sales_order',NULL,'deny'),(10718,8,'Magento_Sales::actions',NULL,'deny'),(10719,8,'Magento_Sales::create',NULL,'deny'),(10720,8,'Magento_Sales::actions_view',NULL,'deny'),(10721,8,'Magento_Sales::email',NULL,'deny'),(10722,8,'Magento_Sales::reorder',NULL,'deny'),(10723,8,'Magento_Sales::actions_edit',NULL,'deny'),(10724,8,'Magento_Sales::cancel',NULL,'deny'),(10725,8,'Magento_Sales::review_payment',NULL,'deny'),(10726,8,'Magento_Sales::capture',NULL,'deny'),(10727,8,'Magento_Sales::invoice',NULL,'deny'),(10728,8,'Magento_Sales::creditmemo',NULL,'deny'),(10729,8,'Magento_Sales::hold',NULL,'deny'),(10730,8,'Magento_Sales::unhold',NULL,'deny'),(10731,8,'Magento_Sales::ship',NULL,'deny'),(10732,8,'Magento_Sales::comment',NULL,'deny'),(10733,8,'Magento_Sales::emails',NULL,'deny'),(10734,8,'Magento_Paypal::authorization',NULL,'deny'),(10735,8,'Magento_Sales::sales_invoice',NULL,'deny'),(10736,8,'Magento_Sales::shipment',NULL,'deny'),(10737,8,'Magento_Sales::sales_creditmemo',NULL,'deny'),(10738,8,'Magento_Paypal::billing_agreement',NULL,'deny'),(10739,8,'Magento_Paypal::billing_agreement_actions',NULL,'deny'),(10740,8,'Magento_Paypal::billing_agreement_actions_view',NULL,'deny'),(10741,8,'Magento_Paypal::actions_manage',NULL,'deny'),(10742,8,'Magento_Paypal::use',NULL,'deny'),(10743,8,'Magento_Sales::transactions',NULL,'deny'),(10744,8,'Magento_Sales::transactions_fetch',NULL,'deny'),(10745,8,'Magento_Catalog::catalog',NULL,'allow'),(10746,8,'Magento_Catalog::catalog_inventory',NULL,'allow'),(10747,8,'Magento_Catalog::products',NULL,'allow'),(10748,8,'Magento_Catalog::update_attributes',NULL,'allow'),(10749,8,'Magento_Catalog::edit_product_design',NULL,'allow'),(10750,8,'Magento_Catalog::categories',NULL,'deny'),(10751,8,'Magento_Catalog::edit_category_design',NULL,'deny'),(10752,8,'Magento_Customer::customer',NULL,'deny'),(10753,8,'Magento_Customer::manage',NULL,'deny'),(10754,8,'Magento_Customer::actions',NULL,'deny'),(10755,8,'Magento_Customer::delete',NULL,'deny'),(10756,8,'Magento_Customer::reset_password',NULL,'deny'),(10757,8,'Magento_Customer::invalidate_tokens',NULL,'deny'),(10758,8,'Magento_LoginAsCustomer::allow_shopping_assistance',NULL,'deny'),(10759,8,'Magento_Customer::online',NULL,'deny'),(10760,8,'Magento_Customer::group',NULL,'deny'),(10761,8,'Magento_LoginAsCustomer::login',NULL,'deny'),(10762,8,'Magento_LoginAsCustomerLog::login_log',NULL,'deny'),(10763,8,'Magento_Cart::cart',NULL,'deny'),(10764,8,'Magento_Cart::manage',NULL,'deny'),(10765,8,'Magento_Backend::myaccount',NULL,'deny'),(10766,8,'Magento_Backend::marketing',NULL,'deny'),(10767,8,'Magento_CatalogRule::promo',NULL,'deny'),(10768,8,'Magento_CatalogRule::promo_catalog',NULL,'deny'),(10769,8,'Magento_SalesRule::quote',NULL,'deny'),(10770,8,'Magento_Backend::marketing_communications',NULL,'deny'),(10771,8,'Magento_Email::template',NULL,'deny'),(10772,8,'Magento_Newsletter::template',NULL,'deny'),(10773,8,'Magento_Newsletter::queue',NULL,'deny'),(10774,8,'Magento_Newsletter::subscriber',NULL,'deny'),(10775,8,'Magento_Backend::marketing_seo',NULL,'deny'),(10776,8,'Magento_Search::search',NULL,'deny'),(10777,8,'Magento_Search::synonyms',NULL,'deny'),(10778,8,'Magento_UrlRewrite::urlrewrite',NULL,'deny'),(10779,8,'Magento_Sitemap::sitemap',NULL,'deny'),(10780,8,'Magento_Backend::marketing_user_content',NULL,'deny'),(10781,8,'Magento_Review::reviews_all',NULL,'deny'),(10782,8,'Magento_Review::pending',NULL,'deny'),(10783,8,'Magento_Backend::content',NULL,'deny'),(10784,8,'Magento_Backend::content_elements',NULL,'deny'),(10785,8,'Magento_Cms::page',NULL,'deny'),(10786,8,'Magento_Cms::save',NULL,'deny'),(10787,8,'Magento_Cms::save_design',NULL,'deny'),(10788,8,'Magento_Cms::page_delete',NULL,'deny'),(10789,8,'Sm_MegaMenu::megamenu_menugroup',NULL,'deny'),(10790,8,'Sm_MegaMenu::save',NULL,'deny'),(10791,8,'Sm_MegaMenu::menugroup_delete',NULL,'deny'),(10792,8,'Magento_Cms::block',NULL,'deny'),(10793,8,'Magento_Widget::widget_instance',NULL,'deny'),(10794,8,'Magento_Cms::media_gallery',NULL,'deny'),(10795,8,'Magento_MediaGalleryUiApi::insert_assets',NULL,'deny'),(10796,8,'Magento_MediaGalleryUiApi::upload_assets',NULL,'deny'),(10797,8,'Magento_MediaGalleryUiApi::edit_assets',NULL,'deny'),(10798,8,'Magento_AdobeStockImageAdminUi::media_gallery',NULL,'deny'),(10799,8,'Magento_AdobeStockImageAdminUi::save_preview_images',NULL,'deny'),(10800,8,'Magento_AdobeStockImageAdminUi::license_images',NULL,'deny'),(10801,8,'Magento_MediaGalleryUiApi::delete_assets',NULL,'deny'),(10802,8,'Magento_MediaGalleryUiApi::create_folder',NULL,'deny'),(10803,8,'Magento_MediaGalleryUiApi::delete_folder',NULL,'deny'),(10804,8,'Magento_PageBuilder::templates',NULL,'deny'),(10805,8,'Magento_PageBuilder::template_save',NULL,'deny'),(10806,8,'Magento_PageBuilder::template_apply',NULL,'deny'),(10807,8,'Magento_PageBuilder::template_delete',NULL,'deny'),(10808,8,'Magefan_Blog::elements',NULL,'deny'),(10809,8,'Magefan_Blog::post',NULL,'deny'),(10810,8,'Magefan_Blog::post_save',NULL,'deny'),(10811,8,'Magefan_Blog::post_delete',NULL,'deny'),(10812,8,'Magefan_Blog::category',NULL,'deny'),(10813,8,'Magefan_Blog::category_save',NULL,'deny'),(10814,8,'Magefan_Blog::category_delete',NULL,'deny'),(10815,8,'Magefan_Blog::tag',NULL,'deny'),(10816,8,'Magefan_Blog::tag_save',NULL,'deny'),(10817,8,'Magefan_Blog::tag_delete',NULL,'deny'),(10818,8,'Magefan_Blog::comment',NULL,'deny'),(10819,8,'Magefan_Blog::comment_save',NULL,'deny'),(10820,8,'Magefan_Blog::comment_delete',NULL,'deny'),(10821,8,'Magefan_Blog::import',NULL,'deny'),(10822,8,'Magento_Backend::design',NULL,'deny'),(10823,8,'Magento_Theme::theme',NULL,'deny'),(10824,8,'Magento_Backend::schedule',NULL,'deny'),(10825,8,'Magento_Backend::content_translation',NULL,'deny'),(10826,8,'Magefan_Community::elements',NULL,'deny'),(10827,8,'Magento_Reports::report',NULL,'deny'),(10828,8,'Magento_Reports::report_marketing',NULL,'deny'),(10829,8,'Magento_Reports::shopcart',NULL,'deny'),(10830,8,'Magento_Reports::product',NULL,'deny'),(10831,8,'Magento_Reports::abandoned',NULL,'deny'),(10832,8,'Magento_Reports::report_search',NULL,'deny'),(10833,8,'Magento_Newsletter::problem',NULL,'deny'),(10834,8,'Magento_Reports::review',NULL,'deny'),(10835,8,'Magento_Reports::review_customer',NULL,'deny'),(10836,8,'Magento_Reports::review_product',NULL,'deny'),(10837,8,'Magento_Reports::salesroot',NULL,'deny'),(10838,8,'Magento_Reports::salesroot_sales',NULL,'deny'),(10839,8,'Magento_Reports::tax',NULL,'deny'),(10840,8,'Magento_Reports::invoiced',NULL,'deny'),(10841,8,'Magento_Reports::shipping',NULL,'deny'),(10842,8,'Magento_Reports::refunded',NULL,'deny'),(10843,8,'Magento_Reports::coupons',NULL,'deny'),(10844,8,'Magento_Paypal::paypal_settlement_reports',NULL,'deny'),(10845,8,'Magento_Paypal::paypal_settlement_reports_view',NULL,'deny'),(10846,8,'Magento_Paypal::fetch',NULL,'deny'),(10847,8,'PayPal_Braintree::settlement_report',NULL,'deny'),(10848,8,'Magento_Reports::customers',NULL,'deny'),(10849,8,'Magento_Reports::totals',NULL,'deny'),(10850,8,'Magento_Reports::customers_orders',NULL,'deny'),(10851,8,'Magento_Reports::accounts',NULL,'deny'),(10852,8,'Magento_Reports::report_products',NULL,'deny'),(10853,8,'Magento_Reports::viewed',NULL,'deny'),(10854,8,'Magento_Reports::bestsellers',NULL,'deny'),(10855,8,'Magento_Reports::lowstock',NULL,'deny'),(10856,8,'Magento_Reports::sold',NULL,'deny'),(10857,8,'Magento_Reports::downloads',NULL,'deny'),(10858,8,'Magento_Reports::statistics',NULL,'deny'),(10859,8,'Magento_Reports::statistics_refresh',NULL,'deny'),(10860,8,'Magento_Analytics::business_intelligence',NULL,'deny'),(10861,8,'Magento_Analytics::advanced_reporting',NULL,'deny'),(10862,8,'Magento_Analytics::bi_essentials',NULL,'deny'),(10863,8,'Magento_Backend::stores',NULL,'deny'),(10864,8,'Magento_Backend::stores_settings',NULL,'deny'),(10865,8,'Magento_Backend::store',NULL,'deny'),(10866,8,'Magento_Config::config',NULL,'deny'),(10867,8,'Magento_Cms::config_cms',NULL,'deny'),(10868,8,'Magento_Catalog::config_catalog',NULL,'deny'),(10869,8,'Magento_CatalogSearch::config_catalog_search',NULL,'deny'),(10870,8,'Magento_CatalogInventory::cataloginventory',NULL,'deny'),(10871,8,'Magento_Payment::payment',NULL,'deny'),(10872,8,'Magento_Payment::payment_services',NULL,'deny'),(10873,8,'Magento_Contact::contact',NULL,'deny'),(10874,8,'Magento_Downloadable::downloadable',NULL,'deny'),(10875,8,'Magento_GoogleAnalytics::google',NULL,'deny'),(10876,8,'Magento_LoginAsCustomer::config_section',NULL,'deny'),(10877,8,'Magento_Newsletter::newsletter',NULL,'deny'),(10878,8,'Magefan_Community::config_section',NULL,'deny'),(10879,8,'Magefan_Blog::config_blog',NULL,'deny'),(10880,8,'Magefan_WysiwygAdvanced::config',NULL,'deny'),(10881,8,'Magento_Shipping::carriers',NULL,'deny'),(10882,8,'Magento_InventoryInStorePickupApi::inStorePickup',NULL,'deny'),(10883,8,'Magento_InventoryInStorePickupApi::notify_orders_are_ready_for_pickup',NULL,'deny'),(10884,8,'Magento_Shipping::config_shipping',NULL,'deny'),(10885,8,'Magento_Shipping::shipping_policy',NULL,'deny'),(10886,8,'Magento_Multishipping::config_multishipping',NULL,'deny'),(10887,8,'Magento_ReCaptchaUi::config',NULL,'deny'),(10888,8,'Magento_Securitytxt::config',NULL,'deny'),(10889,8,'Webkul_AdvancedBookingSystem::config_AdvancedBookingSystem',NULL,'deny'),(10890,8,'Magento_Config::config_general',NULL,'deny'),(10891,8,'Magento_Integration::config_oauth',NULL,'deny'),(10892,8,'Magento_Webapi::config_webapi',NULL,'deny'),(10893,8,'Magefan_AdminUserGuide::configuration',NULL,'deny'),(10894,8,'Magento_Config::web',NULL,'deny'),(10895,8,'Magento_Config::config_design',NULL,'deny'),(10896,8,'Magento_Customer::config_customer',NULL,'deny'),(10897,8,'Magento_Paypal::paypal',NULL,'deny'),(10898,8,'Magento_Tax::config_tax',NULL,'deny'),(10899,8,'Magento_Checkout::checkout',NULL,'deny'),(10900,8,'Magento_Sales::config_sales',NULL,'deny'),(10901,8,'Magento_Persistent::persistent',NULL,'deny'),(10902,8,'Magento_Sales::sales_email',NULL,'deny'),(10903,8,'Magento_Sales::sales_pdf',NULL,'deny'),(10904,8,'Magento_Reports::reports',NULL,'deny'),(10905,8,'Magento_Sitemap::config_sitemap',NULL,'deny'),(10906,8,'Sm_CartQuickPro::config_cartquickpro',NULL,'deny'),(10907,8,'Magento_Config::config_system',NULL,'deny'),(10908,8,'Magento_Wishlist::config_wishlist',NULL,'deny'),(10909,8,'Sm_FilterProducts::config_filterproducts',NULL,'deny'),(10910,8,'Sm_MegaMenu::config_megamenu',NULL,'deny'),(10911,8,'Sm_Multe::config_basicproducts',NULL,'deny'),(10912,8,'Magento_SalesRule::config_promo',NULL,'deny'),(10913,8,'Magento_Config::config_admin',NULL,'deny'),(10914,8,'Magento_Config::trans_email',NULL,'deny'),(10915,8,'Magento_Config::dev',NULL,'deny'),(10916,8,'Magento_Config::currency',NULL,'deny'),(10917,8,'Magento_Rss::rss',NULL,'deny'),(10918,8,'Magento_Config::sendfriend',NULL,'deny'),(10919,8,'Magento_Analytics::analytics_settings',NULL,'deny'),(10920,8,'Magento_NewRelicReporting::config_newrelicreporting',NULL,'deny'),(10921,8,'Magento_CheckoutAgreements::checkoutagreement',NULL,'deny'),(10922,8,'Magento_Sales::order_statuses',NULL,'deny'),(10923,8,'Magento_InventoryApi::inventory',NULL,'deny'),(10924,8,'Magento_InventoryApi::source',NULL,'deny'),(10925,8,'Magento_InventoryApi::source_edit',NULL,'deny'),(10926,8,'Magento_InventoryApi::ship_source_selection',NULL,'deny'),(10927,8,'Magento_InventorySourceSelectionApi::source_selection_algorithm',NULL,'deny'),(10928,8,'Magento_InventorySourceSelectionApi::source_selection_algorithm_post',NULL,'deny'),(10929,8,'Magento_InventoryApi::stock',NULL,'deny'),(10930,8,'Magento_InventoryApi::stock_edit',NULL,'deny'),(10931,8,'Magento_InventoryApi::stock_delete',NULL,'deny'),(10932,8,'Magento_InventoryLowQuantityNotificationApi::low_quantity_notification',NULL,'deny'),(10933,8,'Magento_InventoryLowQuantityNotificationApi::stock_create_low_quantity_notification',NULL,'deny'),(10934,8,'Magento_InventoryLowQuantityNotificationApi::stock_delete_low_quantity_notification',NULL,'deny'),(10935,8,'Magento_InventoryApi::stock_source_link',NULL,'deny'),(10936,8,'Magento_InventoryApi::stock_source_item_assign',NULL,'deny'),(10937,8,'Magento_InventorySalesApi::stock',NULL,'deny'),(10938,8,'Magento_Tax::manage_tax',NULL,'deny'),(10939,8,'Magento_CurrencySymbol::system_currency',NULL,'deny'),(10940,8,'Magento_CurrencySymbol::currency_rates',NULL,'deny'),(10941,8,'Magento_CurrencySymbol::symbols',NULL,'deny'),(10942,8,'Magento_Backend::stores_attributes',NULL,'deny'),(10943,8,'Magento_Catalog::attributes_attributes',NULL,'deny'),(10944,8,'Magento_Catalog::sets',NULL,'deny'),(10945,8,'Magento_Review::ratings',NULL,'deny'),(10946,8,'Magento_Swatches::iframe',NULL,'deny'),(10947,8,'Magento_Backend::stores_other_settings',NULL,'deny'),(10948,8,'Magento_Backend::system',NULL,'deny'),(10949,8,'Magento_AdobeIms::adobe_ims',NULL,'deny'),(10950,8,'Magento_AdobeIms::actions',NULL,'deny'),(10951,8,'Magento_AdobeIms::login',NULL,'deny'),(10952,8,'Magento_AdobeIms::logout',NULL,'deny'),(10953,8,'Magento_AdobeStockAsset::adobe_stock_asset',NULL,'deny'),(10954,8,'Magento_AdobeStockAsset::actions',NULL,'deny'),(10955,8,'Magento_AdobeStockAsset::actions_delete',NULL,'deny'),(10956,8,'Magento_AdobeStockAsset::actions_save',NULL,'deny'),(10957,8,'Magento_AdobeStockAsset::actions_view',NULL,'deny'),(10958,8,'Magento_AdobeStockAsset::actions_get',NULL,'deny'),(10959,8,'Magento_Backend::convert',NULL,'deny'),(10960,8,'Magento_ImportExport::import',NULL,'deny'),(10961,8,'Magento_ImportExport::export',NULL,'deny'),(10962,8,'Magento_TaxImportExport::import_export',NULL,'deny'),(10963,8,'Magento_ImportExport::history',NULL,'deny'),(10964,8,'Magento_Backend::extensions',NULL,'deny'),(10965,8,'Magento_Backend::local',NULL,'deny'),(10966,8,'Magento_Backend::custom',NULL,'deny'),(10967,8,'Magento_Integration::extensions',NULL,'deny'),(10968,8,'Magento_Integration::integrations',NULL,'deny'),(10969,8,'Magento_Backend::tools',NULL,'deny'),(10970,8,'Magento_Backend::cache',NULL,'deny'),(10971,8,'Magento_Backend::main_actions',NULL,'deny'),(10972,8,'Magento_Backend::flush_cache_storage',NULL,'deny'),(10973,8,'Magento_Backend::flush_magento_cache',NULL,'deny'),(10974,8,'Magento_Backend::mass_actions',NULL,'deny'),(10975,8,'Magento_Backend::toggling_cache_type',NULL,'deny'),(10976,8,'Magento_Backend::refresh_cache_type',NULL,'deny'),(10977,8,'Magento_Backend::additional_cache_management',NULL,'deny'),(10978,8,'Magento_Backend::flush_catalog_images',NULL,'deny'),(10979,8,'Magento_Backend::flush_js_css',NULL,'deny'),(10980,8,'Magento_Backend::flush_static_files',NULL,'deny'),(10981,8,'Magento_Backup::backup',NULL,'deny'),(10982,8,'Magento_Backup::rollback',NULL,'deny'),(10983,8,'Magento_Indexer::index',NULL,'deny'),(10984,8,'Magento_Indexer::changeMode',NULL,'deny'),(10985,8,'Magento_Indexer::invalidate',NULL,'deny'),(10986,8,'Magento_User::acl',NULL,'deny'),(10987,8,'Magento_User::acl_users',NULL,'deny'),(10988,8,'Magento_User::locks',NULL,'deny'),(10989,8,'Magento_User::acl_roles',NULL,'deny'),(10990,8,'Magento_Logging::magento_logging',NULL,'deny'),(10991,8,'Magento_Logging::magento_logging_events',NULL,'deny'),(10992,8,'Magento_Logging::system_magento_logging_bulk_operations',NULL,'deny'),(10993,8,'Magento_Backend::system_other_settings',NULL,'deny'),(10994,8,'Magento_AdminNotification::adminnotification',NULL,'deny'),(10995,8,'Magento_AdminNotification::show_toolbar',NULL,'deny'),(10996,8,'Magento_AdminNotification::show_list',NULL,'deny'),(10997,8,'Magento_AdminNotification::mark_as_read',NULL,'deny'),(10998,8,'Magento_AdminNotification::adminnotification_remove',NULL,'deny'),(10999,8,'Magento_Variable::variable',NULL,'deny'),(11000,8,'Magento_EncryptionKey::crypt_key',NULL,'deny'),(11001,8,'Magento_Backend::global_search',NULL,'deny'),(11002,8,'Sm_BackEnd::Magentech',NULL,'deny'),(11637,9,'Magento_Backend::all',NULL,'deny'),(11638,9,'Magento_Backend::admin',NULL,'allow'),(11639,9,'Magento_Backend::dashboard',NULL,'deny'),(11640,9,'Magento_Analytics::analytics',NULL,'deny'),(11641,9,'Magento_Analytics::analytics_api',NULL,'deny'),(11642,9,'Threedadv_Sepomex::state',NULL,'deny'),(11643,9,'Threedadv_Sepomex::state_save',NULL,'deny'),(11644,9,'Threedadv_Sepomex::state_delete',NULL,'deny'),(11645,9,'Threedadv_Sepomex::state_update',NULL,'deny'),(11646,9,'Threedadv_Sepomex::state_view',NULL,'deny'),(11647,9,'Threedadv_Sepomex::zip_code_full_wiew',NULL,'deny'),(11648,9,'Threedadv_Sepomex::zip_code_full_wiew_save',NULL,'deny'),(11649,9,'Threedadv_Sepomex::zip_code_full_wiew_delete',NULL,'deny'),(11650,9,'Threedadv_Sepomex::zip_code_full_wiew_update',NULL,'deny'),(11651,9,'Threedadv_Sepomex::zip_code_full_wiew_view',NULL,'deny'),(11652,9,'Webkul_AdvancedBookingSystem::advancedbookingsystem',NULL,'deny'),(11653,9,'Webkul_AdvancedBookingSystem::menu',NULL,'deny'),(11654,9,'Webkul_AdvancedBookingSystem::bookings',NULL,'deny'),(11655,9,'Webkul_AdvancedBookingSystem::bookings_products',NULL,'deny'),(11656,9,'Webkul_AdvancedBookingSystem::bookings_questions',NULL,'deny'),(11657,9,'Webkul_AdvancedBookingSystem::calendar',NULL,'deny'),(11658,9,'Webkul_AdvancedBookingSystem::bookings_cancellation',NULL,'deny'),(11659,9,'Webkul_AdvancedBookingSystem::holidays',NULL,'deny'),(11660,9,'Webkul_AdvancedBookingSystem::advancedbookingsystem_support',NULL,'deny'),(11661,9,'Webkul_AdvancedBookingSystem::advancedbookingsystem_userguide',NULL,'deny'),(11662,9,'Webkul_AdvancedBookingSystem::advancedbookingsystem_extension',NULL,'deny'),(11663,9,'Webkul_AdvancedBookingSystem::advancedbookingsystem_uvdesk',NULL,'deny'),(11664,9,'Webkul_AdvancedBookingSystem::advancedbookingsystem_services',NULL,'deny'),(11665,9,'Webkul_AdvancedBookingSystem::advancedbookingsystem_reviews',NULL,'deny'),(11666,9,'Magento_Sales::sales',NULL,'deny'),(11667,9,'Magento_Sales::sales_operation',NULL,'deny'),(11668,9,'Magento_Sales::sales_order',NULL,'deny'),(11669,9,'Magento_Sales::actions',NULL,'deny'),(11670,9,'Magento_Sales::create',NULL,'deny'),(11671,9,'Magento_Sales::actions_view',NULL,'deny'),(11672,9,'Magento_Sales::email',NULL,'deny'),(11673,9,'Magento_Sales::reorder',NULL,'deny'),(11674,9,'Magento_Sales::actions_edit',NULL,'deny'),(11675,9,'Magento_Sales::cancel',NULL,'deny'),(11676,9,'Magento_Sales::review_payment',NULL,'deny'),(11677,9,'Magento_Sales::capture',NULL,'deny'),(11678,9,'Magento_Sales::invoice',NULL,'deny'),(11679,9,'Magento_Sales::creditmemo',NULL,'deny'),(11680,9,'Magento_Sales::hold',NULL,'deny'),(11681,9,'Magento_Sales::unhold',NULL,'deny'),(11682,9,'Magento_Sales::ship',NULL,'deny'),(11683,9,'Magento_Sales::comment',NULL,'deny'),(11684,9,'Magento_Sales::emails',NULL,'deny'),(11685,9,'Magento_Paypal::authorization',NULL,'deny'),(11686,9,'Magento_Sales::sales_invoice',NULL,'deny'),(11687,9,'Magento_Sales::shipment',NULL,'deny'),(11688,9,'Magento_Sales::sales_creditmemo',NULL,'deny'),(11689,9,'Magento_Paypal::billing_agreement',NULL,'deny'),(11690,9,'Magento_Paypal::billing_agreement_actions',NULL,'deny'),(11691,9,'Magento_Paypal::billing_agreement_actions_view',NULL,'deny'),(11692,9,'Magento_Paypal::actions_manage',NULL,'deny'),(11693,9,'Magento_Paypal::use',NULL,'deny'),(11694,9,'Magento_Sales::transactions',NULL,'deny'),(11695,9,'Magento_Sales::transactions_fetch',NULL,'deny'),(11696,9,'Magento_Catalog::catalog',NULL,'deny'),(11697,9,'Magento_Catalog::catalog_inventory',NULL,'deny'),(11698,9,'Magento_Catalog::products',NULL,'deny'),(11699,9,'Magento_Catalog::update_attributes',NULL,'deny'),(11700,9,'Magento_Catalog::edit_product_design',NULL,'deny'),(11701,9,'Magento_Catalog::categories',NULL,'deny'),(11702,9,'Magento_Catalog::edit_category_design',NULL,'deny'),(11703,9,'Magento_Customer::customer',NULL,'allow'),(11704,9,'Magento_Customer::manage',NULL,'allow'),(11705,9,'Magento_Customer::actions',NULL,'allow'),(11706,9,'Magento_Customer::delete',NULL,'allow'),(11707,9,'Magento_Customer::reset_password',NULL,'allow'),(11708,9,'Magento_Customer::invalidate_tokens',NULL,'allow'),(11709,9,'Magento_LoginAsCustomer::allow_shopping_assistance',NULL,'allow'),(11710,9,'Magento_Customer::online',NULL,'deny'),(11711,9,'Magento_Customer::group',NULL,'allow'),(11712,9,'Magento_LoginAsCustomer::login',NULL,'deny'),(11713,9,'Magento_LoginAsCustomerLog::login_log',NULL,'deny'),(11714,9,'Magento_Cart::cart',NULL,'deny'),(11715,9,'Magento_Cart::manage',NULL,'deny'),(11716,9,'Magento_Backend::myaccount',NULL,'deny'),(11717,9,'Magento_Backend::marketing',NULL,'deny'),(11718,9,'Magento_CatalogRule::promo',NULL,'deny'),(11719,9,'Magento_CatalogRule::promo_catalog',NULL,'deny'),(11720,9,'Magento_SalesRule::quote',NULL,'deny'),(11721,9,'Magento_Backend::marketing_communications',NULL,'deny'),(11722,9,'Magento_Email::template',NULL,'deny'),(11723,9,'Magento_Newsletter::template',NULL,'deny'),(11724,9,'Magento_Newsletter::queue',NULL,'deny'),(11725,9,'Magento_Newsletter::subscriber',NULL,'deny'),(11726,9,'Magento_Backend::marketing_seo',NULL,'deny'),(11727,9,'Magento_Search::search',NULL,'deny'),(11728,9,'Magento_Search::synonyms',NULL,'deny'),(11729,9,'Magento_UrlRewrite::urlrewrite',NULL,'deny'),(11730,9,'Magento_Sitemap::sitemap',NULL,'deny'),(11731,9,'Magento_Backend::marketing_user_content',NULL,'deny'),(11732,9,'Magento_Review::reviews_all',NULL,'deny'),(11733,9,'Magento_Review::pending',NULL,'deny'),(11734,9,'Magento_Backend::content',NULL,'deny'),(11735,9,'Magento_Backend::content_elements',NULL,'deny'),(11736,9,'Magento_Cms::page',NULL,'deny'),(11737,9,'Magento_Cms::save',NULL,'deny'),(11738,9,'Magento_Cms::save_design',NULL,'deny'),(11739,9,'Magento_Cms::page_delete',NULL,'deny'),(11740,9,'Sm_MegaMenu::megamenu_menugroup',NULL,'deny'),(11741,9,'Sm_MegaMenu::save',NULL,'deny'),(11742,9,'Sm_MegaMenu::menugroup_delete',NULL,'deny'),(11743,9,'Magento_Cms::block',NULL,'deny'),(11744,9,'Magento_Widget::widget_instance',NULL,'deny'),(11745,9,'Magento_Cms::media_gallery',NULL,'deny'),(11746,9,'Magento_MediaGalleryUiApi::insert_assets',NULL,'deny'),(11747,9,'Magento_MediaGalleryUiApi::upload_assets',NULL,'deny'),(11748,9,'Magento_MediaGalleryUiApi::edit_assets',NULL,'deny'),(11749,9,'Magento_AdobeStockImageAdminUi::media_gallery',NULL,'deny'),(11750,9,'Magento_AdobeStockImageAdminUi::save_preview_images',NULL,'deny'),(11751,9,'Magento_AdobeStockImageAdminUi::license_images',NULL,'deny'),(11752,9,'Magento_MediaGalleryUiApi::delete_assets',NULL,'deny'),(11753,9,'Magento_MediaGalleryUiApi::create_folder',NULL,'deny'),(11754,9,'Magento_MediaGalleryUiApi::delete_folder',NULL,'deny'),(11755,9,'Magento_PageBuilder::templates',NULL,'deny'),(11756,9,'Magento_PageBuilder::template_save',NULL,'deny'),(11757,9,'Magento_PageBuilder::template_apply',NULL,'deny'),(11758,9,'Magento_PageBuilder::template_delete',NULL,'deny'),(11759,9,'Magefan_Blog::elements',NULL,'deny'),(11760,9,'Magefan_Blog::post',NULL,'deny'),(11761,9,'Magefan_Blog::post_save',NULL,'deny'),(11762,9,'Magefan_Blog::post_delete',NULL,'deny'),(11763,9,'Magefan_Blog::category',NULL,'deny'),(11764,9,'Magefan_Blog::category_save',NULL,'deny'),(11765,9,'Magefan_Blog::category_delete',NULL,'deny'),(11766,9,'Magefan_Blog::tag',NULL,'deny'),(11767,9,'Magefan_Blog::tag_save',NULL,'deny'),(11768,9,'Magefan_Blog::tag_delete',NULL,'deny'),(11769,9,'Magefan_Blog::comment',NULL,'deny'),(11770,9,'Magefan_Blog::comment_save',NULL,'deny'),(11771,9,'Magefan_Blog::comment_delete',NULL,'deny'),(11772,9,'Magefan_Blog::import',NULL,'deny'),(11773,9,'Magento_Backend::design',NULL,'deny'),(11774,9,'Magento_Theme::theme',NULL,'deny'),(11775,9,'Magento_Backend::schedule',NULL,'deny'),(11776,9,'Magento_Backend::content_translation',NULL,'deny'),(11777,9,'Magefan_Community::elements',NULL,'deny'),(11778,9,'Magento_Reports::report',NULL,'deny'),(11779,9,'Magento_Reports::report_marketing',NULL,'deny'),(11780,9,'Magento_Reports::shopcart',NULL,'deny'),(11781,9,'Magento_Reports::product',NULL,'deny'),(11782,9,'Magento_Reports::abandoned',NULL,'deny'),(11783,9,'Magento_Reports::report_search',NULL,'deny'),(11784,9,'Magento_Newsletter::problem',NULL,'deny'),(11785,9,'Magento_Reports::review',NULL,'deny'),(11786,9,'Magento_Reports::review_customer',NULL,'deny'),(11787,9,'Magento_Reports::review_product',NULL,'deny'),(11788,9,'Magento_Reports::salesroot',NULL,'deny'),(11789,9,'Magento_Reports::salesroot_sales',NULL,'deny'),(11790,9,'Magento_Reports::tax',NULL,'deny'),(11791,9,'Magento_Reports::invoiced',NULL,'deny'),(11792,9,'Magento_Reports::shipping',NULL,'deny'),(11793,9,'Magento_Reports::refunded',NULL,'deny'),(11794,9,'Magento_Reports::coupons',NULL,'deny'),(11795,9,'Magento_Paypal::paypal_settlement_reports',NULL,'deny'),(11796,9,'Magento_Paypal::paypal_settlement_reports_view',NULL,'deny'),(11797,9,'Magento_Paypal::fetch',NULL,'deny'),(11798,9,'PayPal_Braintree::settlement_report',NULL,'deny'),(11799,9,'Magento_Reports::customers',NULL,'deny'),(11800,9,'Magento_Reports::totals',NULL,'deny'),(11801,9,'Magento_Reports::customers_orders',NULL,'deny'),(11802,9,'Magento_Reports::accounts',NULL,'deny'),(11803,9,'Magento_Reports::report_products',NULL,'deny'),(11804,9,'Magento_Reports::viewed',NULL,'deny'),(11805,9,'Magento_Reports::bestsellers',NULL,'deny'),(11806,9,'Magento_Reports::lowstock',NULL,'deny'),(11807,9,'Magento_Reports::sold',NULL,'deny'),(11808,9,'Magento_Reports::downloads',NULL,'deny'),(11809,9,'Magento_Reports::statistics',NULL,'deny'),(11810,9,'Magento_Reports::statistics_refresh',NULL,'deny'),(11811,9,'Magento_Analytics::business_intelligence',NULL,'deny'),(11812,9,'Magento_Analytics::advanced_reporting',NULL,'deny'),(11813,9,'Magento_Analytics::bi_essentials',NULL,'deny'),(11814,9,'Magento_Backend::stores',NULL,'deny'),(11815,9,'Magento_Backend::stores_settings',NULL,'deny'),(11816,9,'Magento_Backend::store',NULL,'deny'),(11817,9,'Magento_Config::config',NULL,'deny'),(11818,9,'Magento_Cms::config_cms',NULL,'deny'),(11819,9,'Magento_Catalog::config_catalog',NULL,'deny'),(11820,9,'Magento_CatalogSearch::config_catalog_search',NULL,'deny'),(11821,9,'Magento_CatalogInventory::cataloginventory',NULL,'deny'),(11822,9,'Magento_Payment::payment',NULL,'deny'),(11823,9,'Magento_Payment::payment_services',NULL,'deny'),(11824,9,'Magento_Contact::contact',NULL,'deny'),(11825,9,'Magento_Downloadable::downloadable',NULL,'deny'),(11826,9,'Magento_GoogleAnalytics::google',NULL,'deny'),(11827,9,'Magento_LoginAsCustomer::config_section',NULL,'deny'),(11828,9,'Magento_Newsletter::newsletter',NULL,'deny'),(11829,9,'Magefan_Community::config_section',NULL,'deny'),(11830,9,'Magefan_Blog::config_blog',NULL,'deny'),(11831,9,'Magefan_WysiwygAdvanced::config',NULL,'deny'),(11832,9,'Magento_Shipping::carriers',NULL,'deny'),(11833,9,'Magento_InventoryInStorePickupApi::inStorePickup',NULL,'deny'),(11834,9,'Magento_InventoryInStorePickupApi::notify_orders_are_ready_for_pickup',NULL,'deny'),(11835,9,'Magento_Shipping::config_shipping',NULL,'deny'),(11836,9,'Magento_Shipping::shipping_policy',NULL,'deny'),(11837,9,'Magento_Multishipping::config_multishipping',NULL,'deny'),(11838,9,'Magento_ReCaptchaUi::config',NULL,'deny'),(11839,9,'Magento_Securitytxt::config',NULL,'deny'),(11840,9,'Webkul_AdvancedBookingSystem::config_AdvancedBookingSystem',NULL,'deny'),(11841,9,'Magento_Config::config_general',NULL,'deny'),(11842,9,'Magento_Integration::config_oauth',NULL,'deny'),(11843,9,'Magento_Webapi::config_webapi',NULL,'deny'),(11844,9,'Magefan_AdminUserGuide::configuration',NULL,'deny'),(11845,9,'Magento_Config::web',NULL,'deny'),(11846,9,'Magento_Config::config_design',NULL,'deny'),(11847,9,'Magento_Customer::config_customer',NULL,'deny'),(11848,9,'Magento_Paypal::paypal',NULL,'deny'),(11849,9,'Magento_Tax::config_tax',NULL,'deny'),(11850,9,'Magento_Checkout::checkout',NULL,'deny'),(11851,9,'Magento_Sales::config_sales',NULL,'deny'),(11852,9,'Magento_Persistent::persistent',NULL,'deny'),(11853,9,'Magento_Sales::sales_email',NULL,'deny'),(11854,9,'Magento_Sales::sales_pdf',NULL,'deny'),(11855,9,'Magento_Reports::reports',NULL,'deny'),(11856,9,'Magento_Sitemap::config_sitemap',NULL,'deny'),(11857,9,'Sm_CartQuickPro::config_cartquickpro',NULL,'deny'),(11858,9,'Magento_Config::config_system',NULL,'deny'),(11859,9,'Magento_Wishlist::config_wishlist',NULL,'deny'),(11860,9,'Sm_FilterProducts::config_filterproducts',NULL,'deny'),(11861,9,'Sm_MegaMenu::config_megamenu',NULL,'deny'),(11862,9,'Sm_Multe::config_basicproducts',NULL,'deny'),(11863,9,'Magento_SalesRule::config_promo',NULL,'deny'),(11864,9,'Magento_Config::config_admin',NULL,'deny'),(11865,9,'Magento_Config::trans_email',NULL,'deny'),(11866,9,'Magento_Config::dev',NULL,'deny'),(11867,9,'Magento_Config::currency',NULL,'deny'),(11868,9,'Magento_Rss::rss',NULL,'deny'),(11869,9,'Magento_Config::sendfriend',NULL,'deny'),(11870,9,'Magento_Analytics::analytics_settings',NULL,'deny'),(11871,9,'Magento_NewRelicReporting::config_newrelicreporting',NULL,'deny'),(11872,9,'Magento_CheckoutAgreements::checkoutagreement',NULL,'deny'),(11873,9,'Magento_Sales::order_statuses',NULL,'deny'),(11874,9,'Magento_InventoryApi::inventory',NULL,'deny'),(11875,9,'Magento_InventoryApi::source',NULL,'deny'),(11876,9,'Magento_InventoryApi::source_edit',NULL,'deny'),(11877,9,'Magento_InventoryApi::ship_source_selection',NULL,'deny'),(11878,9,'Magento_InventorySourceSelectionApi::source_selection_algorithm',NULL,'deny'),(11879,9,'Magento_InventorySourceSelectionApi::source_selection_algorithm_post',NULL,'deny'),(11880,9,'Magento_InventoryApi::stock',NULL,'deny'),(11881,9,'Magento_InventoryApi::stock_edit',NULL,'deny'),(11882,9,'Magento_InventoryApi::stock_delete',NULL,'deny'),(11883,9,'Magento_InventoryLowQuantityNotificationApi::low_quantity_notification',NULL,'deny'),(11884,9,'Magento_InventoryLowQuantityNotificationApi::stock_create_low_quantity_notification',NULL,'deny'),(11885,9,'Magento_InventoryLowQuantityNotificationApi::stock_delete_low_quantity_notification',NULL,'deny'),(11886,9,'Magento_InventoryApi::stock_source_link',NULL,'deny'),(11887,9,'Magento_InventoryApi::stock_source_item_assign',NULL,'deny'),(11888,9,'Magento_InventorySalesApi::stock',NULL,'deny'),(11889,9,'Magento_Tax::manage_tax',NULL,'deny'),(11890,9,'Magento_CurrencySymbol::system_currency',NULL,'deny'),(11891,9,'Magento_CurrencySymbol::currency_rates',NULL,'deny'),(11892,9,'Magento_CurrencySymbol::symbols',NULL,'deny'),(11893,9,'Magento_Backend::stores_attributes',NULL,'deny'),(11894,9,'Magento_Catalog::attributes_attributes',NULL,'deny'),(11895,9,'Magento_Catalog::sets',NULL,'deny'),(11896,9,'Magento_Review::ratings',NULL,'deny'),(11897,9,'Magento_Swatches::iframe',NULL,'deny'),(11898,9,'Magento_Backend::stores_other_settings',NULL,'deny'),(11899,9,'Magento_Backend::system',NULL,'deny'),(11900,9,'Magento_AdobeIms::adobe_ims',NULL,'deny'),(11901,9,'Magento_AdobeIms::actions',NULL,'deny'),(11902,9,'Magento_AdobeIms::login',NULL,'deny'),(11903,9,'Magento_AdobeIms::logout',NULL,'deny'),(11904,9,'Magento_AdobeStockAsset::adobe_stock_asset',NULL,'deny'),(11905,9,'Magento_AdobeStockAsset::actions',NULL,'deny'),(11906,9,'Magento_AdobeStockAsset::actions_delete',NULL,'deny'),(11907,9,'Magento_AdobeStockAsset::actions_save',NULL,'deny'),(11908,9,'Magento_AdobeStockAsset::actions_view',NULL,'deny'),(11909,9,'Magento_AdobeStockAsset::actions_get',NULL,'deny'),(11910,9,'Magento_Backend::convert',NULL,'deny'),(11911,9,'Magento_ImportExport::import',NULL,'deny'),(11912,9,'Magento_ImportExport::export',NULL,'deny'),(11913,9,'Magento_TaxImportExport::import_export',NULL,'deny'),(11914,9,'Magento_ImportExport::history',NULL,'deny'),(11915,9,'Magento_Backend::extensions',NULL,'deny'),(11916,9,'Magento_Backend::local',NULL,'deny'),(11917,9,'Magento_Backend::custom',NULL,'deny'),(11918,9,'Magento_Integration::extensions',NULL,'deny'),(11919,9,'Magento_Integration::integrations',NULL,'deny'),(11920,9,'Magento_Backend::tools',NULL,'deny'),(11921,9,'Magento_Backend::cache',NULL,'deny'),(11922,9,'Magento_Backend::main_actions',NULL,'deny'),(11923,9,'Magento_Backend::flush_cache_storage',NULL,'deny'),(11924,9,'Magento_Backend::flush_magento_cache',NULL,'deny'),(11925,9,'Magento_Backend::mass_actions',NULL,'deny'),(11926,9,'Magento_Backend::toggling_cache_type',NULL,'deny'),(11927,9,'Magento_Backend::refresh_cache_type',NULL,'deny'),(11928,9,'Magento_Backend::additional_cache_management',NULL,'deny'),(11929,9,'Magento_Backend::flush_catalog_images',NULL,'deny'),(11930,9,'Magento_Backend::flush_js_css',NULL,'deny'),(11931,9,'Magento_Backend::flush_static_files',NULL,'deny'),(11932,9,'Magento_Backup::backup',NULL,'deny'),(11933,9,'Magento_Backup::rollback',NULL,'deny'),(11934,9,'Magento_Indexer::index',NULL,'deny'),(11935,9,'Magento_Indexer::changeMode',NULL,'deny'),(11936,9,'Magento_Indexer::invalidate',NULL,'deny'),(11937,9,'Magento_User::acl',NULL,'deny'),(11938,9,'Magento_User::acl_users',NULL,'deny'),(11939,9,'Magento_User::locks',NULL,'deny'),(11940,9,'Magento_User::acl_roles',NULL,'deny'),(11941,9,'Magento_Logging::magento_logging',NULL,'deny'),(11942,9,'Magento_Logging::magento_logging_events',NULL,'deny'),(11943,9,'Magento_Logging::system_magento_logging_bulk_operations',NULL,'deny'),(11944,9,'Magento_Backend::system_other_settings',NULL,'deny'),(11945,9,'Magento_AdminNotification::adminnotification',NULL,'deny'),(11946,9,'Magento_AdminNotification::show_toolbar',NULL,'deny'),(11947,9,'Magento_AdminNotification::show_list',NULL,'deny'),(11948,9,'Magento_AdminNotification::mark_as_read',NULL,'deny'),(11949,9,'Magento_AdminNotification::adminnotification_remove',NULL,'deny'),(11950,9,'Magento_Variable::variable',NULL,'deny'),(11951,9,'Magento_EncryptionKey::crypt_key',NULL,'deny'),(11952,9,'Magento_Backend::global_search',NULL,'deny'),(11953,9,'Sm_BackEnd::Magentech',NULL,'deny'),(11954,7,'Magento_Backend::all',NULL,'allow');

--
-- Table structure for table `braintree_credit_prices`
--

CREATE TABLE `braintree_credit_prices` (
  `id` int unsigned NOT NULL AUTO_INCREMENT COMMENT 'Row ID',
  `product_id` int unsigned NOT NULL COMMENT 'Product Id',
  `term` int NOT NULL COMMENT 'Credit Term',
  `monthly_payment` decimal(12,2) NOT NULL COMMENT 'Monthly Payment',
  `instalment_rate` decimal(12,2) NOT NULL COMMENT 'Instalment Rate',
  `cost_of_purchase` decimal(12,2) NOT NULL COMMENT 'Cost of purchase',
  `total_inc_interest` decimal(12,2) NOT NULL COMMENT 'Total Inc Interest',
  PRIMARY KEY (`id`),
  UNIQUE KEY `BRAINTREE_CREDIT_PRICES_PRODUCT_ID_TERM` (`product_id`,`term`),
  KEY `BRAINTREE_CREDIT_PRICES_PRODUCT_ID` (`product_id`)
) ENGINE=InnoDB DEFAULT CHARSET=utf8mb3 COMMENT='Braintree credit rates';

--
-- Dumping data for table `braintree_credit_prices`
--


--
-- Table structure for table `braintree_transaction_details`
--

CREATE TABLE `braintree_transaction_details` (
  `entity_id` int unsigned NOT NULL AUTO_INCREMENT COMMENT 'Entity ID',
  `order_id` int unsigned NOT NULL COMMENT 'Order Id',
  `transaction_source` varchar(12) DEFAULT NULL COMMENT 'Transaction Source',
  PRIMARY KEY (`entity_id`),
  KEY `BRAINTREE_TRANSACTION_DETAILS_ORDER_ID` (`order_id`),
  CONSTRAINT `BRAINTREE_TRANSACTION_DETAILS_ORDER_ID_SALES_ORDER_ENTITY_ID` FOREIGN KEY (`order_id`) REFERENCES `sales_order` (`entity_id`) ON DELETE CASCADE
) ENGINE=InnoDB DEFAULT CHARSET=utf8mb3 COMMENT='Braintree transaction details table';

--
-- Dumping data for table `braintree_transaction_details`
--


--
-- Table structure for table `cache`
--

CREATE TABLE `cache` (
  `id` varchar(200) NOT NULL COMMENT 'Cache Id',
  `data` mediumblob COMMENT 'Cache Data',
  `create_time` int DEFAULT NULL COMMENT 'Cache Creation Time',
  `update_time` int DEFAULT NULL COMMENT 'Time of Cache Updating',
  `expire_time` int DEFAULT NULL COMMENT 'Cache Expiration Time',
  PRIMARY KEY (`id`),
  KEY `CACHE_EXPIRE_TIME` (`expire_time`)
) ENGINE=InnoDB DEFAULT CHARSET=utf8mb3 COMMENT='Caches';

--
-- Dumping data for table `cache`
--


--
-- Table structure for table `cache_tag`
--

CREATE TABLE `cache_tag` (
  `tag` varchar(100) NOT NULL COMMENT 'Tag',
  `cache_id` varchar(200) NOT NULL COMMENT 'Cache Id',
  PRIMARY KEY (`tag`,`cache_id`),
  KEY `CACHE_TAG_CACHE_ID` (`cache_id`)
) ENGINE=InnoDB DEFAULT CHARSET=utf8mb3 COMMENT='Tag Caches';

--
-- Dumping data for table `cache_tag`
--


--
-- Table structure for table `captcha_log`
--

CREATE TABLE `captcha_log` (
  `type` varchar(32) NOT NULL COMMENT 'Type',
  `value` varchar(255) NOT NULL COMMENT 'Value',
  `count` int unsigned NOT NULL DEFAULT '0' COMMENT 'Count',
  `updated_at` timestamp NULL DEFAULT NULL COMMENT 'Update Time',
  PRIMARY KEY (`type`,`value`)
) ENGINE=InnoDB DEFAULT CHARSET=utf8mb3 COMMENT='Count Login Attempts';

--
-- Dumping data for table `captcha_log`
--


--
-- Table structure for table `catalog_category_entity`
--

CREATE TABLE `catalog_category_entity` (
  `entity_id` int unsigned NOT NULL AUTO_INCREMENT COMMENT 'Entity ID',
  `attribute_set_id` smallint unsigned NOT NULL DEFAULT '0' COMMENT 'Attribute Set ID',
  `parent_id` int unsigned NOT NULL DEFAULT '0' COMMENT 'Parent Category ID',
  `created_at` timestamp NOT NULL DEFAULT CURRENT_TIMESTAMP COMMENT 'Creation Time',
  `updated_at` timestamp NOT NULL DEFAULT CURRENT_TIMESTAMP ON UPDATE CURRENT_TIMESTAMP COMMENT 'Update Time',
  `path` varchar(255) NOT NULL COMMENT 'Tree Path',
  `position` int NOT NULL COMMENT 'Position',
  `level` int NOT NULL DEFAULT '0' COMMENT 'Tree Level',
  `children_count` int NOT NULL COMMENT 'Child Count',
  PRIMARY KEY (`entity_id`),
  KEY `CATALOG_CATEGORY_ENTITY_LEVEL` (`level`),
  KEY `CATALOG_CATEGORY_ENTITY_PATH` (`path`)
) ENGINE=InnoDB AUTO_INCREMENT=15 DEFAULT CHARSET=utf8mb3 COMMENT='Catalog Category Table';

--
-- Dumping data for table `catalog_category_entity`
--

INSERT INTO `catalog_category_entity` VALUES (1,3,0,'2023-11-05 00:53:56','2024-01-26 23:38:55','1',0,0,10),(2,3,1,'2023-11-05 00:53:56','2024-01-26 23:38:55','1/2',1,1,9),(3,3,2,'2024-01-23 03:07:43','2024-01-26 23:38:55','1/2/3',1,2,6),(4,3,2,'2024-01-23 03:08:06','2024-01-23 03:08:06','1/2/4',2,2,0),(5,3,2,'2024-01-24 04:49:58','2024-01-24 04:49:58','1/2/5',3,2,0),(6,3,3,'2024-01-26 23:30:57','2024-01-26 23:30:57','1/2/3/6',1,3,0),(7,3,3,'2024-01-26 23:35:26','2024-01-26 23:35:26','1/2/3/7',2,3,0),(10,3,3,'2024-01-26 23:37:33','2024-01-26 23:37:33','1/2/3/10',3,3,0),(12,3,3,'2024-01-26 23:38:31','2024-01-26 23:38:31','1/2/3/12',4,3,0),(13,3,3,'2024-01-26 23:38:44','2024-01-26 23:38:44','1/2/3/13',5,3,0),(14,3,3,'2024-01-26 23:38:55','2024-01-26 23:38:55','1/2/3/14',6,3,0);

--
-- Table structure for table `catalog_category_entity_datetime`
--

CREATE TABLE `catalog_category_entity_datetime` (
  `value_id` int NOT NULL AUTO_INCREMENT COMMENT 'Value ID',
  `attribute_id` smallint unsigned NOT NULL DEFAULT '0' COMMENT 'Attribute ID',
  `store_id` smallint unsigned NOT NULL DEFAULT '0' COMMENT 'Store ID',
  `entity_id` int unsigned NOT NULL DEFAULT '0' COMMENT 'Entity ID',
  `value` datetime DEFAULT NULL COMMENT 'Value',
  PRIMARY KEY (`value_id`),
  UNIQUE KEY `CATALOG_CATEGORY_ENTITY_DATETIME_ENTITY_ID_ATTRIBUTE_ID_STORE_ID` (`entity_id`,`attribute_id`,`store_id`),
  KEY `CATALOG_CATEGORY_ENTITY_DATETIME_ENTITY_ID` (`entity_id`),
  KEY `CATALOG_CATEGORY_ENTITY_DATETIME_ATTRIBUTE_ID` (`attribute_id`),
  KEY `CATALOG_CATEGORY_ENTITY_DATETIME_STORE_ID` (`store_id`),
  CONSTRAINT `CAT_CTGR_ENTT_DTIME_ATTR_ID_EAV_ATTR_ATTR_ID` FOREIGN KEY (`attribute_id`) REFERENCES `eav_attribute` (`attribute_id`) ON DELETE CASCADE,
  CONSTRAINT `CAT_CTGR_ENTT_DTIME_ENTT_ID_CAT_CTGR_ENTT_ENTT_ID` FOREIGN KEY (`entity_id`) REFERENCES `catalog_category_entity` (`entity_id`) ON DELETE CASCADE,
  CONSTRAINT `CATALOG_CATEGORY_ENTITY_DATETIME_STORE_ID_STORE_STORE_ID` FOREIGN KEY (`store_id`) REFERENCES `store` (`store_id`) ON DELETE CASCADE
) ENGINE=InnoDB AUTO_INCREMENT=3 DEFAULT CHARSET=utf8mb3 COMMENT='Catalog Category Datetime Attribute Backend Table';

--
-- Dumping data for table `catalog_category_entity_datetime`
--

INSERT INTO `catalog_category_entity_datetime` VALUES (1,61,0,3,NULL),(2,62,0,3,NULL);

--
-- Table structure for table `catalog_category_entity_decimal`
--

CREATE TABLE `catalog_category_entity_decimal` (
  `value_id` int NOT NULL AUTO_INCREMENT COMMENT 'Value ID',
  `attribute_id` smallint unsigned NOT NULL DEFAULT '0' COMMENT 'Attribute ID',
  `store_id` smallint unsigned NOT NULL DEFAULT '0' COMMENT 'Store ID',
  `entity_id` int unsigned NOT NULL DEFAULT '0' COMMENT 'Entity ID',
  `value` decimal(20,6) DEFAULT NULL COMMENT 'Value',
  PRIMARY KEY (`value_id`),
  UNIQUE KEY `CATALOG_CATEGORY_ENTITY_DECIMAL_ENTITY_ID_ATTRIBUTE_ID_STORE_ID` (`entity_id`,`attribute_id`,`store_id`),
  KEY `CATALOG_CATEGORY_ENTITY_DECIMAL_ENTITY_ID` (`entity_id`),
  KEY `CATALOG_CATEGORY_ENTITY_DECIMAL_ATTRIBUTE_ID` (`attribute_id`),
  KEY `CATALOG_CATEGORY_ENTITY_DECIMAL_STORE_ID` (`store_id`),
  CONSTRAINT `CAT_CTGR_ENTT_DEC_ATTR_ID_EAV_ATTR_ATTR_ID` FOREIGN KEY (`attribute_id`) REFERENCES `eav_attribute` (`attribute_id`) ON DELETE CASCADE,
  CONSTRAINT `CAT_CTGR_ENTT_DEC_ENTT_ID_CAT_CTGR_ENTT_ENTT_ID` FOREIGN KEY (`entity_id`) REFERENCES `catalog_category_entity` (`entity_id`) ON DELETE CASCADE,
  CONSTRAINT `CATALOG_CATEGORY_ENTITY_DECIMAL_STORE_ID_STORE_STORE_ID` FOREIGN KEY (`store_id`) REFERENCES `store` (`store_id`) ON DELETE CASCADE
) ENGINE=InnoDB DEFAULT CHARSET=utf8mb3 COMMENT='Catalog Category Decimal Attribute Backend Table';

--
-- Dumping data for table `catalog_category_entity_decimal`
--


--
-- Table structure for table `catalog_category_entity_int`
--

CREATE TABLE `catalog_category_entity_int` (
  `value_id` int NOT NULL AUTO_INCREMENT COMMENT 'Value ID',
  `attribute_id` smallint unsigned NOT NULL DEFAULT '0' COMMENT 'Attribute ID',
  `store_id` smallint unsigned NOT NULL DEFAULT '0' COMMENT 'Store ID',
  `entity_id` int unsigned NOT NULL DEFAULT '0' COMMENT 'Entity ID',
  `value` int DEFAULT NULL COMMENT 'Value',
  PRIMARY KEY (`value_id`),
  UNIQUE KEY `CATALOG_CATEGORY_ENTITY_INT_ENTITY_ID_ATTRIBUTE_ID_STORE_ID` (`entity_id`,`attribute_id`,`store_id`),
  KEY `CATALOG_CATEGORY_ENTITY_INT_ENTITY_ID` (`entity_id`),
  KEY `CATALOG_CATEGORY_ENTITY_INT_ATTRIBUTE_ID` (`attribute_id`),
  KEY `CATALOG_CATEGORY_ENTITY_INT_STORE_ID` (`store_id`),
  CONSTRAINT `CAT_CTGR_ENTT_INT_ATTR_ID_EAV_ATTR_ATTR_ID` FOREIGN KEY (`attribute_id`) REFERENCES `eav_attribute` (`attribute_id`) ON DELETE CASCADE,
  CONSTRAINT `CAT_CTGR_ENTT_INT_ENTT_ID_CAT_CTGR_ENTT_ENTT_ID` FOREIGN KEY (`entity_id`) REFERENCES `catalog_category_entity` (`entity_id`) ON DELETE CASCADE,
  CONSTRAINT `CATALOG_CATEGORY_ENTITY_INT_STORE_ID_STORE_STORE_ID` FOREIGN KEY (`store_id`) REFERENCES `store` (`store_id`) ON DELETE CASCADE
) ENGINE=InnoDB AUTO_INCREMENT=75 DEFAULT CHARSET=utf8mb3 COMMENT='Catalog Category Integer Attribute Backend Table';

--
-- Dumping data for table `catalog_category_entity_int`
--

INSERT INTO `catalog_category_entity_int` VALUES (1,69,0,1,1),(2,69,0,2,1),(3,46,0,2,1),(4,46,0,3,1),(5,54,0,3,1),(6,69,0,3,1),(7,70,0,3,0),(8,71,0,3,0),(9,46,0,4,1),(10,54,0,4,1),(11,69,0,4,1),(12,70,0,4,0),(13,71,0,4,0),(14,53,0,3,NULL),(15,46,0,5,1),(16,54,0,5,1),(17,69,0,5,1),(18,70,0,5,0),(19,71,0,5,0),(20,177,0,3,1),(21,46,0,6,1),(22,54,0,6,1),(23,69,0,6,1),(24,70,0,6,0),(25,71,0,6,0),(26,177,0,6,0),(27,46,0,7,1),(28,54,0,7,1),(29,69,0,7,1),(30,70,0,7,0),(31,71,0,7,0),(32,177,0,7,0),(45,46,0,10,1),(46,54,0,10,1),(47,69,0,10,1),(48,70,0,10,0),(49,71,0,10,0),(50,177,0,10,0),(57,46,0,12,1),(58,54,0,12,1),(59,69,0,12,1),(60,70,0,12,0),(61,71,0,12,0),(62,177,0,12,0),(63,46,0,13,1),(64,54,0,13,1),(65,69,0,13,1),(66,70,0,13,0),(67,71,0,13,0),(68,177,0,13,0),(69,46,0,14,1),(70,54,0,14,1),(71,69,0,14,1),(72,70,0,14,0),(73,71,0,14,0),(74,177,0,14,0);

--
-- Table structure for table `catalog_category_entity_text`
--

CREATE TABLE `catalog_category_entity_text` (
  `value_id` int NOT NULL AUTO_INCREMENT COMMENT 'Value ID',
  `attribute_id` smallint unsigned NOT NULL DEFAULT '0' COMMENT 'Attribute ID',
  `store_id` smallint unsigned NOT NULL DEFAULT '0' COMMENT 'Store ID',
  `entity_id` int unsigned NOT NULL DEFAULT '0' COMMENT 'Entity ID',
  `value` mediumtext COMMENT 'Value',
  PRIMARY KEY (`value_id`),
  UNIQUE KEY `CATALOG_CATEGORY_ENTITY_TEXT_ENTITY_ID_ATTRIBUTE_ID_STORE_ID` (`entity_id`,`attribute_id`,`store_id`),
  KEY `CATALOG_CATEGORY_ENTITY_TEXT_ENTITY_ID` (`entity_id`),
  KEY `CATALOG_CATEGORY_ENTITY_TEXT_ATTRIBUTE_ID` (`attribute_id`),
  KEY `CATALOG_CATEGORY_ENTITY_TEXT_STORE_ID` (`store_id`),
  CONSTRAINT `CAT_CTGR_ENTT_TEXT_ATTR_ID_EAV_ATTR_ATTR_ID` FOREIGN KEY (`attribute_id`) REFERENCES `eav_attribute` (`attribute_id`) ON DELETE CASCADE,
  CONSTRAINT `CAT_CTGR_ENTT_TEXT_ENTT_ID_CAT_CTGR_ENTT_ENTT_ID` FOREIGN KEY (`entity_id`) REFERENCES `catalog_category_entity` (`entity_id`) ON DELETE CASCADE,
  CONSTRAINT `CATALOG_CATEGORY_ENTITY_TEXT_STORE_ID_STORE_STORE_ID` FOREIGN KEY (`store_id`) REFERENCES `store` (`store_id`) ON DELETE CASCADE
) ENGINE=InnoDB AUTO_INCREMENT=4 DEFAULT CHARSET=utf8mb3 COMMENT='Catalog Category Text Attribute Backend Table';

--
-- Dumping data for table `catalog_category_entity_text`
--

INSERT INTO `catalog_category_entity_text` VALUES (1,47,0,3,NULL),(2,50,0,3,NULL),(3,51,0,3,NULL);

--
-- Table structure for table `catalog_category_entity_varchar`
--

CREATE TABLE `catalog_category_entity_varchar` (
  `value_id` int NOT NULL AUTO_INCREMENT COMMENT 'Value ID',
  `attribute_id` smallint unsigned NOT NULL DEFAULT '0' COMMENT 'Attribute ID',
  `store_id` smallint unsigned NOT NULL DEFAULT '0' COMMENT 'Store ID',
  `entity_id` int unsigned NOT NULL DEFAULT '0' COMMENT 'Entity ID',
  `value` varchar(255) DEFAULT NULL COMMENT 'Value',
  PRIMARY KEY (`value_id`),
  UNIQUE KEY `CATALOG_CATEGORY_ENTITY_VARCHAR_ENTITY_ID_ATTRIBUTE_ID_STORE_ID` (`entity_id`,`attribute_id`,`store_id`),
  KEY `CATALOG_CATEGORY_ENTITY_VARCHAR_ENTITY_ID` (`entity_id`),
  KEY `CATALOG_CATEGORY_ENTITY_VARCHAR_ATTRIBUTE_ID` (`attribute_id`),
  KEY `CATALOG_CATEGORY_ENTITY_VARCHAR_STORE_ID` (`store_id`),
  CONSTRAINT `CAT_CTGR_ENTT_VCHR_ATTR_ID_EAV_ATTR_ATTR_ID` FOREIGN KEY (`attribute_id`) REFERENCES `eav_attribute` (`attribute_id`) ON DELETE CASCADE,
  CONSTRAINT `CAT_CTGR_ENTT_VCHR_ENTT_ID_CAT_CTGR_ENTT_ENTT_ID` FOREIGN KEY (`entity_id`) REFERENCES `catalog_category_entity` (`entity_id`) ON DELETE CASCADE,
  CONSTRAINT `CATALOG_CATEGORY_ENTITY_VARCHAR_STORE_ID_STORE_STORE_ID` FOREIGN KEY (`store_id`) REFERENCES `store` (`store_id`) ON DELETE CASCADE
) ENGINE=InnoDB AUTO_INCREMENT=82 DEFAULT CHARSET=utf8mb3 COMMENT='Catalog Category Varchar Attribute Backend Table';

--
-- Dumping data for table `catalog_category_entity_varchar`
--

INSERT INTO `catalog_category_entity_varchar` VALUES (1,45,0,1,'Root Catalog'),(2,52,0,2,'PRODUCTS'),(3,45,0,2,'Default Category'),(4,45,0,3,'Restaurante'),(5,52,0,3,'PRODUCTS'),(6,63,0,3,'category-full-width'),(7,119,0,3,'restaurantes'),(8,120,0,3,'restaurantes'),(9,45,0,4,'Bares'),(10,52,0,4,'PRODUCTS'),(11,63,0,4,'category-full-width'),(12,119,0,4,'bares'),(13,120,0,4,'bares'),(15,48,0,3,NULL),(16,49,0,3,NULL),(17,60,0,3,NULL),(18,45,0,5,'Restaurantes Recomendados'),(19,48,0,5,'/media/catalog/category/logo_medidas_1.png'),(20,52,0,5,'PRODUCTS'),(21,63,0,5,'category-full-width'),(22,119,0,5,'restaurantes-recomendados'),(23,120,0,5,'restaurantes-recomendados'),(37,45,0,6,'Mexicana'),(38,52,0,6,'PRODUCTS'),(39,63,0,6,'category-full-width'),(40,119,0,6,'mexicana'),(41,120,0,6,'restaurantes/mexicana'),(42,45,0,7,'Italiana'),(43,52,0,7,'PRODUCTS'),(44,63,0,7,'category-full-width'),(45,119,0,7,'italiana'),(46,120,0,7,'restaurantes/italiana'),(57,45,0,10,'Americana'),(58,52,0,10,'PRODUCTS'),(59,63,0,10,'category-full-width'),(60,119,0,10,'americana'),(61,120,0,10,'restaurantes/americana'),(67,45,0,12,'Postres'),(68,52,0,12,'PRODUCTS'),(69,63,0,12,'category-full-width'),(70,119,0,12,'postres'),(71,120,0,12,'restaurantes/postres'),(72,45,0,13,'Asiatica'),(73,52,0,13,'PRODUCTS'),(74,63,0,13,'category-full-width'),(75,119,0,13,'asiatica'),(76,120,0,13,'restaurantes/asiatica'),(77,45,0,14,'Vegana'),(78,52,0,14,'PRODUCTS'),(79,63,0,14,'category-full-width'),(80,119,0,14,'vegana'),(81,120,0,14,'restaurantes/vegana');

--
-- Table structure for table `catalog_category_product`
--

CREATE TABLE `catalog_category_product` (
  `entity_id` int NOT NULL AUTO_INCREMENT COMMENT 'Entity ID',
  `category_id` int unsigned NOT NULL DEFAULT '0' COMMENT 'Category ID',
  `product_id` int unsigned NOT NULL DEFAULT '0' COMMENT 'Product ID',
  `position` int NOT NULL DEFAULT '0' COMMENT 'Position',
  PRIMARY KEY (`entity_id`,`category_id`,`product_id`),
  UNIQUE KEY `CATALOG_CATEGORY_PRODUCT_CATEGORY_ID_PRODUCT_ID` (`category_id`,`product_id`),
  KEY `CATALOG_CATEGORY_PRODUCT_PRODUCT_ID` (`product_id`),
  CONSTRAINT `CAT_CTGR_PRD_CTGR_ID_CAT_CTGR_ENTT_ENTT_ID` FOREIGN KEY (`category_id`) REFERENCES `catalog_category_entity` (`entity_id`) ON DELETE CASCADE,
  CONSTRAINT `CAT_CTGR_PRD_PRD_ID_CAT_PRD_ENTT_ENTT_ID` FOREIGN KEY (`product_id`) REFERENCES `catalog_product_entity` (`entity_id`) ON DELETE CASCADE
) ENGINE=InnoDB AUTO_INCREMENT=108 DEFAULT CHARSET=utf8mb3 COMMENT='Catalog Product To Category Linkage Table';

--
-- Dumping data for table `catalog_category_product`
--

INSERT INTO `catalog_category_product` VALUES (9,3,7,0),(10,6,7,0),(11,3,8,0),(12,6,8,0),(13,3,9,0),(14,6,9,0),(17,3,11,0),(18,6,11,0),(19,3,12,0),(21,7,12,0),(22,3,13,0),(23,7,13,0),(24,3,14,0),(25,7,14,0),(26,3,16,0),(27,7,16,0),(28,3,17,0),(29,10,17,0),(30,3,18,0),(31,10,18,0),(32,3,19,0),(33,10,19,0),(34,3,20,0),(35,10,20,0),(36,3,21,0),(37,10,21,0),(38,3,23,0),(39,12,23,0),(42,3,27,0),(43,12,27,0),(44,3,28,0),(45,13,28,0),(46,3,29,0),(47,13,29,0),(48,3,30,0),(49,13,30,0),(50,3,31,0),(51,13,31,0),(52,3,32,0),(53,13,32,0),(54,3,33,0),(55,14,33,0),(56,3,34,0),(57,14,34,0),(58,3,35,0),(59,14,35,0),(60,3,36,0),(61,14,36,0),(62,3,37,0),(63,14,37,0),(64,3,15,0),(65,7,15,0),(66,3,22,0),(67,12,22,0),(68,3,25,0),(69,12,25,0),(70,3,26,0),(71,12,26,0),(72,3,38,0),(74,6,3,0),(75,3,3,0),(76,3,39,0),(77,6,39,0),(78,3,40,0),(79,4,40,0),(80,3,41,0),(81,6,41,0),(82,3,42,0),(83,6,42,0),(84,3,43,0),(85,6,43,0),(86,3,44,0),(87,6,44,0),(88,3,45,0),(89,6,45,0),(90,3,46,0),(91,6,46,0),(92,3,47,0),(93,6,47,0),(94,3,48,0),(95,6,48,0),(96,3,49,0),(97,6,49,0),(98,3,50,0),(99,6,50,0),(100,3,51,0),(101,6,51,0),(102,3,52,0),(103,6,52,0),(104,3,53,0),(105,6,53,0),(106,3,54,0),(107,6,54,0);

--
-- Table structure for table `catalog_category_product_index`
--

CREATE TABLE `catalog_category_product_index` (
  `category_id` int unsigned NOT NULL DEFAULT '0' COMMENT 'Category ID',
  `product_id` int unsigned NOT NULL DEFAULT '0' COMMENT 'Product ID',
  `position` int DEFAULT NULL COMMENT 'Position',
  `is_parent` smallint unsigned NOT NULL DEFAULT '0' COMMENT 'Is Parent',
  `store_id` smallint unsigned NOT NULL DEFAULT '0' COMMENT 'Store ID',
  `visibility` smallint unsigned NOT NULL COMMENT 'Visibility',
  PRIMARY KEY (`category_id`,`product_id`,`store_id`),
  KEY `CAT_CTGR_PRD_IDX_PRD_ID_STORE_ID_CTGR_ID_VISIBILITY` (`product_id`,`store_id`,`category_id`,`visibility`),
  KEY `CAT_CTGR_PRD_IDX_STORE_ID_CTGR_ID_VISIBILITY_IS_PARENT_POSITION` (`store_id`,`category_id`,`visibility`,`is_parent`,`position`)
) ENGINE=InnoDB DEFAULT CHARSET=utf8mb3 COMMENT='Catalog Category Product Index';

--
-- Dumping data for table `catalog_category_product_index`
--


--
-- Table structure for table `catalog_category_product_index_replica`
--

CREATE TABLE `catalog_category_product_index_replica` (
  `category_id` int unsigned NOT NULL DEFAULT '0' COMMENT 'Category ID',
  `product_id` int unsigned NOT NULL DEFAULT '0' COMMENT 'Product ID',
  `position` int DEFAULT NULL COMMENT 'Position',
  `is_parent` smallint unsigned NOT NULL DEFAULT '0' COMMENT 'Is Parent',
  `store_id` smallint unsigned NOT NULL DEFAULT '0' COMMENT 'Store ID',
  `visibility` smallint unsigned NOT NULL COMMENT 'Visibility',
  PRIMARY KEY (`category_id`,`product_id`,`store_id`),
  KEY `CAT_CTGR_PRD_IDX_PRD_ID_STORE_ID_CTGR_ID_VISIBILITY` (`product_id`,`store_id`,`category_id`,`visibility`),
  KEY `CAT_CTGR_PRD_IDX_STORE_ID_CTGR_ID_VISIBILITY_IS_PARENT_POSITION` (`store_id`,`category_id`,`visibility`,`is_parent`,`position`)
) ENGINE=InnoDB DEFAULT CHARSET=utf8mb3 COMMENT='Catalog Category Product Index';

--
-- Dumping data for table `catalog_category_product_index_replica`
--


--
-- Table structure for table `catalog_category_product_index_store1`
--

CREATE TABLE `catalog_category_product_index_store1` (
  `category_id` int unsigned NOT NULL DEFAULT '0' COMMENT 'Category Id',
  `product_id` int unsigned NOT NULL DEFAULT '0' COMMENT 'Product Id',
  `position` int DEFAULT NULL COMMENT 'Position',
  `is_parent` smallint unsigned NOT NULL DEFAULT '0' COMMENT 'Is Parent',
  `store_id` smallint unsigned NOT NULL DEFAULT '0' COMMENT 'Store Id',
  `visibility` smallint unsigned NOT NULL COMMENT 'Visibility',
  PRIMARY KEY (`category_id`,`product_id`,`store_id`),
  KEY `IDX_4B965DC45C352D6E4C9DC0FF50B1FCF5` (`product_id`,`store_id`,`category_id`,`visibility`),
  KEY `IDX_47AB760CD6A893ACEA69A9C2E0112C60` (`store_id`,`category_id`,`visibility`,`is_parent`,`position`)
) ENGINE=InnoDB DEFAULT CHARSET=utf8mb3 COMMENT='Catalog Category Product Index Store1';

--
-- Dumping data for table `catalog_category_product_index_store1`
--

INSERT INTO `catalog_category_product_index_store1` VALUES (2,3,0,1,1,4),(2,7,0,1,1,4),(2,8,0,1,1,4),(2,9,0,1,1,4),(2,11,0,1,1,4),(2,12,0,1,1,4),(2,13,0,1,1,4),(2,14,0,1,1,4),(2,15,0,1,1,4),(2,16,0,1,1,4),(2,17,0,1,1,4),(2,18,0,1,1,4),(2,19,0,1,1,4),(2,20,0,1,1,4),(2,21,0,1,1,4),(2,22,0,1,1,4),(2,23,0,1,1,4),(2,25,0,1,1,4),(2,26,0,1,1,4),(2,27,0,1,1,4),(2,28,0,1,1,4),(2,29,0,1,1,4),(2,30,0,1,1,4),(2,31,0,1,1,4),(2,32,0,1,1,4),(2,33,0,1,1,4),(2,34,0,1,1,4),(2,35,0,1,1,4),(2,36,0,1,1,4),(2,37,0,1,1,4),(2,38,0,1,1,4),(2,39,0,1,1,4),(2,40,0,1,1,4),(2,41,0,1,1,4),(2,42,0,1,1,4),(2,43,0,1,1,4),(2,44,0,1,1,4),(2,45,0,1,1,4),(2,46,0,1,1,4),(2,47,0,1,1,4),(2,48,0,1,1,4),(2,49,0,1,1,4),(2,50,0,1,1,4),(2,51,0,1,1,4),(2,52,0,1,1,4),(2,53,0,1,1,4),(2,54,0,1,1,4),(3,3,0,1,1,4),(3,7,0,1,1,4),(3,8,0,1,1,4),(3,9,0,1,1,4),(3,11,0,1,1,4),(3,12,0,1,1,4),(3,13,0,1,1,4),(3,14,0,1,1,4),(3,15,0,1,1,4),(3,16,0,1,1,4),(3,17,0,1,1,4),(3,18,0,1,1,4),(3,19,0,1,1,4),(3,20,0,1,1,4),(3,21,0,1,1,4),(3,22,0,1,1,4),(3,23,0,1,1,4),(3,25,0,1,1,4),(3,26,0,1,1,4),(3,27,0,1,1,4),(3,28,0,1,1,4),(3,29,0,1,1,4),(3,30,0,1,1,4),(3,31,0,1,1,4),(3,32,0,1,1,4),(3,33,0,1,1,4),(3,34,0,1,1,4),(3,35,0,1,1,4),(3,36,0,1,1,4),(3,37,0,1,1,4),(3,38,0,1,1,4),(3,39,0,1,1,4),(3,40,0,1,1,4),(3,41,0,1,1,4),(3,42,0,1,1,4),(3,43,0,1,1,4),(3,44,0,1,1,4),(3,45,0,1,1,4),(3,46,0,1,1,4),(3,47,0,1,1,4),(3,48,0,1,1,4),(3,49,0,1,1,4),(3,50,0,1,1,4),(3,51,0,1,1,4),(3,52,0,1,1,4),(3,53,0,1,1,4),(3,54,0,1,1,4),(4,40,0,1,1,4),(6,3,0,1,1,4),(6,7,0,1,1,4),(6,8,0,1,1,4),(6,9,0,1,1,4),(6,11,0,1,1,4),(6,39,0,1,1,4),(6,41,0,1,1,4),(6,42,0,1,1,4),(6,43,0,1,1,4),(6,44,0,1,1,4),(6,45,0,1,1,4),(6,46,0,1,1,4),(6,47,0,1,1,4),(6,48,0,1,1,4),(6,49,0,1,1,4),(6,50,0,1,1,4),(6,51,0,1,1,4),(6,52,0,1,1,4),(6,53,0,1,1,4),(6,54,0,1,1,4),(7,12,0,1,1,4),(7,13,0,1,1,4),(7,14,0,1,1,4),(7,15,0,1,1,4),(7,16,0,1,1,4),(10,17,0,1,1,4),(10,18,0,1,1,4),(10,19,0,1,1,4),(10,20,0,1,1,4),(10,21,0,1,1,4),(12,22,0,1,1,4),(12,23,0,1,1,4),(12,25,0,1,1,4),(12,26,0,1,1,4),(12,27,0,1,1,4),(13,28,0,1,1,4),(13,29,0,1,1,4),(13,30,0,1,1,4),(13,31,0,1,1,4),(13,32,0,1,1,4),(14,33,0,1,1,4),(14,34,0,1,1,4),(14,35,0,1,1,4),(14,36,0,1,1,4),(14,37,0,1,1,4);

--
-- Table structure for table `catalog_category_product_index_store1_replica`
--

CREATE TABLE `catalog_category_product_index_store1_replica` (
  `category_id` int unsigned NOT NULL DEFAULT '0' COMMENT 'Category Id',
  `product_id` int unsigned NOT NULL DEFAULT '0' COMMENT 'Product Id',
  `position` int DEFAULT NULL COMMENT 'Position',
  `is_parent` smallint unsigned NOT NULL DEFAULT '0' COMMENT 'Is Parent',
  `store_id` smallint unsigned NOT NULL DEFAULT '0' COMMENT 'Store Id',
  `visibility` smallint unsigned NOT NULL COMMENT 'Visibility',
  PRIMARY KEY (`category_id`,`product_id`,`store_id`),
  KEY `CAT_CTGR_PRD_IDX_STORE1_PRD_ID_STORE_ID_CTGR_ID_VISIBILITY` (`product_id`,`store_id`,`category_id`,`visibility`),
  KEY `IDX_216E521C8AD125E066D2B0BAB4A08412` (`store_id`,`category_id`,`visibility`,`is_parent`,`position`)
) ENGINE=InnoDB DEFAULT CHARSET=utf8mb3 COMMENT='Catalog Category Product Index Store1 Replica';

--
-- Dumping data for table `catalog_category_product_index_store1_replica`
--

INSERT INTO `catalog_category_product_index_store1_replica` VALUES (2,3,0,1,1,4),(2,7,0,1,1,4),(2,8,0,1,1,4),(2,9,0,1,1,4),(2,11,0,1,1,4),(2,12,0,1,1,4),(2,13,0,1,1,4),(2,14,0,1,1,4),(2,15,0,1,1,4),(2,16,0,1,1,4),(2,17,0,1,1,4),(2,18,0,1,1,4),(2,19,0,1,1,4),(2,20,0,1,1,4),(2,21,0,1,1,4),(2,22,0,1,1,4),(2,23,0,1,1,4),(2,25,0,1,1,4),(2,26,0,1,1,4),(2,27,0,1,1,4),(2,28,0,1,1,4),(2,29,0,1,1,4),(2,30,0,1,1,4),(2,31,0,1,1,4),(2,32,0,1,1,4),(2,33,0,1,1,4),(2,34,0,1,1,4),(2,35,0,1,1,4),(2,36,0,1,1,4),(2,37,0,1,1,4),(2,38,0,1,1,4),(3,3,0,1,1,4),(3,7,0,1,1,4),(3,8,0,1,1,4),(3,9,0,1,1,4),(3,11,0,1,1,4),(3,12,0,1,1,4),(3,13,0,1,1,4),(3,14,0,1,1,4),(3,15,0,1,1,4),(3,16,0,1,1,4),(3,17,0,1,1,4),(3,18,0,1,1,4),(3,19,0,1,1,4),(3,20,0,1,1,4),(3,21,0,1,1,4),(3,22,0,1,1,4),(3,23,0,1,1,4),(3,25,0,1,1,4),(3,26,0,1,1,4),(3,27,0,1,1,4),(3,28,0,1,1,4),(3,29,0,1,1,4),(3,30,0,1,1,4),(3,31,0,1,1,4),(3,32,0,1,1,4),(3,33,0,1,1,4),(3,34,0,1,1,4),(3,35,0,1,1,4),(3,36,0,1,1,4),(3,37,0,1,1,4),(3,38,0,1,1,4),(6,3,0,1,1,4),(6,7,0,1,1,4),(6,8,0,1,1,4),(6,9,0,1,1,4),(6,11,0,1,1,4),(7,12,0,1,1,4),(7,13,0,1,1,4),(7,14,0,1,1,4),(7,15,0,1,1,4),(7,16,0,1,1,4),(10,17,0,1,1,4),(10,18,0,1,1,4),(10,19,0,1,1,4),(10,20,0,1,1,4),(10,21,0,1,1,4),(12,22,0,1,1,4),(12,23,0,1,1,4),(12,25,0,1,1,4),(12,26,0,1,1,4),(12,27,0,1,1,4),(13,28,0,1,1,4),(13,29,0,1,1,4),(13,30,0,1,1,4),(13,31,0,1,1,4),(13,32,0,1,1,4),(14,33,0,1,1,4),(14,34,0,1,1,4),(14,35,0,1,1,4),(14,36,0,1,1,4),(14,37,0,1,1,4);

--
-- Table structure for table `catalog_category_product_index_tmp`
--

CREATE TABLE `catalog_category_product_index_tmp` (
  `category_id` int unsigned NOT NULL DEFAULT '0' COMMENT 'Category ID',
  `product_id` int unsigned NOT NULL DEFAULT '0' COMMENT 'Product ID',
  `position` int NOT NULL DEFAULT '0' COMMENT 'Position',
  `is_parent` smallint unsigned NOT NULL DEFAULT '0' COMMENT 'Is Parent',
  `store_id` smallint unsigned NOT NULL DEFAULT '0' COMMENT 'Store ID',
  `visibility` smallint unsigned NOT NULL COMMENT 'Visibility',
  PRIMARY KEY (`category_id`,`product_id`,`store_id`),
  KEY `CAT_CTGR_PRD_IDX_TMP_PRD_ID_CTGR_ID_STORE_ID` (`product_id`,`category_id`,`store_id`)
) ENGINE=InnoDB DEFAULT CHARSET=utf8mb3 COMMENT='Catalog Category Product Indexer temporary table';

--
-- Dumping data for table `catalog_category_product_index_tmp`
--


--
-- Table structure for table `catalog_compare_item`
--

CREATE TABLE `catalog_compare_item` (
  `catalog_compare_item_id` int unsigned NOT NULL AUTO_INCREMENT COMMENT 'Compare Item ID',
  `visitor_id` int unsigned NOT NULL DEFAULT '0' COMMENT 'Visitor ID',
  `customer_id` int unsigned DEFAULT NULL COMMENT 'Customer ID',
  `product_id` int unsigned NOT NULL DEFAULT '0' COMMENT 'Product ID',
  `store_id` smallint unsigned DEFAULT NULL COMMENT 'Store ID',
  `list_id` int unsigned DEFAULT NULL COMMENT 'List ID',
  PRIMARY KEY (`catalog_compare_item_id`),
  KEY `CATALOG_COMPARE_ITEM_LIST_ID_CATALOG_COMPARE_LIST_LIST_ID` (`list_id`),
  KEY `CATALOG_COMPARE_ITEM_PRODUCT_ID` (`product_id`),
  KEY `CATALOG_COMPARE_ITEM_VISITOR_ID_PRODUCT_ID` (`visitor_id`,`product_id`),
  KEY `CATALOG_COMPARE_ITEM_CUSTOMER_ID_PRODUCT_ID` (`customer_id`,`product_id`),
  KEY `CATALOG_COMPARE_ITEM_STORE_ID` (`store_id`),
  CONSTRAINT `CATALOG_COMPARE_ITEM_CUSTOMER_ID_CUSTOMER_ENTITY_ENTITY_ID` FOREIGN KEY (`customer_id`) REFERENCES `customer_entity` (`entity_id`) ON DELETE CASCADE,
  CONSTRAINT `CATALOG_COMPARE_ITEM_LIST_ID_CATALOG_COMPARE_LIST_LIST_ID` FOREIGN KEY (`list_id`) REFERENCES `catalog_compare_list` (`list_id`) ON DELETE CASCADE,
  CONSTRAINT `CATALOG_COMPARE_ITEM_PRODUCT_ID_CATALOG_PRODUCT_ENTITY_ENTITY_ID` FOREIGN KEY (`product_id`) REFERENCES `catalog_product_entity` (`entity_id`) ON DELETE CASCADE,
  CONSTRAINT `CATALOG_COMPARE_ITEM_STORE_ID_STORE_STORE_ID` FOREIGN KEY (`store_id`) REFERENCES `store` (`store_id`) ON DELETE SET NULL
) ENGINE=InnoDB AUTO_INCREMENT=3 DEFAULT CHARSET=utf8mb3 COMMENT='Catalog Compare Table';

--
-- Dumping data for table `catalog_compare_item`
--


--
-- Table structure for table `catalog_compare_list`
--

CREATE TABLE `catalog_compare_list` (
  `list_id` int unsigned NOT NULL AUTO_INCREMENT COMMENT 'Compare List ID',
  `list_id_mask` varchar(32) DEFAULT NULL COMMENT 'Masked ID',
  `customer_id` int unsigned DEFAULT NULL COMMENT 'Customer ID',
  PRIMARY KEY (`list_id`),
  UNIQUE KEY `CATALOG_COMPARE_LIST_CUSTOMER_ID` (`customer_id`),
  KEY `CATALOG_COMPARE_LIST_LIST_ID_MASK` (`list_id_mask`),
  CONSTRAINT `CATALOG_COMPARE_LIST_CUSTOMER_ID_CUSTOMER_ENTITY_ENTITY_ID` FOREIGN KEY (`customer_id`) REFERENCES `customer_entity` (`entity_id`) ON DELETE CASCADE
) ENGINE=InnoDB DEFAULT CHARSET=utf8mb3 COMMENT='Catalog Compare List with hash Table';

--
-- Dumping data for table `catalog_compare_list`
--


--
-- Table structure for table `catalog_eav_attribute`
--

CREATE TABLE `catalog_eav_attribute` (
  `attribute_id` smallint unsigned NOT NULL COMMENT 'Attribute ID',
  `frontend_input_renderer` varchar(255) DEFAULT NULL COMMENT 'Frontend Input Renderer',
  `is_global` smallint unsigned NOT NULL DEFAULT '1' COMMENT 'Is Global',
  `is_visible` smallint unsigned NOT NULL DEFAULT '1' COMMENT 'Is Visible',
  `is_searchable` smallint unsigned NOT NULL DEFAULT '0' COMMENT 'Is Searchable',
  `is_filterable` smallint unsigned NOT NULL DEFAULT '0' COMMENT 'Is Filterable',
  `is_comparable` smallint unsigned NOT NULL DEFAULT '0' COMMENT 'Is Comparable',
  `is_visible_on_front` smallint unsigned NOT NULL DEFAULT '0' COMMENT 'Is Visible On Front',
  `is_html_allowed_on_front` smallint unsigned NOT NULL DEFAULT '0' COMMENT 'Is HTML Allowed On Front',
  `is_used_for_price_rules` smallint unsigned NOT NULL DEFAULT '0' COMMENT 'Is Used For Price Rules',
  `is_filterable_in_search` smallint unsigned NOT NULL DEFAULT '0' COMMENT 'Is Filterable In Search',
  `used_in_product_listing` smallint unsigned NOT NULL DEFAULT '0' COMMENT 'Is Used In Product Listing',
  `used_for_sort_by` smallint unsigned NOT NULL DEFAULT '0' COMMENT 'Is Used For Sorting',
  `apply_to` varchar(255) DEFAULT NULL COMMENT 'Apply To',
  `is_visible_in_advanced_search` smallint unsigned NOT NULL DEFAULT '0' COMMENT 'Is Visible In Advanced Search',
  `position` int NOT NULL DEFAULT '0' COMMENT 'Position',
  `is_wysiwyg_enabled` smallint unsigned NOT NULL DEFAULT '0' COMMENT 'Is WYSIWYG Enabled',
  `is_used_for_promo_rules` smallint unsigned NOT NULL DEFAULT '0' COMMENT 'Is Used For Promo Rules',
  `is_required_in_admin_store` smallint unsigned NOT NULL DEFAULT '0' COMMENT 'Is Required In Admin Store',
  `is_used_in_grid` smallint unsigned NOT NULL DEFAULT '0' COMMENT 'Is Used in Grid',
  `is_visible_in_grid` smallint unsigned NOT NULL DEFAULT '0' COMMENT 'Is Visible in Grid',
  `is_filterable_in_grid` smallint unsigned NOT NULL DEFAULT '0' COMMENT 'Is Filterable in Grid',
  `search_weight` float NOT NULL DEFAULT '1' COMMENT 'Search Weight',
  `is_pagebuilder_enabled` tinyint(1) NOT NULL DEFAULT '0' COMMENT 'Is PageBuilder Enabled',
  `additional_data` text COMMENT 'Additional swatch attributes data',
  PRIMARY KEY (`attribute_id`),
  KEY `CATALOG_EAV_ATTRIBUTE_USED_FOR_SORT_BY` (`used_for_sort_by`),
  KEY `CATALOG_EAV_ATTRIBUTE_USED_IN_PRODUCT_LISTING` (`used_in_product_listing`),
  CONSTRAINT `CATALOG_EAV_ATTRIBUTE_ATTRIBUTE_ID_EAV_ATTRIBUTE_ATTRIBUTE_ID` FOREIGN KEY (`attribute_id`) REFERENCES `eav_attribute` (`attribute_id`) ON DELETE CASCADE
) ENGINE=InnoDB DEFAULT CHARSET=utf8mb3 COMMENT='Catalog EAV Attribute Table';

--
-- Dumping data for table `catalog_eav_attribute`
--

INSERT INTO `catalog_eav_attribute` VALUES (45,NULL,0,1,0,0,0,0,0,0,0,0,0,NULL,0,0,0,0,0,0,0,0,1,0,NULL),(46,NULL,0,1,0,0,0,0,0,0,0,0,0,NULL,0,0,0,0,0,0,0,0,1,0,NULL),(47,NULL,0,1,0,0,0,0,1,0,0,0,0,NULL,0,0,1,0,0,0,0,0,1,0,NULL),(48,NULL,0,1,0,0,0,0,0,0,0,0,0,NULL,0,0,0,0,0,0,0,0,1,0,NULL),(49,NULL,0,1,0,0,0,0,0,0,0,0,0,NULL,0,0,0,0,0,0,0,0,1,0,NULL),(50,NULL,0,1,0,0,0,0,0,0,0,0,0,NULL,0,0,0,0,0,0,0,0,1,0,NULL),(51,NULL,0,1,0,0,0,0,0,0,0,0,0,NULL,0,0,0,0,0,0,0,0,1,0,NULL),(52,NULL,0,1,0,0,0,0,0,0,0,0,0,NULL,0,0,0,0,0,0,0,0,1,0,NULL),(53,NULL,0,1,0,0,0,0,0,0,0,0,0,NULL,0,0,0,0,0,0,0,0,1,0,NULL),(54,NULL,1,1,0,0,0,0,0,0,0,0,0,NULL,0,0,0,0,0,0,0,0,1,0,NULL),(55,NULL,1,0,0,0,0,0,0,0,0,0,0,NULL,0,0,0,0,0,0,0,0,1,0,NULL),(56,NULL,1,0,0,0,0,0,0,0,0,0,0,NULL,0,0,0,0,0,0,0,0,1,0,NULL),(57,NULL,1,0,0,0,0,0,0,0,0,0,0,NULL,0,0,0,0,0,0,0,0,1,0,NULL),(58,NULL,1,0,0,0,0,0,0,0,0,0,0,NULL,0,0,0,0,0,0,0,0,1,0,NULL),(59,NULL,1,0,0,0,0,0,0,0,0,0,0,NULL,0,0,0,0,0,0,0,0,1,0,NULL),(60,NULL,0,1,0,0,0,0,0,0,0,0,0,NULL,0,0,0,0,0,0,0,0,1,0,NULL),(61,NULL,0,1,0,0,0,0,0,0,0,0,0,NULL,0,0,0,0,0,0,0,0,1,0,NULL),(62,NULL,0,1,0,0,0,0,0,0,0,0,0,NULL,0,0,0,0,0,0,0,0,1,0,NULL),(63,NULL,0,1,0,0,0,0,0,0,0,0,0,NULL,0,0,0,0,0,0,0,0,1,0,NULL),(64,NULL,0,0,0,0,0,0,0,0,0,0,0,NULL,0,0,0,0,0,0,0,0,1,0,NULL),(65,NULL,1,0,0,0,0,0,0,0,0,0,0,NULL,0,0,0,0,0,0,0,0,1,0,NULL),(66,NULL,1,0,0,0,0,0,0,0,0,0,0,NULL,0,0,0,0,0,0,0,0,1,0,NULL),(67,'Magento\\Catalog\\Block\\Adminhtml\\Category\\Helper\\Sortby\\Available',0,1,0,0,0,0,0,0,0,0,0,NULL,0,0,0,0,0,0,0,0,1,0,NULL),(68,'Magento\\Catalog\\Block\\Adminhtml\\Category\\Helper\\Sortby\\DefaultSortby',0,1,0,0,0,0,0,0,0,0,0,NULL,0,0,0,0,0,0,0,0,1,0,NULL),(69,NULL,0,1,0,0,0,0,0,0,0,0,0,NULL,0,0,0,0,0,0,0,0,1,0,NULL),(70,NULL,0,1,0,0,0,0,0,0,0,0,0,NULL,0,0,0,0,0,0,0,0,1,0,NULL),(71,NULL,0,1,0,0,0,0,0,0,0,0,0,NULL,0,0,0,0,0,0,0,0,1,0,NULL),(72,'Magento\\Catalog\\Block\\Adminhtml\\Category\\Helper\\Pricestep',0,1,0,0,0,0,0,0,0,0,0,NULL,0,0,0,0,0,0,0,0,1,0,NULL),(73,NULL,0,1,1,0,0,0,0,0,0,1,1,NULL,1,0,0,0,0,0,0,0,5,0,NULL),(74,NULL,1,1,1,0,1,0,0,0,0,0,0,NULL,1,0,0,0,0,0,0,0,6,0,NULL),(75,NULL,0,1,1,0,1,0,1,0,0,0,0,NULL,1,0,1,0,0,0,0,0,1,1,NULL),(76,NULL,0,1,1,0,1,0,1,0,0,1,0,NULL,1,0,1,0,0,1,0,0,1,0,NULL),(77,NULL,1,1,1,1,0,0,0,0,0,1,1,'simple,virtual,downloadable,bundle,configurable,booking',1,0,0,0,0,0,0,0,1,0,NULL),(78,NULL,1,1,0,0,0,0,0,0,0,1,0,'simple,virtual,downloadable,bundle,configurable',0,0,0,0,0,1,0,1,1,0,NULL),(79,NULL,2,1,0,0,0,0,0,0,0,1,0,'simple,virtual,downloadable,bundle,configurable',0,0,0,0,0,1,0,0,1,0,NULL),(80,NULL,2,1,0,0,0,0,0,0,0,1,0,'simple,virtual,downloadable,bundle,configurable',0,0,0,0,0,1,0,0,1,0,NULL),(81,NULL,1,1,0,0,0,0,0,0,0,0,0,'simple,virtual,downloadable',0,0,0,0,0,1,0,1,1,0,NULL),(82,'Magento\\Catalog\\Block\\Adminhtml\\Product\\Helper\\Form\\Weight',1,1,0,0,0,0,0,0,0,0,0,'simple,virtual,downloadable,bundle,configurable',0,0,0,0,0,1,0,1,1,0,NULL),(83,NULL,1,1,1,1,1,0,0,0,0,0,0,'simple,configurable',1,0,0,0,0,1,0,1,1,0,NULL),(84,NULL,0,1,0,0,0,0,0,0,0,0,0,NULL,0,0,0,0,0,1,0,1,1,0,NULL),(85,NULL,0,1,0,0,0,0,0,0,0,0,0,NULL,0,0,0,0,0,1,0,1,1,0,NULL),(86,NULL,0,1,0,0,0,0,0,0,0,0,0,NULL,0,0,0,0,0,1,0,1,1,0,NULL),(87,NULL,0,1,0,0,0,0,0,0,0,1,0,NULL,0,0,0,0,0,0,0,0,1,0,NULL),(88,NULL,0,1,0,0,0,0,0,0,0,1,0,NULL,0,0,0,0,0,0,0,0,1,0,NULL),(89,NULL,0,1,0,0,0,0,0,0,0,1,0,NULL,0,0,0,0,0,0,0,0,1,0,NULL),(90,NULL,1,1,0,0,0,0,0,0,0,0,0,NULL,0,0,0,0,0,0,0,0,1,0,NULL),(91,NULL,1,0,0,0,0,0,0,0,0,0,0,NULL,0,0,0,0,0,0,0,0,1,0,NULL),(92,NULL,2,1,0,0,0,0,0,0,0,0,0,'simple,virtual,downloadable,bundle',0,0,0,0,0,0,0,0,1,0,NULL),(93,NULL,1,1,1,1,1,0,0,0,0,0,0,'simple,virtual,configurable',1,0,0,0,0,1,0,1,1,0,NULL),(94,NULL,2,1,0,0,0,0,0,0,0,1,0,NULL,0,0,0,0,0,1,0,0,1,0,NULL),(95,NULL,2,1,0,0,0,0,0,0,0,1,0,NULL,0,0,0,0,0,1,0,0,1,0,NULL),(96,NULL,1,1,0,0,0,0,0,0,0,0,0,NULL,0,0,0,0,0,0,0,0,1,0,NULL),(97,'Magento\\Framework\\Data\\Form\\Element\\Hidden',2,1,1,0,0,0,0,0,0,1,0,NULL,0,0,0,0,1,0,0,0,1,0,NULL),(98,NULL,1,0,0,0,0,0,0,0,0,0,0,'simple,virtual,downloadable,bundle,configurable',0,0,0,0,0,0,0,0,1,0,NULL),(99,NULL,0,1,0,0,0,0,0,0,0,0,0,NULL,0,0,0,0,1,0,0,0,1,0,NULL),(100,NULL,0,1,0,0,0,0,0,0,0,0,0,NULL,0,0,0,0,0,1,0,1,1,0,NULL),(101,NULL,0,1,0,0,0,0,0,0,0,0,0,NULL,0,0,0,0,0,1,0,0,1,0,NULL),(102,NULL,0,1,0,0,0,0,0,0,0,0,0,NULL,0,0,0,0,0,1,0,0,1,0,NULL),(103,NULL,0,0,0,0,0,0,0,0,0,0,0,NULL,0,0,0,0,0,0,0,0,1,0,NULL),(104,NULL,0,1,0,0,0,0,0,0,0,0,0,NULL,0,0,0,0,0,1,0,0,1,0,NULL),(105,'Magento\\Catalog\\Block\\Adminhtml\\Product\\Helper\\Form\\Category',1,1,0,0,0,0,0,0,0,0,0,NULL,0,0,0,0,0,0,0,0,1,0,NULL),(106,NULL,0,1,0,0,0,0,0,0,0,0,0,NULL,0,0,0,0,0,0,0,0,1,0,NULL),(107,NULL,1,0,0,0,0,0,0,0,0,1,0,NULL,0,0,0,0,0,0,0,0,1,0,NULL),(108,NULL,1,0,0,0,0,0,0,0,0,0,0,NULL,0,0,0,0,0,0,0,0,1,0,NULL),(109,NULL,0,0,0,0,0,0,0,0,0,1,0,NULL,0,0,0,0,0,0,0,0,1,0,NULL),(110,NULL,0,0,0,0,0,0,0,0,0,1,0,NULL,0,0,0,0,0,0,0,0,1,0,NULL),(111,NULL,0,0,0,0,0,0,0,0,0,1,0,NULL,0,0,0,0,0,0,0,0,1,0,NULL),(112,NULL,1,0,0,0,0,0,0,0,0,0,0,NULL,0,0,0,0,0,0,0,0,1,0,NULL),(113,NULL,1,0,0,0,0,0,0,0,0,0,0,NULL,0,0,0,0,0,0,0,0,1,0,NULL),(114,NULL,2,1,0,0,0,0,0,0,0,0,0,'simple,bundle,grouped,configurable',0,0,0,0,0,1,0,1,1,0,NULL),(115,'Magento\\CatalogInventory\\Block\\Adminhtml\\Form\\Field\\Stock',1,1,0,0,0,0,0,0,0,0,0,NULL,0,0,0,0,0,0,0,0,1,0,NULL),(116,NULL,0,1,0,0,0,0,0,0,0,0,0,NULL,0,0,0,0,0,1,0,0,1,0,NULL),(117,NULL,0,1,0,0,0,0,0,0,0,0,0,NULL,0,0,0,0,0,0,0,0,1,0,NULL),(118,NULL,0,1,0,0,0,0,0,0,0,0,0,NULL,0,0,0,0,0,0,0,0,1,0,NULL),(119,NULL,0,1,1,0,0,0,0,0,0,0,0,NULL,0,0,0,0,0,0,0,0,1,0,NULL),(120,NULL,0,0,0,0,0,0,0,0,0,0,0,NULL,0,0,0,0,0,0,0,0,1,0,NULL),(121,NULL,0,1,1,0,0,0,0,0,0,1,0,NULL,0,0,0,0,0,1,0,1,1,0,NULL),(122,NULL,0,0,0,0,0,0,0,0,0,0,0,NULL,0,0,0,0,0,0,0,0,1,0,NULL),(123,'Magento\\Msrp\\Block\\Adminhtml\\Product\\Helper\\Form\\Type',1,1,0,0,0,0,0,0,0,1,0,'simple,virtual,downloadable,bundle,configurable',0,0,0,0,0,1,0,1,1,0,NULL),(124,'Magento\\Msrp\\Block\\Adminhtml\\Product\\Helper\\Form\\Type\\Price',2,1,0,0,0,0,0,0,0,1,0,'simple,virtual,downloadable,bundle,configurable',0,0,0,0,0,0,0,0,1,0,NULL),(125,NULL,1,0,0,0,0,0,0,0,0,1,0,'downloadable',0,0,0,0,0,0,0,0,1,0,NULL),(126,NULL,0,0,0,0,0,0,0,0,0,0,0,'downloadable',0,0,0,0,0,0,0,0,1,0,NULL),(127,NULL,0,0,0,0,0,0,0,0,0,0,0,'downloadable',0,0,0,0,0,0,0,0,1,0,NULL),(128,NULL,1,0,0,0,0,0,0,0,0,1,0,'downloadable',0,0,0,0,0,0,0,0,1,0,NULL),(129,NULL,1,1,0,0,0,0,0,0,0,1,0,'bundle',0,0,0,0,0,0,0,0,1,0,NULL),(130,NULL,1,1,0,0,0,0,0,0,0,0,0,'bundle',0,0,0,0,0,0,0,0,1,0,NULL),(131,NULL,1,1,0,0,0,0,0,0,0,1,0,'bundle',0,0,0,0,0,0,0,0,1,0,NULL),(132,NULL,1,1,0,0,0,0,0,0,0,1,0,'bundle',0,0,0,0,0,0,0,0,1,0,NULL),(133,NULL,1,1,0,0,0,0,0,0,0,1,0,'bundle',0,0,0,0,0,0,0,0,1,0,NULL),(134,'Magento\\GiftMessage\\Block\\Adminhtml\\Product\\Helper\\Form\\Config',1,1,0,0,0,0,0,0,0,0,0,NULL,0,0,0,0,0,1,0,0,1,0,NULL),(135,NULL,0,1,0,0,0,0,0,0,0,1,0,NULL,0,0,0,0,0,0,0,0,1,0,NULL),(136,NULL,2,1,1,0,0,0,0,0,0,1,0,'simple,virtual,downloadable,bundle,configurable,booking',0,0,0,0,0,1,0,1,1,0,NULL),(137,NULL,0,1,1,0,0,1,0,0,0,1,0,NULL,0,0,0,0,0,1,1,0,1,0,NULL),(138,NULL,2,1,0,0,0,0,0,0,0,0,0,'booking',0,0,0,0,0,0,0,0,1,0,NULL),(139,NULL,1,0,0,0,0,0,0,0,0,0,0,NULL,0,0,0,0,0,0,0,0,1,0,NULL),(140,NULL,1,0,1,0,1,1,0,0,0,0,0,NULL,0,0,0,0,0,0,0,0,1,0,NULL),(141,NULL,1,0,0,0,0,0,0,0,0,0,0,NULL,0,0,0,0,0,0,0,0,1,0,NULL),(142,NULL,1,0,0,0,0,0,0,0,0,0,0,NULL,0,0,0,0,0,0,0,0,1,0,NULL),(143,NULL,1,0,0,0,0,0,0,0,0,0,0,NULL,0,0,0,0,0,0,0,0,1,0,NULL),(144,NULL,1,0,0,0,0,0,0,0,0,0,0,NULL,0,0,0,0,0,0,0,0,1,0,NULL),(145,NULL,1,0,0,0,0,0,0,0,0,0,0,NULL,0,0,0,0,0,0,0,0,1,0,NULL),(146,NULL,1,0,0,0,0,0,0,0,0,0,0,NULL,0,0,0,0,0,0,0,0,1,0,NULL),(147,NULL,1,0,0,0,0,0,0,0,0,0,0,NULL,0,0,0,0,0,0,0,0,1,0,NULL),(148,NULL,1,0,0,0,0,0,0,0,0,0,0,NULL,0,0,0,0,0,0,0,0,1,0,NULL),(149,NULL,1,0,0,0,0,0,0,0,0,0,0,NULL,0,0,0,0,0,0,0,0,1,0,NULL),(150,NULL,1,0,0,0,0,0,0,0,0,0,0,NULL,0,0,0,0,0,0,0,0,1,0,NULL),(151,NULL,2,0,0,0,0,0,0,0,0,0,0,NULL,0,0,0,0,0,0,0,0,1,0,NULL),(152,NULL,1,0,0,0,0,0,0,0,0,0,0,NULL,0,0,0,0,0,0,0,0,1,0,NULL),(153,NULL,1,0,0,0,0,0,0,0,0,0,0,NULL,0,0,0,0,0,0,0,0,1,0,NULL),(154,NULL,2,0,0,0,0,0,0,0,0,0,0,NULL,0,0,0,0,0,0,0,0,1,0,NULL),(155,NULL,1,0,0,0,0,0,0,0,0,0,0,NULL,0,0,0,0,0,0,0,0,1,0,NULL),(156,NULL,1,0,0,0,0,0,0,0,0,0,0,NULL,0,0,0,0,0,0,0,0,1,0,NULL),(157,NULL,1,0,0,0,0,0,0,0,0,0,0,NULL,0,0,0,0,0,0,0,0,1,0,NULL),(158,NULL,1,0,0,0,0,0,0,0,0,0,0,NULL,0,0,0,0,0,0,0,0,1,0,NULL),(159,NULL,1,0,0,0,0,0,0,0,0,0,0,NULL,0,0,0,0,0,0,0,0,1,0,NULL),(160,NULL,1,0,1,0,1,1,0,0,0,0,0,NULL,0,0,0,0,0,0,0,0,1,0,NULL),(161,NULL,2,0,1,0,1,1,0,0,0,0,0,NULL,0,0,0,0,0,0,0,0,1,0,NULL),(162,NULL,1,0,1,0,1,1,0,0,0,0,0,NULL,0,0,0,0,0,0,0,0,1,0,NULL),(163,NULL,2,0,0,0,0,0,0,0,0,0,0,NULL,0,0,0,0,0,0,0,0,1,0,NULL),(164,NULL,1,1,1,1,1,1,0,0,0,0,0,NULL,0,0,0,0,0,0,0,0,1,0,NULL),(165,NULL,1,1,1,1,1,0,0,0,0,1,0,NULL,0,0,0,0,0,0,0,0,1,0,NULL),(166,NULL,1,0,0,0,0,0,0,0,0,0,0,NULL,0,0,0,0,0,0,0,0,1,0,NULL),(167,NULL,1,0,0,0,0,0,0,0,0,0,0,NULL,0,0,0,0,0,0,0,0,1,0,NULL),(168,NULL,2,0,0,0,0,0,0,0,0,0,0,NULL,0,0,0,0,0,0,0,0,1,0,NULL),(169,NULL,1,0,0,0,0,0,0,0,0,0,0,NULL,0,0,0,0,0,0,0,0,1,0,NULL),(170,NULL,1,0,0,0,0,0,0,0,0,0,0,NULL,0,0,0,0,0,0,0,0,1,0,NULL),(171,NULL,1,1,0,0,0,0,0,0,0,1,0,'booking,hotelbooking',0,0,0,0,0,0,0,0,1,0,NULL),(172,NULL,1,1,0,0,0,0,0,0,0,1,0,'hotelbooking',0,0,0,0,0,0,0,0,1,0,NULL),(173,NULL,1,1,0,0,0,0,0,0,0,1,0,'hotelbooking',0,0,0,0,0,0,0,0,1,0,NULL),(174,NULL,1,1,0,0,0,0,0,0,0,1,0,'hotelbooking',0,0,0,0,0,0,0,0,1,0,NULL),(175,NULL,1,1,0,0,0,0,0,0,0,1,0,'simple,configurable,virtual,bundle,downloadable',0,0,0,0,0,0,0,0,1,0,NULL),(176,NULL,0,1,1,0,0,1,0,0,0,1,0,NULL,0,0,0,0,0,1,0,0,1,0,NULL),(177,NULL,0,1,0,0,0,0,0,0,0,0,0,NULL,0,0,0,0,0,0,0,0,1,0,NULL),(178,NULL,0,1,1,0,0,1,0,0,0,1,0,NULL,0,0,0,0,0,1,0,0,1,0,NULL),(179,NULL,0,1,1,0,0,1,0,0,0,1,0,NULL,0,0,0,0,0,1,0,0,1,0,NULL),(180,NULL,0,1,1,0,0,1,0,0,0,1,0,NULL,0,0,0,0,0,1,0,0,1,0,NULL),(181,NULL,0,1,1,0,0,1,0,0,0,1,0,NULL,0,0,0,0,0,1,0,0,1,0,NULL);

--
-- Table structure for table `catalog_product_bundle_option`
--

CREATE TABLE `catalog_product_bundle_option` (
  `option_id` int unsigned NOT NULL AUTO_INCREMENT COMMENT 'Option ID',
  `parent_id` int unsigned NOT NULL COMMENT 'Parent ID',
  `required` smallint unsigned NOT NULL DEFAULT '0' COMMENT 'Required',
  `position` int unsigned NOT NULL DEFAULT '0' COMMENT 'Position',
  `type` varchar(255) DEFAULT NULL COMMENT 'Type',
  PRIMARY KEY (`option_id`),
  KEY `CATALOG_PRODUCT_BUNDLE_OPTION_PARENT_ID` (`parent_id`),
  CONSTRAINT `CAT_PRD_BNDL_OPT_PARENT_ID_CAT_PRD_ENTT_ENTT_ID` FOREIGN KEY (`parent_id`) REFERENCES `catalog_product_entity` (`entity_id`) ON DELETE CASCADE
) ENGINE=InnoDB DEFAULT CHARSET=utf8mb3 COMMENT='Catalog Product Bundle Option';

--
-- Dumping data for table `catalog_product_bundle_option`
--


--
-- Table structure for table `catalog_product_bundle_option_value`
--

CREATE TABLE `catalog_product_bundle_option_value` (
  `value_id` int unsigned NOT NULL AUTO_INCREMENT COMMENT 'Value ID',
  `option_id` int unsigned NOT NULL COMMENT 'Option ID',
  `store_id` smallint unsigned NOT NULL COMMENT 'Store ID',
  `title` varchar(255) DEFAULT NULL COMMENT 'Title',
  `parent_product_id` int unsigned NOT NULL COMMENT 'Parent Product ID',
  PRIMARY KEY (`value_id`),
  UNIQUE KEY `CAT_PRD_BNDL_OPT_VAL_OPT_ID_PARENT_PRD_ID_STORE_ID` (`option_id`,`parent_product_id`,`store_id`),
  CONSTRAINT `CAT_PRD_BNDL_OPT_VAL_OPT_ID_CAT_PRD_BNDL_OPT_OPT_ID` FOREIGN KEY (`option_id`) REFERENCES `catalog_product_bundle_option` (`option_id`) ON DELETE CASCADE
) ENGINE=InnoDB DEFAULT CHARSET=utf8mb3 COMMENT='Catalog Product Bundle Option Value';

--
-- Dumping data for table `catalog_product_bundle_option_value`
--


--
-- Table structure for table `catalog_product_bundle_price_index`
--

CREATE TABLE `catalog_product_bundle_price_index` (
  `entity_id` int unsigned NOT NULL COMMENT 'Entity ID',
  `website_id` smallint unsigned NOT NULL COMMENT 'Website ID',
  `customer_group_id` int unsigned NOT NULL COMMENT 'Customer Group ID',
  `min_price` decimal(20,6) NOT NULL COMMENT 'Min Price',
  `max_price` decimal(20,6) NOT NULL COMMENT 'Max Price',
  PRIMARY KEY (`entity_id`,`website_id`,`customer_group_id`),
  KEY `CATALOG_PRODUCT_BUNDLE_PRICE_INDEX_WEBSITE_ID` (`website_id`),
  KEY `CATALOG_PRODUCT_BUNDLE_PRICE_INDEX_CUSTOMER_GROUP_ID` (`customer_group_id`),
  CONSTRAINT `CAT_PRD_BNDL_PRICE_IDX_CSTR_GROUP_ID_CSTR_GROUP_CSTR_GROUP_ID` FOREIGN KEY (`customer_group_id`) REFERENCES `customer_group` (`customer_group_id`) ON DELETE CASCADE,
  CONSTRAINT `CAT_PRD_BNDL_PRICE_IDX_ENTT_ID_CAT_PRD_ENTT_ENTT_ID` FOREIGN KEY (`entity_id`) REFERENCES `catalog_product_entity` (`entity_id`) ON DELETE CASCADE,
  CONSTRAINT `CAT_PRD_BNDL_PRICE_IDX_WS_ID_STORE_WS_WS_ID` FOREIGN KEY (`website_id`) REFERENCES `store_website` (`website_id`) ON DELETE CASCADE
) ENGINE=InnoDB DEFAULT CHARSET=utf8mb3 COMMENT='Catalog Product Bundle Price Index';

--
-- Dumping data for table `catalog_product_bundle_price_index`
--


--
-- Table structure for table `catalog_product_bundle_selection`
--

CREATE TABLE `catalog_product_bundle_selection` (
  `selection_id` int unsigned NOT NULL AUTO_INCREMENT COMMENT 'Selection ID',
  `option_id` int unsigned NOT NULL COMMENT 'Option ID',
  `parent_product_id` int unsigned NOT NULL COMMENT 'Parent Product ID',
  `product_id` int unsigned NOT NULL COMMENT 'Product ID',
  `position` int unsigned NOT NULL DEFAULT '0' COMMENT 'Position',
  `is_default` smallint unsigned NOT NULL DEFAULT '0' COMMENT 'Is Default',
  `selection_price_type` smallint unsigned NOT NULL DEFAULT '0' COMMENT 'Selection Price Type',
  `selection_price_value` decimal(12,4) NOT NULL DEFAULT '0.0000' COMMENT 'Selection Price Value',
  `selection_qty` decimal(12,4) DEFAULT NULL COMMENT 'Selection Qty',
  `selection_can_change_qty` smallint NOT NULL DEFAULT '0' COMMENT 'Selection Can Change Qty',
  PRIMARY KEY (`selection_id`),
  KEY `CATALOG_PRODUCT_BUNDLE_SELECTION_OPTION_ID` (`option_id`),
  KEY `CATALOG_PRODUCT_BUNDLE_SELECTION_PRODUCT_ID` (`product_id`),
  CONSTRAINT `CAT_PRD_BNDL_SELECTION_OPT_ID_CAT_PRD_BNDL_OPT_OPT_ID` FOREIGN KEY (`option_id`) REFERENCES `catalog_product_bundle_option` (`option_id`) ON DELETE CASCADE,
  CONSTRAINT `CAT_PRD_BNDL_SELECTION_PRD_ID_CAT_PRD_ENTT_ENTT_ID` FOREIGN KEY (`product_id`) REFERENCES `catalog_product_entity` (`entity_id`) ON DELETE CASCADE
) ENGINE=InnoDB DEFAULT CHARSET=utf8mb3 COMMENT='Catalog Product Bundle Selection';

--
-- Dumping data for table `catalog_product_bundle_selection`
--


--
-- Table structure for table `catalog_product_bundle_selection_price`
--

CREATE TABLE `catalog_product_bundle_selection_price` (
  `selection_id` int unsigned NOT NULL COMMENT 'Selection ID',
  `website_id` smallint unsigned NOT NULL COMMENT 'Website ID',
  `selection_price_type` smallint unsigned NOT NULL DEFAULT '0' COMMENT 'Selection Price Type',
  `selection_price_value` decimal(20,6) NOT NULL DEFAULT '0.000000' COMMENT 'Selection Price Value',
  `parent_product_id` int unsigned NOT NULL COMMENT 'Parent Product ID',
  PRIMARY KEY (`selection_id`,`parent_product_id`,`website_id`),
  KEY `CATALOG_PRODUCT_BUNDLE_SELECTION_PRICE_WEBSITE_ID` (`website_id`),
  CONSTRAINT `CAT_PRD_BNDL_SELECTION_PRICE_WS_ID_STORE_WS_WS_ID` FOREIGN KEY (`website_id`) REFERENCES `store_website` (`website_id`) ON DELETE CASCADE,
  CONSTRAINT `FK_DCF37523AA05D770A70AA4ED7C2616E4` FOREIGN KEY (`selection_id`) REFERENCES `catalog_product_bundle_selection` (`selection_id`) ON DELETE CASCADE
) ENGINE=InnoDB DEFAULT CHARSET=utf8mb3 COMMENT='Catalog Product Bundle Selection Price';

--
-- Dumping data for table `catalog_product_bundle_selection_price`
--


--
-- Table structure for table `catalog_product_bundle_stock_index`
--

CREATE TABLE `catalog_product_bundle_stock_index` (
  `entity_id` int unsigned NOT NULL COMMENT 'Entity ID',
  `website_id` smallint unsigned NOT NULL COMMENT 'Website ID',
  `stock_id` smallint unsigned NOT NULL COMMENT 'Stock ID',
  `option_id` int unsigned NOT NULL DEFAULT '0' COMMENT 'Option ID',
  `stock_status` smallint DEFAULT '0' COMMENT 'Stock Status',
  PRIMARY KEY (`entity_id`,`website_id`,`stock_id`,`option_id`)
) ENGINE=InnoDB DEFAULT CHARSET=utf8mb3 COMMENT='Catalog Product Bundle Stock Index';

--
-- Dumping data for table `catalog_product_bundle_stock_index`
--


--
-- Table structure for table `catalog_product_entity`
--

CREATE TABLE `catalog_product_entity` (
  `entity_id` int unsigned NOT NULL AUTO_INCREMENT COMMENT 'Entity ID',
  `attribute_set_id` smallint unsigned NOT NULL DEFAULT '0' COMMENT 'Attribute Set ID',
  `type_id` varchar(32) NOT NULL DEFAULT 'simple' COMMENT 'Type ID',
  `sku` varchar(64) NOT NULL COMMENT 'SKU',
  `has_options` smallint NOT NULL DEFAULT '0' COMMENT 'Has Options',
  `required_options` smallint unsigned NOT NULL DEFAULT '0' COMMENT 'Required Options',
  `created_at` timestamp NOT NULL DEFAULT CURRENT_TIMESTAMP COMMENT 'Creation Time',
  `updated_at` timestamp NOT NULL DEFAULT CURRENT_TIMESTAMP ON UPDATE CURRENT_TIMESTAMP COMMENT 'Update Time',
  PRIMARY KEY (`entity_id`),
  KEY `CATALOG_PRODUCT_ENTITY_ATTRIBUTE_SET_ID` (`attribute_set_id`),
  KEY `CATALOG_PRODUCT_ENTITY_SKU` (`sku`)
) ENGINE=InnoDB AUTO_INCREMENT=55 DEFAULT CHARSET=utf8mb3 COMMENT='Catalog Product Table';

--
-- Dumping data for table `catalog_product_entity`
--

INSERT INTO `catalog_product_entity` VALUES (3,13,'booking','SKU00001',1,1,'2024-01-23 05:03:00','2024-02-13 06:00:49'),(7,13,'booking','La Cocina de Abuelita',1,1,'2024-01-27 00:40:20','2024-02-09 05:59:07'),(8,13,'booking','El Sabor de México',1,1,'2024-01-27 00:44:33','2024-01-29 18:46:21'),(9,13,'booking','El mariachi loco',1,1,'2024-01-27 01:00:23','2024-01-29 18:45:41'),(11,13,'booking','La Taquería del Barrio',1,1,'2024-01-27 01:02:55','2024-01-29 18:45:13'),(12,13,'booking','Bottega del Pastaio',1,1,'2024-01-27 01:06:14','2024-01-29 18:49:53'),(13,13,'booking','Trattoria dell\'Amore',1,1,'2024-01-27 01:11:41','2024-01-29 18:49:42'),(14,13,'booking','Cucina di Nonna Maria',1,1,'2024-01-27 01:25:07','2024-01-29 18:49:26'),(15,13,'booking','Il Ristorante di Marco',1,1,'2024-01-27 01:35:05','2024-01-30 02:01:58'),(16,13,'booking','La Pizzaria del Sole',1,1,'2024-01-27 01:38:26','2024-01-29 18:47:50'),(17,13,'booking','The Butcher\'s Table',1,1,'2024-01-27 01:42:25','2024-01-29 19:34:30'),(18,13,'booking','The Diner',1,1,'2024-01-27 01:45:00','2024-01-29 19:34:39'),(19,13,'booking','The Roadhouse',1,1,'2024-01-27 01:48:04','2024-01-29 19:34:50'),(20,13,'booking','The Speakeasy',1,1,'2024-01-27 01:50:25','2024-01-29 19:35:43'),(21,13,'booking','BBQ Joint',1,1,'2024-01-27 01:52:10','2024-01-29 19:35:26'),(22,13,'booking','Dulce Tentación',1,1,'2024-01-27 01:58:45','2024-01-30 02:02:44'),(23,13,'booking','Rincón del Dulce',1,1,'2024-01-27 02:00:37','2024-01-29 19:36:43'),(25,13,'booking','La Casa del Helado',1,1,'2024-01-27 02:04:03','2024-01-30 02:02:57'),(26,13,'booking','La Pastelería de Julia',1,1,'2024-01-27 02:07:37','2024-01-30 02:03:07'),(27,13,'booking','El Paraíso de los Dulces',1,1,'2024-01-27 02:09:51','2024-01-29 19:37:09'),(28,13,'booking','El Tigre de Oriente',1,1,'2024-01-27 02:14:12','2024-01-29 19:38:09'),(29,13,'booking','Kimchi',1,1,'2024-01-27 02:17:47','2024-01-29 19:38:22'),(30,13,'booking','El Wok de Pekín',1,1,'2024-01-27 02:19:37','2024-01-29 19:38:33'),(31,13,'booking','Sushi Bar',1,1,'2024-01-27 02:21:34','2024-01-29 19:39:17'),(32,13,'booking','El Ramen',1,1,'2024-01-27 02:24:49','2024-01-29 19:38:51'),(33,13,'booking','El Huerto',1,1,'2024-01-27 02:27:59','2024-01-29 19:41:14'),(34,13,'booking','El Bosque',1,1,'2024-01-27 02:29:45','2024-01-29 19:41:21'),(35,13,'booking','El Mercado',1,1,'2024-01-27 02:32:05','2024-01-29 19:41:29'),(36,13,'booking','La Terraza',1,1,'2024-01-27 02:35:22','2024-01-29 19:42:03'),(37,13,'booking','La Cocina',1,1,'2024-01-27 02:37:42','2024-01-29 19:41:45'),(38,13,'booking','POB0002',1,1,'2024-01-30 18:24:36','2024-01-30 18:24:38'),(39,13,'virtual','SKU09999999',0,0,'2024-02-13 06:06:23','2024-02-13 06:16:38'),(40,13,'booking','prueba321654',1,1,'2024-02-14 01:11:42','2024-02-14 02:34:30'),(41,4,'booking','SKU1000000000',1,1,'2024-02-14 02:08:45','2024-02-14 02:09:15'),(42,13,'booking','RES001',1,1,'2024-02-14 02:31:12','2024-02-14 03:28:12'),(43,13,'booking','RES002',1,1,'2024-02-14 03:28:27','2024-02-14 03:32:14'),(44,13,'booking','RES003',1,1,'2024-02-14 03:35:22','2024-02-14 03:42:16'),(45,13,'booking','RES004',1,1,'2024-02-14 03:39:58','2024-02-14 03:40:09'),(46,13,'booking','RES005',1,1,'2024-02-14 03:43:10','2024-02-14 03:45:48'),(47,13,'booking','RES006',1,1,'2024-02-14 03:46:05','2024-02-14 03:46:15'),(48,13,'booking','RES008',1,1,'2024-02-14 04:03:06','2024-02-14 04:03:30'),(49,13,'booking','RES009',1,1,'2024-02-14 04:06:36','2024-02-14 04:06:46'),(50,13,'booking','RES0010',1,1,'2024-02-14 04:10:06','2024-02-14 04:10:16'),(51,13,'booking','RES0011',1,1,'2024-02-14 04:13:31','2024-02-14 04:40:16'),(52,13,'booking','RES0012',1,1,'2024-02-14 04:25:45','2024-02-14 04:29:59'),(53,13,'booking','RES0013',1,1,'2024-02-14 04:33:15','2024-02-14 04:38:06'),(54,13,'booking','RES0014',1,1,'2024-02-14 04:42:18','2024-02-14 04:42:38');

--
-- Table structure for table `catalog_product_entity_datetime`
--

CREATE TABLE `catalog_product_entity_datetime` (
  `value_id` int NOT NULL AUTO_INCREMENT COMMENT 'Value ID',
  `attribute_id` smallint unsigned NOT NULL DEFAULT '0' COMMENT 'Attribute ID',
  `store_id` smallint unsigned NOT NULL DEFAULT '0' COMMENT 'Store ID',
  `entity_id` int unsigned NOT NULL DEFAULT '0' COMMENT 'Entity ID',
  `value` datetime DEFAULT NULL COMMENT 'Value',
  PRIMARY KEY (`value_id`),
  UNIQUE KEY `CATALOG_PRODUCT_ENTITY_DATETIME_ENTITY_ID_ATTRIBUTE_ID_STORE_ID` (`entity_id`,`attribute_id`,`store_id`),
  KEY `CATALOG_PRODUCT_ENTITY_DATETIME_ATTRIBUTE_ID` (`attribute_id`),
  KEY `CATALOG_PRODUCT_ENTITY_DATETIME_STORE_ID` (`store_id`),
  CONSTRAINT `CAT_PRD_ENTT_DTIME_ATTR_ID_EAV_ATTR_ATTR_ID` FOREIGN KEY (`attribute_id`) REFERENCES `eav_attribute` (`attribute_id`) ON DELETE CASCADE,
  CONSTRAINT `CAT_PRD_ENTT_DTIME_ENTT_ID_CAT_PRD_ENTT_ENTT_ID` FOREIGN KEY (`entity_id`) REFERENCES `catalog_product_entity` (`entity_id`) ON DELETE CASCADE,
  CONSTRAINT `CATALOG_PRODUCT_ENTITY_DATETIME_STORE_ID_STORE_STORE_ID` FOREIGN KEY (`store_id`) REFERENCES `store` (`store_id`) ON DELETE CASCADE
) ENGINE=InnoDB DEFAULT CHARSET=utf8mb3 COMMENT='Catalog Product Datetime Attribute Backend Table';

--
-- Dumping data for table `catalog_product_entity_datetime`
--


--
-- Table structure for table `catalog_product_entity_decimal`
--

CREATE TABLE `catalog_product_entity_decimal` (
  `value_id` int NOT NULL AUTO_INCREMENT COMMENT 'Value ID',
  `attribute_id` smallint unsigned NOT NULL DEFAULT '0' COMMENT 'Attribute ID',
  `store_id` smallint unsigned NOT NULL DEFAULT '0' COMMENT 'Store ID',
  `entity_id` int unsigned NOT NULL DEFAULT '0' COMMENT 'Entity ID',
  `value` decimal(20,6) DEFAULT NULL COMMENT 'Value',
  PRIMARY KEY (`value_id`),
  UNIQUE KEY `CATALOG_PRODUCT_ENTITY_DECIMAL_ENTITY_ID_ATTRIBUTE_ID_STORE_ID` (`entity_id`,`attribute_id`,`store_id`),
  KEY `CATALOG_PRODUCT_ENTITY_DECIMAL_STORE_ID` (`store_id`),
  KEY `CATALOG_PRODUCT_ENTITY_DECIMAL_ATTRIBUTE_ID` (`attribute_id`),
  CONSTRAINT `CAT_PRD_ENTT_DEC_ATTR_ID_EAV_ATTR_ATTR_ID` FOREIGN KEY (`attribute_id`) REFERENCES `eav_attribute` (`attribute_id`) ON DELETE CASCADE,
  CONSTRAINT `CAT_PRD_ENTT_DEC_ENTT_ID_CAT_PRD_ENTT_ENTT_ID` FOREIGN KEY (`entity_id`) REFERENCES `catalog_product_entity` (`entity_id`) ON DELETE CASCADE,
  CONSTRAINT `CATALOG_PRODUCT_ENTITY_DECIMAL_STORE_ID_STORE_STORE_ID` FOREIGN KEY (`store_id`) REFERENCES `store` (`store_id`) ON DELETE CASCADE
) ENGINE=InnoDB AUTO_INCREMENT=57 DEFAULT CHARSET=utf8mb3 COMMENT='Catalog Product Decimal Attribute Backend Table';

--
-- Dumping data for table `catalog_product_entity_decimal`
--

INSERT INTO `catalog_product_entity_decimal` VALUES (4,77,0,3,250.000000),(9,77,0,7,350.000000),(10,77,0,8,120.000000),(11,77,0,9,450.000000),(13,77,0,11,100.000000),(14,77,0,12,500.000000),(15,77,0,13,450.000000),(16,77,0,14,450.000000),(17,77,0,15,500.000000),(18,77,0,16,650.000000),(19,77,0,17,650.000000),(20,77,0,18,450.000000),(21,77,0,19,350.000000),(22,77,0,20,650.000000),(23,77,0,21,1000.000000),(24,77,0,22,60.000000),(25,77,0,23,100.000000),(27,77,0,25,45.000000),(28,77,0,26,120.000000),(29,77,0,27,200.000000),(30,77,0,28,600.000000),(31,77,0,29,800.000000),(32,77,0,30,650.000000),(33,77,0,31,350.000000),(34,77,0,32,400.000000),(35,77,0,33,450.000000),(36,77,0,34,500.000000),(37,77,0,35,350.000000),(38,77,0,36,250.000000),(39,77,0,37,450.000000),(40,77,0,38,0.000000),(41,77,0,39,250.000000),(42,77,0,40,125.000000),(43,77,0,41,250.000000),(44,77,0,42,100.000000),(45,77,0,43,100.000000),(46,77,0,44,100.000000),(47,77,0,45,100.000000),(48,77,0,46,100.000000),(49,77,0,47,100.000000),(50,77,0,48,100.000000),(51,77,0,49,100.000000),(52,77,0,50,100.000000),(53,77,0,51,100.000000),(54,77,0,52,100.000000),(55,77,0,53,100.000000),(56,77,0,54,100.000000);

--
-- Table structure for table `catalog_product_entity_gallery`
--

CREATE TABLE `catalog_product_entity_gallery` (
  `value_id` int NOT NULL AUTO_INCREMENT COMMENT 'Value ID',
  `attribute_id` smallint unsigned NOT NULL DEFAULT '0' COMMENT 'Attribute ID',
  `store_id` smallint unsigned NOT NULL DEFAULT '0' COMMENT 'Store ID',
  `entity_id` int unsigned NOT NULL DEFAULT '0' COMMENT 'Entity ID',
  `position` int NOT NULL DEFAULT '0' COMMENT 'Position',
  `value` varchar(255) DEFAULT NULL COMMENT 'Value',
  PRIMARY KEY (`value_id`),
  UNIQUE KEY `CATALOG_PRODUCT_ENTITY_GALLERY_ENTITY_ID_ATTRIBUTE_ID_STORE_ID` (`entity_id`,`attribute_id`,`store_id`),
  KEY `CATALOG_PRODUCT_ENTITY_GALLERY_ENTITY_ID` (`entity_id`),
  KEY `CATALOG_PRODUCT_ENTITY_GALLERY_ATTRIBUTE_ID` (`attribute_id`),
  KEY `CATALOG_PRODUCT_ENTITY_GALLERY_STORE_ID` (`store_id`),
  CONSTRAINT `CAT_PRD_ENTT_GLR_ATTR_ID_EAV_ATTR_ATTR_ID` FOREIGN KEY (`attribute_id`) REFERENCES `eav_attribute` (`attribute_id`) ON DELETE CASCADE,
  CONSTRAINT `CAT_PRD_ENTT_GLR_ENTT_ID_CAT_PRD_ENTT_ENTT_ID` FOREIGN KEY (`entity_id`) REFERENCES `catalog_product_entity` (`entity_id`) ON DELETE CASCADE,
  CONSTRAINT `CATALOG_PRODUCT_ENTITY_GALLERY_STORE_ID_STORE_STORE_ID` FOREIGN KEY (`store_id`) REFERENCES `store` (`store_id`) ON DELETE CASCADE
) ENGINE=InnoDB DEFAULT CHARSET=utf8mb3 COMMENT='Catalog Product Gallery Attribute Backend Table';

--
-- Dumping data for table `catalog_product_entity_gallery`
--


--
-- Table structure for table `catalog_product_entity_int`
--

CREATE TABLE `catalog_product_entity_int` (
  `value_id` int NOT NULL AUTO_INCREMENT COMMENT 'Value ID',
  `attribute_id` smallint unsigned NOT NULL DEFAULT '0' COMMENT 'Attribute ID',
  `store_id` smallint unsigned NOT NULL DEFAULT '0' COMMENT 'Store ID',
  `entity_id` int unsigned NOT NULL DEFAULT '0' COMMENT 'Entity ID',
  `value` int DEFAULT NULL COMMENT 'Value',
  PRIMARY KEY (`value_id`),
  UNIQUE KEY `CATALOG_PRODUCT_ENTITY_INT_ENTITY_ID_ATTRIBUTE_ID_STORE_ID` (`entity_id`,`attribute_id`,`store_id`),
  KEY `CATALOG_PRODUCT_ENTITY_INT_ATTRIBUTE_ID` (`attribute_id`),
  KEY `CATALOG_PRODUCT_ENTITY_INT_STORE_ID` (`store_id`),
  KEY `CATALOG_PRODUCT_ENTITY_INT_ATTRIBUTE_ID_STORE_ID_VALUE` (`attribute_id`,`store_id`,`value`),
  CONSTRAINT `CAT_PRD_ENTT_INT_ATTR_ID_EAV_ATTR_ATTR_ID` FOREIGN KEY (`attribute_id`) REFERENCES `eav_attribute` (`attribute_id`) ON DELETE CASCADE,
  CONSTRAINT `CAT_PRD_ENTT_INT_ENTT_ID_CAT_PRD_ENTT_ENTT_ID` FOREIGN KEY (`entity_id`) REFERENCES `catalog_product_entity` (`entity_id`) ON DELETE CASCADE,
  CONSTRAINT `CATALOG_PRODUCT_ENTITY_INT_STORE_ID_STORE_STORE_ID` FOREIGN KEY (`store_id`) REFERENCES `store` (`store_id`) ON DELETE CASCADE
) ENGINE=InnoDB AUTO_INCREMENT=470 DEFAULT CHARSET=utf8mb3 COMMENT='Catalog Product Integer Attribute Backend Table';

--
-- Dumping data for table `catalog_product_entity_int`
--

INSERT INTO `catalog_product_entity_int` VALUES (15,171,0,3,1),(16,168,0,3,1),(17,142,0,3,0),(18,141,0,3,1),(19,149,0,3,1),(20,97,0,3,1),(21,136,0,3,0),(22,99,0,3,4),(23,168,1,3,2),(53,171,0,7,1),(54,168,0,7,1),(55,142,0,7,0),(56,141,0,7,1),(57,149,0,7,1),(58,97,0,7,1),(59,136,0,7,2),(60,99,0,7,4),(61,171,0,8,1),(62,168,0,8,2),(63,142,0,8,0),(64,141,0,8,1),(65,149,0,8,1),(66,97,0,8,1),(67,136,0,8,2),(68,99,0,8,4),(69,171,0,9,0),(70,168,0,9,2),(71,142,0,9,0),(72,141,0,9,0),(73,149,0,9,1),(74,97,0,9,1),(75,136,0,9,2),(76,99,0,9,4),(87,171,0,11,1),(88,168,0,11,1),(89,115,0,11,1),(90,142,0,11,0),(91,141,0,11,1),(92,149,0,11,1),(93,97,0,11,1),(94,136,0,11,0),(95,99,0,11,4),(96,168,1,11,2),(97,171,0,12,1),(98,168,0,12,1),(99,115,0,12,1),(100,142,0,12,0),(101,141,0,12,1),(102,149,0,12,1),(103,97,0,12,1),(104,136,0,12,2),(105,99,0,12,4),(106,171,0,13,1),(107,168,0,13,1),(108,115,0,13,1),(109,142,0,13,0),(110,141,0,13,1),(111,149,0,13,1),(112,97,0,13,1),(113,136,0,13,2),(114,99,0,13,4),(115,171,0,14,1),(116,168,0,14,1),(117,115,0,14,1),(118,142,0,14,0),(119,141,0,14,1),(120,149,0,14,1),(121,97,0,14,1),(122,136,0,14,2),(123,99,0,14,4),(124,171,0,15,1),(125,168,0,15,2),(126,142,0,15,0),(127,141,0,15,1),(128,149,0,15,1),(129,97,0,15,1),(130,136,0,15,2),(131,99,0,15,4),(132,171,0,16,0),(133,168,0,16,2),(134,142,0,16,0),(135,141,0,16,1),(136,149,0,16,1),(137,97,0,16,1),(138,136,0,16,2),(139,99,0,16,4),(140,171,0,17,1),(141,168,0,17,2),(142,142,0,17,0),(143,141,0,17,1),(144,149,0,17,0),(145,97,0,17,1),(146,136,0,17,2),(147,99,0,17,4),(148,171,0,18,0),(149,168,0,18,2),(150,142,0,18,0),(151,141,0,18,1),(152,149,0,18,0),(153,97,0,18,1),(154,136,0,18,2),(155,99,0,18,4),(156,171,0,19,0),(157,168,0,19,2),(158,142,0,19,0),(159,141,0,19,0),(160,149,0,19,0),(161,97,0,19,1),(162,136,0,19,2),(163,99,0,19,4),(164,171,0,20,0),(165,168,0,20,2),(166,142,0,20,0),(167,141,0,20,1),(168,149,0,20,1),(169,97,0,20,1),(170,136,0,20,2),(171,99,0,20,4),(172,171,0,21,1),(173,168,0,21,2),(174,142,0,21,0),(175,141,0,21,1),(176,149,0,21,1),(177,97,0,21,1),(178,136,0,21,2),(179,99,0,21,4),(180,171,0,22,1),(181,168,0,22,2),(182,142,0,22,0),(183,141,0,22,1),(184,149,0,22,1),(185,97,0,22,1),(186,136,0,22,2),(187,99,0,22,4),(188,171,0,23,0),(189,168,0,23,2),(190,142,0,23,0),(191,141,0,23,1),(192,149,0,23,1),(193,97,0,23,1),(194,136,0,23,2),(195,99,0,23,4),(205,171,0,25,1),(206,168,0,25,2),(207,142,0,25,0),(208,141,0,25,1),(209,149,0,25,1),(210,97,0,25,1),(211,136,0,25,2),(212,99,0,25,4),(213,171,0,26,1),(214,168,0,26,2),(215,142,0,26,0),(216,141,0,26,1),(217,149,0,26,0),(218,97,0,26,1),(219,136,0,26,2),(220,99,0,26,4),(221,171,0,27,0),(222,168,0,27,2),(223,142,0,27,0),(224,141,0,27,1),(225,149,0,27,1),(226,97,0,27,1),(227,136,0,27,2),(228,99,0,27,4),(229,171,0,28,1),(230,168,0,28,2),(231,142,0,28,0),(232,141,0,28,1),(233,149,0,28,1),(234,97,0,28,1),(235,136,0,28,2),(236,99,0,28,4),(237,171,0,29,1),(238,168,0,29,2),(239,142,0,29,0),(240,141,0,29,1),(241,149,0,29,1),(242,97,0,29,1),(243,136,0,29,2),(244,99,0,29,4),(245,171,0,30,0),(246,168,0,30,2),(247,142,0,30,0),(248,141,0,30,1),(249,149,0,30,1),(250,97,0,30,1),(251,136,0,30,2),(252,99,0,30,4),(253,171,0,31,0),(254,168,0,31,2),(255,142,0,31,0),(256,141,0,31,1),(257,149,0,31,1),(258,97,0,31,1),(259,136,0,31,2),(260,99,0,31,4),(261,171,0,32,0),(262,168,0,32,2),(263,142,0,32,0),(264,141,0,32,1),(265,149,0,32,0),(266,97,0,32,1),(267,136,0,32,2),(268,99,0,32,4),(269,171,0,33,1),(270,168,0,33,2),(271,142,0,33,0),(272,141,0,33,1),(273,149,0,33,0),(274,97,0,33,1),(275,136,0,33,2),(276,99,0,33,4),(277,171,0,34,1),(278,168,0,34,2),(279,142,0,34,0),(280,141,0,34,1),(281,149,0,34,1),(282,97,0,34,1),(283,136,0,34,2),(284,99,0,34,4),(285,171,0,35,1),(286,168,0,35,2),(287,142,0,35,0),(288,141,0,35,1),(289,149,0,35,1),(290,97,0,35,1),(291,136,0,35,2),(292,99,0,35,4),(293,171,0,36,1),(294,168,0,36,2),(295,142,0,36,0),(296,141,0,36,1),(297,149,0,36,0),(298,97,0,36,1),(299,136,0,36,2),(300,99,0,36,4),(301,171,0,37,1),(302,168,0,37,2),(303,142,0,37,0),(304,141,0,37,1),(305,149,0,37,1),(306,97,0,37,1),(307,136,0,37,2),(308,99,0,37,4),(309,171,0,38,1),(310,168,0,38,2),(311,142,0,38,1),(312,141,0,38,1),(313,149,0,38,1),(314,97,0,38,1),(315,136,0,38,0),(316,99,0,38,4),(317,97,1,3,1),(318,136,1,3,0),(319,99,1,3,4),(320,168,1,7,1),(321,115,0,39,1),(322,142,0,39,1),(323,141,0,39,1),(324,97,0,39,1),(325,136,0,39,2),(326,99,0,39,4),(327,168,0,39,1),(328,149,0,39,1),(329,175,0,39,0),(330,171,0,40,1),(331,168,0,40,2),(332,142,0,40,0),(333,141,0,40,1),(334,149,0,40,0),(335,97,0,40,1),(336,136,0,40,2),(337,99,0,40,4),(338,171,0,41,0),(339,115,0,41,1),(340,142,0,41,1),(341,141,0,41,1),(342,97,0,41,1),(343,136,0,41,2),(344,99,0,41,4),(345,171,0,42,0),(346,115,0,42,1),(347,142,0,42,1),(348,141,0,42,1),(349,97,0,42,1),(350,136,0,42,2),(351,99,0,42,4),(352,168,1,42,1),(353,149,0,42,1),(354,97,1,42,1),(355,99,1,42,4),(356,171,0,43,1),(357,168,0,43,1),(358,115,0,43,1),(359,142,0,43,0),(360,141,0,43,1),(361,149,0,43,1),(362,97,0,43,1),(363,136,0,43,2),(364,99,0,43,4),(365,171,0,44,0),(366,168,0,44,1),(367,115,0,44,1),(368,142,0,44,1),(369,141,0,44,1),(370,149,0,44,1),(371,97,0,44,1),(372,136,0,44,2),(373,99,0,44,4),(374,97,1,44,1),(375,99,1,44,4),(376,171,0,45,0),(377,168,0,45,1),(378,115,0,45,1),(379,142,0,45,1),(380,141,0,45,1),(381,149,0,45,1),(382,97,0,45,1),(383,136,0,45,2),(384,99,0,45,4),(385,171,0,46,0),(386,168,0,46,1),(387,115,0,46,1),(388,142,0,46,1),(389,141,0,46,1),(390,149,0,46,1),(391,97,0,46,1),(392,136,0,46,2),(393,99,0,46,4),(394,97,1,46,1),(395,99,1,46,4),(396,171,0,47,0),(397,168,0,47,1),(398,115,0,47,1),(399,142,0,47,1),(400,141,0,47,1),(401,149,0,47,1),(402,97,0,47,1),(403,136,0,47,2),(404,99,0,47,4),(405,171,0,48,0),(406,168,0,48,1),(407,115,0,48,1),(408,142,0,48,1),(409,141,0,48,1),(410,149,0,48,1),(411,97,0,48,1),(412,136,0,48,2),(413,99,0,48,4),(414,171,0,49,1),(415,168,0,49,1),(416,115,0,49,1),(417,142,0,49,1),(418,141,0,49,1),(419,149,0,49,1),(420,97,0,49,1),(421,136,0,49,2),(422,99,0,49,4),(423,171,0,50,1),(424,168,0,50,1),(425,115,0,50,1),(426,142,0,50,1),(427,141,0,50,1),(428,149,0,50,0),(429,97,0,50,1),(430,136,0,50,2),(431,99,0,50,4),(432,171,0,51,1),(433,168,0,51,1),(434,115,0,51,1),(435,142,0,51,1),(436,141,0,51,1),(437,149,0,51,0),(438,97,0,51,1),(439,136,0,51,2),(440,99,0,51,4),(441,97,1,51,1),(442,99,1,51,4),(443,171,0,52,1),(444,168,0,52,1),(445,115,0,52,1),(446,142,0,52,1),(447,141,0,52,1),(448,149,0,52,0),(449,97,0,52,1),(450,136,0,52,2),(451,99,0,52,4),(452,171,0,53,1),(453,168,0,53,1),(454,115,0,53,1),(455,142,0,53,1),(456,141,0,53,1),(457,149,0,53,0),(458,97,0,53,1),(459,136,0,53,2),(460,99,0,53,4),(461,171,0,54,1),(462,168,0,54,1),(463,115,0,54,1),(464,142,0,54,1),(465,141,0,54,1),(466,149,0,54,0),(467,97,0,54,1),(468,136,0,54,2),(469,99,0,54,4);

--
-- Table structure for table `catalog_product_entity_media_gallery`
--

CREATE TABLE `catalog_product_entity_media_gallery` (
  `value_id` int unsigned NOT NULL AUTO_INCREMENT COMMENT 'Value ID',
  `attribute_id` smallint unsigned NOT NULL DEFAULT '0' COMMENT 'Attribute ID',
  `value` varchar(255) DEFAULT NULL COMMENT 'Value',
  `media_type` varchar(32) NOT NULL DEFAULT 'image' COMMENT 'Media entry type',
  `disabled` smallint unsigned NOT NULL DEFAULT '0' COMMENT 'Visibility status',
  PRIMARY KEY (`value_id`),
  KEY `CATALOG_PRODUCT_ENTITY_MEDIA_GALLERY_ATTRIBUTE_ID` (`attribute_id`),
  CONSTRAINT `CAT_PRD_ENTT_MDA_GLR_ATTR_ID_EAV_ATTR_ATTR_ID` FOREIGN KEY (`attribute_id`) REFERENCES `eav_attribute` (`attribute_id`) ON DELETE CASCADE
) ENGINE=InnoDB AUTO_INCREMENT=76 DEFAULT CHARSET=utf8mb3 COMMENT='Catalog Product Media Gallery Attribute Backend Table';

--
-- Dumping data for table `catalog_product_entity_media_gallery`
--

INSERT INTO `catalog_product_entity_media_gallery` VALUES (45,90,'/m/e/mexicana_01.png','image',0),(46,90,'/m/e/mexicana_02.png','image',0),(47,90,'/m/e/mexicana_03.png','image',0),(48,90,'/m/e/mexicana_05.png','image',0),(49,90,'/m/e/mexicana_04.png','image',0),(50,90,'/i/t/italiana_01.png','image',0),(51,90,'/i/t/italiana_04.png','image',0),(52,90,'/i/t/italiana_02.png','image',0),(53,90,'/i/t/italiana_03.png','image',0),(54,90,'/i/t/italiana_05.png','image',0),(55,90,'/a/m/americana_01.png','image',0),(56,90,'/a/m/americana_02.png','image',0),(57,90,'/a/m/americana_03.png','image',0),(58,90,'/a/m/americana_05.png','image',0),(59,90,'/a/m/americana_04.png','image',0),(60,90,'/p/o/postres_02.png','image',0),(61,90,'/p/o/postres_03.png','image',0),(62,90,'/p/o/postres_01.png','image',0),(63,90,'/p/o/postres_04.png','image',0),(64,90,'/p/o/postres_05.png','image',0),(65,90,'/a/s/asiatica_01.png','image',0),(66,90,'/a/s/asiatica_02.png','image',0),(67,90,'/a/s/asiatica_04.png','image',0),(68,90,'/a/s/asiatica_03.png','image',0),(69,90,'/a/s/asiatica_05.png','image',0),(70,90,'/v/e/vegana_01.png','image',0),(71,90,'/v/e/vegana_02.png','image',0),(72,90,'/v/e/vegana_03.png','image',0),(73,90,'/v/e/vegana_05.png','image',0),(74,90,'/v/e/vegana_04.png','image',0),(75,90,'/e/n/ensalada-1100x500.jpg','image',0);

--
-- Table structure for table `catalog_product_entity_media_gallery_value`
--

CREATE TABLE `catalog_product_entity_media_gallery_value` (
  `value_id` int unsigned NOT NULL DEFAULT '0' COMMENT 'Value ID',
  `store_id` smallint unsigned NOT NULL DEFAULT '0' COMMENT 'Store ID',
  `entity_id` int unsigned NOT NULL DEFAULT '0' COMMENT 'Entity ID',
  `label` varchar(255) DEFAULT NULL COMMENT 'Label',
  `position` int unsigned DEFAULT NULL COMMENT 'Position',
  `disabled` smallint unsigned NOT NULL DEFAULT '0' COMMENT 'Is Disabled',
  `record_id` int unsigned NOT NULL AUTO_INCREMENT COMMENT 'Record ID',
  PRIMARY KEY (`record_id`),
  KEY `CATALOG_PRODUCT_ENTITY_MEDIA_GALLERY_VALUE_STORE_ID` (`store_id`),
  KEY `CATALOG_PRODUCT_ENTITY_MEDIA_GALLERY_VALUE_ENTITY_ID` (`entity_id`),
  KEY `CATALOG_PRODUCT_ENTITY_MEDIA_GALLERY_VALUE_VALUE_ID` (`value_id`),
  KEY `CAT_PRD_ENTT_MDA_GLR_VAL_ENTT_ID_VAL_ID_STORE_ID` (`entity_id`,`value_id`,`store_id`),
  CONSTRAINT `CAT_PRD_ENTT_MDA_GLR_VAL_ENTT_ID_CAT_PRD_ENTT_ENTT_ID` FOREIGN KEY (`entity_id`) REFERENCES `catalog_product_entity` (`entity_id`) ON DELETE CASCADE,
  CONSTRAINT `CAT_PRD_ENTT_MDA_GLR_VAL_STORE_ID_STORE_STORE_ID` FOREIGN KEY (`store_id`) REFERENCES `store` (`store_id`) ON DELETE CASCADE,
  CONSTRAINT `CAT_PRD_ENTT_MDA_GLR_VAL_VAL_ID_CAT_PRD_ENTT_MDA_GLR_VAL_ID` FOREIGN KEY (`value_id`) REFERENCES `catalog_product_entity_media_gallery` (`value_id`) ON DELETE CASCADE
) ENGINE=InnoDB AUTO_INCREMENT=72972 DEFAULT CHARSET=utf8mb3 COMMENT='Catalog Product Media Gallery Attribute Value Table';

--
-- Dumping data for table `catalog_product_entity_media_gallery_value`
--

INSERT INTO `catalog_product_entity_media_gallery_value` VALUES (45,0,11,NULL,5,0,196),(46,0,9,NULL,2,0,197),(47,0,8,NULL,2,0,198),(48,0,7,NULL,2,0,199),(50,0,16,NULL,2,0,201),(52,0,14,NULL,2,0,203),(53,0,13,NULL,2,0,204),(54,0,12,NULL,2,0,205),(55,0,17,NULL,2,0,206),(56,0,18,NULL,2,0,207),(57,0,19,NULL,2,0,208),(58,0,21,NULL,2,0,209),(59,0,20,NULL,2,0,210),(61,0,23,NULL,2,0,212),(64,0,27,NULL,2,0,215),(65,0,28,NULL,2,0,216),(66,0,29,NULL,2,0,217),(67,0,30,NULL,2,0,218),(68,0,32,NULL,2,0,219),(69,0,31,NULL,2,0,220),(70,0,33,NULL,2,0,221),(71,0,34,NULL,2,0,222),(72,0,35,NULL,2,0,223),(73,0,37,NULL,2,0,224),(74,0,36,NULL,2,0,225),(51,0,15,NULL,2,0,226),(60,0,22,NULL,2,0,227),(62,0,25,NULL,2,0,228),(63,0,26,NULL,2,0,229),(49,1,3,NULL,5,0,72964),(48,1,7,NULL,2,0,72967),(49,0,3,NULL,5,0,72968),(75,0,40,NULL,1,0,72971);

--
-- Table structure for table `catalog_product_entity_media_gallery_value_to_entity`
--

CREATE TABLE `catalog_product_entity_media_gallery_value_to_entity` (
  `value_id` int unsigned NOT NULL COMMENT 'Value media Entry ID',
  `entity_id` int unsigned NOT NULL COMMENT 'Product Entity ID',
  PRIMARY KEY (`value_id`,`entity_id`),
  KEY `CAT_PRD_ENTT_MDA_GLR_VAL_TO_ENTT_ENTT_ID_CAT_PRD_ENTT_ENTT_ID` (`entity_id`),
  CONSTRAINT `CAT_PRD_ENTT_MDA_GLR_VAL_TO_ENTT_ENTT_ID_CAT_PRD_ENTT_ENTT_ID` FOREIGN KEY (`entity_id`) REFERENCES `catalog_product_entity` (`entity_id`) ON DELETE CASCADE,
  CONSTRAINT `FK_A6C6C8FAA386736921D3A7C4B50B1185` FOREIGN KEY (`value_id`) REFERENCES `catalog_product_entity_media_gallery` (`value_id`) ON DELETE CASCADE
) ENGINE=InnoDB DEFAULT CHARSET=utf8mb3 COMMENT='Link Media value to Product entity table';

--
-- Dumping data for table `catalog_product_entity_media_gallery_value_to_entity`
--

INSERT INTO `catalog_product_entity_media_gallery_value_to_entity` VALUES (49,3),(48,7),(47,8),(46,9),(45,11),(54,12),(53,13),(52,14),(51,15),(50,16),(55,17),(56,18),(57,19),(59,20),(58,21),(60,22),(61,23),(62,25),(63,26),(64,27),(65,28),(66,29),(67,30),(69,31),(68,32),(70,33),(71,34),(72,35),(74,36),(73,37),(75,40);

--
-- Table structure for table `catalog_product_entity_media_gallery_value_video`
--

CREATE TABLE `catalog_product_entity_media_gallery_value_video` (
  `value_id` int unsigned NOT NULL COMMENT 'Media Entity ID',
  `store_id` smallint unsigned NOT NULL DEFAULT '0' COMMENT 'Store ID',
  `provider` varchar(32) DEFAULT NULL COMMENT 'Video provider ID',
  `url` text COMMENT 'Video URL',
  `title` varchar(255) DEFAULT NULL COMMENT 'Title',
  `description` text COMMENT 'Page Meta Description',
  `metadata` text COMMENT 'Video meta data',
  PRIMARY KEY (`value_id`,`store_id`),
  KEY `CAT_PRD_ENTT_MDA_GLR_VAL_VIDEO_STORE_ID_STORE_STORE_ID` (`store_id`),
  CONSTRAINT `CAT_PRD_ENTT_MDA_GLR_VAL_VIDEO_STORE_ID_STORE_STORE_ID` FOREIGN KEY (`store_id`) REFERENCES `store` (`store_id`) ON DELETE CASCADE,
  CONSTRAINT `FK_6FDF205946906B0E653E60AA769899F8` FOREIGN KEY (`value_id`) REFERENCES `catalog_product_entity_media_gallery` (`value_id`) ON DELETE CASCADE
) ENGINE=InnoDB DEFAULT CHARSET=utf8mb3 COMMENT='Catalog Product Video Table';

--
-- Dumping data for table `catalog_product_entity_media_gallery_value_video`
--


--
-- Table structure for table `catalog_product_entity_text`
--

CREATE TABLE `catalog_product_entity_text` (
  `value_id` int NOT NULL AUTO_INCREMENT COMMENT 'Value ID',
  `attribute_id` smallint unsigned NOT NULL DEFAULT '0' COMMENT 'Attribute ID',
  `store_id` smallint unsigned NOT NULL DEFAULT '0' COMMENT 'Store ID',
  `entity_id` int unsigned NOT NULL DEFAULT '0' COMMENT 'Entity ID',
  `value` mediumtext COMMENT 'Value',
  PRIMARY KEY (`value_id`),
  UNIQUE KEY `CATALOG_PRODUCT_ENTITY_TEXT_ENTITY_ID_ATTRIBUTE_ID_STORE_ID` (`entity_id`,`attribute_id`,`store_id`),
  KEY `CATALOG_PRODUCT_ENTITY_TEXT_ATTRIBUTE_ID` (`attribute_id`),
  KEY `CATALOG_PRODUCT_ENTITY_TEXT_STORE_ID` (`store_id`),
  CONSTRAINT `CAT_PRD_ENTT_TEXT_ATTR_ID_EAV_ATTR_ATTR_ID` FOREIGN KEY (`attribute_id`) REFERENCES `eav_attribute` (`attribute_id`) ON DELETE CASCADE,
  CONSTRAINT `CAT_PRD_ENTT_TEXT_ENTT_ID_CAT_PRD_ENTT_ENTT_ID` FOREIGN KEY (`entity_id`) REFERENCES `catalog_product_entity` (`entity_id`) ON DELETE CASCADE,
  CONSTRAINT `CATALOG_PRODUCT_ENTITY_TEXT_STORE_ID_STORE_STORE_ID` FOREIGN KEY (`store_id`) REFERENCES `store` (`store_id`) ON DELETE CASCADE
) ENGINE=InnoDB AUTO_INCREMENT=197 DEFAULT CHARSET=utf8mb3 COMMENT='Catalog Product Text Attribute Backend Table';

--
-- Dumping data for table `catalog_product_entity_text`
--

INSERT INTO `catalog_product_entity_text` VALUES (12,85,0,3,'Taconazo'),(13,138,0,3,'0'),(20,76,0,3,'El Taconazo es un restaurante de comida mexicana tradicional que ofrece una amplia variedad de tacos, burritos, enchiladas y otros platos típicos. Todos los platos están elaborados con ingredientes frescos y de temporada, y se preparan con el auténtico sabor mexicano.'),(21,85,0,7,'La Cocina de Abuelita'),(22,138,0,7,'0'),(23,76,0,7,'La Cocina de Abuelita es un restaurante que ofrece una experiencia gastronómica auténticamente mexicana. Los platos están elaborados con recetas tradicionales que han sido transmitidas de generación en generación. El ambiente es cálido y acogedor, y el servicio es excelente.'),(24,85,0,8,' El Sabor de México'),(25,76,0,8,'El Sabor de México es un restaurante que ofrece una amplia variedad de platos mexicanos de todo el país. Los platos están elaborados con ingredientes frescos y de temporada, y se preparan con el auténtico sabor de cada región.'),(26,138,0,8,'0'),(27,85,0,9,'El mariachi loco'),(28,138,0,9,'0'),(29,76,0,9,'El Mariachi Loco es un restaurante que ofrece una experiencia gastronómica única y divertida. Los platos están acompañados de música en vivo de mariachis, y el ambiente es animado y festivo.\r\n\r\n'),(32,76,0,11,'La Taquería del Barrio es un restaurante informal que ofrece una amplia variedad de tacos, burritos y otros platos mexicanos. Los platos son económicos y deliciosos, y el ambiente es relajado y casual.\r\n\r\n'),(33,138,0,11,'0'),(34,76,0,12,'La Bottega del Pastaio es un restaurante especializado en pasta fresca hecha a mano. Los platos de pasta están elaborados con ingredientes frescos y de temporada, y se sirven con una variedad de salsas tradicionales italianas. El ambiente es informal y acogedor, y el servicio es excelente.\r\n\r\n'),(35,138,0,12,'0'),(36,76,0,13,'La Trattoria dell\'Amore es un restaurante romántico que ofrece una experiencia gastronómica única. Los platos están elaborados con ingredientes frescos y de temporada, y se sirven en un ambiente íntimo y acogedor. La música de fondo es suave y romántica, y el servicio es atento y discreto.\r\n\r\n\r\n'),(37,138,0,13,'0'),(38,76,0,14,'La Trattoria dell\'Amore es un restaurante romántico que ofrece una experiencia gastronómica única. Los platos están elaborados con ingredientes frescos y de temporada, y se sirven en un ambiente íntimo y acogedor. La música de fondo es suave y romántica, y el servicio es atento y discreto.\r\n\r\n\r\n'),(39,138,0,14,'0'),(40,85,0,15,'Il Ristorante di Marco'),(41,76,0,15,'Il Ristorante di Marco es un restaurante elegante y sofisticado que ofrece una experiencia gastronómica inolvidable. Los platos están elaborados con ingredientes de la más alta calidad, y se preparan con un toque moderno. El ambiente es elegante y sofisticado, y el servicio es impecable.\r\n\r\n'),(42,138,0,15,'0'),(43,85,0,16,'La Pizzaria del Sole'),(44,76,0,16,'La Pizzaria del Sole es un restaurante informal que ofrece una amplia variedad de pizzas. Las pizzas están elaboradas con ingredientes frescos y de temporada, y se sirven en un ambiente relajado y casual. El servicio es rápido y eficiente, y el precio es asequible.\r\n\r\n'),(45,138,0,16,'0'),(46,85,0,17,'The Butcher\'s Table'),(47,76,0,17,'The Butcher\'s Table es un restaurante de comida americana que ofrece una amplia variedad de platos elaborados con carnes de primera calidad. La carne es cortada y preparada por los expertos carniceros del restaurante, y se sirve en una variedad de platos creativos y deliciosos. El ambiente es elegante y sofisticado, y el servicio es impecable.\r\n\r\n'),(48,138,0,17,'0'),(49,85,0,18,'The Diner'),(50,76,0,18,'The Diner es un restaurante informal que ofrece una amplia variedad de platos clásicos americanos, como hamburguesas, hot dogs, costillas y pollo frito. Los platos son económicos y deliciosos, y el ambiente es relajado y casual. El servicio es rápido y eficiente, y el precio es asequible.\r\n\r\n'),(51,138,0,18,'0'),(52,85,0,19,'The Roadhouse'),(53,76,0,19,'The Roadhouse es un restaurante que ofrece una experiencia gastronómica única. Los platos están elaborados con ingredientes frescos y de temporada, y se sirven en un ambiente rústico y acogedor. La música de fondo es country y rock and roll, y el servicio es divertido y animado.\r\n\r\n'),(54,138,0,19,'0'),(55,85,0,20,'The Speakeasy'),(56,76,0,20,'The Speakeasy es un restaurante clandestino que ofrece una experiencia gastronómica secreta. Los platos están elaborados con ingredientes exóticos y exclusivos, y se sirven en un ambiente misterioso y oculto. La música de fondo es jazz y blues, y el servicio es discreto y elegante.\r\n\r\n'),(57,138,0,20,'0'),(58,85,0,21,'BBQ Joint'),(59,76,0,21,'The BBQ Joint es un restaurante especializado en barbacoa americana. La barbacoa se cocina a fuego lento durante horas, y se sirve en una variedad de platos deliciosos. El ambiente es informal y acogedor, y el servicio es atento y amable.\r\n\r\n'),(60,138,0,21,'0'),(61,85,0,22,'Dulce Tentación'),(62,76,0,22,'La Dulce Tentación es un restaurante de postres que ofrece una amplia variedad de postres deliciosos y creativos. Los postres están elaborados con ingredientes frescos y de temporada, y se sirven en un ambiente elegante y sofisticado.\r\n\r\nEl restaurante está decorado con colores pastel y flores frescas. La música de fondo es suave y relajante. El servicio es atento y amable.\r\n\r\nLa Dulce Tentación es el lugar perfecto para disfrutar de un postre delicioso y especial. El restaurante ofrece una amplia variedad de postres para todos los gustos, desde los clásicos hasta los más innovadores. \r\n'),(63,138,0,22,'0'),(64,85,0,23,'Rincón del Dulce'),(65,76,0,23,'El Rincón del Dulce es un restaurante de postres que ofrece una experiencia gastronómica única. El restaurante está inspirado en el cuento de hadas de Alicia en el País de las Maravillas.\r\n\r\nEl restaurante está decorado con elementos del cuento, como setas gigantes, puertas con llave y relojes parlantes. La música de fondo es alegre y divertida. El servicio es amable y divertido.\r\n\r\nEl Rincón del Dulce es el lugar perfecto para disfrutar de una experiencia gastronómica mágica. El restaurante ofrece una variedad de postres deliciosos y creativos que te harán sentir como si estuvieras en un cuento de hadas.'),(66,138,0,23,'0'),(69,85,0,25,'La Casa del Helado'),(70,76,0,25,'La Casa del Helado es un restaurante de postres especializado en helado. El restaurante ofrece una amplia variedad de sabores de helado, desde los clásicos hasta los más exóticos.\r\n\r\nEl restaurante está decorado con colores vivos y alegres. La música de fondo es animada y divertida. El servicio es rápido y eficiente.\r\n\r\nLa Casa del Helado es el lugar perfecto para disfrutar de un helado delicioso y refrescante. El restaurante ofrece una amplia variedad de sabores para todos los gustos.'),(71,138,0,25,'0'),(72,85,0,26,'La Pastelería de Julia'),(73,76,0,26,'La Pastelería de Julia es un restaurante de postres que ofrece una experiencia gastronómica familiar. El restaurante está dirigido por Julia, una pastelera con más de 20 años de experiencia.\r\n\r\nEl restaurante está decorado con colores cálidos y acogedores. La música de fondo es suave y relajante. El servicio es atento y amable.\r\n\r\nLa Pastelería de Julia es el lugar perfecto para disfrutar de un postre delicioso y casero. El restaurante ofrece una variedad de postres clásicos y tradicionales, perfectos para compartir en familia. '),(74,138,0,26,'0'),(75,85,0,27,'El Paraíso de los Dulces'),(76,76,0,27,'El Paraíso de los Dulces es un restaurante de postres que ofrece una experiencia gastronómica inolvidable. El restaurante está decorado con colores brillantes y llamativos. La música de fondo es animada y divertida. El servicio es atento y amable.\r\n\r\nEl Paraíso de los Dulces es el lugar perfecto para disfrutar de una experiencia gastronómica única. El restaurante ofrece una variedad de postres deliciosos y creativos que te harán sentir como si estuvieras en un sueño. '),(77,138,0,27,'0'),(78,85,0,28,'El Tigre de Oriente'),(79,76,0,28,'El Tigre de Oriente es un restaurante de comida asiática que ofrece una amplia variedad de platos de toda la región. Los platos están elaborados con ingredientes frescos y de temporada, y se sirven en un ambiente elegante y sofisticado.\r\n\r\nEl restaurante está decorado con elementos orientales, como papel de arroz, bambú y estatuas de Buda. La música de fondo es suave y relajante. El servicio es atento y amable.\r\n\r\nEl Tigre de Oriente es el lugar perfecto para disfrutar de una experiencia gastronómica única. El restaurante ofrece una variedad de platos deliciosos y creativos que te harán sentir como si estuvieras en el corazón de Asia. '),(80,138,0,28,'0'),(81,85,0,29,'Kimchi'),(82,76,0,29,'El Kimchi es un restaurante de comida coreana que ofrece una experiencia gastronómica única. El restaurante está inspirado en la cultura coreana.\r\n\r\nEl restaurante está decorado con elementos coreanos, como papel de arroz, bambú y máscaras tradicionales. La música de fondo es animada y divertida. El servicio es atento y amable.\r\n\r\nEl Kimchi es el lugar perfecto para disfrutar de una experiencia gastronómica auténtica. El restaurante ofrece una variedad de platos deliciosos y saludables que te harán sentir como si estuvieras en la mismísima Corea.'),(83,138,0,29,'0'),(84,85,0,30,'El Wok de Pekín'),(85,76,0,30,'El Wok de Pekín es un restaurante de comida china que ofrece una experiencia gastronómica tradicional. El restaurante está especializado en platos cocinados al wok.\r\n\r\nEl restaurante está decorado con elementos chinos, como papel de arroz, bambú y dragones. La música de fondo es animada y divertida. El servicio es rápido y eficiente.\r\n\r\nEl Wok de Pekín es el lugar perfecto para disfrutar de una comida china auténtica. El restaurante ofrece una variedad de platos deliciosos y sabrosos que te harán sentir como si estuvieras en la mismísima ciudad de Pekín.'),(86,138,0,30,'0'),(87,85,0,31,'Sushi Bar'),(88,76,0,31,'El Sushi Bar es un restaurante de comida japonesa especializado en sushi. El restaurante ofrece una amplia variedad de sushi, desde los clásicos hasta los más innovadores.\r\n\r\nEl restaurante está decorado con elementos japoneses, como bambú, papel de arroz y cerezos en flor. La música de fondo es relajante y tranquila. El servicio es atento y amable.\r\n\r\nEl Sushi Bar es el lugar perfecto para disfrutar de un delicioso sushi. El restaurante ofrece una variedad de rolls para todos los gustos.'),(89,138,0,31,'0'),(90,85,0,32,'El Ramen'),(91,76,0,32,'El Ramen es un restaurante de comida japonesa especializado en ramen. El restaurante ofrece una amplia variedad de ramen, desde los clásicos hasta los más innovadores.\r\n\r\nEl restaurante está decorado con elementos japoneses, como bambú, papel de arroz y cerezos en flor. La música de fondo es relajante y tranquila. El servicio es atento y amable.\r\n\r\nEl Ramen es el lugar perfecto para disfrutar de un delicioso ramen. El restaurante ofrece una variedad de platos para todos los gustos.'),(92,138,0,32,'0'),(93,85,0,33,'El Huerto'),(94,76,0,33,'El Huerto es un restaurante vegano que ofrece una experiencia gastronómica saludable y sostenible. El restaurante está inspirado en la naturaleza.\r\n\r\nEl restaurante está decorado con elementos naturales, como plantas, flores y madera. La música de fondo es relajante y tranquila. El servicio es atento y amable.\r\n\r\nEl Huerto es el lugar perfecto para disfrutar de una comida deliciosa y saludable. El restaurante ofrece una variedad de platos frescos y nutritivos, elaborados con ingredientes de temporada. '),(95,138,0,33,'0'),(96,85,0,34,'El Bosque'),(97,76,0,34,'El Bosque es un restaurante vegano que ofrece una experiencia gastronómica única. El restaurante está inspirado en el bosque, un lugar de paz y armonía.\r\n\r\nEl restaurante está decorado con elementos forestales, como árboles, hojas y rocas. La música de fondo es suave y relajante. El servicio es atento y amable.\r\n\r\nEl Bosque es el lugar perfecto para disfrutar de una experiencia gastronómica inolvidable. El restaurante ofrece una variedad de platos deliciosos y creativos que te harán sentir como si estuvieras en un bosque encantado. '),(98,138,0,34,'0'),(99,85,0,35,'El Mercado'),(100,76,0,35,'El Mercado es un restaurante vegano que ofrece una experiencia gastronómica variada. El restaurante está inspirado en el mercado, un lugar donde se encuentra una gran variedad de productos.\r\n\r\nEl restaurante está decorado con elementos de mercado, como puestos de frutas, verduras y especias. La música de fondo es animada y divertida. El servicio es rápido y eficiente.\r\n\r\nEl Mercado es el lugar perfecto para disfrutar de una comida deliciosa y variada. El restaurante ofrece una variedad de platos para todos los gustos, desde los más tradicionales hasta los más innovadores.'),(101,138,0,35,'0'),(102,85,0,36,'La Terraza'),(103,76,0,36,'La Terraza es un restaurante vegano que ofrece una experiencia gastronómica al aire libre. El restaurante está ubicado en una terraza con vistas a la ciudad.\r\n\r\nEl restaurante está decorado con elementos naturales, como plantas, flores y madera. La música de fondo es relajante y tranquila. El servicio es atento y amable.\r\n\r\nLa Terraza es el lugar perfecto para disfrutar de una comida deliciosa y romántica. El restaurante ofrece una variedad de platos frescos y nutritivos, perfectos para una cena al aire libre. '),(104,138,0,36,'0'),(105,85,0,37,'La Cocina'),(106,76,0,37,'La Cocina es un restaurante vegano que ofrece una experiencia gastronómica casera. El restaurante está inspirado en la cocina tradicional.\r\n\r\nEl restaurante está decorado con elementos hogareños, como manteles de tela, flores frescas y fotografías familiares. La música de fondo es suave y relajante. El servicio es atento y amable.\r\n\r\nLa Cocina es el lugar perfecto para disfrutar de una comida deliciosa y familiar. El restaurante ofrece una variedad de platos clásicos y tradicionales, perfectos para una comida en casa. '),(107,138,0,37,'0'),(108,85,0,38,'Antojitos Poblanos'),(109,138,0,38,'0'),(123,178,0,3,'Mexicana, Restaurante'),(127,178,1,3,'Mexicana, Restaurante'),(128,85,1,3,'Taconazo'),(129,76,1,3,'El Taconazo es un restaurante de comida mexicana tradicional que ofrece una amplia variedad de tacos, burritos, enchiladas y otros platos típicos. Todos los platos están elaborados con ingredientes frescos y de temporada, y se preparan con el auténtico sabor mexicano.'),(130,138,1,3,'0'),(131,75,0,39,'<div data-content-type=\"html\" data-appearance=\"default\" data-element=\"main\">Esta es una prueba</div>'),(132,178,0,39,'Mexicana, Restaurante'),(133,85,0,40,'Producto de prueba'),(134,76,0,40,'aca una breve descripcion'),(135,138,0,40,'0'),(136,178,0,40,'Restaurante, Bares'),(137,75,0,41,'Esta es una prueba'),(138,138,0,41,'0'),(139,178,0,41,'Mexicana, Restaurante'),(140,75,0,42,'Esta es una prueba'),(141,138,0,42,'0'),(142,178,0,42,'Mexicana, Restaurante'),(143,75,1,42,'Esta es una prueba'),(146,75,0,43,'Esta es una prueba'),(147,138,0,43,'0'),(148,178,0,43,'Mexicana, Restaurante'),(149,75,0,44,'Esta es una prueba'),(150,138,0,44,'0'),(151,178,0,44,'Mexicana, Restaurante'),(152,75,1,44,'Esta es una prueba'),(154,75,0,45,'Esta es una prueba'),(155,138,0,45,'0'),(156,178,0,45,'Mexicana, Restaurante'),(158,75,0,46,'Esta es una prueba'),(159,138,0,46,'0'),(160,178,0,46,'Mexicana, Restaurante'),(161,75,1,46,'Esta es una prueba'),(163,75,0,47,'Esta es una prueba'),(164,138,0,47,'0'),(165,178,0,47,'Mexicana, Restaurante'),(166,75,0,48,'Esta es una prueba'),(167,76,0,48,'aca una breve descripcion'),(168,138,0,48,'0'),(169,178,0,48,'Mexicana, Restaurante'),(170,75,0,49,'Esta es una prueba'),(171,76,0,49,'aca una breve descripcion'),(172,138,0,49,'0'),(173,178,0,49,'Mexicana, Restaurante'),(174,75,0,50,'Esta es una prueba'),(175,76,0,50,'aca una breve descripcion'),(176,138,0,50,'0'),(177,178,0,50,'Mexicana, Restaurante'),(178,75,0,51,'Esta es una prueba'),(179,76,0,51,'aca una breve descripcion'),(180,138,0,51,'0'),(181,178,0,51,'Mexicana, Restaurante'),(182,75,1,51,'Esta es una prueba'),(183,76,1,51,'aca una breve descripcion'),(185,75,0,52,'Esta es una prueba'),(186,76,0,52,'aca una breve descripcion'),(187,138,0,52,'0'),(188,178,0,52,'Mexicana, Restaurante'),(189,75,0,53,'Esta es una prueba'),(190,76,0,53,'aca una breve descripcion'),(191,138,0,53,'0'),(192,178,0,53,'Mexicana, Restaurante'),(193,75,0,54,'Esta es una prueba'),(194,76,0,54,'aca una breve descripcion'),(195,138,0,54,'0'),(196,178,0,54,'Mexicana, Restaurante');

--
-- Table structure for table `catalog_product_entity_tier_price`
--

CREATE TABLE `catalog_product_entity_tier_price` (
  `value_id` int NOT NULL AUTO_INCREMENT COMMENT 'Value ID',
  `entity_id` int unsigned NOT NULL DEFAULT '0' COMMENT 'Entity ID',
  `all_groups` smallint unsigned NOT NULL DEFAULT '1' COMMENT 'Is Applicable To All Customer Groups',
  `customer_group_id` int unsigned NOT NULL DEFAULT '0' COMMENT 'Customer Group ID',
  `qty` decimal(12,4) NOT NULL DEFAULT '1.0000' COMMENT 'QTY',
  `value` decimal(20,6) NOT NULL DEFAULT '0.000000' COMMENT 'Value',
  `website_id` smallint unsigned NOT NULL COMMENT 'Website ID',
  `percentage_value` decimal(5,2) DEFAULT NULL COMMENT 'Percentage value',
  PRIMARY KEY (`value_id`),
  UNIQUE KEY `UNQ_E8AB433B9ACB00343ABB312AD2FAB087` (`entity_id`,`all_groups`,`customer_group_id`,`qty`,`website_id`),
  KEY `CATALOG_PRODUCT_ENTITY_TIER_PRICE_CUSTOMER_GROUP_ID` (`customer_group_id`),
  KEY `CATALOG_PRODUCT_ENTITY_TIER_PRICE_WEBSITE_ID` (`website_id`),
  CONSTRAINT `CAT_PRD_ENTT_TIER_PRICE_CSTR_GROUP_ID_CSTR_GROUP_CSTR_GROUP_ID` FOREIGN KEY (`customer_group_id`) REFERENCES `customer_group` (`customer_group_id`) ON DELETE CASCADE,
  CONSTRAINT `CAT_PRD_ENTT_TIER_PRICE_ENTT_ID_CAT_PRD_ENTT_ENTT_ID` FOREIGN KEY (`entity_id`) REFERENCES `catalog_product_entity` (`entity_id`) ON DELETE CASCADE,
  CONSTRAINT `CAT_PRD_ENTT_TIER_PRICE_WS_ID_STORE_WS_WS_ID` FOREIGN KEY (`website_id`) REFERENCES `store_website` (`website_id`) ON DELETE CASCADE
) ENGINE=InnoDB DEFAULT CHARSET=utf8mb3 COMMENT='Catalog Product Tier Price Attribute Backend Table';

--
-- Dumping data for table `catalog_product_entity_tier_price`
--


--
-- Table structure for table `catalog_product_entity_varchar`
--

CREATE TABLE `catalog_product_entity_varchar` (
  `value_id` int NOT NULL AUTO_INCREMENT COMMENT 'Value ID',
  `attribute_id` smallint unsigned NOT NULL DEFAULT '0' COMMENT 'Attribute ID',
  `store_id` smallint unsigned NOT NULL DEFAULT '0' COMMENT 'Store ID',
  `entity_id` int unsigned NOT NULL DEFAULT '0' COMMENT 'Entity ID',
  `value` varchar(255) DEFAULT NULL COMMENT 'Value',
  PRIMARY KEY (`value_id`),
  UNIQUE KEY `CATALOG_PRODUCT_ENTITY_VARCHAR_ENTITY_ID_ATTRIBUTE_ID_STORE_ID` (`entity_id`,`attribute_id`,`store_id`),
  KEY `CATALOG_PRODUCT_ENTITY_VARCHAR_ATTRIBUTE_ID` (`attribute_id`),
  KEY `CATALOG_PRODUCT_ENTITY_VARCHAR_STORE_ID` (`store_id`),
  CONSTRAINT `CAT_PRD_ENTT_VCHR_ATTR_ID_EAV_ATTR_ATTR_ID` FOREIGN KEY (`attribute_id`) REFERENCES `eav_attribute` (`attribute_id`) ON DELETE CASCADE,
  CONSTRAINT `CAT_PRD_ENTT_VCHR_ENTT_ID_CAT_PRD_ENTT_ENTT_ID` FOREIGN KEY (`entity_id`) REFERENCES `catalog_product_entity` (`entity_id`) ON DELETE CASCADE,
  CONSTRAINT `CATALOG_PRODUCT_ENTITY_VARCHAR_STORE_ID_STORE_STORE_ID` FOREIGN KEY (`store_id`) REFERENCES `store` (`store_id`) ON DELETE CASCADE
) ENGINE=InnoDB AUTO_INCREMENT=219710 DEFAULT CHARSET=utf8mb3 COMMENT='Catalog Product Varchar Attribute Backend Table';

--
-- Dumping data for table `catalog_product_entity_varchar`
--

INSERT INTO `catalog_product_entity_varchar` VALUES (196,144,0,3,'30'),(197,134,0,3,'2'),(198,160,0,3,'yacasta 336'),(199,161,0,3,'MX'),(200,162,0,3,'953'),(201,87,0,3,'/m/e/mexicana_04.png'),(202,140,0,3,'25.7286071,-100.3834796'),(203,169,0,3,'4'),(204,86,0,3,'Taconazo'),(205,84,0,3,'Taconazo'),(206,73,0,3,'El Taconazo'),(207,170,0,3,'2'),(208,106,0,3,'container2'),(209,104,0,3,'product-full-width'),(210,145,0,3,'60'),(211,143,0,3,'50'),(212,88,0,3,'/m/e/mexicana_04.png'),(213,89,0,3,'/m/e/mexicana_04.png'),(214,121,0,3,'taconazo'),(221,161,1,3,'MX'),(223,106,1,3,'container2'),(281,176,0,3,'Puebla'),(291,144,0,7,'20'),(292,176,0,7,'Puebla'),(293,134,0,7,'2'),(294,160,0,7,'Junin 8'),(295,161,0,7,'MX'),(296,162,0,7,'955'),(297,140,0,7,'19.009585, -98.239322'),(298,169,0,7,'6'),(299,86,0,7,'La Cocina de Abuelita '),(300,84,0,7,'La Cocina de Abuelita'),(301,73,0,7,'La Cocina de Abuelita'),(302,170,0,7,'1'),(303,106,0,7,'container2'),(304,104,0,7,'product-full-width'),(305,145,0,7,'1730'),(306,143,0,7,'80'),(307,121,0,7,'la-cocina-de-abuelita'),(308,87,0,7,'/m/e/mexicana_05.png'),(309,88,0,7,'/m/e/mexicana_05.png'),(310,89,0,7,'/m/e/mexicana_05.png'),(314,144,0,8,'10'),(315,176,0,8,'Puebla'),(316,134,0,8,'2'),(317,160,0,8,'Camino a morillotla 400'),(318,161,0,8,'MX'),(319,162,0,8,'955'),(320,87,0,8,'/m/e/mexicana_03.png'),(321,140,0,8,'19.038507, -98.258024'),(322,169,0,8,'100'),(323,86,0,8,' El Sabor de México '),(324,84,0,8,' El Sabor de México'),(325,73,0,8,' El Sabor de México'),(326,170,0,8,'8'),(327,106,0,8,'container2'),(328,104,0,8,'product-full-width'),(329,145,0,8,'60'),(330,143,0,8,'160'),(331,88,0,8,'/m/e/mexicana_03.png'),(332,89,0,8,'/m/e/mexicana_03.png'),(333,121,0,8,'el-sabor-de-mexico'),(340,144,0,9,'20'),(341,176,0,9,'Ciudad de mexico'),(342,134,0,9,'2'),(343,160,0,9,'Xola 181 Alamos, ciudad de mexico'),(344,161,0,9,'MX'),(345,162,0,9,'941'),(346,140,0,9,'19.394051, -99.139155'),(347,169,0,9,'50'),(348,86,0,9,'El mariachi loco '),(349,84,0,9,'El mariachi loco'),(350,73,0,9,'El mariachi loco'),(351,170,0,9,'12'),(352,106,0,9,'container2'),(353,104,0,9,'product-full-width'),(354,145,0,9,'30'),(355,143,0,9,'200'),(356,121,0,9,'el-mariachi-loco'),(357,87,0,9,'/m/e/mexicana_02.png'),(358,88,0,9,'/m/e/mexicana_02.png'),(359,89,0,9,'/m/e/mexicana_02.png'),(395,144,0,11,'30'),(396,176,0,11,'Puebla'),(397,134,0,11,'2'),(398,160,0,11,'Miguel Angel 92'),(399,161,0,11,'MX'),(400,162,0,11,'941'),(401,87,0,11,'/m/e/mexicana_01.png'),(402,140,0,11,'19.395627, -99.135254'),(403,169,0,11,'4'),(404,73,0,11,'La Taquería del Barrio'),(405,170,0,11,'2'),(406,106,0,11,'container2'),(407,104,0,11,'product-full-width'),(408,145,0,11,'60'),(409,143,0,11,'50'),(410,88,0,11,'/m/e/mexicana_01.png'),(411,89,0,11,'/m/e/mexicana_01.png'),(412,121,0,11,'taconazo-2'),(416,161,1,11,'MX'),(417,106,1,11,'container2'),(427,144,0,12,'20'),(428,176,0,12,'Puebla'),(429,134,0,12,'2'),(430,160,0,12,'23 poniente 1102'),(431,161,0,12,'MX'),(432,162,0,12,'955'),(433,87,0,12,'/i/t/italiana_05.png'),(434,140,0,12,'19.040005, -98.211230'),(435,169,0,12,'6'),(436,73,0,12,'Bottega del Pastaio'),(437,170,0,12,'1'),(438,106,0,12,'container2'),(439,104,0,12,'product-full-width'),(440,145,0,12,'1730'),(441,143,0,12,'80'),(442,88,0,12,'/i/t/italiana_05.png'),(443,89,0,12,'/i/t/italiana_05.png'),(444,121,0,12,'la-cocina-de-abuelita-1'),(457,144,0,13,'20'),(458,176,0,13,'Puebla'),(459,134,0,13,'2'),(460,160,0,13,'Camino al batan'),(461,161,0,13,'MX'),(462,162,0,13,'955'),(463,87,0,13,'/i/t/italiana_03.png'),(464,140,0,13,'18.995618, -98.179868'),(465,169,0,13,'6'),(466,73,0,13,'Trattoria dell\'Amore'),(467,170,0,13,'1'),(468,106,0,13,'container2'),(469,104,0,13,'product-full-width'),(470,145,0,13,'1730'),(471,143,0,13,'80'),(472,88,0,13,'/i/t/italiana_03.png'),(473,89,0,13,'/i/t/italiana_03.png'),(474,121,0,13,'la-cocina-de-abuelita-2'),(508,144,0,14,'20'),(509,176,0,14,'Puebla'),(510,134,0,14,'2'),(511,160,0,14,'Camino al batan'),(512,161,0,14,'MX'),(513,162,0,14,'955'),(514,87,0,14,'/i/t/italiana_02.png'),(515,140,0,14,'18.995618, -98.179868'),(516,169,0,14,'6'),(517,73,0,14,'Cucina di Nonna Maria'),(518,170,0,14,'1'),(519,106,0,14,'container2'),(520,104,0,14,'product-full-width'),(521,145,0,14,'1730'),(522,143,0,14,'80'),(523,88,0,14,'/i/t/italiana_02.png'),(524,89,0,14,'/i/t/italiana_02.png'),(525,121,0,14,'nonna-maria'),(532,144,0,15,'15'),(533,176,0,15,'Ciudad de Mexico'),(534,134,0,15,'2'),(535,160,0,15,'Pueblo de San juan 12'),(536,161,0,15,'MX'),(537,162,0,15,'935'),(538,87,0,15,'/i/t/italiana_04.png'),(539,140,0,15,'19.467099, -99.092726'),(540,169,0,15,'50'),(541,86,0,15,'Il Ristorante di Marco '),(542,84,0,15,'Il Ristorante di Marco'),(543,73,0,15,'Il Ristorante di Marco'),(544,170,0,15,'10'),(545,106,0,15,'container2'),(546,104,0,15,'product-full-width'),(547,145,0,15,'30'),(548,143,0,15,'80'),(549,88,0,15,'/i/t/italiana_04.png'),(550,89,0,15,'/i/t/italiana_04.png'),(551,121,0,15,'il-ristorante-di-marco'),(558,144,0,16,'15'),(559,176,0,16,'Ciudad de México'),(560,134,0,16,'2'),(561,160,0,16,'Defensores de laRepublica 1212'),(562,161,0,16,'MX'),(563,162,0,16,'941'),(564,87,0,16,'/i/t/italiana_01.png'),(565,140,0,16,'19.474113, -99.140205'),(566,169,0,16,'25'),(567,86,0,16,'La Pizzaria del Sole '),(568,84,0,16,'La Pizzaria del Sole'),(569,73,0,16,'La Pizzaria del Sole'),(570,170,0,16,'8'),(571,106,0,16,'container2'),(572,104,0,16,'product-full-width'),(573,145,0,16,'30'),(574,143,0,16,'90'),(575,88,0,16,'/i/t/italiana_01.png'),(576,89,0,16,'/i/t/italiana_01.png'),(577,121,0,16,'la-pizzaria-del-sole'),(584,144,0,17,'20'),(585,176,0,17,'Puebla'),(586,134,0,17,'2'),(587,160,0,17,'LA paz 302'),(588,161,0,17,'MX'),(589,162,0,17,'955'),(590,87,0,17,'/a/m/americana_01.png'),(591,140,0,17,'19.055023, -98.227312'),(592,169,0,17,'80'),(593,86,0,17,'The Butcher\'s Table '),(594,84,0,17,'The Butcher\'s Table'),(595,73,0,17,'The Butcher\'s Table'),(596,170,0,17,'12'),(597,106,0,17,'container2'),(598,104,0,17,'product-full-width'),(599,145,0,17,'30'),(600,143,0,17,'120'),(601,88,0,17,'/a/m/americana_01.png'),(602,89,0,17,'/a/m/americana_01.png'),(603,121,0,17,'the-butcher-s-table'),(610,144,0,18,'20'),(611,176,0,18,'Puebla'),(612,134,0,18,'2'),(613,160,0,18,'Tierra y libertad 25D'),(614,161,0,18,'MX'),(615,162,0,18,'955'),(616,87,0,18,'/a/m/americana_02.png'),(617,140,0,18,'19.055902, -98.217432'),(618,169,0,18,'50'),(619,86,0,18,'The Diner '),(620,84,0,18,'The Diner'),(621,73,0,18,'The Diner'),(622,170,0,18,'6'),(623,106,0,18,'container2'),(624,104,0,18,'product-full-width'),(625,145,0,18,'30'),(626,143,0,18,'120'),(627,88,0,18,'/a/m/americana_02.png'),(628,89,0,18,'/a/m/americana_02.png'),(629,121,0,18,'the-diner'),(636,144,0,19,'20'),(637,176,0,19,'Puebla'),(638,134,0,19,'2'),(639,160,0,19,'Benito Juarez 124D'),(640,161,0,19,'MX'),(641,162,0,19,'955'),(642,87,0,19,'/a/m/americana_03.png'),(643,140,0,19,'19.040663, -98.221302'),(644,169,0,19,'35'),(645,86,0,19,'The Roadhouse '),(646,84,0,19,'The Roadhouse'),(647,73,0,19,'The Roadhouse'),(648,170,0,19,'6'),(649,106,0,19,'container2'),(650,104,0,19,'product-full-width'),(651,145,0,19,'20'),(652,143,0,19,'80'),(653,88,0,19,'/a/m/americana_03.png'),(654,89,0,19,'/a/m/americana_03.png'),(655,121,0,19,'the-roadhouse'),(662,144,0,20,'15'),(663,176,0,20,'Ciudad de Mexico'),(664,134,0,20,'2'),(665,160,0,20,'Cove 1120'),(666,161,0,20,'MX'),(667,162,0,20,'941'),(668,87,0,20,'/a/m/americana_04.png'),(669,140,0,20,'19.400183, -99.199308'),(670,169,0,20,'35'),(671,86,0,20,'The Speakeasy '),(672,84,0,20,'The Speakeasy'),(673,73,0,20,'The Speakeasy'),(674,170,0,20,'6'),(675,106,0,20,'container2'),(676,104,0,20,'product-full-width'),(677,145,0,20,'20'),(678,143,0,20,'80'),(679,88,0,20,'/a/m/americana_04.png'),(680,89,0,20,'/a/m/americana_04.png'),(681,121,0,20,'the-speakeasy'),(688,144,0,21,'30'),(689,176,0,21,'Ciudad de Mexico'),(690,134,0,21,'2'),(691,160,0,21,'Obrera 710'),(692,161,0,21,'MX'),(693,162,0,21,'955'),(694,87,0,21,'/a/m/americana_05.png'),(695,140,0,21,'19.417505, -99.134448'),(696,169,0,21,'100'),(697,86,0,21,'BBQ Joint '),(698,84,0,21,'BBQ Joint'),(699,73,0,21,'BBQ Joint'),(700,170,0,21,'10'),(701,106,0,21,'container2'),(702,104,0,21,'product-full-width'),(703,145,0,21,'60'),(704,143,0,21,'200'),(705,88,0,21,'/a/m/americana_05.png'),(706,89,0,21,'/a/m/americana_05.png'),(707,121,0,21,'bbq-joint'),(714,144,0,22,'15'),(715,176,0,22,'Ciudad de México'),(716,134,0,22,'2'),(717,160,0,22,'Morelos 644, Tepito Ciudad de Mexico'),(718,161,0,22,'MX'),(719,162,0,22,'955'),(720,87,0,22,'/p/o/postres_02.png'),(721,140,0,22,'19.448038, -99.130439'),(722,169,0,22,'25'),(723,86,0,22,'Dulce Tentación '),(724,84,0,22,'Dulce Tentación'),(725,73,0,22,'Dulce Tentación'),(726,170,0,22,'4'),(727,106,0,22,'container2'),(728,104,0,22,'product-full-width'),(729,145,0,22,'20'),(730,143,0,22,'80'),(731,88,0,22,'/p/o/postres_02.png'),(732,89,0,22,'/p/o/postres_02.png'),(733,121,0,22,'dulce-tentacion'),(740,144,0,23,'10'),(741,176,0,23,'Ciudad de Mexico'),(742,134,0,23,'2'),(743,160,0,23,'Tabacalera 1232, CDMX'),(744,161,0,23,'MX'),(745,162,0,23,'955'),(746,87,0,23,'/p/o/postres_03.png'),(747,140,0,23,'19.436844, -99.152123'),(748,169,0,23,'12'),(749,86,0,23,'Rincón del Dulce '),(750,84,0,23,'Rincón del Dulce'),(751,73,0,23,'Rincón del Dulce'),(752,170,0,23,'4'),(753,106,0,23,'container2'),(754,104,0,23,'product-full-width'),(755,145,0,23,'15'),(756,143,0,23,'60'),(757,88,0,23,'/p/o/postres_03.png'),(758,89,0,23,'/p/o/postres_03.png'),(759,121,0,23,'rincon-del-dulce'),(790,144,0,25,'10'),(791,176,0,25,'Ciudad de México'),(792,134,0,25,'2'),(793,160,0,25,'Avenida Juarez 34, CDMX'),(794,161,0,25,'MX'),(795,162,0,25,'955'),(796,87,0,25,'/p/o/postres_01.png'),(797,140,0,25,'19.434641, -99.143605'),(798,169,0,25,'8'),(799,86,0,25,'La Casa del Helado '),(800,84,0,25,'La Casa del Helado'),(801,73,0,25,'La Casa del Helado'),(802,170,0,25,'2'),(803,106,0,25,'container2'),(804,104,0,25,'product-full-width'),(805,145,0,25,'30'),(806,143,0,25,'60'),(807,88,0,25,'/p/o/postres_01.png'),(808,89,0,25,'/p/o/postres_01.png'),(809,121,0,25,'la-casa-del-helado'),(816,144,0,26,'10'),(817,176,0,26,'Puebla'),(818,134,0,26,'2'),(819,160,0,26,'Boulevard Municipio Libre, Paseo Destino local 10, Puebla, Puebla'),(820,161,0,26,'MX'),(821,162,0,26,'955'),(822,87,0,26,'/p/o/postres_04.png'),(823,140,0,26,'19.009889, -98.245628'),(824,169,0,26,'30'),(825,86,0,26,'La Pastelería de Julia '),(826,84,0,26,'La Pastelería de Julia'),(827,73,0,26,'La Pastelería de Julia'),(828,170,0,26,'4'),(829,106,0,26,'container2'),(830,104,0,26,'product-full-width'),(831,145,0,26,'60'),(832,143,0,26,'80'),(833,88,0,26,'/p/o/postres_04.png'),(834,89,0,26,'/p/o/postres_04.png'),(835,121,0,26,'la-pasteleria-de-julia'),(842,144,0,27,'15'),(843,176,0,27,'Puebla'),(844,134,0,27,'2'),(845,160,0,27,'27 poniente 2107, Puebla Puebla'),(846,161,0,27,'MX'),(847,162,0,27,'955'),(848,87,0,27,'/p/o/postres_05.png'),(849,140,0,27,'19.042249, -98.219505'),(850,169,0,27,'80'),(851,86,0,27,'El Paraíso de los Dulces '),(852,84,0,27,'El Paraíso de los Dulces'),(853,73,0,27,'El Paraíso de los Dulces'),(854,170,0,27,'8'),(855,106,0,27,'container2'),(856,104,0,27,'product-full-width'),(857,145,0,27,'60'),(858,143,0,27,'120'),(859,88,0,27,'/p/o/postres_05.png'),(860,89,0,27,'/p/o/postres_05.png'),(861,121,0,27,'el-paraiso-de-los-dulces'),(868,144,0,28,'20'),(869,176,0,28,'Puebla'),(870,134,0,28,'2'),(871,160,0,28,'Prolongación de la 11 sur 11290'),(872,161,0,28,'MX'),(873,162,0,28,'955'),(874,87,0,28,'/a/s/asiatica_01.png'),(875,140,0,28,'19.031177, -98.217178'),(876,169,0,28,'80'),(877,86,0,28,'El Tigre de Oriente '),(878,84,0,28,'El Tigre de Oriente'),(879,73,0,28,'El Tigre de Oriente'),(880,170,0,28,'10'),(881,106,0,28,'container2'),(882,104,0,28,'product-full-width'),(883,145,0,28,'60'),(884,143,0,28,'120'),(885,88,0,28,'/a/s/asiatica_01.png'),(886,89,0,28,'/a/s/asiatica_01.png'),(887,121,0,28,'el-tigre-de-oriente'),(894,144,0,29,'15'),(895,176,0,29,'Puebla'),(896,134,0,29,'2'),(897,160,0,29,'Boulevard del niño poblano 305, Local 2'),(898,161,0,29,'MX'),(899,162,0,29,'955'),(900,87,0,29,'/a/s/asiatica_02.png'),(901,140,0,29,'19.032574, -98.238634'),(902,169,0,29,'50'),(903,86,0,29,'Kimchi '),(904,84,0,29,'Kimchi'),(905,73,0,29,'Kimchi'),(906,170,0,29,'6'),(907,106,0,29,'container2'),(908,104,0,29,'product-full-width'),(909,145,0,29,'30'),(910,143,0,29,'120'),(911,88,0,29,'/a/s/asiatica_02.png'),(912,89,0,29,'/a/s/asiatica_02.png'),(913,121,0,29,'kimchi'),(920,144,0,30,'15'),(921,176,0,30,'Ciudad de México'),(922,134,0,30,'2'),(923,160,0,30,'Esperanza 12'),(924,161,0,30,'MX'),(925,162,0,30,'941'),(926,87,0,30,'/a/s/asiatica_04.png'),(927,140,0,30,'19.418213, -99.128509'),(928,169,0,30,'50'),(929,86,0,30,'El Wok de Pekín '),(930,84,0,30,'El Wok de Pekín'),(931,73,0,30,'El Wok de Pekín'),(932,170,0,30,'8'),(933,106,0,30,'container2'),(934,104,0,30,'product-full-width'),(935,145,0,30,'60'),(936,143,0,30,'80'),(937,88,0,30,'/a/s/asiatica_04.png'),(938,89,0,30,'/a/s/asiatica_04.png'),(939,121,0,30,'el-wok-de-pekin'),(946,144,0,31,'15'),(947,176,0,31,'Ciudad de México'),(948,134,0,31,'2'),(949,160,0,31,'Granada 820'),(950,161,0,31,'MX'),(951,162,0,31,'941'),(952,87,0,31,'/a/s/asiatica_05.png'),(953,140,0,31,'19.441091, -99.199736'),(954,169,0,31,'35'),(955,86,0,31,'Sushi Bar '),(956,84,0,31,'Sushi Bar'),(957,73,0,31,'Sushi Bar'),(958,170,0,31,'6'),(959,106,0,31,'container2'),(960,104,0,31,'product-full-width'),(961,145,0,31,'60'),(962,143,0,31,'80'),(963,88,0,31,'/a/s/asiatica_05.png'),(964,89,0,31,'/a/s/asiatica_05.png'),(965,121,0,31,'sushi-bar'),(972,144,0,32,'20'),(973,176,0,32,'Ciudad de México'),(974,134,0,32,'2'),(975,160,0,32,'Comonfort 32'),(976,161,0,32,'MX'),(977,162,0,32,'941'),(978,87,0,32,'/a/s/asiatica_03.png'),(979,140,0,32,'19.443645, -99.135387'),(980,169,0,32,'50'),(981,86,0,32,'El Ramen '),(982,84,0,32,'El Ramen'),(983,73,0,32,'El Ramen'),(984,170,0,32,'4'),(985,106,0,32,'container2'),(986,104,0,32,'product-full-width'),(987,145,0,32,'60'),(988,143,0,32,'120'),(989,88,0,32,'/a/s/asiatica_03.png'),(990,89,0,32,'/a/s/asiatica_03.png'),(991,121,0,32,'el-ramen'),(998,144,0,33,'15'),(999,176,0,33,'Ciudad de Mexico'),(1000,134,0,33,'2'),(1001,160,0,33,'Moctezuma segunda sección 234'),(1002,161,0,33,'MX'),(1003,162,0,33,'941'),(1004,87,0,33,'/v/e/vegana_01.png'),(1005,140,0,33,'19.429413, -99.098389'),(1006,169,0,33,'25'),(1007,86,0,33,'El Huerto '),(1008,84,0,33,'El Huerto'),(1009,73,0,33,'El Huerto'),(1010,170,0,33,'4'),(1011,106,0,33,'container2'),(1012,104,0,33,'product-full-width'),(1013,145,0,33,'60'),(1014,143,0,33,'90'),(1015,88,0,33,'/v/e/vegana_01.png'),(1016,89,0,33,'/v/e/vegana_01.png'),(1017,121,0,33,'el-huerto'),(1024,144,0,34,'20'),(1025,176,0,34,'Ciudad de Mexico'),(1026,134,0,34,'2'),(1027,160,0,34,'Cuautemoc 312'),(1028,161,0,34,'MX'),(1029,162,0,34,'941'),(1030,87,0,34,'/v/e/vegana_02.png'),(1031,140,0,34,'19.411684, -99.129352'),(1032,169,0,34,'40'),(1033,86,0,34,'El Bosque '),(1034,84,0,34,'El Bosque'),(1035,73,0,34,'El Bosque'),(1036,170,0,34,'4'),(1037,106,0,34,'container2'),(1038,104,0,34,'product-full-width'),(1039,145,0,34,'60'),(1040,143,0,34,'200'),(1041,88,0,34,'/v/e/vegana_02.png'),(1042,89,0,34,'/v/e/vegana_02.png'),(1043,121,0,34,'el-bosque'),(1050,144,0,35,'25'),(1051,176,0,35,'Puebla'),(1052,134,0,35,'2'),(1053,160,0,35,'31 poniente 31017'),(1054,161,0,35,'MX'),(1055,162,0,35,'955'),(1056,87,0,35,'/v/e/vegana_03.png'),(1057,140,0,35,'19.027630, -98.196152'),(1058,169,0,35,'60'),(1059,86,0,35,'El Mercado '),(1060,84,0,35,'El Mercado'),(1061,73,0,35,'El Mercado'),(1062,170,0,35,'6'),(1063,106,0,35,'container2'),(1064,104,0,35,'product-full-width'),(1065,145,0,35,'60'),(1066,143,0,35,'200'),(1067,88,0,35,'/v/e/vegana_03.png'),(1068,89,0,35,'/v/e/vegana_03.png'),(1069,121,0,35,'el-mercado'),(1076,144,0,36,'10'),(1077,176,0,36,'Puebla'),(1078,134,0,36,'2'),(1079,160,0,36,'Calle constitución 765'),(1080,161,0,36,'MX'),(1081,162,0,36,'955'),(1082,87,0,36,'/v/e/vegana_04.png'),(1083,140,0,36,'19.035947, -98.213985'),(1084,169,0,36,'20'),(1085,86,0,36,'La Terraza '),(1086,84,0,36,'La Terraza'),(1087,73,0,36,'La Terraza'),(1088,170,0,36,'4'),(1089,106,0,36,'container2'),(1090,104,0,36,'product-full-width'),(1091,145,0,36,'120'),(1092,143,0,36,'90'),(1093,88,0,36,'/v/e/vegana_04.png'),(1094,89,0,36,'/v/e/vegana_04.png'),(1095,121,0,36,'la-terraza'),(1102,144,0,37,'10'),(1103,176,0,37,'Puebla'),(1104,134,0,37,'2'),(1105,160,0,37,'3 poniente 314, Cholula'),(1106,161,0,37,'MX'),(1107,162,0,37,'955'),(1108,87,0,37,'/v/e/vegana_05.png'),(1109,140,0,37,'19.062267, -98.310012'),(1110,169,0,37,'30'),(1111,86,0,37,'La Cocina '),(1112,84,0,37,'La Cocina'),(1113,73,0,37,'La Cocina'),(1114,170,0,37,'4'),(1115,106,0,37,'container2'),(1116,104,0,37,'product-full-width'),(1117,145,0,37,'20'),(1118,143,0,37,'120'),(1119,88,0,37,'/v/e/vegana_05.png'),(1120,89,0,37,'/v/e/vegana_05.png'),(1121,121,0,37,'la-cocina'),(1230,144,0,38,'10'),(1231,176,0,38,'MONTERREY'),(1232,134,0,38,'2'),(1233,160,0,38,'yacasta 336'),(1234,161,0,38,'MX'),(1235,162,0,38,'953'),(1236,140,0,38,'+19.062267,+-98.310012'),(1237,169,0,38,'200'),(1238,86,0,38,'Antojitos Poblanos '),(1239,84,0,38,'Antojitos Poblanos'),(1240,73,0,38,'Antojitos Poblanos'),(1241,170,0,38,'4'),(1242,106,0,38,'container2'),(1243,104,0,38,'product-full-width'),(1244,145,0,38,'60'),(1245,143,0,38,'30'),(1246,121,0,38,'antojitos-poblanos'),(219434,176,1,3,'Puebla'),(219436,86,1,3,'Taconazo'),(219437,84,1,3,'Taconazo'),(219438,73,1,3,'El Taconazo'),(219439,104,1,3,'product-full-width'),(219443,121,1,3,'taconazo'),(219477,179,0,3,'4.75'),(219510,161,1,7,'MX'),(219512,106,1,7,'container2'),(219518,179,0,7,'0'),(219522,176,0,39,'cancun'),(219523,124,0,39,'0'),(219524,73,0,39,'Prueba'),(219525,106,0,39,'container2'),(219526,121,0,39,'prueba'),(219527,134,0,39,'0'),(219528,170,0,39,'1'),(219529,144,0,40,'10'),(219530,176,0,40,'puebla'),(219531,134,0,40,'2'),(219532,160,0,40,'Calle 11 Nte. 1005, San Miguelito, 72000 Heroica Puebla de Zaragoza, Pue.'),(219533,161,0,40,'MX'),(219534,162,0,40,'955'),(219535,87,0,40,'/e/n/ensalada-1100x500.jpg'),(219536,140,0,40,'De Los Ferrocarriles Sur, Norte, Puente de Ixtla, Mor., México'),(219537,169,0,40,'4'),(219538,86,0,40,'Producto de prueba '),(219539,84,0,40,'Producto de prueba'),(219540,73,0,40,'Producto de pruebax'),(219541,170,0,40,'4'),(219542,106,0,40,'container2'),(219543,104,0,40,'product-full-width'),(219544,145,0,40,'10'),(219545,143,0,40,'60'),(219546,88,0,40,'/e/n/ensalada-1100x500.jpg'),(219547,89,0,40,'/e/n/ensalada-1100x500.jpg'),(219548,121,0,40,'producto-de-prueba'),(219555,176,0,41,'cancun'),(219556,73,0,41,'Prueba2'),(219557,106,0,41,'container2'),(219558,121,0,41,'prueba2'),(219559,176,0,42,'cancun'),(219560,73,0,42,'Producto de Reserva'),(219561,106,0,42,'container2'),(219562,121,0,42,'producto-de-reserva'),(219566,176,1,42,'cancun'),(219567,73,1,42,'Producto de Reserva 2'),(219568,170,0,42,'1'),(219569,176,0,43,'Cancun'),(219570,73,0,43,'Producto de Reserva 2'),(219571,170,0,43,'1'),(219572,106,0,43,'container2'),(219573,121,0,43,'producto-de-reserva-2'),(219574,144,0,43,'15'),(219575,134,0,43,'0'),(219576,160,0,43,'Privadas Turquesa Manzana 14 Lote 6 Casa 63'),(219577,161,0,43,'MX'),(219578,162,0,43,'957'),(219579,140,0,43,'Cancun, Lomas de Padierna, Ciudad de México, CDMX, México'),(219580,169,0,43,'8'),(219581,145,0,43,'10'),(219582,143,0,43,'60'),(219583,176,0,44,'cancun'),(219584,73,0,44,'Producto de Reserva 3'),(219585,170,0,44,'1'),(219586,106,0,44,'container2'),(219587,121,0,44,'producto-de-reserva-3'),(219588,176,1,44,'cancun'),(219589,73,1,44,'Producto de Reserva 3'),(219590,176,0,45,'cancun'),(219591,73,0,45,'Producto de Reserva 4'),(219592,170,0,45,'1'),(219593,106,0,45,'container2'),(219594,121,0,45,'producto-de-reserva-4'),(219595,176,0,46,'cancun'),(219596,73,0,46,'Producto de Reserva 5'),(219597,170,0,46,'1'),(219598,106,0,46,'container2'),(219599,121,0,46,'producto-de-reserva-5'),(219600,176,1,46,'cancun'),(219601,161,1,46,'MX'),(219602,162,0,46,'955'),(219603,140,0,46,'De Los Ferrocarriles Sur, Norte, Puente de Ixtla, Mor., México'),(219604,73,1,46,'Producto de Reserva 5'),(219605,176,0,47,'cancun'),(219606,161,0,47,'MX'),(219607,162,0,47,'955'),(219608,140,0,47,'De Los Ferrocarriles Sur, Norte, Puente de Ixtla, Mor., México'),(219609,73,0,47,'Producto de Reserva 6'),(219610,170,0,47,'1'),(219611,106,0,47,'container2'),(219612,121,0,47,'producto-de-reserva-6'),(219613,144,0,48,'10'),(219614,176,0,48,'cancun'),(219615,160,0,48,'Calle 11 Nte. 1005, San Miguelito, 72000 Heroica Puebla de Zaragoza, Pue.'),(219616,161,0,48,'MX'),(219617,162,0,48,'955'),(219618,140,0,48,'De Los Ferrocarriles Sur, Norte, Puente de Ixtla, Mor., México'),(219619,169,0,48,'4'),(219620,73,0,48,'Producto de Reserva 8'),(219621,170,0,48,'4'),(219622,106,0,48,'container2'),(219623,145,0,48,'10'),(219624,143,0,48,'60'),(219625,121,0,48,'producto-de-reserva-8'),(219626,144,0,49,'4'),(219627,176,0,49,'cancun'),(219628,160,0,49,'Calle 11 Nte. 1005, San Miguelito, 72000 Heroica Puebla de Zaragoza, Pue.'),(219629,161,0,49,'MX'),(219630,162,0,49,'955'),(219631,140,0,49,'De Los Ferrocarriles Sur, Norte, Puente de Ixtla, Mor., México'),(219632,169,0,49,'4'),(219633,73,0,49,'Producto de Reserva 9'),(219634,170,0,49,'4'),(219635,106,0,49,'container2'),(219636,145,0,49,'4'),(219637,143,0,49,'4'),(219638,121,0,49,'producto-de-reserva-9'),(219639,144,0,50,'4'),(219640,176,0,50,'cancun'),(219641,160,0,50,'Calle 11 Nte. 1005, San Miguelito, 72000 Heroica Puebla de Zaragoza, Pue.'),(219642,161,0,50,'MX'),(219643,162,0,50,'955'),(219644,140,0,50,'De Los Ferrocarriles Sur, Norte, Puente de Ixtla, Mor., México'),(219645,169,0,50,'4'),(219646,73,0,50,'Producto de Reserva 10'),(219647,170,0,50,'4'),(219648,106,0,50,'container2'),(219649,145,0,50,'4'),(219650,143,0,50,'4'),(219651,121,0,50,'producto-de-reserva-10'),(219652,144,0,51,'10'),(219653,176,0,51,'cancun'),(219654,160,0,51,'Calle 11 Nte. 1005, San Miguelito, 72000 Heroica Puebla de Zaragoza, Pue.'),(219655,161,0,51,'MX'),(219656,162,0,51,'955'),(219657,140,0,51,'De Los Ferrocarriles Sur, Norte, Puente de Ixtla, Mor., México'),(219658,169,0,51,'4'),(219659,73,0,51,'Producto de Reserva 11'),(219660,170,0,51,'4'),(219661,106,0,51,'container2'),(219662,145,0,51,'10'),(219663,143,0,51,'60'),(219664,121,0,51,'producto-de-reserva-11'),(219665,134,0,51,'0'),(219666,176,1,51,'cancun'),(219667,161,1,51,'MX'),(219668,73,1,51,'Producto de Reserva 11'),(219669,144,0,52,'10'),(219670,176,0,52,'cancun'),(219671,160,0,52,'Calle 11 Nte. 1005, San Miguelito, 72000 Heroica Puebla de Zaragoza, Pue.'),(219672,161,0,52,'MX'),(219673,162,0,52,'955'),(219674,140,0,52,'De Los Ferrocarriles Sur, Norte, Puente de Ixtla, Mor., México'),(219675,169,0,52,'4'),(219676,73,0,52,'Producto de Reserva 12'),(219677,170,0,52,'4'),(219678,106,0,52,'container2'),(219679,145,0,52,'10'),(219680,143,0,52,'60'),(219681,121,0,52,'producto-de-reserva-12'),(219682,134,0,52,'0'),(219683,144,0,53,'10'),(219684,176,0,53,'cancun'),(219685,160,0,53,'Calle 11 Nte. 1005, San Miguelito, 72000 Heroica Puebla de Zaragoza, Pue.'),(219686,161,0,53,'MX'),(219687,162,0,53,'955'),(219688,140,0,53,'De Los Ferrocarriles Sur, Norte, Puente de Ixtla, Mor., México'),(219689,169,0,53,'4'),(219690,73,0,53,'Producto de Reserva 13'),(219691,170,0,53,'4'),(219692,106,0,53,'container2'),(219693,145,0,53,'10'),(219694,143,0,53,'60'),(219695,121,0,53,'producto-de-reserva-13'),(219696,134,0,53,'0'),(219697,144,0,54,'10'),(219698,176,0,54,'cancun'),(219699,160,0,54,'Calle 11 Nte. 1005, San Miguelito, 72000 Heroica Puebla de Zaragoza, Pue.'),(219700,161,0,54,'MX'),(219701,162,0,54,'955'),(219702,140,0,54,'De Los Ferrocarriles Sur, Norte, Puente de Ixtla, Mor., México'),(219703,169,0,54,'4'),(219704,73,0,54,'Producto de Reserva 14'),(219705,170,0,54,'4'),(219706,106,0,54,'container2'),(219707,145,0,54,'10'),(219708,143,0,54,'60'),(219709,121,0,54,'producto-de-reserva-14');

--
-- Table structure for table `catalog_product_frontend_action`
--

CREATE TABLE `catalog_product_frontend_action` (
  `action_id` bigint unsigned NOT NULL AUTO_INCREMENT COMMENT 'Product Action ID',
  `type_id` varchar(64) NOT NULL COMMENT 'Type of product action',
  `visitor_id` int unsigned DEFAULT NULL COMMENT 'Visitor ID',
  `customer_id` int unsigned DEFAULT NULL COMMENT 'Customer ID',
  `product_id` int unsigned NOT NULL COMMENT 'Product ID',
  `added_at` bigint NOT NULL COMMENT 'Added At',
  PRIMARY KEY (`action_id`),
  UNIQUE KEY `CATALOG_PRODUCT_FRONTEND_ACTION_VISITOR_ID_PRODUCT_ID_TYPE_ID` (`visitor_id`,`product_id`,`type_id`),
  UNIQUE KEY `CATALOG_PRODUCT_FRONTEND_ACTION_CUSTOMER_ID_PRODUCT_ID_TYPE_ID` (`customer_id`,`product_id`,`type_id`),
  KEY `CAT_PRD_FRONTEND_ACTION_PRD_ID_CAT_PRD_ENTT_ENTT_ID` (`product_id`),
  CONSTRAINT `CAT_PRD_FRONTEND_ACTION_CSTR_ID_CSTR_ENTT_ENTT_ID` FOREIGN KEY (`customer_id`) REFERENCES `customer_entity` (`entity_id`) ON DELETE CASCADE,
  CONSTRAINT `CAT_PRD_FRONTEND_ACTION_PRD_ID_CAT_PRD_ENTT_ENTT_ID` FOREIGN KEY (`product_id`) REFERENCES `catalog_product_entity` (`entity_id`) ON DELETE CASCADE
) ENGINE=InnoDB DEFAULT CHARSET=utf8mb3 COMMENT='Catalog Product Frontend Action Table';

--
-- Dumping data for table `catalog_product_frontend_action`
--


--
-- Table structure for table `catalog_product_index_eav`
--

CREATE TABLE `catalog_product_index_eav` (
  `entity_id` int unsigned NOT NULL COMMENT 'Entity ID',
  `attribute_id` smallint unsigned NOT NULL COMMENT 'Attribute ID',
  `store_id` smallint unsigned NOT NULL COMMENT 'Store ID',
  `value` int unsigned NOT NULL COMMENT 'Value',
  `source_id` int unsigned NOT NULL DEFAULT '0' COMMENT 'Original entity ID for attribute value',
  PRIMARY KEY (`entity_id`,`attribute_id`,`store_id`,`value`,`source_id`),
  KEY `CATALOG_PRODUCT_INDEX_EAV_ATTRIBUTE_ID` (`attribute_id`),
  KEY `CATALOG_PRODUCT_INDEX_EAV_STORE_ID` (`store_id`),
  KEY `CATALOG_PRODUCT_INDEX_EAV_VALUE` (`value`)
) ENGINE=InnoDB DEFAULT CHARSET=utf8mb3 COMMENT='Catalog Product EAV Index Table';

--
-- Dumping data for table `catalog_product_index_eav`
--

INSERT INTO `catalog_product_index_eav` VALUES (3,99,1,4,3),(7,99,1,4,7),(8,99,1,4,8),(9,99,1,4,9),(11,99,1,4,11),(12,99,1,4,12),(13,99,1,4,13),(14,99,1,4,14),(15,99,1,4,15),(16,99,1,4,16),(17,99,1,4,17),(18,99,1,4,18),(19,99,1,4,19),(20,99,1,4,20),(21,99,1,4,21),(22,99,1,4,22),(23,99,1,4,23),(25,99,1,4,25),(26,99,1,4,26),(27,99,1,4,27),(28,99,1,4,28),(29,99,1,4,29),(30,99,1,4,30),(31,99,1,4,31),(32,99,1,4,32),(33,99,1,4,33),(34,99,1,4,34),(35,99,1,4,35),(36,99,1,4,36),(37,99,1,4,37),(38,99,1,4,38),(39,99,1,4,39),(40,99,1,4,40),(41,99,1,4,41),(42,99,1,4,42),(43,99,1,4,43),(44,99,1,4,44),(45,99,1,4,45),(46,99,1,4,46),(47,99,1,4,47),(48,99,1,4,48),(49,99,1,4,49),(50,99,1,4,50),(51,99,1,4,51),(52,99,1,4,52),(53,99,1,4,53),(54,99,1,4,54);

--
-- Table structure for table `catalog_product_index_eav_decimal`
--

CREATE TABLE `catalog_product_index_eav_decimal` (
  `entity_id` int unsigned NOT NULL COMMENT 'Entity ID',
  `attribute_id` smallint unsigned NOT NULL COMMENT 'Attribute ID',
  `store_id` smallint unsigned NOT NULL COMMENT 'Store ID',
  `value` decimal(12,4) NOT NULL COMMENT 'Value',
  `source_id` int unsigned NOT NULL DEFAULT '0' COMMENT 'Original entity ID for attribute value',
  PRIMARY KEY (`entity_id`,`attribute_id`,`store_id`,`value`,`source_id`),
  KEY `CATALOG_PRODUCT_INDEX_EAV_DECIMAL_ATTRIBUTE_ID` (`attribute_id`),
  KEY `CATALOG_PRODUCT_INDEX_EAV_DECIMAL_STORE_ID` (`store_id`),
  KEY `CATALOG_PRODUCT_INDEX_EAV_DECIMAL_VALUE` (`value`)
) ENGINE=InnoDB DEFAULT CHARSET=utf8mb3 COMMENT='Catalog Product EAV Decimal Index Table';

--
-- Dumping data for table `catalog_product_index_eav_decimal`
--


--
-- Table structure for table `catalog_product_index_eav_decimal_idx`
--

CREATE TABLE `catalog_product_index_eav_decimal_idx` (
  `entity_id` int unsigned NOT NULL COMMENT 'Entity ID',
  `attribute_id` smallint unsigned NOT NULL COMMENT 'Attribute ID',
  `store_id` smallint unsigned NOT NULL COMMENT 'Store ID',
  `value` decimal(12,4) NOT NULL COMMENT 'Value',
  `source_id` int unsigned NOT NULL DEFAULT '0' COMMENT 'Original entity ID for attribute value',
  PRIMARY KEY (`entity_id`,`attribute_id`,`store_id`,`value`,`source_id`),
  KEY `CATALOG_PRODUCT_INDEX_EAV_DECIMAL_IDX_ATTRIBUTE_ID` (`attribute_id`),
  KEY `CATALOG_PRODUCT_INDEX_EAV_DECIMAL_IDX_STORE_ID` (`store_id`),
  KEY `CATALOG_PRODUCT_INDEX_EAV_DECIMAL_IDX_VALUE` (`value`)
) ENGINE=InnoDB DEFAULT CHARSET=utf8mb3 COMMENT='Catalog Product EAV Decimal Indexer Index Table';

--
-- Dumping data for table `catalog_product_index_eav_decimal_idx`
--


--
-- Table structure for table `catalog_product_index_eav_decimal_replica`
--

CREATE TABLE `catalog_product_index_eav_decimal_replica` (
  `entity_id` int unsigned NOT NULL COMMENT 'Entity ID',
  `attribute_id` smallint unsigned NOT NULL COMMENT 'Attribute ID',
  `store_id` smallint unsigned NOT NULL COMMENT 'Store ID',
  `value` decimal(12,4) NOT NULL COMMENT 'Value',
  `source_id` int unsigned NOT NULL DEFAULT '0' COMMENT 'Original entity ID for attribute value',
  PRIMARY KEY (`entity_id`,`attribute_id`,`store_id`,`value`,`source_id`),
  KEY `CATALOG_PRODUCT_INDEX_EAV_DECIMAL_ATTRIBUTE_ID` (`attribute_id`),
  KEY `CATALOG_PRODUCT_INDEX_EAV_DECIMAL_STORE_ID` (`store_id`),
  KEY `CATALOG_PRODUCT_INDEX_EAV_DECIMAL_VALUE` (`value`)
) ENGINE=InnoDB DEFAULT CHARSET=utf8mb3 COMMENT='Catalog Product EAV Decimal Index Table';

--
-- Dumping data for table `catalog_product_index_eav_decimal_replica`
--


--
-- Table structure for table `catalog_product_index_eav_decimal_tmp`
--

CREATE TABLE `catalog_product_index_eav_decimal_tmp` (
  `entity_id` int unsigned NOT NULL COMMENT 'Entity ID',
  `attribute_id` smallint unsigned NOT NULL COMMENT 'Attribute ID',
  `store_id` smallint unsigned NOT NULL COMMENT 'Store ID',
  `value` decimal(12,4) NOT NULL COMMENT 'Value',
  `source_id` int unsigned NOT NULL DEFAULT '0' COMMENT 'Original entity ID for attribute value',
  PRIMARY KEY (`entity_id`,`attribute_id`,`store_id`,`value`,`source_id`),
  KEY `CATALOG_PRODUCT_INDEX_EAV_DECIMAL_TMP_ATTRIBUTE_ID` (`attribute_id`),
  KEY `CATALOG_PRODUCT_INDEX_EAV_DECIMAL_TMP_STORE_ID` (`store_id`),
  KEY `CATALOG_PRODUCT_INDEX_EAV_DECIMAL_TMP_VALUE` (`value`)
) ENGINE=InnoDB DEFAULT CHARSET=utf8mb3 COMMENT='Catalog Product EAV Decimal Indexer Temp Table';

--
-- Dumping data for table `catalog_product_index_eav_decimal_tmp`
--


--
-- Table structure for table `catalog_product_index_eav_idx`
--

CREATE TABLE `catalog_product_index_eav_idx` (
  `entity_id` int unsigned NOT NULL COMMENT 'Entity ID',
  `attribute_id` smallint unsigned NOT NULL COMMENT 'Attribute ID',
  `store_id` smallint unsigned NOT NULL COMMENT 'Store ID',
  `value` int unsigned NOT NULL COMMENT 'Value',
  `source_id` int unsigned NOT NULL DEFAULT '0' COMMENT 'Original entity ID for attribute value',
  PRIMARY KEY (`entity_id`,`attribute_id`,`store_id`,`value`,`source_id`),
  KEY `CATALOG_PRODUCT_INDEX_EAV_IDX_ATTRIBUTE_ID` (`attribute_id`),
  KEY `CATALOG_PRODUCT_INDEX_EAV_IDX_STORE_ID` (`store_id`),
  KEY `CATALOG_PRODUCT_INDEX_EAV_IDX_VALUE` (`value`)
) ENGINE=InnoDB DEFAULT CHARSET=utf8mb3 COMMENT='Catalog Product EAV Indexer Index Table';

--
-- Dumping data for table `catalog_product_index_eav_idx`
--


--
-- Table structure for table `catalog_product_index_eav_replica`
--

CREATE TABLE `catalog_product_index_eav_replica` (
  `entity_id` int unsigned NOT NULL COMMENT 'Entity ID',
  `attribute_id` smallint unsigned NOT NULL COMMENT 'Attribute ID',
  `store_id` smallint unsigned NOT NULL COMMENT 'Store ID',
  `value` int unsigned NOT NULL COMMENT 'Value',
  `source_id` int unsigned NOT NULL DEFAULT '0' COMMENT 'Original entity ID for attribute value',
  PRIMARY KEY (`entity_id`,`attribute_id`,`store_id`,`value`,`source_id`),
  KEY `CATALOG_PRODUCT_INDEX_EAV_ATTRIBUTE_ID` (`attribute_id`),
  KEY `CATALOG_PRODUCT_INDEX_EAV_STORE_ID` (`store_id`),
  KEY `CATALOG_PRODUCT_INDEX_EAV_VALUE` (`value`)
) ENGINE=InnoDB DEFAULT CHARSET=utf8mb3 COMMENT='Catalog Product EAV Index Table';

--
-- Dumping data for table `catalog_product_index_eav_replica`
--

INSERT INTO `catalog_product_index_eav_replica` VALUES (3,99,1,4,3),(7,99,1,4,7),(8,99,1,4,8),(9,99,1,4,9),(11,99,1,4,11),(12,99,1,4,12),(13,99,1,4,13),(14,99,1,4,14),(15,99,1,4,15),(16,99,1,4,16),(17,99,1,4,17),(18,99,1,4,18),(19,99,1,4,19),(20,99,1,4,20),(21,99,1,4,21),(22,99,1,4,22),(23,99,1,4,23),(25,99,1,4,25),(26,99,1,4,26),(27,99,1,4,27),(28,99,1,4,28),(29,99,1,4,29),(30,99,1,4,30),(31,99,1,4,31),(32,99,1,4,32),(33,99,1,4,33),(34,99,1,4,34),(35,99,1,4,35),(36,99,1,4,36),(37,99,1,4,37),(38,99,1,4,38);

--
-- Table structure for table `catalog_product_index_eav_tmp`
--

CREATE TABLE `catalog_product_index_eav_tmp` (
  `entity_id` int unsigned NOT NULL COMMENT 'Entity ID',
  `attribute_id` smallint unsigned NOT NULL COMMENT 'Attribute ID',
  `store_id` smallint unsigned NOT NULL COMMENT 'Store ID',
  `value` int unsigned NOT NULL COMMENT 'Value',
  `source_id` int unsigned NOT NULL DEFAULT '0' COMMENT 'Original entity ID for attribute value',
  PRIMARY KEY (`entity_id`,`attribute_id`,`store_id`,`value`,`source_id`),
  KEY `CATALOG_PRODUCT_INDEX_EAV_TMP_ATTRIBUTE_ID` (`attribute_id`),
  KEY `CATALOG_PRODUCT_INDEX_EAV_TMP_STORE_ID` (`store_id`),
  KEY `CATALOG_PRODUCT_INDEX_EAV_TMP_VALUE` (`value`)
) ENGINE=InnoDB DEFAULT CHARSET=utf8mb3 COMMENT='Catalog Product EAV Indexer Temp Table';

--
-- Dumping data for table `catalog_product_index_eav_tmp`
--


--
-- Table structure for table `catalog_product_index_price`
--

CREATE TABLE `catalog_product_index_price` (
  `entity_id` int unsigned NOT NULL COMMENT 'Entity ID',
  `customer_group_id` int unsigned NOT NULL COMMENT 'Customer Group ID',
  `website_id` smallint unsigned NOT NULL COMMENT 'Website ID',
  `tax_class_id` smallint unsigned DEFAULT '0' COMMENT 'Tax Class ID',
  `price` decimal(20,6) DEFAULT NULL COMMENT 'Price',
  `final_price` decimal(20,6) DEFAULT NULL COMMENT 'Final Price',
  `min_price` decimal(20,6) DEFAULT NULL COMMENT 'Min Price',
  `max_price` decimal(20,6) DEFAULT NULL COMMENT 'Max Price',
  `tier_price` decimal(20,6) DEFAULT NULL COMMENT 'Tier Price',
  PRIMARY KEY (`entity_id`,`customer_group_id`,`website_id`),
  KEY `CATALOG_PRODUCT_INDEX_PRICE_CUSTOMER_GROUP_ID` (`customer_group_id`),
  KEY `CATALOG_PRODUCT_INDEX_PRICE_MIN_PRICE` (`min_price`),
  KEY `CAT_PRD_IDX_PRICE_WS_ID_CSTR_GROUP_ID_MIN_PRICE` (`website_id`,`customer_group_id`,`min_price`)
) ENGINE=InnoDB DEFAULT CHARSET=utf8mb3 COMMENT='Catalog Product Price Index Table';

--
-- Dumping data for table `catalog_product_index_price`
--

INSERT INTO `catalog_product_index_price` VALUES (3,0,1,0,250.000000,250.000000,250.000000,250.000000,NULL),(3,1,1,0,250.000000,250.000000,250.000000,250.000000,NULL),(3,2,1,0,250.000000,250.000000,250.000000,250.000000,NULL),(3,3,1,0,250.000000,250.000000,250.000000,250.000000,NULL),(3,4,1,0,250.000000,250.000000,250.000000,250.000000,NULL),(3,5,1,0,250.000000,250.000000,250.000000,250.000000,NULL),(7,0,1,2,350.000000,350.000000,350.000000,350.000000,NULL),(7,1,1,2,350.000000,350.000000,350.000000,350.000000,NULL),(7,2,1,2,350.000000,350.000000,350.000000,350.000000,NULL),(7,3,1,2,350.000000,350.000000,350.000000,350.000000,NULL),(7,4,1,2,350.000000,350.000000,350.000000,350.000000,NULL),(7,5,1,2,350.000000,350.000000,350.000000,350.000000,NULL),(8,0,1,2,120.000000,120.000000,120.000000,120.000000,NULL),(8,1,1,2,120.000000,120.000000,120.000000,120.000000,NULL),(8,2,1,2,120.000000,120.000000,120.000000,120.000000,NULL),(8,3,1,2,120.000000,120.000000,120.000000,120.000000,NULL),(8,4,1,2,120.000000,120.000000,120.000000,120.000000,NULL),(8,5,1,2,120.000000,120.000000,120.000000,120.000000,NULL),(9,0,1,2,450.000000,450.000000,450.000000,450.000000,NULL),(9,1,1,2,450.000000,450.000000,450.000000,450.000000,NULL),(9,2,1,2,450.000000,450.000000,450.000000,450.000000,NULL),(9,3,1,2,450.000000,450.000000,450.000000,450.000000,NULL),(9,4,1,2,450.000000,450.000000,450.000000,450.000000,NULL),(9,5,1,2,450.000000,450.000000,450.000000,450.000000,NULL),(11,0,1,0,100.000000,100.000000,100.000000,100.000000,NULL),(11,1,1,0,100.000000,100.000000,100.000000,100.000000,NULL),(11,2,1,0,100.000000,100.000000,100.000000,100.000000,NULL),(11,3,1,0,100.000000,100.000000,100.000000,100.000000,NULL),(11,4,1,0,100.000000,100.000000,100.000000,100.000000,NULL),(11,5,1,0,100.000000,100.000000,100.000000,100.000000,NULL),(12,0,1,2,500.000000,500.000000,500.000000,500.000000,NULL),(12,1,1,2,500.000000,500.000000,500.000000,500.000000,NULL),(12,2,1,2,500.000000,500.000000,500.000000,500.000000,NULL),(12,3,1,2,500.000000,500.000000,500.000000,500.000000,NULL),(12,4,1,2,500.000000,500.000000,500.000000,500.000000,NULL),(12,5,1,2,500.000000,500.000000,500.000000,500.000000,NULL),(13,0,1,2,450.000000,450.000000,450.000000,450.000000,NULL),(13,1,1,2,450.000000,450.000000,450.000000,450.000000,NULL),(13,2,1,2,450.000000,450.000000,450.000000,450.000000,NULL),(13,3,1,2,450.000000,450.000000,450.000000,450.000000,NULL),(13,4,1,2,450.000000,450.000000,450.000000,450.000000,NULL),(13,5,1,2,450.000000,450.000000,450.000000,450.000000,NULL),(14,0,1,2,450.000000,450.000000,450.000000,450.000000,NULL),(14,1,1,2,450.000000,450.000000,450.000000,450.000000,NULL),(14,2,1,2,450.000000,450.000000,450.000000,450.000000,NULL),(14,3,1,2,450.000000,450.000000,450.000000,450.000000,NULL),(14,4,1,2,450.000000,450.000000,450.000000,450.000000,NULL),(14,5,1,2,450.000000,450.000000,450.000000,450.000000,NULL),(15,0,1,2,500.000000,500.000000,500.000000,500.000000,NULL),(15,1,1,2,500.000000,500.000000,500.000000,500.000000,NULL),(15,2,1,2,500.000000,500.000000,500.000000,500.000000,NULL),(15,3,1,2,500.000000,500.000000,500.000000,500.000000,NULL),(15,4,1,2,500.000000,500.000000,500.000000,500.000000,NULL),(15,5,1,2,500.000000,500.000000,500.000000,500.000000,NULL),(16,0,1,2,650.000000,650.000000,650.000000,650.000000,NULL),(16,1,1,2,650.000000,650.000000,650.000000,650.000000,NULL),(16,2,1,2,650.000000,650.000000,650.000000,650.000000,NULL),(16,3,1,2,650.000000,650.000000,650.000000,650.000000,NULL),(16,4,1,2,650.000000,650.000000,650.000000,650.000000,NULL),(16,5,1,2,650.000000,650.000000,650.000000,650.000000,NULL),(17,0,1,2,650.000000,650.000000,650.000000,650.000000,NULL),(17,1,1,2,650.000000,650.000000,650.000000,650.000000,NULL),(17,2,1,2,650.000000,650.000000,650.000000,650.000000,NULL),(17,3,1,2,650.000000,650.000000,650.000000,650.000000,NULL),(17,4,1,2,650.000000,650.000000,650.000000,650.000000,NULL),(17,5,1,2,650.000000,650.000000,650.000000,650.000000,NULL),(18,0,1,2,450.000000,450.000000,450.000000,450.000000,NULL),(18,1,1,2,450.000000,450.000000,450.000000,450.000000,NULL),(18,2,1,2,450.000000,450.000000,450.000000,450.000000,NULL),(18,3,1,2,450.000000,450.000000,450.000000,450.000000,NULL),(18,4,1,2,450.000000,450.000000,450.000000,450.000000,NULL),(18,5,1,2,450.000000,450.000000,450.000000,450.000000,NULL),(19,0,1,2,350.000000,350.000000,350.000000,350.000000,NULL),(19,1,1,2,350.000000,350.000000,350.000000,350.000000,NULL),(19,2,1,2,350.000000,350.000000,350.000000,350.000000,NULL),(19,3,1,2,350.000000,350.000000,350.000000,350.000000,NULL),(19,4,1,2,350.000000,350.000000,350.000000,350.000000,NULL),(19,5,1,2,350.000000,350.000000,350.000000,350.000000,NULL),(20,0,1,2,650.000000,650.000000,650.000000,650.000000,NULL),(20,1,1,2,650.000000,650.000000,650.000000,650.000000,NULL),(20,2,1,2,650.000000,650.000000,650.000000,650.000000,NULL),(20,3,1,2,650.000000,650.000000,650.000000,650.000000,NULL),(20,4,1,2,650.000000,650.000000,650.000000,650.000000,NULL),(20,5,1,2,650.000000,650.000000,650.000000,650.000000,NULL),(21,0,1,2,1000.000000,1000.000000,1000.000000,1000.000000,NULL),(21,1,1,2,1000.000000,1000.000000,1000.000000,1000.000000,NULL),(21,2,1,2,1000.000000,1000.000000,1000.000000,1000.000000,NULL),(21,3,1,2,1000.000000,1000.000000,1000.000000,1000.000000,NULL),(21,4,1,2,1000.000000,1000.000000,1000.000000,1000.000000,NULL),(21,5,1,2,1000.000000,1000.000000,1000.000000,1000.000000,NULL),(22,0,1,2,60.000000,60.000000,60.000000,60.000000,NULL),(22,1,1,2,60.000000,60.000000,60.000000,60.000000,NULL),(22,2,1,2,60.000000,60.000000,60.000000,60.000000,NULL),(22,3,1,2,60.000000,60.000000,60.000000,60.000000,NULL),(22,4,1,2,60.000000,60.000000,60.000000,60.000000,NULL),(22,5,1,2,60.000000,60.000000,60.000000,60.000000,NULL),(23,0,1,2,100.000000,100.000000,100.000000,100.000000,NULL),(23,1,1,2,100.000000,100.000000,100.000000,100.000000,NULL),(23,2,1,2,100.000000,100.000000,100.000000,100.000000,NULL),(23,3,1,2,100.000000,100.000000,100.000000,100.000000,NULL),(23,4,1,2,100.000000,100.000000,100.000000,100.000000,NULL),(23,5,1,2,100.000000,100.000000,100.000000,100.000000,NULL),(25,0,1,2,45.000000,45.000000,45.000000,45.000000,NULL),(25,1,1,2,45.000000,45.000000,45.000000,45.000000,NULL),(25,2,1,2,45.000000,45.000000,45.000000,45.000000,NULL),(25,3,1,2,45.000000,45.000000,45.000000,45.000000,NULL),(25,4,1,2,45.000000,45.000000,45.000000,45.000000,NULL),(25,5,1,2,45.000000,45.000000,45.000000,45.000000,NULL),(26,0,1,2,120.000000,120.000000,120.000000,120.000000,NULL),(26,1,1,2,120.000000,120.000000,120.000000,120.000000,NULL),(26,2,1,2,120.000000,120.000000,120.000000,120.000000,NULL),(26,3,1,2,120.000000,120.000000,120.000000,120.000000,NULL),(26,4,1,2,120.000000,120.000000,120.000000,120.000000,NULL),(26,5,1,2,120.000000,120.000000,120.000000,120.000000,NULL),(27,0,1,2,200.000000,200.000000,200.000000,200.000000,NULL),(27,1,1,2,200.000000,200.000000,200.000000,200.000000,NULL),(27,2,1,2,200.000000,200.000000,200.000000,200.000000,NULL),(27,3,1,2,200.000000,200.000000,200.000000,200.000000,NULL),(27,4,1,2,200.000000,200.000000,200.000000,200.000000,NULL),(27,5,1,2,200.000000,200.000000,200.000000,200.000000,NULL),(28,0,1,2,600.000000,600.000000,600.000000,600.000000,NULL),(28,1,1,2,600.000000,600.000000,600.000000,600.000000,NULL),(28,2,1,2,600.000000,600.000000,600.000000,600.000000,NULL),(28,3,1,2,600.000000,600.000000,600.000000,600.000000,NULL),(28,4,1,2,600.000000,600.000000,600.000000,600.000000,NULL),(28,5,1,2,600.000000,600.000000,600.000000,600.000000,NULL),(29,0,1,2,800.000000,800.000000,800.000000,800.000000,NULL),(29,1,1,2,800.000000,800.000000,800.000000,800.000000,NULL),(29,2,1,2,800.000000,800.000000,800.000000,800.000000,NULL),(29,3,1,2,800.000000,800.000000,800.000000,800.000000,NULL),(29,4,1,2,800.000000,800.000000,800.000000,800.000000,NULL),(29,5,1,2,800.000000,800.000000,800.000000,800.000000,NULL),(30,0,1,2,650.000000,650.000000,650.000000,650.000000,NULL),(30,1,1,2,650.000000,650.000000,650.000000,650.000000,NULL),(30,2,1,2,650.000000,650.000000,650.000000,650.000000,NULL),(30,3,1,2,650.000000,650.000000,650.000000,650.000000,NULL),(30,4,1,2,650.000000,650.000000,650.000000,650.000000,NULL),(30,5,1,2,650.000000,650.000000,650.000000,650.000000,NULL),(31,0,1,2,350.000000,350.000000,350.000000,350.000000,NULL),(31,1,1,2,350.000000,350.000000,350.000000,350.000000,NULL),(31,2,1,2,350.000000,350.000000,350.000000,350.000000,NULL),(31,3,1,2,350.000000,350.000000,350.000000,350.000000,NULL),(31,4,1,2,350.000000,350.000000,350.000000,350.000000,NULL),(31,5,1,2,350.000000,350.000000,350.000000,350.000000,NULL),(32,0,1,2,400.000000,400.000000,400.000000,400.000000,NULL),(32,1,1,2,400.000000,400.000000,400.000000,400.000000,NULL),(32,2,1,2,400.000000,400.000000,400.000000,400.000000,NULL),(32,3,1,2,400.000000,400.000000,400.000000,400.000000,NULL),(32,4,1,2,400.000000,400.000000,400.000000,400.000000,NULL),(32,5,1,2,400.000000,400.000000,400.000000,400.000000,NULL),(33,0,1,2,450.000000,450.000000,450.000000,450.000000,NULL),(33,1,1,2,450.000000,450.000000,450.000000,450.000000,NULL),(33,2,1,2,450.000000,450.000000,450.000000,450.000000,NULL),(33,3,1,2,450.000000,450.000000,450.000000,450.000000,NULL),(33,4,1,2,450.000000,450.000000,450.000000,450.000000,NULL),(33,5,1,2,450.000000,450.000000,450.000000,450.000000,NULL),(34,0,1,2,500.000000,500.000000,500.000000,500.000000,NULL),(34,1,1,2,500.000000,500.000000,500.000000,500.000000,NULL),(34,2,1,2,500.000000,500.000000,500.000000,500.000000,NULL),(34,3,1,2,500.000000,500.000000,500.000000,500.000000,NULL),(34,4,1,2,500.000000,500.000000,500.000000,500.000000,NULL),(34,5,1,2,500.000000,500.000000,500.000000,500.000000,NULL),(35,0,1,2,350.000000,350.000000,350.000000,350.000000,NULL),(35,1,1,2,350.000000,350.000000,350.000000,350.000000,NULL),(35,2,1,2,350.000000,350.000000,350.000000,350.000000,NULL),(35,3,1,2,350.000000,350.000000,350.000000,350.000000,NULL),(35,4,1,2,350.000000,350.000000,350.000000,350.000000,NULL),(35,5,1,2,350.000000,350.000000,350.000000,350.000000,NULL),(36,0,1,2,250.000000,250.000000,250.000000,250.000000,NULL),(36,1,1,2,250.000000,250.000000,250.000000,250.000000,NULL),(36,2,1,2,250.000000,250.000000,250.000000,250.000000,NULL),(36,3,1,2,250.000000,250.000000,250.000000,250.000000,NULL),(36,4,1,2,250.000000,250.000000,250.000000,250.000000,NULL),(36,5,1,2,250.000000,250.000000,250.000000,250.000000,NULL),(37,0,1,2,450.000000,450.000000,450.000000,450.000000,NULL),(37,1,1,2,450.000000,450.000000,450.000000,450.000000,NULL),(37,2,1,2,450.000000,450.000000,450.000000,450.000000,NULL),(37,3,1,2,450.000000,450.000000,450.000000,450.000000,NULL),(37,4,1,2,450.000000,450.000000,450.000000,450.000000,NULL),(37,5,1,2,450.000000,450.000000,450.000000,450.000000,NULL),(38,0,1,0,0.000000,0.000000,0.000000,0.000000,NULL),(38,1,1,0,0.000000,0.000000,0.000000,0.000000,NULL),(38,2,1,0,0.000000,0.000000,0.000000,0.000000,NULL),(38,3,1,0,0.000000,0.000000,0.000000,0.000000,NULL),(38,4,1,0,0.000000,0.000000,0.000000,0.000000,NULL),(38,5,1,0,0.000000,0.000000,0.000000,0.000000,NULL),(39,0,1,2,250.000000,250.000000,250.000000,250.000000,NULL),(39,1,1,2,250.000000,250.000000,250.000000,250.000000,NULL),(39,2,1,2,250.000000,250.000000,250.000000,250.000000,NULL),(39,3,1,2,250.000000,250.000000,250.000000,250.000000,NULL),(39,4,1,2,250.000000,250.000000,250.000000,250.000000,NULL),(39,5,1,2,250.000000,250.000000,250.000000,250.000000,NULL),(40,0,1,2,125.000000,125.000000,125.000000,125.000000,NULL),(40,1,1,2,125.000000,125.000000,125.000000,125.000000,NULL),(40,2,1,2,125.000000,125.000000,125.000000,125.000000,NULL),(40,3,1,2,125.000000,125.000000,125.000000,125.000000,NULL),(40,4,1,2,125.000000,125.000000,125.000000,125.000000,NULL),(40,5,1,2,125.000000,125.000000,125.000000,125.000000,NULL),(43,0,1,2,100.000000,100.000000,100.000000,100.000000,NULL),(43,1,1,2,100.000000,100.000000,100.000000,100.000000,NULL),(43,2,1,2,100.000000,100.000000,100.000000,100.000000,NULL),(43,3,1,2,100.000000,100.000000,100.000000,100.000000,NULL),(43,4,1,2,100.000000,100.000000,100.000000,100.000000,NULL),(43,5,1,2,100.000000,100.000000,100.000000,100.000000,NULL),(51,0,1,2,100.000000,100.000000,100.000000,100.000000,NULL),(51,1,1,2,100.000000,100.000000,100.000000,100.000000,NULL),(51,2,1,2,100.000000,100.000000,100.000000,100.000000,NULL),(51,3,1,2,100.000000,100.000000,100.000000,100.000000,NULL),(51,4,1,2,100.000000,100.000000,100.000000,100.000000,NULL),(51,5,1,2,100.000000,100.000000,100.000000,100.000000,NULL);

--
-- Table structure for table `catalog_product_index_price_bundle_idx`
--

CREATE TABLE `catalog_product_index_price_bundle_idx` (
  `entity_id` int unsigned NOT NULL COMMENT 'Entity ID',
  `customer_group_id` int NOT NULL,
  `website_id` smallint unsigned NOT NULL COMMENT 'Website ID',
  `tax_class_id` smallint unsigned DEFAULT '0' COMMENT 'Tax Class ID',
  `price_type` smallint unsigned NOT NULL COMMENT 'Price Type',
  `special_price` decimal(20,6) DEFAULT NULL COMMENT 'Special Price',
  `tier_percent` decimal(20,6) DEFAULT NULL COMMENT 'Tier Percent',
  `orig_price` decimal(20,6) DEFAULT NULL COMMENT 'Orig Price',
  `price` decimal(20,6) DEFAULT NULL COMMENT 'Price',
  `min_price` decimal(20,6) DEFAULT NULL COMMENT 'Min Price',
  `max_price` decimal(20,6) DEFAULT NULL COMMENT 'Max Price',
  `tier_price` decimal(20,6) DEFAULT NULL COMMENT 'Tier Price',
  `base_tier` decimal(20,6) DEFAULT NULL COMMENT 'Base Tier',
  PRIMARY KEY (`entity_id`,`customer_group_id`,`website_id`)
) ENGINE=InnoDB DEFAULT CHARSET=utf8mb3 COMMENT='Catalog Product Index Price Bundle Idx';

--
-- Dumping data for table `catalog_product_index_price_bundle_idx`
--


--
-- Table structure for table `catalog_product_index_price_bundle_opt_idx`
--

CREATE TABLE `catalog_product_index_price_bundle_opt_idx` (
  `entity_id` int unsigned NOT NULL COMMENT 'Entity ID',
  `customer_group_id` int NOT NULL,
  `website_id` smallint unsigned NOT NULL COMMENT 'Website ID',
  `option_id` int unsigned NOT NULL DEFAULT '0' COMMENT 'Option ID',
  `min_price` decimal(20,6) DEFAULT NULL COMMENT 'Min Price',
  `alt_price` decimal(20,6) DEFAULT NULL COMMENT 'Alt Price',
  `max_price` decimal(20,6) DEFAULT NULL COMMENT 'Max Price',
  `tier_price` decimal(20,6) DEFAULT NULL COMMENT 'Tier Price',
  `alt_tier_price` decimal(20,6) DEFAULT NULL COMMENT 'Alt Tier Price',
  PRIMARY KEY (`entity_id`,`customer_group_id`,`website_id`,`option_id`)
) ENGINE=InnoDB DEFAULT CHARSET=utf8mb3 COMMENT='Catalog Product Index Price Bundle Opt Idx';

--
-- Dumping data for table `catalog_product_index_price_bundle_opt_idx`
--


--
-- Table structure for table `catalog_product_index_price_bundle_opt_tmp`
--

CREATE TABLE `catalog_product_index_price_bundle_opt_tmp` (
  `entity_id` int unsigned NOT NULL COMMENT 'Entity ID',
  `customer_group_id` int NOT NULL,
  `website_id` smallint unsigned NOT NULL COMMENT 'Website ID',
  `option_id` int unsigned NOT NULL DEFAULT '0' COMMENT 'Option ID',
  `min_price` decimal(20,6) DEFAULT NULL COMMENT 'Min Price',
  `alt_price` decimal(20,6) DEFAULT NULL COMMENT 'Alt Price',
  `max_price` decimal(20,6) DEFAULT NULL COMMENT 'Max Price',
  `tier_price` decimal(20,6) DEFAULT NULL COMMENT 'Tier Price',
  `alt_tier_price` decimal(20,6) DEFAULT NULL COMMENT 'Alt Tier Price',
  PRIMARY KEY (`entity_id`,`customer_group_id`,`website_id`,`option_id`)
) ENGINE=InnoDB DEFAULT CHARSET=utf8mb3 COMMENT='Catalog Product Index Price Bundle Opt Tmp';

--
