-- Table structure for table `directory_country_region_name`
--

CREATE TABLE `directory_country_region_name` (
  `locale` varchar(16) NOT NULL COMMENT 'Locale',
  `region_id` int unsigned NOT NULL DEFAULT '0' COMMENT 'Region ID',
  `name` varchar(255) DEFAULT NULL COMMENT 'Region Name',
  PRIMARY KEY (`locale`,`region_id`),
  KEY `DIRECTORY_COUNTRY_REGION_NAME_REGION_ID` (`region_id`),
  CONSTRAINT `DIR_COUNTRY_REGION_NAME_REGION_ID_DIR_COUNTRY_REGION_REGION_ID` FOREIGN KEY (`region_id`) REFERENCES `directory_country_region` (`region_id`) ON DELETE CASCADE
) ENGINE=InnoDB DEFAULT CHARSET=utf8 COMMENT='Directory Country Region Name';

--
-- Dumping data for table `directory_country_region_name`
--

INSERT INTO `directory_country_region_name` VALUES ('en_US',1,'Alabama'),('en_US',2,'Alaska'),('en_US',3,'American Samoa'),('en_US',4,'Arizona'),('en_US',5,'Arkansas'),('en_US',6,'Armed Forces Africa'),('en_US',7,'Armed Forces Americas'),('en_US',8,'Armed Forces Canada'),('en_US',9,'Armed Forces Europe'),('en_US',10,'Armed Forces Middle East'),('en_US',11,'Armed Forces Pacific'),('en_US',12,'California'),('en_US',13,'Colorado'),('en_US',14,'Connecticut'),('en_US',15,'Delaware'),('en_US',16,'District of Columbia'),('en_US',17,'Federated States Of Micronesia'),('en_US',18,'Florida'),('en_US',19,'Georgia'),('en_US',20,'Guam'),('en_US',21,'Hawaii'),('en_US',22,'Idaho'),('en_US',23,'Illinois'),('en_US',24,'Indiana'),('en_US',25,'Iowa'),('en_US',26,'Kansas'),('en_US',27,'Kentucky'),('en_US',28,'Louisiana'),('en_US',29,'Maine'),('en_US',30,'Marshall Islands'),('en_US',31,'Maryland'),('en_US',32,'Massachusetts'),('en_US',33,'Michigan'),('en_US',34,'Minnesota'),('en_US',35,'Mississippi'),('en_US',36,'Missouri'),('en_US',37,'Montana'),('en_US',38,'Nebraska'),('en_US',39,'Nevada'),('en_US',40,'New Hampshire'),('en_US',41,'New Jersey'),('en_US',42,'New Mexico'),('en_US',43,'New York'),('en_US',44,'North Carolina'),('en_US',45,'North Dakota'),('en_US',46,'Northern Mariana Islands'),('en_US',47,'Ohio'),('en_US',48,'Oklahoma'),('en_US',49,'Oregon'),('en_US',50,'Palau'),('en_US',51,'Pennsylvania'),('en_US',52,'Puerto Rico'),('en_US',53,'Rhode Island'),('en_US',54,'South Carolina'),('en_US',55,'South Dakota'),('en_US',56,'Tennessee'),('en_US',57,'Texas'),('en_US',58,'Utah'),('en_US',59,'Vermont'),('en_US',60,'Virgin Islands'),('en_US',61,'Virginia'),('en_US',62,'Washington'),('en_US',63,'West Virginia'),('en_US',64,'Wisconsin'),('en_US',65,'Wyoming'),('en_US',66,'Alberta'),('en_US',67,'British Columbia'),('en_US',68,'Manitoba'),('en_US',69,'Newfoundland and Labrador'),('en_US',70,'New Brunswick'),('en_US',71,'Nova Scotia'),('en_US',72,'Northwest Territories'),('en_US',73,'Nunavut'),('en_US',74,'Ontario'),('en_US',75,'Prince Edward Island'),('en_US',76,'Quebec'),('en_US',77,'Saskatchewan'),('en_US',78,'Yukon Territory'),('en_US',79,'Niedersachsen'),('en_US',80,'Baden-Württemberg'),('en_US',81,'Bayern'),('en_US',82,'Berlin'),('en_US',83,'Brandenburg'),('en_US',84,'Bremen'),('en_US',85,'Hamburg'),('en_US',86,'Hessen'),('en_US',87,'Mecklenburg-Vorpommern'),('en_US',88,'Nordrhein-Westfalen'),('en_US',89,'Rheinland-Pfalz'),('en_US',90,'Saarland'),('en_US',91,'Sachsen'),('en_US',92,'Sachsen-Anhalt'),('en_US',93,'Schleswig-Holstein'),('en_US',94,'Thüringen'),('en_US',95,'Wien'),('en_US',96,'Niederösterreich'),('en_US',97,'Oberösterreich'),('en_US',98,'Salzburg'),('en_US',99,'Kärnten'),('en_US',100,'Steiermark'),('en_US',101,'Tirol'),('en_US',102,'Burgenland'),('en_US',103,'Vorarlberg'),('en_US',104,'Aargau'),('en_US',105,'Appenzell Innerrhoden'),('en_US',106,'Appenzell Ausserrhoden'),('en_US',107,'Bern'),('en_US',108,'Basel-Landschaft'),('en_US',109,'Basel-Stadt'),('en_US',110,'Friburg'),('en_US',111,'Geneva'),('en_US',112,'Glarus'),('en_US',113,'Graubünden'),('en_US',114,'Jura'),('en_US',115,'Lucerne'),('en_US',116,'Neuchâtel'),('en_US',117,'Nidwalden'),('en_US',118,'Obwalden'),('en_US',119,'St. Gallen'),('en_US',120,'Schaffhausen'),('en_US',121,'Solothurn'),('en_US',122,'Schwyz'),('en_US',123,'Thurgau'),('en_US',124,'Ticino'),('en_US',125,'Uri'),('en_US',126,'Vaud'),('en_US',127,'Wallis'),('en_US',128,'Zug'),('en_US',129,'Zürich'),('en_US',130,'A Coruña'),('en_US',131,'Alava'),('en_US',132,'Albacete'),('en_US',133,'Alicante'),('en_US',134,'Almeria'),('en_US',135,'Asturias'),('en_US',136,'Avila'),('en_US',137,'Badajoz'),('en_US',138,'Baleares'),('en_US',139,'Barcelona'),('en_US',140,'Burgos'),('en_US',141,'Caceres'),('en_US',142,'Cadiz'),('en_US',143,'Cantabria'),('en_US',144,'Castellon'),('en_US',145,'Ceuta'),('en_US',146,'Ciudad Real'),('en_US',147,'Cordoba'),('en_US',148,'Cuenca'),('en_US',149,'Girona'),('en_US',150,'Granada'),('en_US',151,'Guadalajara'),('en_US',152,'Guipuzcoa'),('en_US',153,'Huelva'),('en_US',154,'Huesca'),('en_US',155,'Jaen'),('en_US',156,'La Rioja'),('en_US',157,'Las Palmas'),('en_US',158,'Leon'),('en_US',159,'Lleida'),('en_US',160,'Lugo'),('en_US',161,'Madrid'),('en_US',162,'Malaga'),('en_US',163,'Melilla'),('en_US',164,'Murcia'),('en_US',165,'Navarra'),('en_US',166,'Ourense'),('en_US',167,'Palencia'),('en_US',168,'Pontevedra'),('en_US',169,'Salamanca'),('en_US',170,'Santa Cruz de Tenerife'),('en_US',171,'Segovia'),('en_US',172,'Sevilla'),('en_US',173,'Soria'),('en_US',174,'Tarragona'),('en_US',175,'Teruel'),('en_US',176,'Toledo'),('en_US',177,'Valencia'),('en_US',178,'Valladolid'),('en_US',179,'Vizcaya'),('en_US',180,'Zamora'),('en_US',181,'Zaragoza'),('en_US',182,'Ain'),('en_US',183,'Aisne'),('en_US',184,'Allier'),('en_US',185,'Alpes-de-Haute-Provence'),('en_US',186,'Hautes-Alpes'),('en_US',187,'Alpes-Maritimes'),('en_US',188,'Ardèche'),('en_US',189,'Ardennes'),('en_US',190,'Ariège'),('en_US',191,'Aube'),('en_US',192,'Aude'),('en_US',193,'Aveyron'),('en_US',194,'Bouches-du-Rhône'),('en_US',195,'Calvados'),('en_US',196,'Cantal'),('en_US',197,'Charente'),('en_US',198,'Charente-Maritime'),('en_US',199,'Cher'),('en_US',200,'Corrèze'),('en_US',201,'Corse-du-Sud'),('en_US',202,'Haute-Corse'),('en_US',203,'Côte-d\'Or'),('en_US',204,'Côtes-d\'Armor'),('en_US',205,'Creuse'),('en_US',206,'Dordogne'),('en_US',207,'Doubs'),('en_US',208,'Drôme'),('en_US',209,'Eure'),('en_US',210,'Eure-et-Loir'),('en_US',211,'Finistère'),('en_US',212,'Gard'),('en_US',213,'Haute-Garonne'),('en_US',214,'Gers'),('en_US',215,'Gironde'),('en_US',216,'Hérault'),('en_US',217,'Ille-et-Vilaine'),('en_US',218,'Indre'),('en_US',219,'Indre-et-Loire'),('en_US',220,'Isère'),('en_US',221,'Jura'),('en_US',222,'Landes'),('en_US',223,'Loir-et-Cher'),('en_US',224,'Loire'),('en_US',225,'Haute-Loire'),('en_US',226,'Loire-Atlantique'),('en_US',227,'Loiret'),('en_US',228,'Lot'),('en_US',229,'Lot-et-Garonne'),('en_US',230,'Lozère'),('en_US',231,'Maine-et-Loire'),('en_US',232,'Manche'),('en_US',233,'Marne'),('en_US',234,'Haute-Marne'),('en_US',235,'Mayenne'),('en_US',236,'Meurthe-et-Moselle'),('en_US',237,'Meuse'),('en_US',238,'Morbihan'),('en_US',239,'Moselle'),('en_US',240,'Nièvre'),('en_US',241,'Nord'),('en_US',242,'Oise'),('en_US',243,'Orne'),('en_US',244,'Pas-de-Calais'),('en_US',245,'Puy-de-Dôme'),('en_US',246,'Pyrénées-Atlantiques'),('en_US',247,'Hautes-Pyrénées'),('en_US',248,'Pyrénées-Orientales'),('en_US',249,'Bas-Rhin'),('en_US',250,'Haut-Rhin'),('en_US',251,'Rhône'),('en_US',252,'Haute-Saône'),('en_US',253,'Saône-et-Loire'),('en_US',254,'Sarthe'),('en_US',255,'Savoie'),('en_US',256,'Haute-Savoie'),('en_US',257,'Paris'),('en_US',258,'Seine-Maritime'),('en_US',259,'Seine-et-Marne'),('en_US',260,'Yvelines'),('en_US',261,'Deux-Sèvres'),('en_US',262,'Somme'),('en_US',263,'Tarn'),('en_US',264,'Tarn-et-Garonne'),('en_US',265,'Var'),('en_US',266,'Vaucluse'),('en_US',267,'Vendée'),('en_US',268,'Vienne'),('en_US',269,'Haute-Vienne'),('en_US',270,'Vosges'),('en_US',271,'Yonne'),('en_US',272,'Territoire-de-Belfort'),('en_US',273,'Essonne'),('en_US',274,'Hauts-de-Seine'),('en_US',275,'Seine-Saint-Denis'),('en_US',276,'Val-de-Marne'),('en_US',277,'Val-d\'Oise'),('en_US',278,'Alba'),('en_US',279,'Arad'),('en_US',280,'Argeş'),('en_US',281,'Bacău'),('en_US',282,'Bihor'),('en_US',283,'Bistriţa-Năsăud'),('en_US',284,'Botoşani'),('en_US',285,'Braşov'),('en_US',286,'Brăila'),('en_US',287,'Bucureşti'),('en_US',288,'Buzău'),('en_US',289,'Caraş-Severin'),('en_US',290,'Călăraşi'),('en_US',291,'Cluj'),('en_US',292,'Constanţa'),('en_US',293,'Covasna'),('en_US',294,'Dâmboviţa'),('en_US',295,'Dolj'),('en_US',296,'Galaţi'),('en_US',297,'Giurgiu'),('en_US',298,'Gorj'),('en_US',299,'Harghita'),('en_US',300,'Hunedoara'),('en_US',301,'Ialomiţa'),('en_US',302,'Iaşi'),('en_US',303,'Ilfov'),('en_US',304,'Maramureş'),('en_US',305,'Mehedinţi'),('en_US',306,'Mureş'),('en_US',307,'Neamţ'),('en_US',308,'Olt'),('en_US',309,'Prahova'),('en_US',310,'Satu-Mare'),('en_US',311,'Sălaj'),('en_US',312,'Sibiu'),('en_US',313,'Suceava'),('en_US',314,'Teleorman'),('en_US',315,'Timiş'),('en_US',316,'Tulcea'),('en_US',317,'Vaslui'),('en_US',318,'Vâlcea'),('en_US',319,'Vrancea'),('en_US',320,'Lappi'),('en_US',321,'Pohjois-Pohjanmaa'),('en_US',322,'Kainuu'),('en_US',323,'Pohjois-Karjala'),('en_US',324,'Pohjois-Savo'),('en_US',325,'Etelä-Savo'),('en_US',326,'Etelä-Pohjanmaa'),('en_US',327,'Pohjanmaa'),('en_US',328,'Pirkanmaa'),('en_US',329,'Satakunta'),('en_US',330,'Keski-Pohjanmaa'),('en_US',331,'Keski-Suomi'),('en_US',332,'Varsinais-Suomi'),('en_US',333,'Etelä-Karjala'),('en_US',334,'Päijät-Häme'),('en_US',335,'Kanta-Häme'),('en_US',336,'Uusimaa'),('en_US',337,'Itä-Uusimaa'),('en_US',338,'Kymenlaakso'),('en_US',339,'Ahvenanmaa'),('en_US',340,'Harjumaa'),('en_US',341,'Hiiumaa'),('en_US',342,'Ida-Virumaa'),('en_US',343,'Jõgevamaa'),('en_US',344,'Järvamaa'),('en_US',345,'Läänemaa'),('en_US',346,'Lääne-Virumaa'),('en_US',347,'Põlvamaa'),('en_US',348,'Pärnumaa'),('en_US',349,'Raplamaa'),('en_US',350,'Saaremaa'),('en_US',351,'Tartumaa'),('en_US',352,'Valgamaa'),('en_US',353,'Viljandimaa'),('en_US',354,'Võrumaa'),('en_US',355,'Daugavpils'),('en_US',356,'Jelgava'),('en_US',357,'Jēkabpils'),('en_US',358,'Jūrmala'),('en_US',359,'Liepāja'),('en_US',360,'Liepājas novads'),('en_US',361,'Rēzekne'),('en_US',362,'Rīga'),('en_US',363,'Rīgas novads'),('en_US',364,'Valmiera'),('en_US',365,'Ventspils'),('en_US',366,'Aglonas novads'),('en_US',367,'Aizkraukles novads'),('en_US',368,'Aizputes novads'),('en_US',369,'Aknīstes novads'),('en_US',370,'Alojas novads'),('en_US',371,'Alsungas novads'),('en_US',372,'Alūksnes novads'),('en_US',373,'Amatas novads'),('en_US',374,'Apes novads'),('en_US',375,'Auces novads'),('en_US',376,'Babītes novads'),('en_US',377,'Baldones novads'),('en_US',378,'Baltinavas novads'),('en_US',379,'Balvu novads'),('en_US',380,'Bauskas novads'),('en_US',381,'Beverīnas novads'),('en_US',382,'Brocēnu novads'),('en_US',383,'Burtnieku novads'),('en_US',384,'Carnikavas novads'),('en_US',385,'Cesvaines novads'),('en_US',386,'Ciblas novads'),('en_US',387,'Cēsu novads'),('en_US',388,'Dagdas novads'),('en_US',389,'Daugavpils novads'),('en_US',390,'Dobeles novads'),('en_US',391,'Dundagas novads'),('en_US',392,'Durbes novads'),('en_US',393,'Engures novads'),('en_US',394,'Garkalnes novads'),('en_US',395,'Grobiņas novads'),('en_US',396,'Gulbenes novads'),('en_US',397,'Iecavas novads'),('en_US',398,'Ikšķiles novads'),('en_US',399,'Ilūkstes novads'),('en_US',400,'Inčukalna novads'),('en_US',401,'Jaunjelgavas novads'),('en_US',402,'Jaunpiebalgas novads'),('en_US',403,'Jaunpils novads'),('en_US',404,'Jelgavas novads'),('en_US',405,'Jēkabpils novads'),('en_US',406,'Kandavas novads'),('en_US',407,'Kokneses novads'),('en_US',408,'Krimuldas novads'),('en_US',409,'Krustpils novads'),('en_US',410,'Krāslavas novads'),('en_US',411,'Kuldīgas novads'),('en_US',412,'Kārsavas novads'),('en_US',413,'Lielvārdes novads'),('en_US',414,'Limbažu novads'),('en_US',415,'Lubānas novads'),('en_US',416,'Ludzas novads'),('en_US',417,'Līgatnes novads'),('en_US',418,'Līvānu novads'),('en_US',419,'Madonas novads'),('en_US',420,'Mazsalacas novads'),('en_US',421,'Mālpils novads'),('en_US',422,'Mārupes novads'),('en_US',423,'Naukšēnu novads'),('en_US',424,'Neretas novads'),('en_US',425,'Nīcas novads'),('en_US',426,'Ogres novads'),('en_US',427,'Olaines novads'),('en_US',428,'Ozolnieku novads'),('en_US',429,'Preiļu novads'),('en_US',430,'Priekules novads'),('en_US',431,'Priekuļu novads'),('en_US',432,'Pārgaujas novads'),('en_US',433,'Pāvilostas novads'),('en_US',434,'Pļaviņu novads'),('en_US',435,'Raunas novads'),('en_US',436,'Riebiņu novads'),('en_US',437,'Rojas novads'),('en_US',438,'Ropažu novads'),('en_US',439,'Rucavas novads'),('en_US',440,'Rugāju novads'),('en_US',441,'Rundāles novads'),('en_US',442,'Rēzeknes novads'),('en_US',443,'Rūjienas novads'),('en_US',444,'Salacgrīvas novads'),('en_US',445,'Salas novads'),('en_US',446,'Salaspils novads'),('en_US',447,'Saldus novads'),('en_US',448,'Saulkrastu novads'),('en_US',449,'Siguldas novads'),('en_US',450,'Skrundas novads'),('en_US',451,'Skrīveru novads'),('en_US',452,'Smiltenes novads'),('en_US',453,'Stopiņu novads'),('en_US',454,'Strenču novads'),('en_US',455,'Sējas novads'),('en_US',456,'Talsu novads'),('en_US',457,'Tukuma novads'),('en_US',458,'Tērvetes novads'),('en_US',459,'Vaiņodes novads'),('en_US',460,'Valkas novads'),('en_US',461,'Valmieras novads'),('en_US',462,'Varakļānu novads'),('en_US',463,'Vecpiebalgas novads'),('en_US',464,'Vecumnieku novads'),('en_US',465,'Ventspils novads'),('en_US',466,'Viesītes novads'),('en_US',467,'Viļakas novads'),('en_US',468,'Viļānu novads'),('en_US',469,'Vārkavas novads'),('en_US',470,'Zilupes novads'),('en_US',471,'Ādažu novads'),('en_US',472,'Ērgļu novads'),('en_US',473,'Ķeguma novads'),('en_US',474,'Ķekavas novads'),('en_US',475,'Alytaus Apskritis'),('en_US',476,'Kauno Apskritis'),('en_US',477,'Klaipėdos Apskritis'),('en_US',478,'Marijampolės Apskritis'),('en_US',479,'Panevėžio Apskritis'),('en_US',480,'Šiaulių Apskritis'),('en_US',481,'Tauragės Apskritis'),('en_US',482,'Telšių Apskritis'),('en_US',483,'Utenos Apskritis'),('en_US',484,'Vilniaus Apskritis'),('en_US',485,'Acre'),('en_US',486,'Alagoas'),('en_US',487,'Amapá'),('en_US',488,'Amazonas'),('en_US',489,'Bahia'),('en_US',490,'Ceará'),('en_US',491,'Espírito Santo'),('en_US',492,'Goiás'),('en_US',493,'Maranhão'),('en_US',494,'Mato Grosso'),('en_US',495,'Mato Grosso do Sul'),('en_US',496,'Minas Gerais'),('en_US',497,'Pará'),('en_US',498,'Paraíba'),('en_US',499,'Paraná'),('en_US',500,'Pernambuco'),('en_US',501,'Piauí'),('en_US',502,'Rio de Janeiro'),('en_US',503,'Rio Grande do Norte'),('en_US',504,'Rio Grande do Sul'),('en_US',505,'Rondônia'),('en_US',506,'Roraima'),('en_US',507,'Santa Catarina'),('en_US',508,'São Paulo'),('en_US',509,'Sergipe'),('en_US',510,'Tocantins'),('en_US',511,'Distrito Federal'),('en_US',512,'Zagrebačka županija'),('en_US',513,'Krapinsko-zagorska županija'),('en_US',514,'Sisačko-moslavačka županija'),('en_US',515,'Karlovačka županija'),('en_US',516,'Varaždinska županija'),('en_US',517,'Koprivničko-križevačka županija'),('en_US',518,'Bjelovarsko-bilogorska županija'),('en_US',519,'Primorsko-goranska županija'),('en_US',520,'Ličko-senjska županija'),('en_US',521,'Virovitičko-podravska županija'),('en_US',522,'Požeško-slavonska županija'),('en_US',523,'Brodsko-posavska županija'),('en_US',524,'Zadarska županija'),('en_US',525,'Osječko-baranjska županija'),('en_US',526,'Šibensko-kninska županija'),('en_US',527,'Vukovarsko-srijemska županija'),('en_US',528,'Splitsko-dalmatinska županija'),('en_US',529,'Istarska županija'),('en_US',530,'Dubrovačko-neretvanska županija'),('en_US',531,'Međimurska županija'),('en_US',532,'Grad Zagreb'),('en_US',533,'Andaman and Nicobar Islands'),('en_US',534,'Andhra Pradesh'),('en_US',535,'Arunachal Pradesh'),('en_US',536,'Assam'),('en_US',537,'Bihar'),('en_US',538,'Chandigarh'),('en_US',539,'Chhattisgarh'),('en_US',540,'Dadra and Nagar Haveli'),('en_US',541,'Daman and Diu'),('en_US',542,'Delhi'),('en_US',543,'Goa'),('en_US',544,'Gujarat'),('en_US',545,'Haryana'),('en_US',546,'Himachal Pradesh'),('en_US',547,'Jammu and Kashmir'),('en_US',548,'Jharkhand'),('en_US',549,'Karnataka'),('en_US',550,'Kerala'),('en_US',551,'Lakshadweep'),('en_US',552,'Madhya Pradesh'),('en_US',553,'Maharashtra'),('en_US',554,'Manipur'),('en_US',555,'Meghalaya'),('en_US',556,'Mizoram'),('en_US',557,'Nagaland'),('en_US',558,'Odisha'),('en_US',559,'Puducherry'),('en_US',560,'Punjab'),('en_US',561,'Rajasthan'),('en_US',562,'Sikkim'),('en_US',563,'Tamil Nadu'),('en_US',564,'Telangana'),('en_US',565,'Tripura'),('en_US',566,'Uttar Pradesh'),('en_US',567,'Uttarakhand'),('en_US',568,'West Bengal'),('en_US',569,'Australian Capital Territory'),('en_US',570,'New South Wales'),('en_US',571,'Victoria'),('en_US',572,'Queensland'),('en_US',573,'South Australia'),('en_US',574,'Tasmania'),('en_US',575,'Western Australia'),('en_US',576,'Northern Territory'),('en_US',577,'Aguascalientes'),('en_US',578,'Baja California'),('en_US',579,'Baja California Sur'),('en_US',580,'Campeche'),('en_US',581,'Chiapas'),('en_US',582,'Chihuahua'),('en_US',583,'Ciudad de México'),('en_US',584,'Coahuila'),('en_US',585,'Colima'),('en_US',586,'Durango'),('en_US',587,'Estado de México'),('en_US',588,'Guanajuato'),('en_US',589,'Guerrero'),('en_US',590,'Hidalgo'),('en_US',591,'Jalisco'),('en_US',592,'Michoacán'),('en_US',593,'Morelos'),('en_US',594,'Nayarit'),('en_US',595,'Nuevo León'),('en_US',596,'Oaxaca'),('en_US',597,'Puebla'),('en_US',598,'Querétaro'),('en_US',599,'Quintana Roo'),('en_US',600,'San Luis Potosí'),('en_US',601,'Sinaloa'),('en_US',602,'Sonora'),('en_US',603,'Tabasco'),('en_US',604,'Tamaulipas'),('en_US',605,'Tlaxcala'),('en_US',606,'Veracruz'),('en_US',607,'Yucatán'),('en_US',608,'Zacatecas'),('en_US',609,'Antwerpen'),('en_US',610,'Brabant wallon'),('en_US',611,'Brussels-Capital Region'),('en_US',612,'Hainaut'),('en_US',613,'Limburg'),('en_US',614,'Liège'),('en_US',615,'Luxembourg'),('en_US',616,'Namur'),('en_US',617,'Oost-Vlaanderen'),('en_US',618,'Vlaams-Brabant'),('en_US',619,'West-Vlaanderen'),('en_US',620,'Anhui Sheng'),('en_US',621,'Beijing Shi'),('en_US',622,'Chongqing Shi'),('en_US',623,'Fujian Sheng'),('en_US',624,'Gansu Sheng'),('en_US',625,'Guangdong Sheng'),('en_US',626,'Guangxi Zhuangzu Zizhiqu'),('en_US',627,'Guizhou Sheng'),('en_US',628,'Hainan Sheng'),('en_US',629,'Hebei Sheng'),('en_US',630,'Heilongjiang Sheng'),('en_US',631,'Henan Sheng'),('en_US',632,'Hong Kong SAR'),('en_US',633,'Hubei Sheng'),('en_US',634,'Hunan Sheng'),('en_US',635,'Jiangsu Sheng'),('en_US',636,'Jiangxi Sheng'),('en_US',637,'Jilin Sheng'),('en_US',638,'Liaoning Sheng'),('en_US',639,'Macao SAR'),('en_US',640,'Nei Mongol Zizhiqu'),('en_US',641,'Ningxia Huizi Zizhiqu'),('en_US',642,'Qinghai Sheng'),('en_US',643,'Shaanxi Sheng'),('en_US',644,'Shandong Sheng'),('en_US',645,'Shanghai Shi'),('en_US',646,'Shanxi Sheng'),('en_US',647,'Sichuan Sheng'),('en_US',648,'Taiwan Sheng'),('en_US',649,'Tianjin Shi'),('en_US',650,'Xinjiang Uygur Zizhiqu'),('en_US',651,'Xizang Zizhiqu'),('en_US',652,'Yunnan Sheng'),('en_US',653,'Zhejiang Sheng'),('en_US',654,'Amazonas'),('en_US',655,'Antioquia'),('en_US',656,'Arauca'),('en_US',657,'Atlántico'),('en_US',658,'Bolívar'),('en_US',659,'Boyacá'),('en_US',660,'Caldas'),('en_US',661,'Caquetá'),('en_US',662,'Casanare'),('en_US',663,'Cauca'),('en_US',664,'Cesar'),('en_US',665,'Chocó'),('en_US',666,'Córdoba'),('en_US',667,'Cundinamarca'),('en_US',668,'Guainía'),('en_US',669,'Guaviare'),('en_US',670,'Huila'),('en_US',671,'La Guajira'),('en_US',672,'Magdalena'),('en_US',673,'Meta'),('en_US',674,'Nariño'),('en_US',675,'Norte de Santander'),('en_US',676,'Putumayo'),('en_US',677,'Quindío'),('en_US',678,'Risaralda'),('en_US',679,'San Andrés y Providencia'),('en_US',680,'Santander'),('en_US',681,'Sucre'),('en_US',682,'Tolima'),('en_US',683,'Valle del Cauca'),('en_US',684,'Vaupés'),('en_US',685,'Vichada'),('en_US',686,'Agrigento'),('en_US',687,'Alessandria'),('en_US',688,'Ancona'),('en_US',689,'Aosta'),('en_US',690,'L\'Aquila'),('en_US',691,'Arezzo'),('en_US',692,'Ascoli-Piceno'),('en_US',693,'Asti'),('en_US',694,'Avellino'),('en_US',695,'Bari'),('en_US',696,'Barletta-Andria-Trani'),('en_US',697,'Belluno'),('en_US',698,'Benevento'),('en_US',699,'Bergamo'),('en_US',700,'Biella'),('en_US',701,'Bologna'),('en_US',702,'Bolzano'),('en_US',703,'Brescia'),('en_US',704,'Brindisi'),('en_US',705,'Cagliari'),('en_US',706,'Caltanissetta'),('en_US',707,'Campobasso'),('en_US',708,'Carbonia Iglesias'),('en_US',709,'Caserta'),('en_US',710,'Catania'),('en_US',711,'Catanzaro'),('en_US',712,'Chieti'),('en_US',713,'Como'),('en_US',714,'Cosenza'),('en_US',715,'Cremona'),('en_US',716,'Crotone'),('en_US',717,'Cuneo'),('en_US',718,'Enna'),('en_US',719,'Fermo'),('en_US',720,'Ferrara'),('en_US',721,'Firenze'),('en_US',722,'Foggia'),('en_US',723,'Forli-Cesena'),('en_US',724,'Frosinone'),('en_US',725,'Genova'),('en_US',726,'Gorizia'),('en_US',727,'Grosseto'),('en_US',728,'Imperia'),('en_US',729,'Isernia'),('en_US',730,'La-Spezia'),('en_US',731,'Latina'),('en_US',732,'Lecce'),('en_US',733,'Lecco'),('en_US',734,'Livorno'),('en_US',735,'Lodi'),('en_US',736,'Lucca'),('en_US',737,'Macerata'),('en_US',738,'Mantova'),('en_US',739,'Massa-Carrara'),('en_US',740,'Matera'),('en_US',741,'Medio Campidano'),('en_US',742,'Messina'),('en_US',743,'Milano'),('en_US',744,'Modena'),('en_US',745,'Monza-Brianza'),('en_US',746,'Napoli'),('en_US',747,'Novara'),('en_US',748,'Nuoro'),('en_US',749,'Ogliastra'),('en_US',750,'Olbia Tempio'),('en_US',751,'Oristano'),('en_US',752,'Padova'),('en_US',753,'Palermo'),('en_US',754,'Parma'),('en_US',755,'Pavia'),('en_US',756,'Perugia'),('en_US',757,'Pesaro-Urbino'),('en_US',758,'Pescara'),('en_US',759,'Piacenza'),('en_US',760,'Pisa'),('en_US',761,'Pistoia'),('en_US',762,'Pordenone'),('en_US',763,'Potenza'),('en_US',764,'Prato'),('en_US',765,'Ragusa'),('en_US',766,'Ravenna'),('en_US',767,'Reggio-Calabria'),('en_US',768,'Reggio-Emilia'),('en_US',769,'Rieti'),('en_US',770,'Rimini'),('en_US',771,'Roma'),('en_US',772,'Rovigo'),('en_US',773,'Salerno'),('en_US',774,'Sassari'),('en_US',775,'Savona'),('en_US',776,'Siena'),('en_US',777,'Siracusa'),('en_US',778,'Sondrio'),('en_US',779,'Taranto'),('en_US',780,'Teramo'),('en_US',781,'Terni'),('en_US',782,'Torino'),('en_US',783,'Trapani'),('en_US',784,'Trento'),('en_US',785,'Treviso'),('en_US',786,'Trieste'),('en_US',787,'Udine'),('en_US',788,'Varese'),('en_US',789,'Venezia'),('en_US',790,'Verbania'),('en_US',791,'Vercelli'),('en_US',792,'Verona'),('en_US',793,'Vibo-Valentia'),('en_US',794,'Vicenza'),('en_US',795,'Viterbo'),('en_US',796,'dolnośląskie'),('en_US',797,'kujawsko-pomorskie'),('en_US',798,'lubelskie'),('en_US',799,'lubuskie'),('en_US',800,'łódzkie'),('en_US',801,'małopolskie'),('en_US',802,'mazowieckie'),('en_US',803,'opolskie'),('en_US',804,'podkarpackie'),('en_US',805,'podlaskie'),('en_US',806,'pomorskie'),('en_US',807,'śląskie'),('en_US',808,'świętokrzyskie'),('en_US',809,'warmińsko-mazurskie'),('en_US',810,'wielkopolskie'),('en_US',811,'zachodniopomorskie'),('en_US',812,'Berat'),('en_US',813,'Dibër'),('en_US',814,'Durrës'),('en_US',815,'Elbasan'),('en_US',816,'Fier'),('en_US',817,'Gjirokastër'),('en_US',818,'Korçë'),('en_US',819,'Kukës'),('en_US',820,'Lezhë'),('en_US',821,'Shkodër'),('en_US',822,'Tiranë'),('en_US',823,'Vlorë'),('en_US',824,'Ciudad Autónoma de Buenos Aires'),('en_US',825,'Buenos Aires'),('en_US',826,'Catamarca'),('en_US',827,'Chaco'),('en_US',828,'Chubut'),('en_US',829,'Córdoba'),('en_US',830,'Corrientes'),('en_US',831,'Entre Ríos'),('en_US',832,'Formosa'),('en_US',833,'Jujuy'),('en_US',834,'La Pampa'),('en_US',835,'La Rioja'),('en_US',836,'Mendoza'),('en_US',837,'Misiones'),('en_US',838,'Neuquén'),('en_US',839,'Río Negro'),('en_US',840,'Salta'),('en_US',841,'San Juan'),('en_US',842,'San Luis'),('en_US',843,'Santa Cruz'),('en_US',844,'Santa Fe'),('en_US',845,'Santiago del Estero'),('en_US',846,'Tierra del Fuego'),('en_US',847,'Tucumán'),('en_US',848,'Bresckaja voblasć'),('en_US',849,'Homieĺskaja voblasć'),('en_US',850,'Horad Minsk'),('en_US',851,'Hrodzienskaja voblasć'),('en_US',852,'Mahilioŭskaja voblasć'),('en_US',853,'Minskaja voblasć'),('en_US',854,'Viciebskaja voblasć'),('en_US',855,'Cochabamba'),('en_US',856,'Chuquisaca'),('en_US',857,'El Beni'),('en_US',858,'La Paz'),('en_US',859,'Oruro'),('en_US',860,'Pando'),('en_US',861,'Potosí'),('en_US',862,'Santa Cruz'),('en_US',863,'Tarija'),('en_US',864,'Blagoevgrad'),('en_US',865,'Burgas'),('en_US',866,'Varna'),('en_US',867,'Veliko Tarnovo'),('en_US',868,'Vidin'),('en_US',869,'Vratsa'),('en_US',870,'Gabrovo'),('en_US',871,'Dobrich'),('en_US',872,'Kardzhali'),('en_US',873,'Kyustendil'),('en_US',874,'Lovech'),('en_US',875,'Montana'),('en_US',876,'Pazardzhik'),('en_US',877,'Pernik'),('en_US',878,'Pleven'),('en_US',879,'Plovdiv'),('en_US',880,'Razgrad'),('en_US',881,'Ruse'),('en_US',882,'Silistra'),('en_US',883,'Sliven'),('en_US',884,'Smolyan'),('en_US',885,'Sofia City'),('en_US',886,'Sofia Province'),('en_US',887,'Stara Zagora'),('en_US',888,'Targovishte'),('en_US',889,'Haskovo'),('en_US',890,'Shumen'),('en_US',891,'Yambol'),('en_US',892,'Aisén del General Carlos Ibañez del Campo'),('en_US',893,'Antofagasta'),('en_US',894,'Arica y Parinacota'),('en_US',895,'La Araucanía'),('en_US',896,'Atacama'),('en_US',897,'Biobío'),('en_US',898,'Coquimbo'),('en_US',899,'Libertador General Bernardo O\'Higgins'),('en_US',900,'Los Lagos'),('en_US',901,'Los Ríos'),('en_US',902,'Magallanes'),('en_US',903,'Maule'),('en_US',904,'Ñuble'),('en_US',905,'Región Metropolitana de Santiago'),('en_US',906,'Tarapacá'),('en_US',907,'Valparaíso'),('en_US',908,'Hovedstaden'),('en_US',909,'Midtjylland'),('en_US',910,'Nordjylland'),('en_US',911,'Sjælland'),('en_US',912,'Syddanmark'),('en_US',913,'Azuay'),('en_US',914,'Bolívar'),('en_US',915,'Cañar'),('en_US',916,'Carchi'),('en_US',917,'Chimborazo'),('en_US',918,'Cotopaxi'),('en_US',919,'El Oro'),('en_US',920,'Esmeraldas'),('en_US',921,'Galápagos'),('en_US',922,'Guayas'),('en_US',923,'Imbabura'),('en_US',924,'Loja'),('en_US',925,'Los Ríos'),('en_US',926,'Manabí'),('en_US',927,'Morona Santiago'),('en_US',928,'Napo'),('en_US',929,'Orellana'),('en_US',930,'Pastaza'),('en_US',931,'Pichincha'),('en_US',932,'Santa Elena'),('en_US',933,'Santo Domingo de los Tsáchilas'),('en_US',934,'Sucumbíos'),('en_US',935,'Tungurahua'),('en_US',936,'Zamora Chinchipe'),('en_US',937,'Anatolikí Makedonía kai Thráki'),('en_US',938,'Attikí'),('en_US',939,'Dytikí Elláda'),('en_US',940,'Dytikí Makedonía'),('en_US',941,'Ionía Nísia'),('en_US',942,'Ípeiros'),('en_US',943,'Kentrikí Makedonía'),('en_US',944,'Kríti'),('en_US',945,'Nótio Aigaío'),('en_US',946,'Pelopónnisos'),('en_US',947,'Stereá Elláda'),('en_US',948,'Thessalía'),('en_US',949,'Vóreio Aigaío'),('en_US',950,'Ágion Óros'),('en_US',951,'Barima-Waini'),('en_US',952,'Cuyuni-Mazaruni'),('en_US',953,'Demerara-Mahaica'),('en_US',954,'East Berbice-Corentyne'),('en_US',955,'Essequibo Islands-West Demerara'),('en_US',956,'Mahaica-Berbice'),('en_US',957,'Pomeroon-Supenaam'),('en_US',958,'Potaro-Siparuni'),('en_US',959,'Upper Demerara-Berbice'),('en_US',960,'Upper Takutu-Upper Essequibo'),('en_US',961,'Höfuðborgarsvæði'),('en_US',962,'Suðurnes'),('en_US',963,'Vesturland'),('en_US',964,'Vestfirðir'),('en_US',965,'Norðurland vestra'),('en_US',966,'Norðurland eystra'),('en_US',967,'Austurland'),('en_US',968,'Suðurland'),('en_US',969,'Asunción'),('en_US',970,'Alto Paraguay'),('en_US',971,'Alto Paraná'),('en_US',972,'Amambay'),('en_US',973,'Boquerón'),('en_US',974,'Caaguazú'),('en_US',975,'Caazapá'),('en_US',976,'Canindeyú'),('en_US',977,'Central'),('en_US',978,'Concepción'),('en_US',979,'Cordillera'),('en_US',980,'Guairá'),('en_US',981,'Itapúa'),('en_US',982,'Misiones'),('en_US',983,'Ñeembucú'),('en_US',984,'Paraguarí'),('en_US',985,'Presidente Hayes'),('en_US',986,'San Pedro'),('en_US',987,'Municipalidad Metropolitana de Lima'),('en_US',988,'Amazonas'),('en_US',989,'Ancash'),('en_US',990,'Apurímac'),('en_US',991,'Arequipa'),('en_US',992,'Ayacucho'),('en_US',993,'Cajamarca'),('en_US',994,'Cusco'),('en_US',995,'El Callao'),('en_US',996,'Huancavelica'),('en_US',997,'Huánuco'),('en_US',998,'Ica'),('en_US',999,'Junín'),('en_US',1000,'La Libertad'),('en_US',1001,'Lambayeque'),('en_US',1002,'Lima'),('en_US',1003,'Loreto'),('en_US',1004,'Madre de Dios'),('en_US',1005,'Moquegua'),('en_US',1006,'Pasco'),('en_US',1007,'Piura'),('en_US',1008,'Puno'),('en_US',1009,'San Martín'),('en_US',1010,'Tacna'),('en_US',1011,'Tumbes'),('en_US',1012,'Ucayali'),('en_US',1013,'Aveiro'),('en_US',1014,'Beja'),('en_US',1015,'Braga'),('en_US',1016,'Bragança'),('en_US',1017,'Castelo Branco'),('en_US',1018,'Coimbra'),('en_US',1019,'Évora'),('en_US',1020,'Faro'),('en_US',1021,'Guarda'),('en_US',1022,'Leiria'),('en_US',1023,'Lisboa'),('en_US',1024,'Portalegre'),('en_US',1025,'Porto'),('en_US',1026,'Santarém'),('en_US',1027,'Setúbal'),('en_US',1028,'Viana do Castelo'),('en_US',1029,'Vila Real'),('en_US',1030,'Viseu'),('en_US',1031,'Região Autónoma dos Açores'),('en_US',1032,'Região Autónoma da Madeira'),('en_US',1033,'Brokopondo'),('en_US',1034,'Commewijne'),('en_US',1035,'Coronie'),('en_US',1036,'Marowijne'),('en_US',1037,'Nickerie'),('en_US',1038,'Para'),('en_US',1039,'Paramaribo'),('en_US',1040,'Saramacca'),('en_US',1041,'Sipaliwini'),('en_US',1042,'Wanica'),('en_US',1043,'Blekinge län'),('en_US',1044,'Dalarnas län'),('en_US',1045,'Gotlands län'),('en_US',1046,'Gävleborgs län'),('en_US',1047,'Hallands län'),('en_US',1048,'Jämtlands län'),('en_US',1049,'Jönköpings län'),('en_US',1050,'Kalmar län'),('en_US',1051,'Kronobergs län'),('en_US',1052,'Norrbottens län'),('en_US',1053,'Skåne län'),('en_US',1054,'Stockholms län'),('en_US',1055,'Södermanlands län'),('en_US',1056,'Uppsala län'),('en_US',1057,'Värmlands län'),('en_US',1058,'Västerbottens län'),('en_US',1059,'Västernorrlands län'),('en_US',1060,'Västmanlands län'),('en_US',1061,'Västra Götalands län'),('en_US',1062,'Örebro län'),('en_US',1063,'Östergötlands län'),('en_US',1064,'Artigas'),('en_US',1065,'Canelones'),('en_US',1066,'Cerro Largo'),('en_US',1067,'Colonia'),('en_US',1068,'Durazno'),('en_US',1069,'Flores'),('en_US',1070,'Florida'),('en_US',1071,'Lavalleja'),('en_US',1072,'Maldonado'),('en_US',1073,'Montevideo'),('en_US',1074,'Paysandu'),('en_US',1075,'Río Negro'),('en_US',1076,'Rivera'),('en_US',1077,'Rocha'),('en_US',1078,'Salto'),('en_US',1079,'San José'),('en_US',1080,'Soriano'),('en_US',1081,'Tacuarembó'),('en_US',1082,'Treinta y Tres'),('en_US',1083,'Dependencias Federales'),('en_US',1084,'Distrito Capital'),('en_US',1085,'Amazonas'),('en_US',1086,'Anzoátegui'),('en_US',1087,'Apure'),('en_US',1088,'Aragua'),('en_US',1089,'Barinas'),('en_US',1090,'Bolívar'),('en_US',1091,'Carabobo'),('en_US',1092,'Cojedes'),('en_US',1093,'Delta Amacuro'),('en_US',1094,'Falcón'),('en_US',1095,'Guárico'),('en_US',1096,'Lara'),('en_US',1097,'Mérida'),('en_US',1098,'Miranda'),('en_US',1099,'Monagas'),('en_US',1100,'Nueva Esparta'),('en_US',1101,'Portuguesa'),('en_US',1102,'Sucre'),('en_US',1103,'Táchira'),('en_US',1104,'Trujillo'),('en_US',1105,'Vargas'),('en_US',1106,'Yaracuy'),('en_US',1107,'Zulia'),('en_US',1108,'Praha, Hlavní město'),('en_US',1109,'Středočeský kraj'),('en_US',1110,'Jihočeský kraj'),('en_US',1111,'Plzeňský kraj'),('en_US',1112,'Karlovarský kraj'),('en_US',1113,'Ústecký kraj'),('en_US',1114,'Liberecký kraj'),('en_US',1115,'Královéhradecký kraj'),('en_US',1116,'Pardubický kraj'),('en_US',1117,'Kraj Vysočina'),('en_US',1118,'Jihomoravský kraj'),('en_US',1119,'Olomoucký kraj'),('en_US',1120,'Zlínský kraj'),('en_US',1121,'Moravskoslezský kraj');

--
-- Table structure for table `directory_currency_rate`
--

CREATE TABLE `directory_currency_rate` (
  `currency_from` varchar(3) NOT NULL COMMENT 'Currency Code Convert From',
  `currency_to` varchar(3) NOT NULL COMMENT 'Currency Code Convert To',
  `rate` decimal(24,12) NOT NULL DEFAULT '0.000000000000' COMMENT 'Currency Conversion Rate',
  PRIMARY KEY (`currency_from`,`currency_to`),
  KEY `DIRECTORY_CURRENCY_RATE_CURRENCY_TO` (`currency_to`)
) ENGINE=InnoDB DEFAULT CHARSET=utf8 COMMENT='Directory Currency Rate';

--
-- Dumping data for table `directory_currency_rate`
--

INSERT INTO `directory_currency_rate` VALUES ('EUR','EUR',1.000000000000),('EUR','USD',1.415000000000),('USD','EUR',0.706700000000),('USD','USD',1.000000000000);

--
-- Table structure for table `downloadable_link`
--

CREATE TABLE `downloadable_link` (
  `link_id` int unsigned NOT NULL AUTO_INCREMENT COMMENT 'Link ID',
  `product_id` int unsigned NOT NULL DEFAULT '0' COMMENT 'Product ID',
  `sort_order` int unsigned NOT NULL DEFAULT '0' COMMENT 'Sort order',
  `number_of_downloads` int DEFAULT NULL COMMENT 'Number of downloads',
  `is_shareable` smallint unsigned NOT NULL DEFAULT '0' COMMENT 'Shareable flag',
  `link_url` varchar(255) DEFAULT NULL COMMENT 'Link Url',
  `link_file` varchar(255) DEFAULT NULL COMMENT 'Link File',
  `link_type` varchar(20) DEFAULT NULL COMMENT 'Link Type',
  `sample_url` varchar(255) DEFAULT NULL COMMENT 'Sample Url',
  `sample_file` varchar(255) DEFAULT NULL COMMENT 'Sample File',
  `sample_type` varchar(20) DEFAULT NULL COMMENT 'Sample Type',
  PRIMARY KEY (`link_id`),
  KEY `DOWNLOADABLE_LINK_PRODUCT_ID_SORT_ORDER` (`product_id`,`sort_order`),
  CONSTRAINT `DOWNLOADABLE_LINK_PRODUCT_ID_CATALOG_PRODUCT_ENTITY_ENTITY_ID` FOREIGN KEY (`product_id`) REFERENCES `catalog_product_entity` (`entity_id`) ON DELETE CASCADE
) ENGINE=InnoDB AUTO_INCREMENT=2 DEFAULT CHARSET=utf8 COMMENT='Downloadable Link Table';

--
-- Dumping data for table `downloadable_link`
--

INSERT INTO `downloadable_link` VALUES (1,20,1,0,1,NULL,'/1/9/19.jpg','file',NULL,'/1/4/14.jpg','file');

--
-- Table structure for table `downloadable_link_price`
--

CREATE TABLE `downloadable_link_price` (
  `price_id` int unsigned NOT NULL AUTO_INCREMENT COMMENT 'Price ID',
  `link_id` int unsigned NOT NULL DEFAULT '0' COMMENT 'Link ID',
  `website_id` smallint unsigned NOT NULL DEFAULT '0' COMMENT 'Website ID',
  `price` decimal(20,6) NOT NULL DEFAULT '0.000000' COMMENT 'Price',
  PRIMARY KEY (`price_id`),
  KEY `DOWNLOADABLE_LINK_PRICE_LINK_ID` (`link_id`),
  KEY `DOWNLOADABLE_LINK_PRICE_WEBSITE_ID` (`website_id`),
  CONSTRAINT `DOWNLOADABLE_LINK_PRICE_LINK_ID_DOWNLOADABLE_LINK_LINK_ID` FOREIGN KEY (`link_id`) REFERENCES `downloadable_link` (`link_id`) ON DELETE CASCADE,
  CONSTRAINT `DOWNLOADABLE_LINK_PRICE_WEBSITE_ID_STORE_WEBSITE_WEBSITE_ID` FOREIGN KEY (`website_id`) REFERENCES `store_website` (`website_id`) ON DELETE CASCADE
) ENGINE=InnoDB AUTO_INCREMENT=2 DEFAULT CHARSET=utf8 COMMENT='Downloadable Link Price Table';

--
-- Dumping data for table `downloadable_link_price`
--

INSERT INTO `downloadable_link_price` VALUES (1,1,0,0.000000);

--
-- Table structure for table `downloadable_link_purchased`
--

CREATE TABLE `downloadable_link_purchased` (
  `purchased_id` int unsigned NOT NULL AUTO_INCREMENT COMMENT 'Purchased ID',
  `order_id` int unsigned DEFAULT '0' COMMENT 'Order ID',
  `order_increment_id` varchar(50) DEFAULT NULL COMMENT 'Order Increment ID',
  `order_item_id` int unsigned NOT NULL DEFAULT '0' COMMENT 'Order Item ID',
  `created_at` timestamp NOT NULL DEFAULT CURRENT_TIMESTAMP COMMENT 'Date of creation',
  `updated_at` timestamp NOT NULL DEFAULT CURRENT_TIMESTAMP ON UPDATE CURRENT_TIMESTAMP COMMENT 'Date of modification',
  `customer_id` int unsigned DEFAULT '0' COMMENT 'Customer ID',
  `product_name` varchar(255) DEFAULT NULL COMMENT 'Product name',
  `product_sku` varchar(255) DEFAULT NULL COMMENT 'Product sku',
  `link_section_title` varchar(255) DEFAULT NULL COMMENT 'Link_section_title',
  PRIMARY KEY (`purchased_id`),
  KEY `DOWNLOADABLE_LINK_PURCHASED_ORDER_ID` (`order_id`),
  KEY `DOWNLOADABLE_LINK_PURCHASED_ORDER_ITEM_ID` (`order_item_id`),
  KEY `DOWNLOADABLE_LINK_PURCHASED_CUSTOMER_ID` (`customer_id`),
  CONSTRAINT `DL_LNK_PURCHASED_CSTR_ID_CSTR_ENTT_ENTT_ID` FOREIGN KEY (`customer_id`) REFERENCES `customer_entity` (`entity_id`) ON DELETE SET NULL,
  CONSTRAINT `DOWNLOADABLE_LINK_PURCHASED_ORDER_ID_SALES_ORDER_ENTITY_ID` FOREIGN KEY (`order_id`) REFERENCES `sales_order` (`entity_id`) ON DELETE SET NULL
) ENGINE=InnoDB DEFAULT CHARSET=utf8 COMMENT='Downloadable Link Purchased Table';

--
-- Dumping data for table `downloadable_link_purchased`
--


--
-- Table structure for table `downloadable_link_purchased_item`
--

CREATE TABLE `downloadable_link_purchased_item` (
  `item_id` int unsigned NOT NULL AUTO_INCREMENT COMMENT 'Item ID',
  `purchased_id` int unsigned NOT NULL DEFAULT '0' COMMENT 'Purchased ID',
  `order_item_id` int unsigned DEFAULT '0' COMMENT 'Order Item ID',
  `product_id` int unsigned DEFAULT '0' COMMENT 'Product ID',
  `link_hash` varchar(255) DEFAULT NULL COMMENT 'Link hash',
  `number_of_downloads_bought` int unsigned NOT NULL DEFAULT '0' COMMENT 'Number of downloads bought',
  `number_of_downloads_used` int unsigned NOT NULL DEFAULT '0' COMMENT 'Number of downloads used',
  `link_id` int unsigned NOT NULL DEFAULT '0' COMMENT 'Link ID',
  `link_title` varchar(255) DEFAULT NULL COMMENT 'Link Title',
  `is_shareable` smallint unsigned NOT NULL DEFAULT '0' COMMENT 'Shareable Flag',
  `link_url` varchar(255) DEFAULT NULL COMMENT 'Link Url',
  `link_file` varchar(255) DEFAULT NULL COMMENT 'Link File',
  `link_type` varchar(255) DEFAULT NULL COMMENT 'Link Type',
  `status` varchar(50) DEFAULT NULL COMMENT 'Status',
  `created_at` timestamp NOT NULL DEFAULT CURRENT_TIMESTAMP COMMENT 'Creation Time',
  `updated_at` timestamp NOT NULL DEFAULT CURRENT_TIMESTAMP ON UPDATE CURRENT_TIMESTAMP COMMENT 'Update Time',
  PRIMARY KEY (`item_id`),
  KEY `DOWNLOADABLE_LINK_PURCHASED_ITEM_LINK_HASH` (`link_hash`),
  KEY `DOWNLOADABLE_LINK_PURCHASED_ITEM_ORDER_ITEM_ID` (`order_item_id`),
  KEY `DOWNLOADABLE_LINK_PURCHASED_ITEM_PURCHASED_ID` (`purchased_id`),
  CONSTRAINT `DL_LNK_PURCHASED_ITEM_ORDER_ITEM_ID_SALES_ORDER_ITEM_ITEM_ID` FOREIGN KEY (`order_item_id`) REFERENCES `sales_order_item` (`item_id`) ON DELETE SET NULL,
  CONSTRAINT `DL_LNK_PURCHASED_ITEM_PURCHASED_ID_DL_LNK_PURCHASED_PURCHASED_ID` FOREIGN KEY (`purchased_id`) REFERENCES `downloadable_link_purchased` (`purchased_id`) ON DELETE CASCADE
) ENGINE=InnoDB DEFAULT CHARSET=utf8 COMMENT='Downloadable Link Purchased Item Table';

--
-- Dumping data for table `downloadable_link_purchased_item`
--


--
-- Table structure for table `downloadable_link_title`
--

CREATE TABLE `downloadable_link_title` (
  `title_id` int unsigned NOT NULL AUTO_INCREMENT COMMENT 'Title ID',
  `link_id` int unsigned NOT NULL DEFAULT '0' COMMENT 'Link ID',
  `store_id` smallint unsigned NOT NULL DEFAULT '0' COMMENT 'Store ID',
  `title` varchar(255) DEFAULT NULL COMMENT 'Title',
  PRIMARY KEY (`title_id`),
  UNIQUE KEY `DOWNLOADABLE_LINK_TITLE_LINK_ID_STORE_ID` (`link_id`,`store_id`),
  KEY `DOWNLOADABLE_LINK_TITLE_STORE_ID` (`store_id`),
  CONSTRAINT `DOWNLOADABLE_LINK_TITLE_LINK_ID_DOWNLOADABLE_LINK_LINK_ID` FOREIGN KEY (`link_id`) REFERENCES `downloadable_link` (`link_id`) ON DELETE CASCADE,
  CONSTRAINT `DOWNLOADABLE_LINK_TITLE_STORE_ID_STORE_STORE_ID` FOREIGN KEY (`store_id`) REFERENCES `store` (`store_id`) ON DELETE CASCADE
) ENGINE=InnoDB AUTO_INCREMENT=2 DEFAULT CHARSET=utf8 COMMENT='Link Title Table';

--
-- Dumping data for table `downloadable_link_title`
--

INSERT INTO `downloadable_link_title` VALUES (1,1,0,'Example');

--
-- Table structure for table `downloadable_sample`
--

CREATE TABLE `downloadable_sample` (
  `sample_id` int unsigned NOT NULL AUTO_INCREMENT COMMENT 'Sample ID',
  `product_id` int unsigned NOT NULL DEFAULT '0' COMMENT 'Product ID',
  `sample_url` varchar(255) DEFAULT NULL COMMENT 'Sample URL',
  `sample_file` varchar(255) DEFAULT NULL COMMENT 'Sample file',
  `sample_type` varchar(20) DEFAULT NULL COMMENT 'Sample Type',
  `sort_order` int unsigned NOT NULL DEFAULT '0' COMMENT 'Sort Order',
  PRIMARY KEY (`sample_id`),
  KEY `DOWNLOADABLE_SAMPLE_PRODUCT_ID` (`product_id`),
  CONSTRAINT `DOWNLOADABLE_SAMPLE_PRODUCT_ID_CATALOG_PRODUCT_ENTITY_ENTITY_ID` FOREIGN KEY (`product_id`) REFERENCES `catalog_product_entity` (`entity_id`) ON DELETE CASCADE
) ENGINE=InnoDB AUTO_INCREMENT=2 DEFAULT CHARSET=utf8 COMMENT='Downloadable Sample Table';

--
-- Dumping data for table `downloadable_sample`
--

INSERT INTO `downloadable_sample` VALUES (1,20,NULL,'/1/1/11.jpg','file',1);

--
-- Table structure for table `downloadable_sample_title`
--

CREATE TABLE `downloadable_sample_title` (
  `title_id` int unsigned NOT NULL AUTO_INCREMENT COMMENT 'Title ID',
  `sample_id` int unsigned NOT NULL DEFAULT '0' COMMENT 'Sample ID',
  `store_id` smallint unsigned NOT NULL DEFAULT '0' COMMENT 'Store ID',
  `title` varchar(255) DEFAULT NULL COMMENT 'Title',
  PRIMARY KEY (`title_id`),
  UNIQUE KEY `DOWNLOADABLE_SAMPLE_TITLE_SAMPLE_ID_STORE_ID` (`sample_id`,`store_id`),
  KEY `DOWNLOADABLE_SAMPLE_TITLE_STORE_ID` (`store_id`),
  CONSTRAINT `DL_SAMPLE_TTL_SAMPLE_ID_DL_SAMPLE_SAMPLE_ID` FOREIGN KEY (`sample_id`) REFERENCES `downloadable_sample` (`sample_id`) ON DELETE CASCADE,
  CONSTRAINT `DOWNLOADABLE_SAMPLE_TITLE_STORE_ID_STORE_STORE_ID` FOREIGN KEY (`store_id`) REFERENCES `store` (`store_id`) ON DELETE CASCADE
) ENGINE=InnoDB AUTO_INCREMENT=2 DEFAULT CHARSET=utf8 COMMENT='Downloadable Sample Title Table';

--
-- Dumping data for table `downloadable_sample_title`
--

INSERT INTO `downloadable_sample_title` VALUES (1,1,0,'Example');

--
-- Table structure for table `eav_attribute`
--

CREATE TABLE `eav_attribute` (
  `attribute_id` smallint unsigned NOT NULL AUTO_INCREMENT COMMENT 'Attribute ID',
  `entity_type_id` smallint unsigned NOT NULL DEFAULT '0' COMMENT 'Entity Type ID',
  `attribute_code` varchar(255) NOT NULL COMMENT 'Attribute Code',
  `attribute_model` varchar(255) DEFAULT NULL COMMENT 'Attribute Model',
  `backend_model` varchar(255) DEFAULT NULL COMMENT 'Backend Model',
  `backend_type` varchar(8) NOT NULL DEFAULT 'static' COMMENT 'Backend Type',
  `backend_table` varchar(255) DEFAULT NULL COMMENT 'Backend Table',
  `frontend_model` varchar(255) DEFAULT NULL COMMENT 'Frontend Model',
  `frontend_input` varchar(50) DEFAULT NULL COMMENT 'Frontend Input',
  `frontend_label` varchar(255) DEFAULT NULL COMMENT 'Frontend Label',
  `frontend_class` varchar(255) DEFAULT NULL COMMENT 'Frontend Class',
  `source_model` varchar(255) DEFAULT NULL COMMENT 'Source Model',
  `is_required` smallint unsigned NOT NULL DEFAULT '0' COMMENT 'Defines Is Required',
  `is_user_defined` smallint unsigned NOT NULL DEFAULT '0' COMMENT 'Defines Is User Defined',
  `default_value` text COMMENT 'Default Value',
  `is_unique` smallint unsigned NOT NULL DEFAULT '0' COMMENT 'Defines Is Unique',
  `note` varchar(255) DEFAULT NULL COMMENT 'Note',
  PRIMARY KEY (`attribute_id`),
  UNIQUE KEY `EAV_ATTRIBUTE_ENTITY_TYPE_ID_ATTRIBUTE_CODE` (`entity_type_id`,`attribute_code`),
  KEY `EAV_ATTRIBUTE_FRONTEND_INPUT_ENTITY_TYPE_ID_IS_USER_DEFINED` (`frontend_input`,`entity_type_id`,`is_user_defined`),
  CONSTRAINT `EAV_ATTRIBUTE_ENTITY_TYPE_ID_EAV_ENTITY_TYPE_ENTITY_TYPE_ID` FOREIGN KEY (`entity_type_id`) REFERENCES `eav_entity_type` (`entity_type_id`) ON DELETE CASCADE
) ENGINE=InnoDB AUTO_INCREMENT=147 DEFAULT CHARSET=utf8 COMMENT='Eav Attribute';

--
-- Dumping data for table `eav_attribute`
--

INSERT INTO `eav_attribute` VALUES (1,1,'website_id',NULL,'Magento\\Customer\\Model\\Customer\\Attribute\\Backend\\Website','static',NULL,NULL,'select','Associate to Website',NULL,'Magento\\Customer\\Model\\Customer\\Attribute\\Source\\Website',1,0,NULL,0,NULL),(2,1,'store_id',NULL,'Magento\\Customer\\Model\\Customer\\Attribute\\Backend\\Store','static',NULL,NULL,'select','Create In',NULL,'Magento\\Customer\\Model\\Customer\\Attribute\\Source\\Store',1,0,NULL,0,NULL),(3,1,'created_in',NULL,NULL,'static',NULL,NULL,'text','Created From',NULL,NULL,0,0,NULL,0,NULL),(4,1,'prefix',NULL,NULL,'static',NULL,NULL,'text','Name Prefix',NULL,NULL,0,0,NULL,0,NULL),(5,1,'firstname',NULL,NULL,'static',NULL,NULL,'text','First Name',NULL,NULL,1,0,NULL,0,NULL),(6,1,'middlename',NULL,NULL,'static',NULL,NULL,'text','Middle Name/Initial',NULL,NULL,0,0,NULL,0,NULL),(7,1,'lastname',NULL,NULL,'static',NULL,NULL,'text','Last Name',NULL,NULL,1,0,NULL,0,NULL),(8,1,'suffix',NULL,NULL,'static',NULL,NULL,'text','Name Suffix',NULL,NULL,0,0,NULL,0,NULL),(9,1,'email',NULL,NULL,'static',NULL,NULL,'text','Email',NULL,NULL,1,0,NULL,0,NULL),(10,1,'group_id',NULL,NULL,'static',NULL,NULL,'select','Group',NULL,'Magento\\Customer\\Model\\Customer\\Attribute\\Source\\Group',1,0,NULL,0,NULL),(11,1,'dob',NULL,'Magento\\Eav\\Model\\Entity\\Attribute\\Backend\\Datetime','static',NULL,'Magento\\Eav\\Model\\Entity\\Attribute\\Frontend\\Datetime','date','Date of Birth',NULL,NULL,0,0,NULL,0,NULL),(12,1,'password_hash',NULL,'Magento\\Customer\\Model\\Customer\\Attribute\\Backend\\Password','static',NULL,NULL,'hidden',NULL,NULL,NULL,0,0,NULL,0,NULL),(13,1,'rp_token',NULL,NULL,'static',NULL,NULL,'hidden',NULL,NULL,NULL,0,0,NULL,0,NULL),(14,1,'rp_token_created_at',NULL,NULL,'static',NULL,NULL,'date',NULL,NULL,NULL,0,0,NULL,0,NULL),(15,1,'default_billing',NULL,'Magento\\Customer\\Model\\Customer\\Attribute\\Backend\\Billing','static',NULL,NULL,'text','Default Billing Address',NULL,NULL,0,0,NULL,0,NULL),(16,1,'default_shipping',NULL,'Magento\\Customer\\Model\\Customer\\Attribute\\Backend\\Shipping','static',NULL,NULL,'text','Default Shipping Address',NULL,NULL,0,0,NULL,0,NULL),(17,1,'taxvat',NULL,NULL,'static',NULL,NULL,'text','Tax/VAT Number',NULL,NULL,0,0,NULL,0,NULL),(18,1,'confirmation',NULL,NULL,'static',NULL,NULL,'text','Is Confirmed',NULL,NULL,0,0,NULL,0,NULL),(19,1,'created_at',NULL,NULL,'static',NULL,NULL,'date','Created At',NULL,NULL,0,0,NULL,0,NULL),(20,1,'gender',NULL,NULL,'static',NULL,NULL,'select','Gender',NULL,'Magento\\Eav\\Model\\Entity\\Attribute\\Source\\Table',0,0,NULL,0,NULL),(21,1,'disable_auto_group_change',NULL,'Magento\\Customer\\Model\\Attribute\\Backend\\Data\\Boolean','static',NULL,NULL,'boolean','Disable Automatic Group Change Based on VAT ID',NULL,NULL,0,0,NULL,0,NULL),(22,2,'prefix',NULL,NULL,'static',NULL,NULL,'text','Name Prefix',NULL,NULL,0,0,NULL,0,NULL),(23,2,'firstname',NULL,NULL,'static',NULL,NULL,'text','First Name',NULL,NULL,1,0,NULL,0,NULL),(24,2,'middlename',NULL,NULL,'static',NULL,NULL,'text','Middle Name/Initial',NULL,NULL,0,0,NULL,0,NULL),(25,2,'lastname',NULL,NULL,'static',NULL,NULL,'text','Last Name',NULL,NULL,1,0,NULL,0,NULL),(26,2,'suffix',NULL,NULL,'static',NULL,NULL,'text','Name Suffix',NULL,NULL,0,0,NULL,0,NULL),(27,2,'company',NULL,NULL,'static',NULL,NULL,'text','Company',NULL,NULL,0,0,NULL,0,NULL),(28,2,'street',NULL,'Magento\\Eav\\Model\\Entity\\Attribute\\Backend\\DefaultBackend','static',NULL,NULL,'multiline','Street Address',NULL,NULL,1,0,NULL,0,NULL),(29,2,'city',NULL,NULL,'static',NULL,NULL,'text','City',NULL,NULL,1,0,NULL,0,NULL),(30,2,'country_id','Magento\\Customer\\Model\\Attribute',NULL,'static',NULL,NULL,'select','Country',NULL,'Magento\\Customer\\Model\\ResourceModel\\Address\\Attribute\\Source\\Country',1,0,NULL,0,NULL),(31,2,'region',NULL,'Magento\\Customer\\Model\\ResourceModel\\Address\\Attribute\\Backend\\Region','static',NULL,NULL,'text','State/Province',NULL,NULL,0,0,NULL,0,NULL),(32,2,'region_id',NULL,NULL,'static',NULL,NULL,'hidden','State/Province',NULL,'Magento\\Customer\\Model\\ResourceModel\\Address\\Attribute\\Source\\Region',0,0,NULL,0,NULL),(33,2,'postcode',NULL,NULL,'static',NULL,NULL,'text','Zip/Postal Code',NULL,NULL,0,0,NULL,0,NULL),(34,2,'telephone',NULL,NULL,'static',NULL,NULL,'text','Phone Number',NULL,NULL,1,0,NULL,0,NULL),(35,2,'fax',NULL,NULL,'static',NULL,NULL,'text','Fax',NULL,NULL,0,0,NULL,0,NULL),(36,2,'vat_id',NULL,NULL,'static',NULL,NULL,'text','VAT Number',NULL,NULL,0,0,NULL,0,NULL),(37,2,'vat_is_valid',NULL,NULL,'static',NULL,NULL,'text','VAT number validity',NULL,NULL,0,0,NULL,0,NULL),(38,2,'vat_request_id',NULL,NULL,'static',NULL,NULL,'text','VAT number validation request ID',NULL,NULL,0,0,NULL,0,NULL),(39,2,'vat_request_date',NULL,NULL,'static',NULL,NULL,'text','VAT number validation request date',NULL,NULL,0,0,NULL,0,NULL),(40,2,'vat_request_success',NULL,NULL,'static',NULL,NULL,'text','VAT number validation request success',NULL,NULL,0,0,NULL,0,NULL),(41,1,'updated_at',NULL,NULL,'static',NULL,NULL,'date','Updated At',NULL,NULL,0,0,NULL,0,NULL),(42,1,'failures_num',NULL,NULL,'static',NULL,NULL,'hidden','Failures Number',NULL,NULL,0,0,NULL,0,NULL),(43,1,'first_failure',NULL,NULL,'static',NULL,NULL,'date','First Failure Date',NULL,NULL,0,0,NULL,0,NULL),(44,1,'lock_expires',NULL,NULL,'static',NULL,NULL,'date','Failures Number',NULL,NULL,0,0,NULL,0,NULL),(45,3,'name',NULL,NULL,'varchar',NULL,NULL,'text','Name',NULL,NULL,1,0,NULL,0,NULL),(46,3,'is_active',NULL,NULL,'int',NULL,NULL,'select','Is Active',NULL,'Magento\\Eav\\Model\\Entity\\Attribute\\Source\\Boolean',1,0,NULL,0,NULL),(47,3,'description',NULL,NULL,'text',NULL,NULL,'textarea','Description',NULL,NULL,0,0,NULL,0,NULL),(48,3,'image',NULL,'Magento\\Catalog\\Model\\Category\\Attribute\\Backend\\Image','varchar',NULL,NULL,'image','Image',NULL,NULL,0,0,NULL,0,NULL),(49,3,'meta_title',NULL,NULL,'varchar',NULL,NULL,'text','Page Title',NULL,NULL,0,0,NULL,0,NULL),(50,3,'meta_keywords',NULL,NULL,'text',NULL,NULL,'textarea','Meta Keywords',NULL,NULL,0,0,NULL,0,NULL),(51,3,'meta_description',NULL,NULL,'text',NULL,NULL,'textarea','Meta Description',NULL,NULL,0,0,NULL,0,NULL),(52,3,'display_mode',NULL,NULL,'varchar',NULL,NULL,'select','Display Mode',NULL,'Magento\\Catalog\\Model\\Category\\Attribute\\Source\\Mode',0,0,NULL,0,NULL),(53,3,'landing_page',NULL,NULL,'int',NULL,NULL,'select','CMS Block',NULL,'Magento\\Catalog\\Model\\Category\\Attribute\\Source\\Page',0,0,NULL,0,NULL),(54,3,'is_anchor',NULL,NULL,'int',NULL,NULL,'select','Is Anchor',NULL,'Magento\\Eav\\Model\\Entity\\Attribute\\Source\\Boolean',0,0,'1',0,NULL),(55,3,'path',NULL,NULL,'static',NULL,NULL,'text','Path',NULL,NULL,0,0,NULL,0,NULL),(56,3,'position',NULL,NULL,'static',NULL,NULL,'text','Position',NULL,NULL,0,0,NULL,0,NULL),(57,3,'all_children',NULL,NULL,'text',NULL,NULL,'text',NULL,NULL,NULL,0,0,NULL,0,NULL),(58,3,'path_in_store',NULL,NULL,'text',NULL,NULL,'text',NULL,NULL,NULL,0,0,NULL,0,NULL),(59,3,'children',NULL,NULL,'text',NULL,NULL,'text',NULL,NULL,NULL,0,0,NULL,0,NULL),(60,3,'custom_design',NULL,NULL,'varchar',NULL,NULL,'select','Custom Design',NULL,'Magento\\Theme\\Model\\Theme\\Source\\Theme',0,0,NULL,0,NULL),(61,3,'custom_design_from','Magento\\Catalog\\Model\\ResourceModel\\Eav\\Attribute','Magento\\Catalog\\Model\\Attribute\\Backend\\Startdate','datetime',NULL,'Magento\\Eav\\Model\\Entity\\Attribute\\Frontend\\Datetime','date','Active From',NULL,NULL,0,0,NULL,0,NULL),(62,3,'custom_design_to',NULL,'Magento\\Eav\\Model\\Entity\\Attribute\\Backend\\Datetime','datetime',NULL,NULL,'date','Active To',NULL,NULL,0,0,NULL,0,NULL),(63,3,'page_layout',NULL,NULL,'varchar',NULL,NULL,'select','Page Layout',NULL,'Magento\\Catalog\\Model\\Category\\Attribute\\Source\\Layout',0,0,NULL,0,NULL),(64,3,'custom_layout_update',NULL,'Magento\\Catalog\\Model\\Attribute\\Backend\\Customlayoutupdate','text',NULL,NULL,'textarea','Custom Layout Update',NULL,NULL,0,0,NULL,0,NULL),(65,3,'level',NULL,NULL,'static',NULL,NULL,'text','Level',NULL,NULL,0,0,NULL,0,NULL),(66,3,'children_count',NULL,NULL,'static',NULL,NULL,'text','Children Count',NULL,NULL,0,0,NULL,0,NULL),(67,3,'available_sort_by',NULL,'Magento\\Catalog\\Model\\Category\\Attribute\\Backend\\Sortby','text',NULL,NULL,'multiselect','Available Product Listing Sort By',NULL,'Magento\\Catalog\\Model\\Category\\Attribute\\Source\\Sortby',1,0,NULL,0,NULL),(68,3,'default_sort_by',NULL,'Magento\\Catalog\\Model\\Category\\Attribute\\Backend\\Sortby','varchar',NULL,NULL,'select','Default Product Listing Sort By',NULL,'Magento\\Catalog\\Model\\Category\\Attribute\\Source\\Sortby',1,0,NULL,0,NULL),(69,3,'include_in_menu',NULL,NULL,'int',NULL,NULL,'select','Include in Navigation Menu',NULL,'Magento\\Eav\\Model\\Entity\\Attribute\\Source\\Boolean',1,0,'1',0,NULL),(70,3,'custom_use_parent_settings',NULL,NULL,'int',NULL,NULL,'select','Use Parent Category Settings',NULL,'Magento\\Eav\\Model\\Entity\\Attribute\\Source\\Boolean',0,0,NULL,0,NULL),(71,3,'custom_apply_to_products',NULL,NULL,'int',NULL,NULL,'select','Apply To Products',NULL,'Magento\\Eav\\Model\\Entity\\Attribute\\Source\\Boolean',0,0,NULL,0,NULL),(72,3,'filter_price_range',NULL,NULL,'decimal',NULL,NULL,'text','Layered Navigation Price Step',NULL,NULL,0,0,NULL,0,NULL),(73,4,'name',NULL,NULL,'varchar',NULL,NULL,'text','Product Name','validate-length maximum-length-255',NULL,1,0,NULL,0,NULL),(74,4,'sku',NULL,'Magento\\Catalog\\Model\\Product\\Attribute\\Backend\\Sku','static',NULL,NULL,'text','SKU','validate-length maximum-length-64',NULL,1,0,NULL,1,NULL),(75,4,'description',NULL,NULL,'text',NULL,NULL,'textarea','Description',NULL,NULL,0,0,NULL,0,NULL),(76,4,'short_description',NULL,NULL,'text',NULL,NULL,'textarea','Short Description',NULL,NULL,0,0,NULL,0,NULL),(77,4,'price',NULL,'Magento\\Catalog\\Model\\Product\\Attribute\\Backend\\Price','decimal',NULL,NULL,'price','Price',NULL,NULL,1,0,NULL,0,NULL),(78,4,'special_price',NULL,'Magento\\Catalog\\Model\\Product\\Attribute\\Backend\\Price','decimal',NULL,NULL,'price','Special Price',NULL,NULL,0,0,NULL,0,NULL),(79,4,'special_from_date',NULL,'Magento\\Catalog\\Model\\Attribute\\Backend\\Startdate','datetime',NULL,NULL,'date','Special Price From Date',NULL,NULL,0,0,NULL,0,NULL),(80,4,'special_to_date',NULL,'Magento\\Eav\\Model\\Entity\\Attribute\\Backend\\Datetime','datetime',NULL,NULL,'date','Special Price To Date',NULL,NULL,0,0,NULL,0,NULL),(81,4,'cost',NULL,'Magento\\Catalog\\Model\\Product\\Attribute\\Backend\\Price','decimal',NULL,NULL,'price','Cost',NULL,NULL,0,1,NULL,0,NULL),(82,4,'weight',NULL,'Magento\\Catalog\\Model\\Product\\Attribute\\Backend\\Weight','decimal',NULL,NULL,'weight','Weight',NULL,NULL,0,0,NULL,0,NULL),(83,4,'manufacturer',NULL,NULL,'int',NULL,NULL,'select','Manufacturer',NULL,NULL,0,1,'',0,NULL),(84,4,'meta_title',NULL,NULL,'varchar',NULL,NULL,'text','Meta Title',NULL,NULL,0,0,NULL,0,NULL),(85,4,'meta_keyword',NULL,NULL,'text',NULL,NULL,'textarea','Meta Keywords',NULL,NULL,0,0,NULL,0,NULL),(86,4,'meta_description',NULL,NULL,'varchar',NULL,NULL,'textarea','Meta Description',NULL,NULL,0,0,NULL,0,'Maximum 255 chars. Meta Description should optimally be between 150-160 characters'),(87,4,'image',NULL,NULL,'varchar',NULL,'Magento\\Catalog\\Model\\Product\\Attribute\\Frontend\\Image','media_image','Base',NULL,NULL,0,0,NULL,0,NULL),(88,4,'small_image',NULL,NULL,'varchar',NULL,'Magento\\Catalog\\Model\\Product\\Attribute\\Frontend\\Image','media_image','Small',NULL,NULL,0,0,NULL,0,NULL),(89,4,'thumbnail',NULL,NULL,'varchar',NULL,'Magento\\Catalog\\Model\\Product\\Attribute\\Frontend\\Image','media_image','Thumbnail',NULL,NULL,0,0,NULL,0,NULL),(90,4,'media_gallery',NULL,NULL,'static',NULL,NULL,'gallery','Media Gallery',NULL,NULL,0,0,NULL,0,NULL),(91,4,'old_id',NULL,NULL,'int',NULL,NULL,'text',NULL,NULL,NULL,0,0,NULL,0,NULL),(92,4,'tier_price',NULL,'Magento\\Catalog\\Model\\Product\\Attribute\\Backend\\Tierprice','decimal',NULL,NULL,'text','Tier Price',NULL,NULL,0,0,NULL,0,NULL),(93,4,'color',NULL,NULL,'int',NULL,NULL,'select','Color',NULL,NULL,0,1,'',0,NULL),(94,4,'news_from_date',NULL,'Magento\\Catalog\\Model\\Attribute\\Backend\\Startdate','datetime',NULL,NULL,'date','Set Product as New from Date',NULL,NULL,0,0,NULL,0,NULL),(95,4,'news_to_date',NULL,'Magento\\Eav\\Model\\Entity\\Attribute\\Backend\\Datetime','datetime',NULL,NULL,'date','Set Product as New to Date',NULL,NULL,0,0,NULL,0,NULL),(96,4,'gallery',NULL,NULL,'varchar',NULL,NULL,'gallery','Image Gallery',NULL,NULL,0,0,NULL,0,NULL),(97,4,'status',NULL,NULL,'int',NULL,NULL,'select','Enable Product',NULL,'Magento\\Catalog\\Model\\Product\\Attribute\\Source\\Status',0,0,'1',0,NULL),(98,4,'minimal_price','Magento\\Catalog\\Model\\ResourceModel\\Eav\\Attribute','Magento\\Catalog\\Model\\Product\\Attribute\\Backend\\Price','decimal',NULL,NULL,'price','Minimal Price',NULL,NULL,0,0,NULL,0,NULL),(99,4,'visibility',NULL,NULL,'int',NULL,NULL,'select','Visibility',NULL,'Magento\\Catalog\\Model\\Product\\Visibility',0,0,'4',0,NULL),(100,4,'custom_design',NULL,NULL,'varchar',NULL,NULL,'select','New Theme',NULL,'Magento\\Theme\\Model\\Theme\\Source\\Theme',0,0,NULL,0,NULL),(101,4,'custom_design_from',NULL,'Magento\\Catalog\\Model\\Attribute\\Backend\\Startdate','datetime',NULL,NULL,'date','Active From',NULL,NULL,0,0,NULL,0,NULL),(102,4,'custom_design_to',NULL,'Magento\\Eav\\Model\\Entity\\Attribute\\Backend\\Datetime','datetime',NULL,NULL,'date','Active To',NULL,NULL,0,0,NULL,0,NULL),(103,4,'custom_layout_update',NULL,'Magento\\Catalog\\Model\\Attribute\\Backend\\Customlayoutupdate','text',NULL,NULL,'textarea','Layout Update XML',NULL,NULL,0,0,NULL,0,NULL),(104,4,'page_layout',NULL,NULL,'varchar',NULL,NULL,'select','Layout',NULL,'Magento\\Catalog\\Model\\Product\\Attribute\\Source\\Layout',0,0,NULL,0,NULL),(105,4,'category_ids',NULL,'Magento\\Catalog\\Model\\Product\\Attribute\\Backend\\Category','static',NULL,NULL,'text','Categories',NULL,NULL,0,0,NULL,0,NULL),(106,4,'options_container',NULL,NULL,'varchar',NULL,NULL,'select','Display Product Options In',NULL,'Magento\\Catalog\\Model\\Entity\\Product\\Attribute\\Design\\Options\\Container',0,0,'container2',0,NULL),(107,4,'required_options',NULL,NULL,'static',NULL,NULL,'text',NULL,NULL,NULL,0,0,NULL,0,NULL),(108,4,'has_options',NULL,NULL,'static',NULL,NULL,'text',NULL,NULL,NULL,0,0,NULL,0,NULL),(109,4,'image_label',NULL,NULL,'varchar',NULL,NULL,'text','Image Label',NULL,NULL,0,0,NULL,0,NULL),(110,4,'small_image_label',NULL,NULL,'varchar',NULL,NULL,'text','Small Image Label',NULL,NULL,0,0,NULL,0,NULL),(111,4,'thumbnail_label',NULL,NULL,'varchar',NULL,NULL,'text','Thumbnail Label',NULL,NULL,0,0,NULL,0,NULL),(112,4,'created_at',NULL,NULL,'static',NULL,NULL,'date',NULL,NULL,NULL,1,0,NULL,0,NULL),(113,4,'updated_at',NULL,NULL,'static',NULL,NULL,'date',NULL,NULL,NULL,1,0,NULL,0,NULL),(114,4,'country_of_manufacture',NULL,NULL,'varchar',NULL,NULL,'select','Country of Manufacture',NULL,'Magento\\Catalog\\Model\\Product\\Attribute\\Source\\Countryofmanufacture',0,0,NULL,0,NULL),(115,4,'quantity_and_stock_status',NULL,'Magento\\Catalog\\Model\\Product\\Attribute\\Backend\\Stock','int',NULL,NULL,'select','Quantity',NULL,'Magento\\CatalogInventory\\Model\\Source\\Stock',0,0,'1',0,NULL),(116,4,'custom_layout',NULL,NULL,'varchar',NULL,NULL,'select','New Layout',NULL,'Magento\\Catalog\\Model\\Product\\Attribute\\Source\\Layout',0,0,NULL,0,NULL),(117,3,'url_key',NULL,NULL,'varchar',NULL,NULL,'text','URL Key',NULL,NULL,0,0,NULL,0,NULL),(118,3,'url_path',NULL,NULL,'varchar',NULL,NULL,'text',NULL,NULL,NULL,0,0,NULL,0,NULL),(119,4,'url_key',NULL,NULL,'varchar',NULL,NULL,'text','URL Key','validate-trailing-hyphen',NULL,0,0,NULL,0,NULL),(120,4,'url_path',NULL,NULL,'varchar',NULL,NULL,'text',NULL,NULL,NULL,0,0,NULL,0,NULL),(121,4,'msrp',NULL,'Magento\\Catalog\\Model\\Product\\Attribute\\Backend\\Price','decimal',NULL,NULL,'price','Minimum Advertised Price',NULL,NULL,0,0,NULL,0,NULL),(122,4,'msrp_display_actual_price_type',NULL,'Magento\\Catalog\\Model\\Product\\Attribute\\Backend\\Boolean','varchar',NULL,NULL,'select','Display Actual Price',NULL,'Magento\\Msrp\\Model\\Product\\Attribute\\Source\\Type\\Price',0,0,'0',0,NULL),(123,4,'price_type',NULL,NULL,'int',NULL,NULL,'boolean','Dynamic Price',NULL,NULL,1,0,'0',0,NULL),(124,4,'sku_type',NULL,NULL,'int',NULL,NULL,'boolean','Dynamic SKU',NULL,NULL,1,0,'0',0,NULL),(125,4,'weight_type',NULL,NULL,'int',NULL,NULL,'boolean','Dynamic Weight',NULL,NULL,1,0,'0',0,NULL),(126,4,'price_view',NULL,NULL,'int',NULL,NULL,'select','Price View',NULL,'Magento\\Bundle\\Model\\Product\\Attribute\\Source\\Price\\View',1,0,NULL,0,NULL),(127,4,'shipment_type',NULL,NULL,'int',NULL,NULL,'select','Ship Bundle Items',NULL,'Magento\\Bundle\\Model\\Product\\Attribute\\Source\\Shipment\\Type',1,0,'0',0,NULL),(128,4,'links_purchased_separately',NULL,NULL,'int',NULL,NULL,NULL,'Links can be purchased separately',NULL,NULL,1,0,NULL,0,NULL),(129,4,'samples_title',NULL,NULL,'varchar',NULL,NULL,NULL,'Samples title',NULL,NULL,1,0,NULL,0,NULL),(130,4,'links_title',NULL,NULL,'varchar',NULL,NULL,NULL,'Links title',NULL,NULL,1,0,NULL,0,NULL),(131,4,'links_exist',NULL,NULL,'int',NULL,NULL,NULL,NULL,NULL,NULL,0,0,NULL,0,NULL),(132,4,'gift_message_available',NULL,'Magento\\Catalog\\Model\\Product\\Attribute\\Backend\\Boolean','varchar',NULL,NULL,'select','Allow Gift Message',NULL,'Magento\\Catalog\\Model\\Product\\Attribute\\Source\\Boolean',0,0,NULL,0,NULL),(133,4,'swatch_image',NULL,NULL,'varchar',NULL,'Magento\\Catalog\\Model\\Product\\Attribute\\Frontend\\Image','media_image','Swatch',NULL,NULL,0,0,NULL,0,NULL),(134,4,'tax_class_id',NULL,NULL,'int',NULL,NULL,'select','Tax Class',NULL,'Magento\\Tax\\Model\\TaxClass\\Source\\Product',0,0,'2',0,NULL),(135,4,'sm_featured',NULL,NULL,'int',NULL,NULL,'boolean','Is Featured',NULL,'Magento\\Eav\\Model\\Entity\\Attribute\\Source\\Boolean',0,1,NULL,0,NULL),(136,4,'size',NULL,NULL,'int',NULL,NULL,'select','Size',NULL,'Magento\\Eav\\Model\\Entity\\Attribute\\Source\\Table',0,1,'20',0,NULL),(145,4,'custom_layout_update_file',NULL,'Magento\\Catalog\\Model\\Product\\Attribute\\Backend\\LayoutUpdate','varchar',NULL,NULL,'select','Custom Layout Update',NULL,'Magento\\Catalog\\Model\\Product\\Attribute\\Source\\LayoutUpdate',0,0,NULL,0,NULL),(146,3,'custom_layout_update_file',NULL,'Magento\\Catalog\\Model\\Category\\Attribute\\Backend\\LayoutUpdate','varchar',NULL,NULL,'select','Custom Layout Update',NULL,'Magento\\Catalog\\Model\\Category\\Attribute\\Source\\LayoutUpdate',0,0,NULL,0,NULL);

--
-- Table structure for table `eav_attribute_group`
--

CREATE TABLE `eav_attribute_group` (
  `attribute_group_id` smallint unsigned NOT NULL AUTO_INCREMENT COMMENT 'Attribute Group ID',
  `attribute_set_id` smallint unsigned NOT NULL DEFAULT '0' COMMENT 'Attribute Set ID',
  `attribute_group_name` varchar(255) DEFAULT NULL COMMENT 'Attribute Group Name',
  `sort_order` smallint NOT NULL DEFAULT '0' COMMENT 'Sort Order',
  `default_id` smallint unsigned DEFAULT '0' COMMENT 'Default ID',
  `attribute_group_code` varchar(255) NOT NULL COMMENT 'Attribute Group Code',
  `tab_group_code` varchar(255) DEFAULT NULL COMMENT 'Tab Group Code',
  PRIMARY KEY (`attribute_group_id`),
  UNIQUE KEY `EAV_ATTRIBUTE_GROUP_ATTRIBUTE_SET_ID_ATTRIBUTE_GROUP_CODE` (`attribute_set_id`,`attribute_group_code`),
  UNIQUE KEY `EAV_ATTRIBUTE_GROUP_ATTRIBUTE_SET_ID_ATTRIBUTE_GROUP_NAME` (`attribute_set_id`,`attribute_group_name`),
  KEY `EAV_ATTRIBUTE_GROUP_ATTRIBUTE_SET_ID_SORT_ORDER` (`attribute_set_id`,`sort_order`),
  CONSTRAINT `EAV_ATTR_GROUP_ATTR_SET_ID_EAV_ATTR_SET_ATTR_SET_ID` FOREIGN KEY (`attribute_set_id`) REFERENCES `eav_attribute_set` (`attribute_set_id`) ON DELETE CASCADE
) ENGINE=InnoDB AUTO_INCREMENT=21 DEFAULT CHARSET=utf8 COMMENT='Eav Attribute Group';

--
-- Dumping data for table `eav_attribute_group`
--

INSERT INTO `eav_attribute_group` VALUES (1,1,'General',1,1,'general',NULL),(2,2,'General',1,1,'general',NULL),(3,3,'General',10,1,'general',NULL),(4,3,'General Information',2,0,'general-information',NULL),(5,3,'Display Settings',20,0,'display-settings',NULL),(6,3,'Custom Design',30,0,'custom-design',NULL),(7,4,'General',1,1,'product-details','basic'),(8,4,'Advanced Pricing',6,0,'advanced-pricing','advanced'),(9,4,'Search Engine Optimization',5,0,'search-engine-optimization','basic'),(10,4,'Images',4,0,'image-management','basic'),(11,4,'Design',7,0,'design','advanced'),(12,4,'Autosettings',9,0,'autosettings','advanced'),(13,4,'Content',2,0,'content','basic'),(14,4,'Schedule Design Update',8,0,'schedule-design-update','advanced'),(15,4,'Bundle Items',3,0,'bundle-items',NULL),(16,5,'General',1,1,'general',NULL),(17,6,'General',1,1,'general',NULL),(18,7,'General',1,1,'general',NULL),(19,8,'General',1,1,'general',NULL),(20,4,'Gift Options',10,0,'gift-options',NULL);

--
-- Table structure for table `eav_attribute_label`
--

CREATE TABLE `eav_attribute_label` (
  `attribute_label_id` int unsigned NOT NULL AUTO_INCREMENT COMMENT 'Attribute Label ID',
  `attribute_id` smallint unsigned NOT NULL DEFAULT '0' COMMENT 'Attribute ID',
  `store_id` smallint unsigned NOT NULL DEFAULT '0' COMMENT 'Store ID',
  `value` varchar(255) DEFAULT NULL COMMENT 'Value',
  PRIMARY KEY (`attribute_label_id`),
  KEY `EAV_ATTRIBUTE_LABEL_STORE_ID` (`store_id`),
  KEY `EAV_ATTRIBUTE_LABEL_ATTRIBUTE_ID_STORE_ID` (`attribute_id`,`store_id`),
  CONSTRAINT `EAV_ATTRIBUTE_LABEL_ATTRIBUTE_ID_EAV_ATTRIBUTE_ATTRIBUTE_ID` FOREIGN KEY (`attribute_id`) REFERENCES `eav_attribute` (`attribute_id`) ON DELETE CASCADE,
  CONSTRAINT `EAV_ATTRIBUTE_LABEL_STORE_ID_STORE_STORE_ID` FOREIGN KEY (`store_id`) REFERENCES `store` (`store_id`) ON DELETE CASCADE
) ENGINE=InnoDB AUTO_INCREMENT=16 DEFAULT CHARSET=utf8 COMMENT='Eav Attribute Label';

--
-- Dumping data for table `eav_attribute_label`
--

INSERT INTO `eav_attribute_label` VALUES (8,136,1,'Size'),(15,93,1,'Color');

--
-- Table structure for table `eav_attribute_option`
--

CREATE TABLE `eav_attribute_option` (
  `option_id` int unsigned NOT NULL AUTO_INCREMENT COMMENT 'Option ID',
  `attribute_id` smallint unsigned NOT NULL DEFAULT '0' COMMENT 'Attribute ID',
  `sort_order` smallint unsigned NOT NULL DEFAULT '0' COMMENT 'Sort Order',
  PRIMARY KEY (`option_id`),
  KEY `EAV_ATTRIBUTE_OPTION_ATTRIBUTE_ID` (`attribute_id`),
  CONSTRAINT `EAV_ATTRIBUTE_OPTION_ATTRIBUTE_ID_EAV_ATTRIBUTE_ATTRIBUTE_ID` FOREIGN KEY (`attribute_id`) REFERENCES `eav_attribute` (`attribute_id`) ON DELETE CASCADE
) ENGINE=InnoDB AUTO_INCREMENT=5450 DEFAULT CHARSET=utf8 COMMENT='Eav Attribute Option';

--
-- Dumping data for table `eav_attribute_option`
--

INSERT INTO `eav_attribute_option` VALUES (1,20,0),(2,20,1),(3,20,3),(4,93,1),(5,93,2),(6,93,3),(7,93,4),(8,93,5),(9,93,6),(10,93,7),(11,93,8),(12,83,1),(13,83,2),(14,83,3),(15,83,4),(16,83,5),(17,83,6),(18,83,7),(19,93,9),(20,136,1),(21,136,2),(22,136,3);

--
-- Table structure for table `eav_attribute_option_swatch`
--

CREATE TABLE `eav_attribute_option_swatch` (
  `swatch_id` int unsigned NOT NULL AUTO_INCREMENT COMMENT 'Swatch ID',
  `option_id` int unsigned NOT NULL COMMENT 'Option ID',
  `store_id` smallint unsigned NOT NULL COMMENT 'Store ID',
  `type` smallint unsigned NOT NULL COMMENT 'Swatch type: 0 - text, 1 - visual color, 2 - visual image',
  `value` varchar(255) DEFAULT NULL COMMENT 'Swatch Value',
  PRIMARY KEY (`swatch_id`),
  UNIQUE KEY `EAV_ATTRIBUTE_OPTION_SWATCH_STORE_ID_OPTION_ID` (`store_id`,`option_id`),
  KEY `EAV_ATTRIBUTE_OPTION_SWATCH_SWATCH_ID` (`swatch_id`),
  KEY `EAV_ATTR_OPT_SWATCH_OPT_ID_EAV_ATTR_OPT_OPT_ID` (`option_id`),
  CONSTRAINT `EAV_ATTR_OPT_SWATCH_OPT_ID_EAV_ATTR_OPT_OPT_ID` FOREIGN KEY (`option_id`) REFERENCES `eav_attribute_option` (`option_id`) ON DELETE CASCADE,
  CONSTRAINT `EAV_ATTRIBUTE_OPTION_SWATCH_STORE_ID_STORE_STORE_ID` FOREIGN KEY (`store_id`) REFERENCES `store` (`store_id`) ON DELETE CASCADE
) ENGINE=InnoDB AUTO_INCREMENT=22 DEFAULT CHARSET=utf8 COMMENT='Magento Swatches table';

--
-- Dumping data for table `eav_attribute_option_swatch`
--

INSERT INTO `eav_attribute_option_swatch` VALUES (1,4,0,1,'#ff0000'),(2,5,0,1,'#00ff00'),(3,6,0,1,'#0000ff'),(4,7,0,1,'#ffbf00'),(5,8,0,1,'#ffff00'),(6,9,0,1,'#eb28eb'),(7,10,0,1,'#ffffff'),(8,11,0,1,'#a52a2a'),(9,19,0,1,'#000000'),(10,20,0,0,'S'),(11,20,1,0,'S'),(12,20,2,0,'S'),(13,20,3,0,'S'),(14,21,0,0,'M'),(15,21,1,0,'M'),(16,21,2,0,'M'),(17,21,3,0,'M'),(18,22,0,0,'L'),(19,22,1,0,'L'),(20,22,2,0,'L'),(21,22,3,0,'L');

--
-- Table structure for table `eav_attribute_option_value`
--

CREATE TABLE `eav_attribute_option_value` (
  `value_id` int unsigned NOT NULL AUTO_INCREMENT COMMENT 'Value ID',
  `option_id` int unsigned NOT NULL DEFAULT '0' COMMENT 'Option ID',
  `store_id` smallint unsigned NOT NULL DEFAULT '0' COMMENT 'Store ID',
  `value` varchar(255) DEFAULT NULL COMMENT 'Value',
  PRIMARY KEY (`value_id`),
  KEY `EAV_ATTRIBUTE_OPTION_VALUE_OPTION_ID` (`option_id`),
  KEY `EAV_ATTRIBUTE_OPTION_VALUE_STORE_ID` (`store_id`),
  CONSTRAINT `EAV_ATTR_OPT_VAL_OPT_ID_EAV_ATTR_OPT_OPT_ID` FOREIGN KEY (`option_id`) REFERENCES `eav_attribute_option` (`option_id`) ON DELETE CASCADE,
  CONSTRAINT `EAV_ATTRIBUTE_OPTION_VALUE_STORE_ID_STORE_STORE_ID` FOREIGN KEY (`store_id`) REFERENCES `store` (`store_id`) ON DELETE CASCADE
) ENGINE=InnoDB AUTO_INCREMENT=5531 DEFAULT CHARSET=utf8 COMMENT='Eav Attribute Option Value';

--
-- Dumping data for table `eav_attribute_option_value`
--

INSERT INTO `eav_attribute_option_value` VALUES (1,1,0,'Male'),(2,2,0,'Female'),(3,3,0,'Not Specified'),(20,12,0,'Collins & Hayes'),(21,13,0,'Duresta'),(22,14,0,'Ercol'),(23,15,0,'G Plan'),(24,16,0,'Parker Knoll'),(25,17,0,'Consequat mel'),(26,18,0,'Epicuri petentium'),(38,20,0,'S'),(39,21,0,'M'),(40,22,0,'L'),(95,4,0,'Red'),(96,5,0,'Green'),(97,6,0,'Blue'),(98,7,0,'Orange'),(99,8,0,'Yellow'),(100,9,0,'Lavender'),(101,10,0,'White'),(102,11,0,'Brown'),(103,19,0,'Black');

--
-- Table structure for table `eav_attribute_set`
--

CREATE TABLE `eav_attribute_set` (
  `attribute_set_id` smallint unsigned NOT NULL AUTO_INCREMENT COMMENT 'Attribute Set ID',
  `entity_type_id` smallint unsigned NOT NULL DEFAULT '0' COMMENT 'Entity Type ID',
  `attribute_set_name` varchar(255) DEFAULT NULL COMMENT 'Attribute Set Name',
  `sort_order` smallint NOT NULL DEFAULT '0' COMMENT 'Sort Order',
  PRIMARY KEY (`attribute_set_id`),
  UNIQUE KEY `EAV_ATTRIBUTE_SET_ENTITY_TYPE_ID_ATTRIBUTE_SET_NAME` (`entity_type_id`,`attribute_set_name`),
  KEY `EAV_ATTRIBUTE_SET_ENTITY_TYPE_ID_SORT_ORDER` (`entity_type_id`,`sort_order`),
  CONSTRAINT `EAV_ATTRIBUTE_SET_ENTITY_TYPE_ID_EAV_ENTITY_TYPE_ENTITY_TYPE_ID` FOREIGN KEY (`entity_type_id`) REFERENCES `eav_entity_type` (`entity_type_id`) ON DELETE CASCADE
) ENGINE=InnoDB AUTO_INCREMENT=9 DEFAULT CHARSET=utf8 COMMENT='Eav Attribute Set';

--
-- Dumping data for table `eav_attribute_set`
--

INSERT INTO `eav_attribute_set` VALUES (1,1,'Default',2),(2,2,'Default',2),(3,3,'Default',1),(4,4,'Default',1),(5,5,'Default',1),(6,6,'Default',1),(7,7,'Default',1),(8,8,'Default',1);

--
-- Table structure for table `eav_entity`
--

CREATE TABLE `eav_entity` (
  `entity_id` int unsigned NOT NULL AUTO_INCREMENT COMMENT 'Entity ID',
  `entity_type_id` smallint unsigned NOT NULL DEFAULT '0' COMMENT 'Entity Type ID',
  `attribute_set_id` smallint unsigned NOT NULL DEFAULT '0' COMMENT 'Attribute Set ID',
  `increment_id` varchar(50) DEFAULT NULL COMMENT 'Increment ID',
  `parent_id` int unsigned NOT NULL DEFAULT '0' COMMENT 'Parent ID',
  `store_id` smallint unsigned NOT NULL DEFAULT '0' COMMENT 'Store ID',
  `created_at` timestamp NOT NULL DEFAULT CURRENT_TIMESTAMP COMMENT 'Created At',
  `updated_at` timestamp NOT NULL DEFAULT CURRENT_TIMESTAMP ON UPDATE CURRENT_TIMESTAMP COMMENT 'Updated At',
  `is_active` smallint unsigned NOT NULL DEFAULT '1' COMMENT 'Defines Is Entity Active',
  PRIMARY KEY (`entity_id`),
  KEY `EAV_ENTITY_ENTITY_TYPE_ID` (`entity_type_id`),
  KEY `EAV_ENTITY_STORE_ID` (`store_id`),
  CONSTRAINT `EAV_ENTITY_ENTITY_TYPE_ID_EAV_ENTITY_TYPE_ENTITY_TYPE_ID` FOREIGN KEY (`entity_type_id`) REFERENCES `eav_entity_type` (`entity_type_id`) ON DELETE CASCADE,
  CONSTRAINT `EAV_ENTITY_STORE_ID_STORE_STORE_ID` FOREIGN KEY (`store_id`) REFERENCES `store` (`store_id`) ON DELETE CASCADE
) ENGINE=InnoDB DEFAULT CHARSET=utf8 COMMENT='Eav Entity';

--
-- Dumping data for table `eav_entity`
--


--
-- Table structure for table `eav_entity_attribute`
--

CREATE TABLE `eav_entity_attribute` (
  `entity_attribute_id` int unsigned NOT NULL AUTO_INCREMENT COMMENT 'Entity Attribute ID',
  `entity_type_id` smallint unsigned NOT NULL DEFAULT '0' COMMENT 'Entity Type ID',
  `attribute_set_id` smallint unsigned NOT NULL DEFAULT '0' COMMENT 'Attribute Set ID',
  `attribute_group_id` smallint unsigned NOT NULL DEFAULT '0' COMMENT 'Attribute Group ID',
  `attribute_id` smallint unsigned NOT NULL DEFAULT '0' COMMENT 'Attribute ID',
  `sort_order` smallint NOT NULL DEFAULT '0' COMMENT 'Sort Order',
  PRIMARY KEY (`entity_attribute_id`),
  UNIQUE KEY `EAV_ENTITY_ATTRIBUTE_ATTRIBUTE_SET_ID_ATTRIBUTE_ID` (`attribute_set_id`,`attribute_id`),
  UNIQUE KEY `EAV_ENTITY_ATTRIBUTE_ATTRIBUTE_GROUP_ID_ATTRIBUTE_ID` (`attribute_group_id`,`attribute_id`),
  KEY `EAV_ENTITY_ATTRIBUTE_ATTRIBUTE_SET_ID_SORT_ORDER` (`attribute_set_id`,`sort_order`),
  KEY `EAV_ENTITY_ATTRIBUTE_ATTRIBUTE_ID` (`attribute_id`),
  CONSTRAINT `EAV_ENTITY_ATTRIBUTE_ATTRIBUTE_ID_EAV_ATTRIBUTE_ATTRIBUTE_ID` FOREIGN KEY (`attribute_id`) REFERENCES `eav_attribute` (`attribute_id`) ON DELETE CASCADE,
  CONSTRAINT `EAV_ENTT_ATTR_ATTR_GROUP_ID_EAV_ATTR_GROUP_ATTR_GROUP_ID` FOREIGN KEY (`attribute_group_id`) REFERENCES `eav_attribute_group` (`attribute_group_id`) ON DELETE CASCADE
) ENGINE=InnoDB AUTO_INCREMENT=239 DEFAULT CHARSET=utf8 COMMENT='Eav Entity Attributes';

--
-- Dumping data for table `eav_entity_attribute`
--

INSERT INTO `eav_entity_attribute` VALUES (1,1,1,1,1,10),(2,1,1,1,2,20),(3,1,1,1,3,20),(4,1,1,1,4,30),(5,1,1,1,5,40),(6,1,1,1,6,50),(7,1,1,1,7,60),(8,1,1,1,8,70),(9,1,1,1,9,80),(10,1,1,1,10,25),(11,1,1,1,11,90),(12,1,1,1,12,81),(13,1,1,1,13,115),(14,1,1,1,14,120),(15,1,1,1,15,82),(16,1,1,1,16,83),(17,1,1,1,17,100),(18,1,1,1,18,0),(19,1,1,1,19,0),(20,1,1,1,20,110),(21,1,1,1,21,28),(22,2,2,2,22,10),(23,2,2,2,23,20),(24,2,2,2,24,30),(25,2,2,2,25,40),(26,2,2,2,26,50),(27,2,2,2,27,60),(28,2,2,2,28,70),(29,2,2,2,29,100),(30,2,2,2,30,80),(31,2,2,2,31,90),(32,2,2,2,32,90),(33,2,2,2,33,110),(34,2,2,2,34,120),(35,2,2,2,35,130),(36,2,2,2,36,140),(37,2,2,2,37,132),(38,2,2,2,38,133),(39,2,2,2,39,134),(40,2,2,2,40,135),(41,1,1,1,41,87),(42,1,1,1,42,100),(43,1,1,1,43,110),(44,1,1,1,44,120),(45,3,3,4,45,1),(46,3,3,4,46,2),(47,3,3,4,47,4),(48,3,3,4,48,5),(49,3,3,4,49,6),(50,3,3,4,50,7),(51,3,3,4,51,8),(52,3,3,5,52,10),(53,3,3,5,53,20),(54,3,3,5,54,30),(55,3,3,4,55,12),(56,3,3,4,56,13),(57,3,3,4,57,14),(58,3,3,4,58,15),(59,3,3,4,59,16),(60,3,3,6,60,10),(61,3,3,6,61,30),(62,3,3,6,62,40),(63,3,3,6,63,50),(64,3,3,6,64,60),(65,3,3,4,65,24),(66,3,3,4,66,25),(67,3,3,5,67,40),(68,3,3,5,68,50),(69,3,3,4,69,10),(70,3,3,6,70,5),(71,3,3,6,71,6),(72,3,3,5,72,51),(90,4,4,7,91,6),(96,4,4,8,98,8),(105,4,4,7,107,14),(106,4,4,7,108,15),(107,4,4,7,109,16),(108,4,4,7,110,17),(109,4,4,7,111,18),(110,4,4,7,112,19),(111,4,4,7,113,20),(115,3,3,4,117,3),(116,3,3,4,118,17),(118,4,4,7,120,11),(126,4,4,7,128,111),(127,4,4,7,129,112),(128,4,4,7,130,113),(129,4,4,7,131,114),(181,4,4,7,73,2),(182,4,4,7,74,3),(183,4,4,7,77,5),(184,4,4,7,82,9),(185,4,4,7,83,18),(186,4,4,7,93,16),(187,4,4,7,94,13),(188,4,4,7,95,14),(189,4,4,7,97,1),(190,4,4,7,99,12),(191,4,4,7,105,11),(192,4,4,7,114,19),(193,4,4,7,115,8),(194,4,4,7,123,6),(195,4,4,7,124,4),(196,4,4,7,125,10),(197,4,4,7,134,7),(198,4,4,7,135,15),(199,4,4,7,136,17),(200,4,4,13,75,110),(201,4,4,13,76,100),(202,4,4,15,127,1),(203,4,4,10,87,1),(204,4,4,10,88,2),(205,4,4,10,89,3),(206,4,4,10,90,5),(207,4,4,10,96,6),(208,4,4,10,133,4),(209,4,4,9,84,2),(210,4,4,9,85,3),(211,4,4,9,86,4),(212,4,4,9,119,1),(213,4,4,8,78,1),(214,4,4,8,79,2),(215,4,4,8,80,3),(216,4,4,8,81,4),(217,4,4,8,92,5),(218,4,4,8,121,6),(219,4,4,8,122,7),(220,4,4,8,126,8),(221,4,4,11,103,3),(222,4,4,11,104,1),(223,4,4,11,106,2),(224,4,4,14,100,3),(225,4,4,14,101,1),(226,4,4,14,102,2),(227,4,4,14,116,4),(228,4,4,20,132,1),(237,4,4,11,145,51),(238,3,3,6,146,51);

--
-- Table structure for table `eav_entity_datetime`
--

CREATE TABLE `eav_entity_datetime` (
  `value_id` int NOT NULL AUTO_INCREMENT COMMENT 'Value ID',
  `entity_type_id` smallint unsigned NOT NULL DEFAULT '0' COMMENT 'Entity Type ID',
  `attribute_id` smallint unsigned NOT NULL DEFAULT '0' COMMENT 'Attribute ID',
  `store_id` smallint unsigned NOT NULL DEFAULT '0' COMMENT 'Store ID',
  `entity_id` int unsigned NOT NULL DEFAULT '0' COMMENT 'Entity ID',
  `value` datetime DEFAULT NULL COMMENT 'Attribute Value',
  PRIMARY KEY (`value_id`),
  UNIQUE KEY `EAV_ENTITY_DATETIME_ENTITY_ID_ATTRIBUTE_ID_STORE_ID` (`entity_id`,`attribute_id`,`store_id`),
  KEY `EAV_ENTITY_DATETIME_STORE_ID` (`store_id`),
  KEY `EAV_ENTITY_DATETIME_ATTRIBUTE_ID_VALUE` (`attribute_id`,`value`),
  KEY `EAV_ENTITY_DATETIME_ENTITY_TYPE_ID_VALUE` (`entity_type_id`,`value`),
  CONSTRAINT `EAV_ENTITY_DATETIME_ENTITY_ID_EAV_ENTITY_ENTITY_ID` FOREIGN KEY (`entity_id`) REFERENCES `eav_entity` (`entity_id`) ON DELETE CASCADE,
  CONSTRAINT `EAV_ENTITY_DATETIME_STORE_ID_STORE_STORE_ID` FOREIGN KEY (`store_id`) REFERENCES `store` (`store_id`) ON DELETE CASCADE,
  CONSTRAINT `EAV_ENTT_DTIME_ENTT_TYPE_ID_EAV_ENTT_TYPE_ENTT_TYPE_ID` FOREIGN KEY (`entity_type_id`) REFERENCES `eav_entity_type` (`entity_type_id`) ON DELETE CASCADE
) ENGINE=InnoDB DEFAULT CHARSET=utf8 COMMENT='Eav Entity Value Prefix';

--
-- Dumping data for table `eav_entity_datetime`
--


--
-- Table structure for table `eav_entity_decimal`
--

CREATE TABLE `eav_entity_decimal` (
  `value_id` int NOT NULL AUTO_INCREMENT COMMENT 'Value ID',
  `entity_type_id` smallint unsigned NOT NULL DEFAULT '0' COMMENT 'Entity Type ID',
  `attribute_id` smallint unsigned NOT NULL DEFAULT '0' COMMENT 'Attribute ID',
  `store_id` smallint unsigned NOT NULL DEFAULT '0' COMMENT 'Store ID',
  `entity_id` int unsigned NOT NULL DEFAULT '0' COMMENT 'Entity ID',
  `value` decimal(12,4) NOT NULL DEFAULT '0.0000' COMMENT 'Attribute Value',
  PRIMARY KEY (`value_id`),
  UNIQUE KEY `EAV_ENTITY_DECIMAL_ENTITY_ID_ATTRIBUTE_ID_STORE_ID` (`entity_id`,`attribute_id`,`store_id`),
  KEY `EAV_ENTITY_DECIMAL_STORE_ID` (`store_id`),
  KEY `EAV_ENTITY_DECIMAL_ATTRIBUTE_ID_VALUE` (`attribute_id`,`value`),
  KEY `EAV_ENTITY_DECIMAL_ENTITY_TYPE_ID_VALUE` (`entity_type_id`,`value`),
  CONSTRAINT `EAV_ENTITY_DECIMAL_ENTITY_ID_EAV_ENTITY_ENTITY_ID` FOREIGN KEY (`entity_id`) REFERENCES `eav_entity` (`entity_id`) ON DELETE CASCADE,
  CONSTRAINT `EAV_ENTITY_DECIMAL_ENTITY_TYPE_ID_EAV_ENTITY_TYPE_ENTITY_TYPE_ID` FOREIGN KEY (`entity_type_id`) REFERENCES `eav_entity_type` (`entity_type_id`) ON DELETE CASCADE,
  CONSTRAINT `EAV_ENTITY_DECIMAL_STORE_ID_STORE_STORE_ID` FOREIGN KEY (`store_id`) REFERENCES `store` (`store_id`) ON DELETE CASCADE
) ENGINE=InnoDB DEFAULT CHARSET=utf8 COMMENT='Eav Entity Value Prefix';

--
-- Dumping data for table `eav_entity_decimal`
--


--
-- Table structure for table `eav_entity_int`
--

CREATE TABLE `eav_entity_int` (
  `value_id` int NOT NULL AUTO_INCREMENT COMMENT 'Value ID',
  `entity_type_id` smallint unsigned NOT NULL DEFAULT '0' COMMENT 'Entity Type ID',
  `attribute_id` smallint unsigned NOT NULL DEFAULT '0' COMMENT 'Attribute ID',
  `store_id` smallint unsigned NOT NULL DEFAULT '0' COMMENT 'Store ID',
  `entity_id` int unsigned NOT NULL DEFAULT '0' COMMENT 'Entity ID',
  `value` int NOT NULL DEFAULT '0' COMMENT 'Attribute Value',
  PRIMARY KEY (`value_id`),
  UNIQUE KEY `EAV_ENTITY_INT_ENTITY_ID_ATTRIBUTE_ID_STORE_ID` (`entity_id`,`attribute_id`,`store_id`),
  KEY `EAV_ENTITY_INT_STORE_ID` (`store_id`),
  KEY `EAV_ENTITY_INT_ATTRIBUTE_ID_VALUE` (`attribute_id`,`value`),
  KEY `EAV_ENTITY_INT_ENTITY_TYPE_ID_VALUE` (`entity_type_id`,`value`),
  CONSTRAINT `EAV_ENTITY_INT_ENTITY_ID_EAV_ENTITY_ENTITY_ID` FOREIGN KEY (`entity_id`) REFERENCES `eav_entity` (`entity_id`) ON DELETE CASCADE,
  CONSTRAINT `EAV_ENTITY_INT_ENTITY_TYPE_ID_EAV_ENTITY_TYPE_ENTITY_TYPE_ID` FOREIGN KEY (`entity_type_id`) REFERENCES `eav_entity_type` (`entity_type_id`) ON DELETE CASCADE,
  CONSTRAINT `EAV_ENTITY_INT_STORE_ID_STORE_STORE_ID` FOREIGN KEY (`store_id`) REFERENCES `store` (`store_id`) ON DELETE CASCADE
) ENGINE=InnoDB DEFAULT CHARSET=utf8 COMMENT='Eav Entity Value Prefix';

--
-- Dumping data for table `eav_entity_int`
--


--
-- Table structure for table `eav_entity_store`
--

CREATE TABLE `eav_entity_store` (
  `entity_store_id` int unsigned NOT NULL AUTO_INCREMENT COMMENT 'Entity Store ID',
  `entity_type_id` smallint unsigned NOT NULL DEFAULT '0' COMMENT 'Entity Type ID',
  `store_id` smallint unsigned NOT NULL DEFAULT '0' COMMENT 'Store ID',
  `increment_prefix` varchar(20) DEFAULT NULL COMMENT 'Increment Prefix',
  `increment_last_id` varchar(50) DEFAULT NULL COMMENT 'Last Incremented ID',
  PRIMARY KEY (`entity_store_id`),
  KEY `EAV_ENTITY_STORE_ENTITY_TYPE_ID` (`entity_type_id`),
  KEY `EAV_ENTITY_STORE_STORE_ID` (`store_id`),
  CONSTRAINT `EAV_ENTITY_STORE_ENTITY_TYPE_ID_EAV_ENTITY_TYPE_ENTITY_TYPE_ID` FOREIGN KEY (`entity_type_id`) REFERENCES `eav_entity_type` (`entity_type_id`) ON DELETE CASCADE,
  CONSTRAINT `EAV_ENTITY_STORE_STORE_ID_STORE_STORE_ID` FOREIGN KEY (`store_id`) REFERENCES `store` (`store_id`) ON DELETE CASCADE
) ENGINE=InnoDB DEFAULT CHARSET=utf8 COMMENT='Eav Entity Store';

--
-- Dumping data for table `eav_entity_store`
--


--
-- Table structure for table `eav_entity_text`
--

CREATE TABLE `eav_entity_text` (
  `value_id` int NOT NULL AUTO_INCREMENT COMMENT 'Value ID',
  `entity_type_id` smallint unsigned NOT NULL DEFAULT '0' COMMENT 'Entity Type ID',
  `attribute_id` smallint unsigned NOT NULL DEFAULT '0' COMMENT 'Attribute ID',
  `store_id` smallint unsigned NOT NULL DEFAULT '0' COMMENT 'Store ID',
  `entity_id` int unsigned NOT NULL DEFAULT '0' COMMENT 'Entity ID',
  `value` text NOT NULL COMMENT 'Attribute Value',
  PRIMARY KEY (`value_id`),
  UNIQUE KEY `EAV_ENTITY_TEXT_ENTITY_ID_ATTRIBUTE_ID_STORE_ID` (`entity_id`,`attribute_id`,`store_id`),
  KEY `EAV_ENTITY_TEXT_ENTITY_TYPE_ID` (`entity_type_id`),
  KEY `EAV_ENTITY_TEXT_ATTRIBUTE_ID` (`attribute_id`),
  KEY `EAV_ENTITY_TEXT_STORE_ID` (`store_id`),
  CONSTRAINT `EAV_ENTITY_TEXT_ENTITY_ID_EAV_ENTITY_ENTITY_ID` FOREIGN KEY (`entity_id`) REFERENCES `eav_entity` (`entity_id`) ON DELETE CASCADE,
  CONSTRAINT `EAV_ENTITY_TEXT_ENTITY_TYPE_ID_EAV_ENTITY_TYPE_ENTITY_TYPE_ID` FOREIGN KEY (`entity_type_id`) REFERENCES `eav_entity_type` (`entity_type_id`) ON DELETE CASCADE,
  CONSTRAINT `EAV_ENTITY_TEXT_STORE_ID_STORE_STORE_ID` FOREIGN KEY (`store_id`) REFERENCES `store` (`store_id`) ON DELETE CASCADE
) ENGINE=InnoDB DEFAULT CHARSET=utf8 COMMENT='Eav Entity Value Prefix';

--
-- Dumping data for table `eav_entity_text`
--


--
-- Table structure for table `eav_entity_type`
--

CREATE TABLE `eav_entity_type` (
  `entity_type_id` smallint unsigned NOT NULL AUTO_INCREMENT COMMENT 'Entity Type ID',
  `entity_type_code` varchar(50) NOT NULL COMMENT 'Entity Type Code',
  `entity_model` varchar(255) NOT NULL COMMENT 'Entity Model',
  `attribute_model` varchar(255) DEFAULT NULL COMMENT 'Attribute Model',
  `entity_table` varchar(255) DEFAULT NULL COMMENT 'Entity Table',
  `value_table_prefix` varchar(255) DEFAULT NULL COMMENT 'Value Table Prefix',
  `entity_id_field` varchar(255) DEFAULT NULL COMMENT 'Entity ID Field',
  `is_data_sharing` smallint unsigned NOT NULL DEFAULT '1' COMMENT 'Defines Is Data Sharing',
  `data_sharing_key` varchar(100) DEFAULT 'default' COMMENT 'Data Sharing Key',
  `default_attribute_set_id` smallint unsigned NOT NULL DEFAULT '0' COMMENT 'Default Attribute Set ID',
  `increment_model` varchar(255) DEFAULT NULL COMMENT 'Increment Model',
  `increment_per_store` smallint unsigned NOT NULL DEFAULT '0' COMMENT 'Increment Per Store',
  `increment_pad_length` smallint unsigned NOT NULL DEFAULT '8' COMMENT 'Increment Pad Length',
  `increment_pad_char` varchar(1) NOT NULL DEFAULT '0' COMMENT 'Increment Pad Char',
  `additional_attribute_table` varchar(255) DEFAULT NULL COMMENT 'Additional Attribute Table',
  `entity_attribute_collection` varchar(255) DEFAULT NULL COMMENT 'Entity Attribute Collection',
  PRIMARY KEY (`entity_type_id`),
  KEY `EAV_ENTITY_TYPE_ENTITY_TYPE_CODE` (`entity_type_code`)
) ENGINE=InnoDB AUTO_INCREMENT=9 DEFAULT CHARSET=utf8 COMMENT='Eav Entity Type';

--
-- Dumping data for table `eav_entity_type`
--

INSERT INTO `eav_entity_type` VALUES (1,'customer','Magento\\Customer\\Model\\ResourceModel\\Customer','Magento\\Customer\\Model\\Attribute','customer_entity',NULL,NULL,1,'default',1,'Magento\\Eav\\Model\\Entity\\Increment\\NumericValue',0,8,'0','customer_eav_attribute','Magento\\Customer\\Model\\ResourceModel\\Attribute\\Collection'),(2,'customer_address','Magento\\Customer\\Model\\ResourceModel\\Address','Magento\\Customer\\Model\\Attribute','customer_address_entity',NULL,NULL,1,'default',2,NULL,0,8,'0','customer_eav_attribute','Magento\\Customer\\Model\\ResourceModel\\Address\\Attribute\\Collection'),(3,'catalog_category','Magento\\Catalog\\Model\\ResourceModel\\Category','Magento\\Catalog\\Model\\ResourceModel\\Eav\\Attribute','catalog_category_entity',NULL,NULL,1,'default',3,NULL,0,8,'0','catalog_eav_attribute','Magento\\Catalog\\Model\\ResourceModel\\Category\\Attribute\\Collection'),(4,'catalog_product','Magento\\Catalog\\Model\\ResourceModel\\Product','Magento\\Catalog\\Model\\ResourceModel\\Eav\\Attribute','catalog_product_entity',NULL,NULL,1,'default',4,NULL,0,8,'0','catalog_eav_attribute','Magento\\Catalog\\Model\\ResourceModel\\Product\\Attribute\\Collection'),(5,'order','Magento\\Sales\\Model\\ResourceModel\\Order',NULL,'sales_order',NULL,NULL,1,'default',5,'Magento\\Eav\\Model\\Entity\\Increment\\NumericValue',1,8,'0',NULL,NULL),(6,'invoice','Magento\\Sales\\Model\\ResourceModel\\Order\\Invoice',NULL,'sales_invoice',NULL,NULL,1,'default',6,'Magento\\Eav\\Model\\Entity\\Increment\\NumericValue',1,8,'0',NULL,NULL),(7,'creditmemo','Magento\\Sales\\Model\\ResourceModel\\Order\\Creditmemo',NULL,'sales_creditmemo',NULL,NULL,1,'default',7,'Magento\\Eav\\Model\\Entity\\Increment\\NumericValue',1,8,'0',NULL,NULL),(8,'shipment','Magento\\Sales\\Model\\ResourceModel\\Order\\Shipment',NULL,'sales_shipment',NULL,NULL,1,'default',8,'Magento\\Eav\\Model\\Entity\\Increment\\NumericValue',1,8,'0',NULL,NULL);

--
-- Table structure for table `eav_entity_varchar`
--

CREATE TABLE `eav_entity_varchar` (
  `value_id` int NOT NULL AUTO_INCREMENT COMMENT 'Value ID',
  `entity_type_id` smallint unsigned NOT NULL DEFAULT '0' COMMENT 'Entity Type ID',
  `attribute_id` smallint unsigned NOT NULL DEFAULT '0' COMMENT 'Attribute ID',
  `store_id` smallint unsigned NOT NULL DEFAULT '0' COMMENT 'Store ID',
  `entity_id` int unsigned NOT NULL DEFAULT '0' COMMENT 'Entity ID',
  `value` varchar(255) DEFAULT NULL COMMENT 'Attribute Value',
  PRIMARY KEY (`value_id`),
  UNIQUE KEY `EAV_ENTITY_VARCHAR_ENTITY_ID_ATTRIBUTE_ID_STORE_ID` (`entity_id`,`attribute_id`,`store_id`),
  KEY `EAV_ENTITY_VARCHAR_STORE_ID` (`store_id`),
  KEY `EAV_ENTITY_VARCHAR_ATTRIBUTE_ID_VALUE` (`attribute_id`,`value`),
  KEY `EAV_ENTITY_VARCHAR_ENTITY_TYPE_ID_VALUE` (`entity_type_id`,`value`),
  CONSTRAINT `EAV_ENTITY_VARCHAR_ENTITY_ID_EAV_ENTITY_ENTITY_ID` FOREIGN KEY (`entity_id`) REFERENCES `eav_entity` (`entity_id`) ON DELETE CASCADE,
  CONSTRAINT `EAV_ENTITY_VARCHAR_ENTITY_TYPE_ID_EAV_ENTITY_TYPE_ENTITY_TYPE_ID` FOREIGN KEY (`entity_type_id`) REFERENCES `eav_entity_type` (`entity_type_id`) ON DELETE CASCADE,
  CONSTRAINT `EAV_ENTITY_VARCHAR_STORE_ID_STORE_STORE_ID` FOREIGN KEY (`store_id`) REFERENCES `store` (`store_id`) ON DELETE CASCADE
) ENGINE=InnoDB DEFAULT CHARSET=utf8 COMMENT='Eav Entity Value Prefix';

--
-- Dumping data for table `eav_entity_varchar`
--


--
-- Table structure for table `eav_form_element`
--

CREATE TABLE `eav_form_element` (
  `element_id` int unsigned NOT NULL AUTO_INCREMENT COMMENT 'Element ID',
  `type_id` smallint unsigned NOT NULL COMMENT 'Type ID',
  `fieldset_id` smallint unsigned DEFAULT NULL COMMENT 'Fieldset ID',
  `attribute_id` smallint unsigned NOT NULL COMMENT 'Attribute ID',
  `sort_order` int NOT NULL DEFAULT '0' COMMENT 'Sort Order',
  PRIMARY KEY (`element_id`),
  UNIQUE KEY `EAV_FORM_ELEMENT_TYPE_ID_ATTRIBUTE_ID` (`type_id`,`attribute_id`),
  KEY `EAV_FORM_ELEMENT_FIELDSET_ID` (`fieldset_id`),
  KEY `EAV_FORM_ELEMENT_ATTRIBUTE_ID` (`attribute_id`),
  CONSTRAINT `EAV_FORM_ELEMENT_ATTRIBUTE_ID_EAV_ATTRIBUTE_ATTRIBUTE_ID` FOREIGN KEY (`attribute_id`) REFERENCES `eav_attribute` (`attribute_id`) ON DELETE CASCADE,
  CONSTRAINT `EAV_FORM_ELEMENT_FIELDSET_ID_EAV_FORM_FIELDSET_FIELDSET_ID` FOREIGN KEY (`fieldset_id`) REFERENCES `eav_form_fieldset` (`fieldset_id`) ON DELETE SET NULL,
  CONSTRAINT `EAV_FORM_ELEMENT_TYPE_ID_EAV_FORM_TYPE_TYPE_ID` FOREIGN KEY (`type_id`) REFERENCES `eav_form_type` (`type_id`) ON DELETE CASCADE
) ENGINE=InnoDB AUTO_INCREMENT=43 DEFAULT CHARSET=utf8 COMMENT='Eav Form Element';

--
-- Dumping data for table `eav_form_element`
--

INSERT INTO `eav_form_element` VALUES (1,1,NULL,23,0),(2,1,NULL,25,1),(3,1,NULL,27,2),(4,1,NULL,9,3),(5,1,NULL,28,4),(6,1,NULL,29,5),(7,1,NULL,31,6),(8,1,NULL,33,7),(9,1,NULL,30,8),(10,1,NULL,34,9),(11,1,NULL,35,10),(12,2,NULL,23,0),(13,2,NULL,25,1),(14,2,NULL,27,2),(15,2,NULL,9,3),(16,2,NULL,28,4),(17,2,NULL,29,5),(18,2,NULL,31,6),(19,2,NULL,33,7),(20,2,NULL,30,8),(21,2,NULL,34,9),(22,2,NULL,35,10),(23,3,NULL,23,0),(24,3,NULL,25,1),(25,3,NULL,27,2),(26,3,NULL,28,3),(27,3,NULL,29,4),(28,3,NULL,31,5),(29,3,NULL,33,6),(30,3,NULL,30,7),(31,3,NULL,34,8),(32,3,NULL,35,9),(33,4,NULL,23,0),(34,4,NULL,25,1),(35,4,NULL,27,2),(36,4,NULL,28,3),(37,4,NULL,29,4),(38,4,NULL,31,5),(39,4,NULL,33,6),(40,4,NULL,30,7),(41,4,NULL,34,8),(42,4,NULL,35,9);

--
-- Table structure for table `eav_form_fieldset`
--

CREATE TABLE `eav_form_fieldset` (
  `fieldset_id` smallint unsigned NOT NULL AUTO_INCREMENT COMMENT 'Fieldset ID',
  `type_id` smallint unsigned NOT NULL COMMENT 'Type ID',
  `code` varchar(64) NOT NULL COMMENT 'Code',
  `sort_order` int NOT NULL DEFAULT '0' COMMENT 'Sort Order',
  PRIMARY KEY (`fieldset_id`),
  UNIQUE KEY `EAV_FORM_FIELDSET_TYPE_ID_CODE` (`type_id`,`code`),
  CONSTRAINT `EAV_FORM_FIELDSET_TYPE_ID_EAV_FORM_TYPE_TYPE_ID` FOREIGN KEY (`type_id`) REFERENCES `eav_form_type` (`type_id`) ON DELETE CASCADE
) ENGINE=InnoDB DEFAULT CHARSET=utf8 COMMENT='Eav Form Fieldset';

--
-- Dumping data for table `eav_form_fieldset`
--


--
-- Table structure for table `eav_form_fieldset_label`
--

CREATE TABLE `eav_form_fieldset_label` (
  `fieldset_id` smallint unsigned NOT NULL COMMENT 'Fieldset ID',
  `store_id` smallint unsigned NOT NULL COMMENT 'Store ID',
  `label` varchar(255) NOT NULL COMMENT 'Label',
  PRIMARY KEY (`fieldset_id`,`store_id`),
  KEY `EAV_FORM_FIELDSET_LABEL_STORE_ID` (`store_id`),
  CONSTRAINT `EAV_FORM_FIELDSET_LABEL_STORE_ID_STORE_STORE_ID` FOREIGN KEY (`store_id`) REFERENCES `store` (`store_id`) ON DELETE CASCADE,
  CONSTRAINT `EAV_FORM_FSET_LBL_FSET_ID_EAV_FORM_FSET_FSET_ID` FOREIGN KEY (`fieldset_id`) REFERENCES `eav_form_fieldset` (`fieldset_id`) ON DELETE CASCADE
) ENGINE=InnoDB DEFAULT CHARSET=utf8 COMMENT='Eav Form Fieldset Label';

--
-- Dumping data for table `eav_form_fieldset_label`
--


--
-- Table structure for table `eav_form_type`
--

CREATE TABLE `eav_form_type` (
  `type_id` smallint unsigned NOT NULL AUTO_INCREMENT COMMENT 'Type ID',
  `code` varchar(64) NOT NULL COMMENT 'Code',
  `label` varchar(255) NOT NULL COMMENT 'Label',
  `is_system` smallint unsigned NOT NULL DEFAULT '0' COMMENT 'Is System',
  `theme` varchar(64) DEFAULT NULL COMMENT 'Theme',
  `store_id` smallint unsigned NOT NULL COMMENT 'Store ID',
  PRIMARY KEY (`type_id`),
  UNIQUE KEY `EAV_FORM_TYPE_CODE_THEME_STORE_ID` (`code`,`theme`,`store_id`),
  KEY `EAV_FORM_TYPE_STORE_ID` (`store_id`),
  CONSTRAINT `EAV_FORM_TYPE_STORE_ID_STORE_STORE_ID` FOREIGN KEY (`store_id`) REFERENCES `store` (`store_id`) ON DELETE CASCADE
) ENGINE=InnoDB AUTO_INCREMENT=5 DEFAULT CHARSET=utf8 COMMENT='Eav Form Type';

--
-- Dumping data for table `eav_form_type`
--

INSERT INTO `eav_form_type` VALUES (1,'checkout_onepage_register','checkout_onepage_register',1,'',0),(2,'checkout_onepage_register_guest','checkout_onepage_register_guest',1,'',0),(3,'checkout_onepage_billing_address','checkout_onepage_billing_address',1,'',0),(4,'checkout_onepage_shipping_address','checkout_onepage_shipping_address',1,'',0);

--
-- Table structure for table `eav_form_type_entity`
--

CREATE TABLE `eav_form_type_entity` (
  `type_id` smallint unsigned NOT NULL COMMENT 'Type ID',
  `entity_type_id` smallint unsigned NOT NULL COMMENT 'Entity Type ID',
  PRIMARY KEY (`type_id`,`entity_type_id`),
  KEY `EAV_FORM_TYPE_ENTITY_ENTITY_TYPE_ID` (`entity_type_id`),
  CONSTRAINT `EAV_FORM_TYPE_ENTITY_TYPE_ID_EAV_FORM_TYPE_TYPE_ID` FOREIGN KEY (`type_id`) REFERENCES `eav_form_type` (`type_id`) ON DELETE CASCADE,
  CONSTRAINT `EAV_FORM_TYPE_ENTT_ENTT_TYPE_ID_EAV_ENTT_TYPE_ENTT_TYPE_ID` FOREIGN KEY (`entity_type_id`) REFERENCES `eav_entity_type` (`entity_type_id`) ON DELETE CASCADE
) ENGINE=InnoDB DEFAULT CHARSET=utf8 COMMENT='Eav Form Type Entity';

--
-- Dumping data for table `eav_form_type_entity`
--

INSERT INTO `eav_form_type_entity` VALUES (1,1),(2,1),(1,2),(2,2),(3,2),(4,2);

--
-- Table structure for table `email_abandoned_cart`
--

CREATE TABLE `email_abandoned_cart` (
  `id` int unsigned NOT NULL AUTO_INCREMENT COMMENT 'Primary Key',
  `quote_id` int unsigned DEFAULT NULL COMMENT 'Quote Id',
  `store_id` smallint unsigned DEFAULT NULL COMMENT 'Store Id',
  `customer_id` int unsigned DEFAULT NULL COMMENT 'Customer ID',
  `email` varchar(255) NOT NULL DEFAULT '' COMMENT 'Email',
  `is_active` smallint unsigned NOT NULL DEFAULT '1' COMMENT 'Quote Active',
  `quote_updated_at` timestamp NULL DEFAULT NULL COMMENT 'Quote updated at',
  `abandoned_cart_number` smallint unsigned NOT NULL DEFAULT '0' COMMENT 'Abandoned Cart number',
  `items_count` smallint unsigned DEFAULT '0' COMMENT 'Quote items count',
  `items_ids` varchar(255) DEFAULT NULL COMMENT 'Quote item ids',
  `created_at` timestamp NULL DEFAULT NULL COMMENT 'Created At',
  `updated_at` timestamp NULL DEFAULT NULL COMMENT 'Updated at',
  `status` text NOT NULL COMMENT 'Contact Status',
  PRIMARY KEY (`id`),
  KEY `EMAIL_ABANDONED_CART_QUOTE_ID` (`quote_id`),
  KEY `EMAIL_ABANDONED_CART_STORE_ID` (`store_id`),
  KEY `EMAIL_ABANDONED_CART_CUSTOMER_ID` (`customer_id`),
  KEY `EMAIL_ABANDONED_CART_EMAIL` (`email`)
) ENGINE=InnoDB DEFAULT CHARSET=utf8 COMMENT='Abandoned Carts Table';

--
-- Dumping data for table `email_abandoned_cart`
--


--
-- Table structure for table `email_automation`
--

CREATE TABLE `email_automation` (
  `id` int unsigned NOT NULL AUTO_INCREMENT COMMENT 'Primary Key',
  `automation_type` varchar(255) DEFAULT NULL COMMENT 'Automation Type',
  `store_name` varchar(255) DEFAULT NULL COMMENT 'Automation Type',
  `enrolment_status` varchar(255) NOT NULL COMMENT 'Entrolment Status',
  `email` varchar(255) DEFAULT NULL COMMENT 'Email',
  `type_id` varchar(255) DEFAULT NULL COMMENT 'Type ID',
  `program_id` varchar(255) DEFAULT NULL COMMENT 'Program ID',
  `website_id` smallint unsigned NOT NULL COMMENT 'Website Id',
  `message` varchar(255) NOT NULL COMMENT 'Message',
  `created_at` timestamp NULL DEFAULT NULL COMMENT 'Creation Time',
  `updated_at` timestamp NULL DEFAULT NULL COMMENT 'Update Time',
  PRIMARY KEY (`id`),
  KEY `EMAIL_AUTOMATION_AUTOMATION_TYPE` (`automation_type`),
  KEY `EMAIL_AUTOMATION_ENROLMENT_STATUS` (`enrolment_status`),
  KEY `EMAIL_AUTOMATION_TYPE_ID` (`type_id`),
  KEY `EMAIL_AUTOMATION_EMAIL` (`email`),
  KEY `EMAIL_AUTOMATION_PROGRAM_ID` (`program_id`),
  KEY `EMAIL_AUTOMATION_CREATED_AT` (`created_at`),
  KEY `EMAIL_AUTOMATION_UPDATED_AT` (`updated_at`),
  KEY `EMAIL_AUTOMATION_WEBSITE_ID` (`website_id`)
) ENGINE=InnoDB DEFAULT CHARSET=utf8 COMMENT='Automation Status';

--
-- Dumping data for table `email_automation`
--


--
-- Table structure for table `email_campaign`
--

CREATE TABLE `email_campaign` (
  `id` int unsigned NOT NULL AUTO_INCREMENT COMMENT 'Primary Key',
  `campaign_id` int unsigned NOT NULL COMMENT 'Campaign ID',
  `email` varchar(255) NOT NULL DEFAULT '' COMMENT 'Contact Email',
  `customer_id` int unsigned NOT NULL COMMENT 'Customer ID',
  `sent_at` timestamp NULL DEFAULT NULL COMMENT 'Send Date',
  `order_increment_id` varchar(50) NOT NULL COMMENT 'Order Increment ID',
  `quote_id` int unsigned NOT NULL COMMENT 'Sales Quote ID',
  `message` varchar(255) NOT NULL DEFAULT '' COMMENT 'Error Message',
  `checkout_method` varchar(255) NOT NULL DEFAULT '' COMMENT 'Checkout Method Used',
  `store_id` smallint unsigned NOT NULL DEFAULT '0' COMMENT 'Store ID',
  `event_name` varchar(255) NOT NULL DEFAULT '' COMMENT 'Event Name',
  `send_id` varchar(255) NOT NULL DEFAULT '' COMMENT 'Send Id',
  `send_status` smallint NOT NULL DEFAULT '0' COMMENT 'Campaign send status',
  `created_at` timestamp NULL DEFAULT NULL COMMENT 'Creation Time',
  `updated_at` timestamp NULL DEFAULT NULL COMMENT 'Update Time',
  PRIMARY KEY (`id`),
  KEY `EMAIL_CAMPAIGN_STORE_ID` (`store_id`),
  KEY `EMAIL_CAMPAIGN_CAMPAIGN_ID` (`campaign_id`),
  KEY `EMAIL_CAMPAIGN_EMAIL` (`email`),
  KEY `EMAIL_CAMPAIGN_SEND_ID` (`send_id`),
  KEY `EMAIL_CAMPAIGN_SEND_STATUS` (`send_status`),
  KEY `EMAIL_CAMPAIGN_CREATED_AT` (`created_at`),
  KEY `EMAIL_CAMPAIGN_UPDATED_AT` (`updated_at`),
  KEY `EMAIL_CAMPAIGN_SENT_AT` (`sent_at`),
  KEY `EMAIL_CAMPAIGN_EVENT_NAME` (`event_name`),
  KEY `EMAIL_CAMPAIGN_MESSAGE` (`message`),
  KEY `EMAIL_CAMPAIGN_QUOTE_ID` (`quote_id`),
  KEY `EMAIL_CAMPAIGN_CUSTOMER_ID` (`customer_id`),
  CONSTRAINT `EMAIL_CAMPAIGN_STORE_ID_CORE/STORE_STORE_ID` FOREIGN KEY (`store_id`) REFERENCES `store` (`store_id`) ON DELETE CASCADE
) ENGINE=InnoDB DEFAULT CHARSET=utf8 COMMENT='Connector Campaigns';

--
-- Dumping data for table `email_campaign`
--


--
-- Table structure for table `email_catalog`
--

CREATE TABLE `email_catalog` (
  `id` int unsigned NOT NULL AUTO_INCREMENT COMMENT 'Primary Key',
  `product_id` int unsigned NOT NULL COMMENT 'Product Id',
  `created_at` timestamp NULL DEFAULT NULL COMMENT 'Creation Time',
  `updated_at` timestamp NULL DEFAULT NULL COMMENT 'Update Time',
  `processed` smallint unsigned NOT NULL COMMENT 'Product processed',
  `last_imported_at` timestamp NULL DEFAULT NULL COMMENT 'Last imported date',
  PRIMARY KEY (`id`),
  KEY `EMAIL_CATALOG_PRODUCT_ID` (`product_id`),
  KEY `EMAIL_CATALOG_CREATED_AT` (`created_at`),
  KEY `EMAIL_CATALOG_UPDATED_AT` (`updated_at`),
  KEY `EMAIL_CATALOG_PROCESSED` (`processed`),
  KEY `EMAIL_CATALOG_LAST_IMPORTED_AT` (`last_imported_at`),
  CONSTRAINT `EMAIL_CATALOG_PRODUCT_ID_CATALOG_PRODUCT_ENTITY_ENTITY_ID` FOREIGN KEY (`product_id`) REFERENCES `catalog_product_entity` (`entity_id`) ON DELETE CASCADE
) ENGINE=InnoDB AUTO_INCREMENT=37 DEFAULT CHARSET=utf8 COMMENT='Connector Catalog';

--
-- Dumping data for table `email_catalog`
--

INSERT INTO `email_catalog` VALUES (1,1,'2017-10-12 08:04:32','2020-11-05 07:47:13',0,NULL),(2,2,'2017-10-12 08:07:13','2020-11-05 07:47:45',0,NULL),(3,3,'2017-10-12 08:08:38','2020-11-05 07:48:18',0,NULL),(4,4,'2017-10-12 08:10:29',NULL,0,NULL),(5,5,'2017-10-12 08:12:41',NULL,0,NULL),(6,6,'2017-10-12 08:14:18',NULL,0,NULL),(7,7,'2017-10-12 08:16:05',NULL,0,NULL),(8,8,'2017-10-12 08:17:41',NULL,0,NULL),(9,9,'2017-10-12 08:19:07',NULL,0,NULL),(10,10,'2017-10-12 08:20:53',NULL,0,NULL),(11,11,'2017-10-12 08:23:21',NULL,0,NULL),(12,12,'2017-10-12 08:24:36',NULL,0,NULL),(13,13,'2017-10-12 08:26:25',NULL,0,NULL),(14,14,'2017-10-12 08:28:04',NULL,0,NULL),(15,15,'2017-10-12 08:29:45',NULL,0,NULL),(16,16,'2017-10-12 08:31:07',NULL,0,NULL),(17,17,'2017-10-12 08:32:34',NULL,0,NULL),(18,18,'2017-10-12 08:34:02',NULL,0,NULL),(19,19,'2017-10-18 07:35:24',NULL,0,NULL),(20,20,'2017-10-18 07:38:56',NULL,0,NULL),(21,21,'2017-10-18 07:41:39',NULL,0,NULL),(22,22,'2017-10-18 07:47:27',NULL,0,NULL),(23,23,'2017-10-18 07:54:09',NULL,0,NULL),(24,24,'2017-10-18 08:35:12',NULL,0,NULL),(25,25,'2017-10-18 08:35:16',NULL,0,NULL),(26,26,'2017-10-18 08:35:18',NULL,0,NULL),(27,27,'2017-10-18 08:35:20',NULL,0,NULL),(28,28,'2017-10-18 08:35:22',NULL,0,NULL),(29,29,'2017-10-18 08:35:23',NULL,0,NULL),(30,30,'2017-10-18 08:35:27',NULL,0,NULL),(31,31,'2017-11-09 03:52:47',NULL,0,NULL),(32,32,'2017-11-09 03:54:16',NULL,0,NULL),(33,33,'2017-11-09 03:55:50',NULL,0,NULL),(34,34,'2017-11-09 03:57:22',NULL,0,NULL),(35,35,'2017-11-09 04:00:07',NULL,0,NULL),(36,36,'2017-11-09 04:01:39',NULL,0,NULL);

--
-- Table structure for table `email_contact`
--

CREATE TABLE `email_contact` (
  `email_contact_id` int unsigned NOT NULL AUTO_INCREMENT COMMENT 'Primary Key',
  `is_guest` smallint unsigned DEFAULT NULL COMMENT 'Is Guest',
  `contact_id` varchar(15) DEFAULT NULL COMMENT 'Connector Contact ID',
  `customer_id` int unsigned NOT NULL COMMENT 'Customer ID',
  `website_id` smallint unsigned NOT NULL DEFAULT '0' COMMENT 'Website ID',
  `store_id` smallint unsigned NOT NULL DEFAULT '0' COMMENT 'Store ID',
  `email` varchar(255) NOT NULL DEFAULT '' COMMENT 'Customer Email',
  `is_subscriber` smallint unsigned DEFAULT NULL COMMENT 'Is Subscriber',
  `subscriber_status` smallint unsigned DEFAULT NULL COMMENT 'Subscriber status',
  `email_imported` smallint unsigned NOT NULL DEFAULT '0' COMMENT 'Is Imported',
  `subscriber_imported` smallint unsigned NOT NULL DEFAULT '0' COMMENT 'Is Subscriber Imported',
  `suppressed` smallint unsigned DEFAULT NULL COMMENT 'Is Suppressed',
  `last_subscribed_at` timestamp NULL DEFAULT NULL COMMENT 'Last subscribed date',
  PRIMARY KEY (`email_contact_id`),
  KEY `EMAIL_CONTACT_EMAIL_CONTACT_ID` (`email_contact_id`),
  KEY `EMAIL_CONTACT_IS_GUEST` (`is_guest`),
  KEY `EMAIL_CONTACT_CUSTOMER_ID` (`customer_id`),
  KEY `EMAIL_CONTACT_WEBSITE_ID` (`website_id`),
  KEY `EMAIL_CONTACT_IS_SUBSCRIBER` (`is_subscriber`),
  KEY `EMAIL_CONTACT_SUBSCRIBER_STATUS` (`subscriber_status`),
  KEY `EMAIL_CONTACT_EMAIL_IMPORTED` (`email_imported`),
  KEY `EMAIL_CONTACT_SUBSCRIBER_IMPORTED` (`subscriber_imported`),
  KEY `EMAIL_CONTACT_SUPPRESSED` (`suppressed`),
  KEY `EMAIL_CONTACT_EMAIL` (`email`),
  KEY `EMAIL_CONTACT_CONTACT_ID` (`contact_id`),
  CONSTRAINT `EMAIL_CONTACT_WEBSITE_ID_STORE_WEBSITE_WEBSITE_ID` FOREIGN KEY (`website_id`) REFERENCES `store_website` (`website_id`) ON DELETE CASCADE
) ENGINE=InnoDB AUTO_INCREMENT=10 DEFAULT CHARSET=utf8 COMMENT='Connector Contacts';

--
-- Dumping data for table `email_contact`
--

INSERT INTO `email_contact` VALUES (1,NULL,NULL,1,1,1,'cuongtd@ytcvn.com',NULL,NULL,0,0,NULL,NULL),(2,NULL,NULL,2,1,1,'admin@gmail.com',NULL,NULL,0,0,NULL,NULL),(3,NULL,NULL,3,1,1,'admin0@gmail.com',1,1,0,0,NULL,NULL),(4,NULL,NULL,0,0,1,'hoant@ytcvn.com',1,1,0,0,NULL,NULL),(5,NULL,NULL,0,0,1,'magentech@magentech.com',1,1,0,0,NULL,NULL),(6,NULL,NULL,0,0,1,'nhimxu@gmail.com',1,1,0,0,NULL,NULL),(7,NULL,NULL,0,0,1,'aaa@gmail.com',1,1,0,0,NULL,NULL),(8,NULL,NULL,0,0,1,'abc@gmail.com',1,1,0,0,NULL,NULL),(9,NULL,NULL,0,0,1,'hoa1@gmail.com',1,1,0,0,NULL,NULL);

--
-- Table structure for table `email_contact_consent`
--

CREATE TABLE `email_contact_consent` (
  `id` int unsigned NOT NULL AUTO_INCREMENT COMMENT 'Primary Key',
  `email_contact_id` int unsigned DEFAULT NULL COMMENT 'Email Contact Id',
  `consent_url` varchar(255) DEFAULT NULL COMMENT 'Contact consent url',
  `consent_datetime` datetime DEFAULT NULL COMMENT 'Contact consent datetime',
  `consent_ip` varchar(255) DEFAULT NULL COMMENT 'Contact consent ip',
  `consent_user_agent` varchar(255) DEFAULT NULL COMMENT 'Contact consent user agent',
  PRIMARY KEY (`id`),
  KEY `EMAIL_CONTACT_CONSENT_EMAIL_CONTACT_ID` (`email_contact_id`),
  CONSTRAINT `FK_17E9EA0C469163E550BC6B732AC49FDB` FOREIGN KEY (`email_contact_id`) REFERENCES `email_contact` (`email_contact_id`) ON DELETE CASCADE
) ENGINE=InnoDB DEFAULT CHARSET=utf8 COMMENT='Email contact consent table.';

--
-- Dumping data for table `email_contact_consent`
--


--
-- Table structure for table `email_coupon_attribute`
--

CREATE TABLE `email_coupon_attribute` (
  `id` int unsigned NOT NULL AUTO_INCREMENT COMMENT 'Primary Key',
  `salesrule_coupon_id` int unsigned NOT NULL COMMENT 'Coupon ID',
  `email` varchar(255) DEFAULT NULL COMMENT 'Email',
  `expires_at` timestamp NULL DEFAULT NULL COMMENT 'Coupon expiration date',
  PRIMARY KEY (`id`),
  KEY `EMAIL_COUPON_ATTRIBUTE_COUPON_ID` (`salesrule_coupon_id`),
  KEY `EMAIL_COUPON_ATTRIBUTE_EMAIL` (`email`),
  CONSTRAINT `EMAIL_COUPON_ATTRIBUTE_COUPON_ID_SALESRULE_COUPON_COUPON_ID` FOREIGN KEY (`salesrule_coupon_id`) REFERENCES `salesrule_coupon` (`coupon_id`) ON DELETE CASCADE
) ENGINE=InnoDB DEFAULT CHARSET=utf8 COMMENT='Dotdigital coupon attributes table';

--
-- Dumping data for table `email_coupon_attribute`
--


--
-- Table structure for table `email_failed_auth`
--

CREATE TABLE `email_failed_auth` (
  `id` int unsigned NOT NULL AUTO_INCREMENT COMMENT 'Primary Key',
  `failures_num` int unsigned DEFAULT NULL COMMENT 'Number of fails',
  `first_attempt_date` datetime DEFAULT NULL COMMENT 'First attempt date',
  `last_attempt_date` datetime DEFAULT NULL COMMENT 'Last attempt date',
  `url` varchar(255) DEFAULT NULL COMMENT 'URL',
  `store_id` int unsigned DEFAULT NULL COMMENT 'Store Id',
  PRIMARY KEY (`id`),
  KEY `EMAIL_AUTH_EDC_STORE_ID` (`store_id`)
) ENGINE=InnoDB DEFAULT CHARSET=utf8 COMMENT='Email Failed Auth Table.';

--
-- Dumping data for table `email_failed_auth`
--


--
-- Table structure for table `email_importer`
--

CREATE TABLE `email_importer` (
  `id` int unsigned NOT NULL AUTO_INCREMENT COMMENT 'Primary Key',
  `import_type` varchar(255) NOT NULL DEFAULT '' COMMENT 'Import Type',
  `website_id` smallint NOT NULL DEFAULT '0' COMMENT 'Website Id',
  `import_status` smallint NOT NULL DEFAULT '0' COMMENT 'Import Status',
  `import_id` varchar(255) NOT NULL DEFAULT '' COMMENT 'Import Id',
  `import_data` mediumblob NOT NULL COMMENT 'Import Data',
  `import_mode` varchar(255) NOT NULL DEFAULT '' COMMENT 'Import Mode',
  `import_file` text NOT NULL COMMENT 'Import File',
  `message` varchar(255) NOT NULL DEFAULT '' COMMENT 'Error Message',
  `created_at` timestamp NULL DEFAULT NULL COMMENT 'Creation Time',
  `updated_at` timestamp NULL DEFAULT NULL COMMENT 'Update Time',
  `import_started` timestamp NULL DEFAULT NULL COMMENT 'Import Started',
  `import_finished` timestamp NULL DEFAULT NULL COMMENT 'Import Finished',
  PRIMARY KEY (`id`),
  KEY `EMAIL_IMPORTER_IMPORT_TYPE` (`import_type`),
  KEY `EMAIL_IMPORTER_WEBSITE_ID` (`website_id`),
  KEY `EMAIL_IMPORTER_IMPORT_STATUS` (`import_status`),
  KEY `EMAIL_IMPORTER_IMPORT_MODE` (`import_mode`),
  KEY `EMAIL_IMPORTER_CREATED_AT` (`created_at`),
  KEY `EMAIL_IMPORTER_UPDATED_AT` (`updated_at`),
  KEY `EMAIL_IMPORTER_IMPORT_ID` (`import_id`),
  KEY `EMAIL_IMPORTER_IMPORT_STARTED` (`import_started`),
  KEY `EMAIL_IMPORTER_IMPORT_FINISHED` (`import_finished`)
) ENGINE=InnoDB DEFAULT CHARSET=utf8 COMMENT='Email Importer';

--
-- Dumping data for table `email_importer`
--


--
-- Table structure for table `email_order`
--

CREATE TABLE `email_order` (
  `email_order_id` int unsigned NOT NULL AUTO_INCREMENT COMMENT 'Primary Key',
  `order_id` int unsigned NOT NULL COMMENT 'Order ID',
  `order_status` varchar(255) NOT NULL COMMENT 'Order Status',
  `quote_id` int unsigned NOT NULL COMMENT 'Sales Quote ID',
  `store_id` smallint unsigned NOT NULL DEFAULT '0' COMMENT 'Store ID',
  `email_imported` smallint unsigned NOT NULL DEFAULT '0' COMMENT 'Is Order Imported',
  `modified` smallint unsigned DEFAULT NULL COMMENT 'Is Order Modified',
  `created_at` timestamp NULL DEFAULT NULL COMMENT 'Creation Time',
  `updated_at` timestamp NULL DEFAULT NULL COMMENT 'Update Time',
  PRIMARY KEY (`email_order_id`),
  KEY `EMAIL_ORDER_STORE_ID` (`store_id`),
  KEY `EMAIL_ORDER_QUOTE_ID` (`quote_id`),
  KEY `EMAIL_ORDER_EMAIL_IMPORTED` (`email_imported`),
  KEY `EMAIL_ORDER_ORDER_STATUS` (`order_status`),
  KEY `EMAIL_ORDER_MODIFIED` (`modified`),
  KEY `EMAIL_ORDER_UPDATED_AT` (`updated_at`),
  KEY `EMAIL_ORDER_CREATED_AT` (`created_at`),
  KEY `EMAIL_ORDER_ORDER_ID_SALES_ORDER_ENTITY_ID` (`order_id`),
  CONSTRAINT `EMAIL_ORDER_ORDER_ID_SALES_ORDER_ENTITY_ID` FOREIGN KEY (`order_id`) REFERENCES `sales_order` (`entity_id`) ON DELETE CASCADE,
  CONSTRAINT `EMAIL_ORDER_STORE_ID_STORE_STORE_ID` FOREIGN KEY (`store_id`) REFERENCES `store` (`store_id`) ON DELETE CASCADE
) ENGINE=InnoDB AUTO_INCREMENT=5 DEFAULT CHARSET=utf8 COMMENT='Transactional Order Data';

--
-- Dumping data for table `email_order`
--

INSERT INTO `email_order` VALUES (1,1,'pending',2,1,0,NULL,'2017-10-16 03:25:29','2017-10-16 03:25:33'),(2,2,'pending',6,1,0,NULL,'2017-10-17 09:35:11','2017-10-17 09:35:16'),(3,3,'pending',21,1,0,NULL,'2017-11-09 08:23:30','2017-11-09 08:23:32'),(4,4,'pending',35,1,0,NULL,'2017-11-27 03:12:20','2017-11-27 03:12:23');

--
-- Table structure for table `email_review`
--

CREATE TABLE `email_review` (
  `id` int unsigned NOT NULL AUTO_INCREMENT COMMENT 'Primary Key',
  `review_id` int unsigned NOT NULL COMMENT 'Review Id',
  `customer_id` int unsigned NOT NULL COMMENT 'Customer ID',
  `store_id` smallint unsigned NOT NULL COMMENT 'Store Id',
  `review_imported` smallint unsigned NOT NULL DEFAULT '0' COMMENT 'Review Imported',
  `created_at` timestamp NULL DEFAULT NULL COMMENT 'Creation Time',
  `updated_at` timestamp NULL DEFAULT NULL COMMENT 'Update Time',
  PRIMARY KEY (`id`),
  KEY `EMAIL_REVIEW_REVIEW_ID` (`review_id`),
  KEY `EMAIL_REVIEW_CUSTOMER_ID` (`customer_id`),
  KEY `EMAIL_REVIEW_STORE_ID` (`store_id`),
  KEY `EMAIL_REVIEW_REVIEW_IMPORTED` (`review_imported`),
  KEY `EMAIL_REVIEW_CREATED_AT` (`created_at`),
  KEY `EMAIL_REVIEW_UPDATED_AT` (`updated_at`)
) ENGINE=InnoDB AUTO_INCREMENT=2 DEFAULT CHARSET=utf8 COMMENT='Connector Reviews';

--
-- Dumping data for table `email_review`
--

INSERT INTO `email_review` VALUES (1,20,3,1,0,'2017-11-27 03:44:41',NULL);

--
-- Table structure for table `email_rules`
--

CREATE TABLE `email_rules` (
  `id` int unsigned NOT NULL AUTO_INCREMENT COMMENT 'Primary Key',
  `name` varchar(255) NOT NULL DEFAULT '' COMMENT 'Rule Name',
  `website_ids` varchar(255) NOT NULL DEFAULT '0' COMMENT 'Website Id',
  `type` smallint NOT NULL DEFAULT '0' COMMENT 'Rule Type',
  `status` smallint NOT NULL DEFAULT '0' COMMENT 'Status',
  `combination` smallint NOT NULL DEFAULT '1' COMMENT 'Rule Condition',
  `conditions` blob NOT NULL COMMENT 'Rule Conditions',
  `created_at` timestamp NULL DEFAULT NULL COMMENT 'Creation Time',
  `updated_at` timestamp NULL DEFAULT NULL COMMENT 'Update Time',
  PRIMARY KEY (`id`)
) ENGINE=InnoDB DEFAULT CHARSET=utf8 COMMENT='Connector Rules';

--
-- Dumping data for table `email_rules`
--


--
-- Table structure for table `email_template`
--

CREATE TABLE `email_template` (
  `template_id` int unsigned NOT NULL AUTO_INCREMENT COMMENT 'Template ID',
  `template_code` varchar(150) NOT NULL COMMENT 'Template Name',
  `template_text` text NOT NULL COMMENT 'Template Content',
  `template_styles` text COMMENT 'Templste Styles',
  `template_type` int unsigned DEFAULT NULL COMMENT 'Template Type',
  `template_subject` varchar(200) NOT NULL COMMENT 'Template Subject',
  `template_sender_name` varchar(200) DEFAULT NULL COMMENT 'Template Sender Name',
  `template_sender_email` varchar(200) DEFAULT NULL COMMENT 'Template Sender Email',
  `added_at` timestamp NOT NULL DEFAULT CURRENT_TIMESTAMP COMMENT 'Date of Template Creation',
  `modified_at` timestamp NOT NULL DEFAULT CURRENT_TIMESTAMP ON UPDATE CURRENT_TIMESTAMP COMMENT 'Date of Template Modification',
  `orig_template_code` varchar(200) DEFAULT NULL COMMENT 'Original Template Code',
  `orig_template_variables` text COMMENT 'Original Template Variables',
  `is_legacy` tinyint(1) NOT NULL DEFAULT '0' COMMENT 'Should the template render in legacy mode',
  PRIMARY KEY (`template_id`),
  UNIQUE KEY `EMAIL_TEMPLATE_TEMPLATE_CODE` (`template_code`),
  KEY `EMAIL_TEMPLATE_ADDED_AT` (`added_at`),
  KEY `EMAIL_TEMPLATE_MODIFIED_AT` (`modified_at`)
) ENGINE=InnoDB AUTO_INCREMENT=3 DEFAULT CHARSET=utf8 COMMENT='Email Templates';

--
-- Dumping data for table `email_template`
--

INSERT INTO `email_template` VALUES (1,'New Pickup Order','<!--@subject {{trans \"Your %store_name order confirmation\" store_name=$store.getFrontendName()}} @-->\n<!--@vars {\n\"var order.getCustomerName()\":\"Customer Name\",\n\"var store.getFrontendName()\":\"Customer Name\",\n\"var is_pickup_order\":\"Check if order is a pickup order\",\n\"var $this.getUrl($store,\'customer/account/\',[_nosid:1]) |raw\":\"Gets the link to the Customer Account\",\n\"var store_email |raw\":\"Defined Email Address for this type of mails\",\n\"var store_phone |raw\":\"Defined Phone Number in the Store Information\",\n\"var store_hours |raw\":\"Defined Opening Hours Phone Number in the Store Information\",\n\"var order.increment_id |raw\":\"Order Id\",\n\"var order.getCreatedAtFormatted(2) |raw\":\"Get the date of order creation\",\n\"var order.getEmailCustomerNote()\":\"Email Order Note\",\n\"var formattedBillingAddress|raw\":\"Billing Address\",\n\"var order.getIsNotVirtual()\":\"Check if shipment exists\",\n\"var pickupAddress|raw\":\"Pickup Location Address\",\n\"var formattedShippingAddress|raw\":\"Customer Shipping Address\",\n\"var payment_html|raw\":\"Payment Details\",\n\"var order.getShippingDescription()\":\"Shipping Description\",\n\"var shipping_msg\":\"Shipping message\",\n\"layout handle=\\\"sales_email_order_items\\\" order=$order area=\\\"frontend\\\"\":\"Order Items Grid\"\n} @-->\n\n{{template config_path=\"design/email/header_template\"}}\n\n<table>\n    <tr class=\"email-intro\">\n        <td>\n            <p class=\"greeting\">{{trans \"%customer_name,\" customer_name=$order.getCustomerName()}}</p>\n            <p>\n                {{trans \"Thank you for your order from %store_name.\" store_name=$store.getFrontendName()}}\n                {{if is_pickup_order}}\n                    {{trans \"We will send you a notification once your items are ready for pickup.\"}}\n                {{else}}\n                    {{trans \"Once your package ships we will send you a tracking number.\"}}\n                {{/if}}\n                {{trans \'You can check the status of your order by <a href=\"%account_url\">logging into your account</a>.\' account_url=$this.getUrl($store,\'customer/account/\',[_nosid:1]) |raw}}\n            </p>\n            <p>\n                {{trans \'If you have questions about your order, you can email us at <a href=\"mailto:%store_email\">%store_email</a>\' store_email=$store_email |raw}}{{depend store_phone}} {{trans \' or call us at <a href=\"tel:%store_phone\">%store_phone</a>\' store_phone=$store_phone |raw}}{{/depend}}.\n                {{depend store_hours}}\n                {{trans \'Our hours are <span class=\"no-link\">%store_hours</span>.\' store_hours=$store_hours |raw}}\n                {{/depend}}\n            </p>\n        </td>\n    </tr>\n    <tr class=\"email-summary\">\n        <td>\n            <h1>{{trans \'Your Order <span class=\"no-link\">#%increment_id</span>\' increment_id=$order.increment_id |raw}}</h1>\n            <p>{{trans \'Placed on <span class=\"no-link\">%created_at</span>\' created_at=$order.getCreatedAtFormatted(2) |raw}}</p>\n        </td>\n    </tr>\n    <tr class=\"email-information\">\n        <td>\n            {{depend order.getEmailCustomerNote()}}\n            <table class=\"message-info\">\n                <tr>\n                    <td>\n                        {{var order.getEmailCustomerNote()|escape|nl2br}}\n                    </td>\n                </tr>\n            </table>\n            {{/depend}}\n            <table class=\"order-details\">\n                <tr>\n                    <td class=\"address-details\">\n                        <h3>{{trans \"Billing Info\"}}</h3>\n                        <p>{{var formattedBillingAddress|raw}}</p>\n                    </td>\n                    {{depend order.getIsNotVirtual()}}\n                    <td class=\"address-details\">\n                        <h3>{{trans \"Shipping Info\"}}</h3>\n                        {{if is_pickup_order}}\n                            <h4>{{trans \"Pickup Location\"}}</h4>\n                            <p>{{var pickupAddress|raw}}</p>\n                            <h4>{{trans \"Recipient Address\"}}</h4>\n                        {{/if}}\n                        <p>{{var formattedShippingAddress|raw}}</p>\n                    </td>\n                    {{/depend}}\n                </tr>\n                <tr>\n                    <td class=\"method-info\">\n                        <h3>{{trans \"Payment Method\"}}</h3>\n                        {{var payment_html|raw}}\n                    </td>\n                    {{depend order.getIsNotVirtual()}}\n                    <td class=\"method-info\">\n                        <h3>{{trans \"Shipping Method\"}}</h3>\n                        <p>{{var order.getShippingDescription()}}</p>\n                        {{if shipping_msg}}\n                        <p>{{var shipping_msg}}</p>\n                        {{/if}}\n                    </td>\n                    {{/depend}}\n                </tr>\n            </table>\n            {{layout handle=\"sales_email_order_items\" order=$order area=\"frontend\"}}\n        </td>\n    </tr>\n</table>\n\n{{template config_path=\"design/email/footer_template\"}}\n',NULL,2,'{{trans \"Your %store_name order confirmation\" store_name=$store.getFrontendName()}}',NULL,NULL,'2019-07-03 07:47:55','2020-02-12 02:57:23','sales_email_order_template','{\"var formattedBillingAddress|raw\":\"Billing Address\",\"var order.getEmailCustomerNote()\":\"Email Order Note\",\"var order.increment_id\":\"Order Id\",\"layout handle=\\\"sales_email_order_items\\\" order=$order area=\\\"frontend\\\"\":\"Order Items Grid\",\"var payment_html|raw\":\"Payment Details\",\"var formattedShippingAddress|raw\":\"Shipping Address\",\"var order.getShippingDescription()\":\"Shipping Description\",\"var shipping_msg\":\"Shipping message\"}',1),(2,'New Pickup Order For Guest','<!--@subject {{trans \"Your %store_name order confirmation\" store_name=$store.getFrontendName()}} @-->\n<!--@vars {\n\"var order.getBillingAddress().getName()\":\"Guest Customer Name\",\n\"var store.getFrontendName()\":\"Customer Name\",\n\"var is_pickup_order\":\"Check if order is a pickup order\",\n\"var store_email |raw\":\"Defined Email Address for this type of mails\",\n\"var store_phone |raw\":\"Defined Phone Number in the Store Information\",\n\"var store_hours |raw\":\"Defined Opening Hours Phone Number in the Store Information\",\n\"var order.increment_id |raw\":\"Order Id\",\n\"var order.getCreatedAtFormatted(2) |raw\":\"Get the date of order creation\",\n\"var order.getEmailCustomerNote()\":\"Email Order Note\",\n\"var formattedBillingAddress|raw\":\"Billing Address\",\n\"var order.getIsNotVirtual()\":\"Check if shipment exists\",\n\"var pickupAddress|raw\":\"Pickup Location Address\",\n\"var formattedShippingAddress|raw\":\"Customer Shipping Address\",\n\"var payment_html|raw\":\"Payment Details\",\n\"var order.getShippingDescription()\":\"Shipping Description\",\n\"var shipping_msg\":\"Shipping message\",\n\"layout handle=\\\"sales_email_order_items\\\" order=$order area=\\\"frontend\\\"\":\"Order Items Grid\"\n} @-->\n\n{{template config_path=\"design/email/header_template\"}}\n\n<table>\n    <tr class=\"email-intro\">\n        <td>\n            <p class=\"greeting\">{{trans \"%name,\" name=$order.getBillingAddress().getName()}}</p>\n            <p>\n                {{trans \"Thank you for your order from %store_name.\" store_name=$store.getFrontendName()}}\n                {{if is_pickup_order}}\n                    {{trans \"We will send you a notification once your items are ready for pickup.\"}}\n                {{else}}\n                    {{trans \"Once your package ships we will send an email with a link to track your order.\"}}\n                {{/if}}\n                {{trans \'If you have questions about your order, you can email us at <a href=\"mailto:%store_email\">%store_email</a>\' store_email=$store_email |raw}}{{depend store_phone}} {{trans \' or call us at <a href=\"tel:%store_phone\">%store_phone</a>\' store_phone=$store_phone |raw}}{{/depend}}.\n                {{depend store_hours}}\n                    {{trans \'Our hours are <span class=\"no-link\">%store_hours</span>.\' store_hours=$store_hours |raw}}\n                {{/depend}}\n            </p>\n        </td>\n    </tr>\n    <tr class=\"email-summary\">\n        <td>\n            <h1>{{trans \'Your Order <span class=\"no-link\">#%increment_id</span>\' increment_id=$order.increment_id |raw}}</h1>\n            <p>{{trans \'Placed on <span class=\"no-link\">%created_at</span>\' created_at=$order.getCreatedAtFormatted(2) |raw}}</p>\n        </td>\n    </tr>\n    <tr class=\"email-information\">\n        <td>\n            {{depend order.getEmailCustomerNote()}}\n            <table class=\"message-info\">\n                <tr>\n                    <td>\n                        {{var order.getEmailCustomerNote()|escape|nl2br}}\n                    </td>\n                </tr>\n            </table>\n            {{/depend}}\n            <table class=\"order-details\">\n                <tr>\n                    <td class=\"address-details\">\n                        <h3>{{trans \"Billing Info\"}}</h3>\n                        <p>{{var formattedBillingAddress|raw}}</p>\n                    </td>\n                    {{depend order.getIsNotVirtual()}}\n                    <td class=\"address-details\">\n                        <h3>{{trans \"Shipping Info\"}}</h3>\n                        {{if is_pickup_order}}\n                            <h4>{{trans \"Pickup Location\"}}</h4>\n                            <p>{{var pickupAddress|raw}}</p>\n                            <h4>{{trans \"Recipient Address\"}}</h4>\n                        {{/if}}\n                        <p>{{var formattedShippingAddress|raw}}</p>\n                    </td>\n                    {{/depend}}\n                </tr>\n                <tr>\n                    <td class=\"method-info\">\n                        <h3>{{trans \"Payment Method\"}}</h3>\n                        {{var payment_html|raw}}\n                    </td>\n                    {{depend order.getIsNotVirtual()}}\n                    <td class=\"method-info\">\n                        <h3>{{trans \"Shipping Method\"}}</h3>\n                        <p>{{var order.getShippingDescription()}}</p>\n                        {{if shipping_msg}}\n                        <p>{{var shipping_msg}}</p>\n                        {{/if}}\n                    </td>\n                    {{/depend}}\n                </tr>\n            </table>\n            {{layout handle=\"sales_email_order_items\" order=$order}}\n        </td>\n    </tr>\n</table>\n\n{{template config_path=\"design/email/footer_template\"}}\n',NULL,2,'{{trans \"Your %store_name order confirmation\" store_name=$store.getFrontendName()}}',NULL,NULL,'2019-07-03 07:47:55','2020-02-12 02:57:23','sales_email_order_guest_template','{\"var formattedBillingAddress|raw\":\"Billing Address\",\"var order.getEmailCustomerNote()\":\"Email Order Note\",\"var order.getBillingAddress().getName()\":\"Guest Customer Name\",\"var order.getCreatedAtFormatted(2)\":\"Order Created At (datetime)\",\"var order.increment_id\":\"Order Id\",\"layout handle=\\\"sales_email_order_items\\\" order=$order\":\"Order Items Grid\",\"var payment_html|raw\":\"Payment Details\",\"var formattedShippingAddress|raw\":\"Shipping Address\",\"var order.getShippingDescription()\":\"Shipping Description\",\"var shipping_msg\":\"Shipping message\"}',1);

--
-- Table structure for table `email_wishlist`
--

CREATE TABLE `email_wishlist` (
  `id` int unsigned NOT NULL AUTO_INCREMENT COMMENT 'Primary Key',
  `wishlist_id` int unsigned NOT NULL COMMENT 'Wishlist Id',
  `item_count` int unsigned NOT NULL COMMENT 'Item Count',
  `customer_id` int unsigned DEFAULT NULL COMMENT 'Customer ID',
  `store_id` smallint unsigned NOT NULL COMMENT 'Store Id',
  `wishlist_imported` smallint unsigned NOT NULL DEFAULT '0' COMMENT 'Wishlist Imported',
  `wishlist_modified` smallint unsigned DEFAULT NULL COMMENT 'Wishlist Modified',
  `created_at` timestamp NULL DEFAULT NULL COMMENT 'Creation Time',
  `updated_at` timestamp NULL DEFAULT NULL COMMENT 'Update Time',
  PRIMARY KEY (`id`),
  KEY `EMAIL_WISHLIST_WISHLIST_ID` (`wishlist_id`),
  KEY `EMAIL_WISHLIST_ITEM_COUNT` (`item_count`),
  KEY `EMAIL_WISHLIST_CUSTOMER_ID` (`customer_id`),
  KEY `EMAIL_WISHLIST_WISHLIST_MODIFIED` (`wishlist_modified`),
  KEY `EMAIL_WISHLIST_WISHLIST_IMPORTED` (`wishlist_imported`),
  KEY `EMAIL_WISHLIST_CREATED_AT` (`created_at`),
  KEY `EMAIL_WISHLIST_UPDATED_AT` (`updated_at`),
  KEY `EMAIL_WISHLIST_STORE_ID` (`store_id`),
  CONSTRAINT `EMAIL_WISHLIST_CUSTOMER_ID_CUSTOMER_ENTITY_ENTITY_ID` FOREIGN KEY (`customer_id`) REFERENCES `customer_entity` (`entity_id`) ON DELETE CASCADE,
  CONSTRAINT `EMAIL_WISHLIST_WISHLIST_ID_WISHLIST_WISHLIST_ID` FOREIGN KEY (`wishlist_id`) REFERENCES `wishlist` (`wishlist_id`) ON DELETE CASCADE
) ENGINE=InnoDB AUTO_INCREMENT=5 DEFAULT CHARSET=utf8 COMMENT='Connector Wishlist';

--
-- Dumping data for table `email_wishlist`
--

INSERT INTO `email_wishlist` VALUES (1,1,3,1,1,0,NULL,'2017-11-28 01:42:56','2017-12-28 08:41:53'),(2,2,7,2,1,0,NULL,'2017-10-19 04:43:34',NULL),(3,3,8,3,1,0,NULL,'2017-11-28 03:31:18',NULL),(4,4,5,4,1,0,NULL,'2017-12-26 03:48:22','2017-12-28 02:48:14');

--
-- Table structure for table `flag`
--

CREATE TABLE `flag` (
  `flag_id` int unsigned NOT NULL AUTO_INCREMENT COMMENT 'Flag Id',
  `flag_code` varchar(255) NOT NULL COMMENT 'Flag Code',
  `state` smallint unsigned NOT NULL DEFAULT '0' COMMENT 'Flag State',
  `flag_data` mediumtext,
  `last_update` timestamp NOT NULL DEFAULT CURRENT_TIMESTAMP ON UPDATE CURRENT_TIMESTAMP COMMENT 'Date of Last Flag Update',
  PRIMARY KEY (`flag_id`),
  KEY `FLAG_LAST_UPDATE` (`last_update`)
) ENGINE=InnoDB AUTO_INCREMENT=4 DEFAULT CHARSET=utf8 COMMENT='Flag';

--
-- Dumping data for table `flag`
--

INSERT INTO `flag` VALUES (1,'catalog_website_attribute_is_sync_required',0,'2','2017-10-11 03:38:37'),(2,'config_hash',0,'{\"system\":\"2be88ca4242c76e8253ac62474851065032d6833\"}','2023-12-15 03:28:20'),(3,'analytics_link_attempts_reverse_counter',0,'24','2017-12-22 07:18:30');

--
-- Table structure for table `gift_message`
--

CREATE TABLE `gift_message` (
  `gift_message_id` int unsigned NOT NULL AUTO_INCREMENT COMMENT 'GiftMessage ID',
  `customer_id` int unsigned NOT NULL DEFAULT '0' COMMENT 'Customer ID',
  `sender` varchar(255) DEFAULT NULL COMMENT 'Sender',
  `recipient` varchar(255) DEFAULT NULL COMMENT 'Registrant',
  `message` text COMMENT 'Message',
  PRIMARY KEY (`gift_message_id`)
) ENGINE=InnoDB DEFAULT CHARSET=utf8 COMMENT='Gift Message';

--
-- Dumping data for table `gift_message`
--


--
-- Table structure for table `googleoptimizer_code`
--

CREATE TABLE `googleoptimizer_code` (
  `code_id` int unsigned NOT NULL AUTO_INCREMENT COMMENT 'Google experiment code ID',
  `entity_id` int unsigned NOT NULL COMMENT 'Optimized entity ID product ID or catalog ID',
  `entity_type` varchar(50) DEFAULT NULL COMMENT 'Optimized entity type',
  `store_id` smallint unsigned NOT NULL COMMENT 'Store ID',
  `experiment_script` text COMMENT 'Google experiment script',
  PRIMARY KEY (`code_id`),
  UNIQUE KEY `GOOGLEOPTIMIZER_CODE_STORE_ID_ENTITY_ID_ENTITY_TYPE` (`store_id`,`entity_id`,`entity_type`),
  CONSTRAINT `GOOGLEOPTIMIZER_CODE_STORE_ID_STORE_STORE_ID` FOREIGN KEY (`store_id`) REFERENCES `store` (`store_id`) ON DELETE CASCADE
) ENGINE=InnoDB DEFAULT CHARSET=utf8 COMMENT='Google Experiment code';

--
-- Dumping data for table `googleoptimizer_code`
--


--
-- Table structure for table `import_history`
--

CREATE TABLE `import_history` (
  `history_id` int unsigned NOT NULL AUTO_INCREMENT COMMENT 'History record ID',
  `started_at` timestamp NOT NULL DEFAULT CURRENT_TIMESTAMP COMMENT 'Started at',
  `user_id` int unsigned NOT NULL DEFAULT '0' COMMENT 'User ID',
  `imported_file` varchar(255) DEFAULT NULL COMMENT 'Imported file',
  `execution_time` varchar(255) DEFAULT NULL COMMENT 'Execution time',
  `summary` varchar(255) DEFAULT NULL COMMENT 'Summary',
  `error_file` varchar(255) NOT NULL COMMENT 'Imported file with errors',
  PRIMARY KEY (`history_id`)
) ENGINE=InnoDB DEFAULT CHARSET=utf8 COMMENT='Import history table';

--
-- Dumping data for table `import_history`
--


--
-- Table structure for table `importexport_importdata`
--

CREATE TABLE `importexport_importdata` (
  `id` int unsigned NOT NULL AUTO_INCREMENT COMMENT 'ID',
  `entity` varchar(50) NOT NULL COMMENT 'Entity',
  `behavior` varchar(10) NOT NULL DEFAULT 'append' COMMENT 'Behavior',
  `data` longtext COMMENT 'Data',
  `is_processed` tinyint(1) NOT NULL DEFAULT '1' COMMENT 'Is Row Processed',
  `updated_at` timestamp NOT NULL DEFAULT CURRENT_TIMESTAMP ON UPDATE CURRENT_TIMESTAMP COMMENT 'timestamp of last update',
  PRIMARY KEY (`id`)
) ENGINE=InnoDB DEFAULT CHARSET=utf8 COMMENT='Import Data Table';

--
-- Dumping data for table `importexport_importdata`
--


--
-- Table structure for table `indexer_state`
--

CREATE TABLE `indexer_state` (
  `state_id` int unsigned NOT NULL AUTO_INCREMENT COMMENT 'Indexer State ID',
  `indexer_id` varchar(255) DEFAULT NULL COMMENT 'Indexer ID',
  `status` varchar(16) DEFAULT 'invalid' COMMENT 'Indexer Status',
  `updated` datetime DEFAULT NULL COMMENT 'Indexer Status',
  `hash_config` varchar(32) NOT NULL COMMENT 'Hash of indexer config',
  PRIMARY KEY (`state_id`),
  KEY `INDEXER_STATE_INDEXER_ID` (`indexer_id`)
) ENGINE=InnoDB AUTO_INCREMENT=15 DEFAULT CHARSET=utf8 COMMENT='Indexer State';

--
-- Dumping data for table `indexer_state`
--

INSERT INTO `indexer_state` VALUES (1,'design_config_grid','valid','2023-12-15 03:09:26','d131b257d1010640e55db3b321f40c14'),(2,'customer_grid','valid','2022-09-13 04:09:03','f1f9d28f69350f713752467891285f12'),(3,'catalog_category_product','invalid','2022-09-13 04:08:48','fb205864b3b24e32e80af7cf00980ed7'),(4,'catalog_product_category','valid','2020-08-27 06:51:17','cd8911253c86d06e19906ea03ead8a12'),(5,'catalog_product_price','invalid','2022-09-13 04:08:48','89d24861f8eeaf5028f365cd8b5ec0d1'),(6,'catalog_product_attribute','valid','2020-08-21 07:14:45','3229c409ad7fc443686146f990720231'),(7,'cataloginventory_stock','invalid','2022-09-13 04:08:48','14a99bc6da4af3ba801c2f3d3db5585c'),(8,'catalogrule_rule','invalid','2022-09-13 04:08:48','758a3992c92adb1925ba727e95d2746b'),(9,'catalogrule_product','valid','2020-08-27 06:51:25','6afc785af572ea1fc3f623059fd35cbf'),(10,'catalogsearch_fulltext','invalid','2022-09-13 04:08:48','9ff9b6fda9a8ef83f144cc75ec9d75ee'),(11,'catalog_category_flat','invalid','2017-11-28 04:52:25',''),(12,'inventory','invalid','2022-09-13 04:08:48','d1ad37a224b32142055ae952cde1a87b');

--
-- Table structure for table `integration`
--

CREATE TABLE `integration` (
  `integration_id` int unsigned NOT NULL AUTO_INCREMENT COMMENT 'Integration ID',
  `name` varchar(255) NOT NULL COMMENT 'Integration name is displayed in the admin interface',
  `email` varchar(255) NOT NULL COMMENT 'Email address of the contact person',
  `endpoint` varchar(255) DEFAULT NULL COMMENT 'Endpoint for posting consumer credentials',
  `status` smallint unsigned NOT NULL COMMENT 'Integration status',
  `consumer_id` int unsigned DEFAULT NULL COMMENT 'Oauth consumer',
  `created_at` timestamp NOT NULL DEFAULT CURRENT_TIMESTAMP COMMENT 'Creation Time',
  `updated_at` timestamp NOT NULL DEFAULT CURRENT_TIMESTAMP ON UPDATE CURRENT_TIMESTAMP COMMENT 'Update Time',
  `setup_type` smallint unsigned NOT NULL DEFAULT '0' COMMENT 'Integration type - manual or config file',
  `identity_link_url` varchar(255) DEFAULT NULL COMMENT 'Identity linking Url',
  PRIMARY KEY (`integration_id`),
  UNIQUE KEY `INTEGRATION_NAME` (`name`),
  UNIQUE KEY `INTEGRATION_CONSUMER_ID` (`consumer_id`),
  CONSTRAINT `INTEGRATION_CONSUMER_ID_OAUTH_CONSUMER_ENTITY_ID` FOREIGN KEY (`consumer_id`) REFERENCES `oauth_consumer` (`entity_id`) ON DELETE CASCADE
) ENGINE=InnoDB AUTO_INCREMENT=29 DEFAULT CHARSET=utf8 COMMENT='integration';

--
-- Dumping data for table `integration`
--

INSERT INTO `integration` VALUES (28,'Magento Social','social-support@magento.com','https://fbapp.ezsocialshop.com/facebook/index.php/magento_auth',2,28,'2017-12-25 03:54:38','2017-12-25 03:54:38',1,'https://fbapp.ezsocialshop.com/facebook/index.php/magento2/show_magento_success_popup');

--
-- Table structure for table `inventory_geoname`
--

CREATE TABLE `inventory_geoname` (
  `country_code` varchar(64) NOT NULL,
  `postcode` varchar(64) NOT NULL,
  `city` varchar(180) NOT NULL,
  `region` varchar(100) NOT NULL,
  `province` varchar(64) NOT NULL,
  `latitude` double NOT NULL,
  `longitude` double NOT NULL,
  `entity_id` int unsigned NOT NULL AUTO_INCREMENT COMMENT 'entity id',
  PRIMARY KEY (`entity_id`)
) ENGINE=InnoDB DEFAULT CHARSET=utf8;

--
-- Dumping data for table `inventory_geoname`
--


--
-- Table structure for table `inventory_low_stock_notification_configuration`
--

CREATE TABLE `inventory_low_stock_notification_configuration` (
  `source_code` varchar(255) NOT NULL,
  `sku` varchar(64) NOT NULL,
  `notify_stock_qty` decimal(12,4) DEFAULT NULL,
  PRIMARY KEY (`source_code`,`sku`)
) ENGINE=InnoDB DEFAULT CHARSET=utf8;

--
-- Dumping data for table `inventory_low_stock_notification_configuration`
--

INSERT INTO `inventory_low_stock_notification_configuration` VALUES ('default','B-145269',NULL),('default','B-741236',NULL),('default','B-7896521',NULL);

--
-- Table structure for table `inventory_order_notification`
--

CREATE TABLE `inventory_order_notification` (
  `order_id` int unsigned NOT NULL AUTO_INCREMENT COMMENT 'Order ID',
  `notification_sent` smallint NOT NULL COMMENT 'Has Notification Been Sent For Order',
  `send_notification` smallint NOT NULL COMMENT 'Should Notification Be Send For Order',
  PRIMARY KEY (`order_id`),
  CONSTRAINT `INVENTORY_ORDER_NOTIFICATION_ORDER_ID_SALES_ORDER_ENTITY_ID` FOREIGN KEY (`order_id`) REFERENCES `sales_order` (`entity_id`) ON DELETE CASCADE
) ENGINE=InnoDB DEFAULT CHARSET=utf8;

--
-- Dumping data for table `inventory_order_notification`
--


--
-- Table structure for table `inventory_pickup_location_order`
--

CREATE TABLE `inventory_pickup_location_order` (
  `order_id` int unsigned NOT NULL AUTO_INCREMENT COMMENT 'Order ID',
  `pickup_location_code` varchar(255) NOT NULL COMMENT 'Pickup Location Code',
  PRIMARY KEY (`order_id`),
  CONSTRAINT `INVENTORY_PICKUP_LOCATION_ORDER_ORDER_ID_SALES_ORDER_ENTITY_ID` FOREIGN KEY (`order_id`) REFERENCES `sales_order` (`entity_id`) ON DELETE CASCADE
) ENGINE=InnoDB DEFAULT CHARSET=utf8;

--
-- Dumping data for table `inventory_pickup_location_order`
--


--
-- Table structure for table `inventory_pickup_location_quote_address`
--

CREATE TABLE `inventory_pickup_location_quote_address` (
  `address_id` int unsigned NOT NULL AUTO_INCREMENT COMMENT 'Quote Address ID',
  `pickup_location_code` varchar(255) NOT NULL COMMENT 'Pickup Location Code',
  PRIMARY KEY (`address_id`),
  CONSTRAINT `INV_PICKUP_LOCATION_QUOTE_ADDR_ADDR_ID_QUOTE_ADDR_ADDR_ID` FOREIGN KEY (`address_id`) REFERENCES `quote_address` (`address_id`) ON DELETE CASCADE
) ENGINE=InnoDB DEFAULT CHARSET=utf8;

--
-- Dumping data for table `inventory_pickup_location_quote_address`
--


--
-- Table structure for table `inventory_reservation`
--

CREATE TABLE `inventory_reservation` (
  `reservation_id` int unsigned NOT NULL AUTO_INCREMENT,
  `stock_id` int unsigned NOT NULL,
  `sku` varchar(64) NOT NULL,
  `quantity` decimal(10,4) NOT NULL DEFAULT '0.0000',
  `metadata` varchar(255) DEFAULT NULL,
  PRIMARY KEY (`reservation_id`),
  KEY `INVENTORY_RESERVATION_STOCK_ID_SKU_QUANTITY` (`stock_id`,`sku`,`quantity`)
) ENGINE=InnoDB AUTO_INCREMENT=12 DEFAULT CHARSET=utf8;

--
-- Dumping data for table `inventory_reservation`
--

INSERT INTO `inventory_reservation` VALUES (1,1,'B-478523',-1.0000,'{\"event_type\":\"order_placed\",\"object_type\":\"order\",\"object_id\":\"\",\"object_increment_id\":\"000000021\"}'),(2,1,'B-741236',-1.0000,'{\"event_type\":\"order_placed\",\"object_type\":\"order\",\"object_id\":\"\",\"object_increment_id\":\"000000022\"}'),(3,1,'B-7896521',-1.0000,'{\"event_type\":\"order_placed\",\"object_type\":\"order\",\"object_id\":\"\",\"object_increment_id\":\"000000023\"}'),(4,1,'B-741236',-1.0000,'{\"event_type\":\"order_placed\",\"object_type\":\"order\",\"object_id\":\"\",\"object_increment_id\":\"000000023\"}'),(5,1,'B-478523',-1.0000,'{\"event_type\":\"order_placed\",\"object_type\":\"order\",\"object_id\":\"\",\"object_increment_id\":\"000000024\"}'),(6,1,'B-741236',-1.0000,'{\"event_type\":\"order_placed\",\"object_type\":\"order\",\"object_id\":\"\",\"object_increment_id\":\"2000000001\"}'),(7,1,'B-145269',-1.0000,'{\"event_type\":\"order_placed\",\"object_type\":\"order\",\"object_id\":\"\",\"object_increment_id\":\"6000000001\"}'),(8,1,'B-741236',-1.0000,'{\"event_type\":\"order_placed\",\"object_type\":\"order\",\"object_id\":\"\",\"object_increment_id\":\"6000000001\"}'),(9,1,'B-478569',-1.0000,'{\"event_type\":\"order_placed\",\"object_type\":\"order\",\"object_id\":\"\",\"object_increment_id\":\"000000025\"}'),(10,1,'B785214',-1.0000,'{\"event_type\":\"order_placed\",\"object_type\":\"order\",\"object_id\":\"\",\"object_increment_id\":\"4000000001\"}'),(11,1,'B-879546',-1.0000,'{\"event_type\":\"order_placed\",\"object_type\":\"order\",\"object_id\":\"\",\"object_increment_id\":\"4000000001\"}');

--
-- Table structure for table `inventory_shipment_source`
--

CREATE TABLE `inventory_shipment_source` (
  `shipment_id` int unsigned NOT NULL,
  `source_code` varchar(255) NOT NULL,
  PRIMARY KEY (`shipment_id`)
) ENGINE=InnoDB DEFAULT CHARSET=utf8;

--
-- Dumping data for table `inventory_shipment_source`
--


--
-- Table structure for table `inventory_source`
--

CREATE TABLE `inventory_source` (
  `source_code` varchar(255) NOT NULL,
  `name` varchar(255) NOT NULL,
  `enabled` smallint unsigned NOT NULL DEFAULT '1',
  `description` text,
  `latitude` decimal(8,6) DEFAULT NULL,
  `longitude` decimal(9,6) DEFAULT NULL,
  `country_id` varchar(2) NOT NULL,
  `region_id` int unsigned DEFAULT NULL,
  `region` varchar(255) DEFAULT NULL,
  `city` varchar(255) DEFAULT NULL,
  `street` varchar(255) DEFAULT NULL,
  `postcode` varchar(255) NOT NULL,
  `contact_name` varchar(255) DEFAULT NULL,
  `email` varchar(255) DEFAULT NULL,
  `phone` varchar(255) DEFAULT NULL,
  `fax` varchar(255) DEFAULT NULL,
  `use_default_carrier_config` smallint unsigned NOT NULL DEFAULT '1',
  `is_pickup_location_active` tinyint(1) NOT NULL DEFAULT '0',
  `frontend_name` varchar(255) DEFAULT '',
  `frontend_description` text,
  PRIMARY KEY (`source_code`)
) ENGINE=InnoDB DEFAULT CHARSET=utf8;

--
-- Dumping data for table `inventory_source`
--

INSERT INTO `inventory_source` VALUES ('default','Default Source',1,'Default Source',0.000000,0.000000,'US',NULL,NULL,NULL,NULL,'00000',NULL,NULL,NULL,NULL,1,0,'',NULL);

--
-- Table structure for table `inventory_source_carrier_link`
--

CREATE TABLE `inventory_source_carrier_link` (
  `link_id` int unsigned NOT NULL AUTO_INCREMENT,
  `source_code` varchar(255) NOT NULL,
  `carrier_code` varchar(255) NOT NULL,
  `position` smallint unsigned DEFAULT NULL,
  PRIMARY KEY (`link_id`),
  KEY `INV_SOURCE_CARRIER_LNK_SOURCE_CODE_INV_SOURCE_SOURCE_CODE` (`source_code`),
  CONSTRAINT `INV_SOURCE_CARRIER_LNK_SOURCE_CODE_INV_SOURCE_SOURCE_CODE` FOREIGN KEY (`source_code`) REFERENCES `inventory_source` (`source_code`) ON DELETE CASCADE
) ENGINE=InnoDB DEFAULT CHARSET=utf8;

--
-- Dumping data for table `inventory_source_carrier_link`
--


--
-- Table structure for table `inventory_source_item`
--

CREATE TABLE `inventory_source_item` (
  `source_item_id` int unsigned NOT NULL AUTO_INCREMENT,
  `source_code` varchar(255) NOT NULL,
  `sku` varchar(64) NOT NULL,
  `quantity` decimal(12,4) NOT NULL DEFAULT '0.0000',
  `status` smallint unsigned NOT NULL DEFAULT '0',
  PRIMARY KEY (`source_item_id`),
  UNIQUE KEY `INVENTORY_SOURCE_ITEM_SOURCE_CODE_SKU` (`source_code`,`sku`),
  KEY `INVENTORY_SOURCE_ITEM_SKU_SOURCE_CODE_QUANTITY` (`sku`,`source_code`,`quantity`),
  CONSTRAINT `INVENTORY_SOURCE_ITEM_SOURCE_CODE_INVENTORY_SOURCE_SOURCE_CODE` FOREIGN KEY (`source_code`) REFERENCES `inventory_source` (`source_code`) ON DELETE CASCADE
) ENGINE=InnoDB AUTO_INCREMENT=74 DEFAULT CHARSET=utf8;

--
-- Dumping data for table `inventory_source_item`
--

INSERT INTO `inventory_source_item` VALUES (1,'default','B-145269',86.0000,1),(2,'default','B-7896521',198.0000,1),(3,'default','B-741236',289.0000,1),(4,'default','B-789632',445.0000,1),(5,'default','B785214',399.0000,1),(6,'default','B-456852',390.0000,1),(7,'default','B-478523',300.0000,1),(8,'default','B-879546',138.0000,1),(9,'default','B-452893',317.0000,1),(10,'default','A-801367',244.0000,1),(11,'default','B-845031',186.0000,1),(12,'default','B-896412',499.0000,1),(13,'default','B-7891235',392.0000,1),(14,'default','B-749610',298.0000,1),(15,'default','B-525463',98.0000,1),(16,'default','B-102030',147.0000,1),(17,'default','B-478569',324.0000,1),(18,'default','B-458236',300.0000,1),(19,'default','B-74589612',100.0000,1),(20,'default','B-012019',100.0000,1),(21,'default','B-735195',0.0000,1),(22,'default','B-759153741',249.0000,1),(23,'default','B-745631',0.0000,1),(24,'default','config-Red-S',10.0000,1),(25,'default','config-Red-M',10.0000,1),(26,'default','config-Red-L',10.0000,1),(27,'default','config-Blue-S',10.0000,1),(28,'default','config-Blue-M',10.0000,1),(29,'default','config-Blue-L',10.0000,1),(30,'default','config',0.0000,1),(31,'default','B-748510',148.0000,1),(32,'default','B-85965123',150.0000,1),(33,'default','B-852410',318.0000,1),(34,'default','B-753123',250.0000,1),(35,'default','B-8462145',600.0000,1),(36,'default','B-753159456',325.0000,1);

--
-- Table structure for table `inventory_source_stock_link`
--

CREATE TABLE `inventory_source_stock_link` (
  `link_id` int unsigned NOT NULL AUTO_INCREMENT,
  `stock_id` int unsigned NOT NULL,
  `source_code` varchar(255) NOT NULL,
  `priority` smallint unsigned NOT NULL,
  PRIMARY KEY (`link_id`),
  UNIQUE KEY `INVENTORY_SOURCE_STOCK_LINK_STOCK_ID_SOURCE_CODE` (`stock_id`,`source_code`),
  KEY `INV_SOURCE_STOCK_LNK_SOURCE_CODE_INV_SOURCE_SOURCE_CODE` (`source_code`),
  KEY `INVENTORY_SOURCE_STOCK_LINK_STOCK_ID_PRIORITY` (`stock_id`,`priority`),
  CONSTRAINT `INV_SOURCE_STOCK_LNK_SOURCE_CODE_INV_SOURCE_SOURCE_CODE` FOREIGN KEY (`source_code`) REFERENCES `inventory_source` (`source_code`) ON DELETE CASCADE,
  CONSTRAINT `INVENTORY_SOURCE_STOCK_LINK_STOCK_ID_INVENTORY_STOCK_STOCK_ID` FOREIGN KEY (`stock_id`) REFERENCES `inventory_stock` (`stock_id`) ON DELETE CASCADE
) ENGINE=InnoDB AUTO_INCREMENT=2 DEFAULT CHARSET=utf8;

--
-- Dumping data for table `inventory_source_stock_link`
--

INSERT INTO `inventory_source_stock_link` VALUES (1,1,'default',1);

--
-- Table structure for table `inventory_stock`
--

CREATE TABLE `inventory_stock` (
  `stock_id` int unsigned NOT NULL AUTO_INCREMENT,
  `name` varchar(255) NOT NULL,
  PRIMARY KEY (`stock_id`)
) ENGINE=InnoDB AUTO_INCREMENT=2 DEFAULT CHARSET=utf8;

--
-- Dumping data for table `inventory_stock`
--

INSERT INTO `inventory_stock` VALUES (1,'Default Stock');

--
-- Temporary view structure for view `inventory_stock_1`
--

/*!50001 DROP VIEW IF EXISTS `inventory_stock_1`*/;
/*!50001 CREATE VIEW `inventory_stock_1` AS SELECT 
 1 AS `product_id`,
 1 AS `website_id`,
 1 AS `stock_id`,
 1 AS `quantity`,
 1 AS `is_salable`,
 1 AS `sku`*/;

--
-- Table structure for table `inventory_stock_sales_channel`
--

CREATE TABLE `inventory_stock_sales_channel` (
  `type` varchar(64) NOT NULL,
  `code` varchar(64) NOT NULL,
  `stock_id` int unsigned NOT NULL,
  PRIMARY KEY (`type`,`code`),
  KEY `INVENTORY_STOCK_SALES_CHANNEL_STOCK_ID_INVENTORY_STOCK_STOCK_ID` (`stock_id`),
  CONSTRAINT `INVENTORY_STOCK_SALES_CHANNEL_STOCK_ID_INVENTORY_STOCK_STOCK_ID` FOREIGN KEY (`stock_id`) REFERENCES `inventory_stock` (`stock_id`) ON DELETE CASCADE
) ENGINE=InnoDB DEFAULT CHARSET=utf8;

--
-- Dumping data for table `inventory_stock_sales_channel`
--

INSERT INTO `inventory_stock_sales_channel` VALUES ('website','base',1);

--
-- Table structure for table `jwt_auth_revoked`
--

CREATE TABLE `jwt_auth_revoked` (
  `user_type_id` int unsigned NOT NULL COMMENT 'User Type ID',
  `user_id` int unsigned NOT NULL COMMENT 'User ID',
  `revoke_before` bigint unsigned NOT NULL COMMENT 'Not accepting tokens issued before this timestamp',
  PRIMARY KEY (`user_type_id`,`user_id`)
) ENGINE=InnoDB DEFAULT CHARSET=utf8 COMMENT='Holds revoked JWT authentication data';

--
-- Dumping data for table `jwt_auth_revoked`
--


--
-- Table structure for table `klarna_core_order`
--

CREATE TABLE `klarna_core_order` (
  `id` int unsigned NOT NULL AUTO_INCREMENT COMMENT 'Entity Id',
  `klarna_order_id` varchar(255) DEFAULT NULL COMMENT 'Klarna Order Id',
  `session_id` varchar(255) DEFAULT NULL COMMENT 'Session Id',
  `reservation_id` varchar(255) DEFAULT NULL COMMENT 'Reservation Id',
  `order_id` int unsigned NOT NULL COMMENT 'Order Id',
  `is_acknowledged` smallint NOT NULL DEFAULT '0' COMMENT 'Is Acknowledged',
  PRIMARY KEY (`id`),
  KEY `KLARNA_CORE_ORDER_ORDER_ID_SALES_ORDER_ENTITY_ID` (`order_id`),
  KEY `KLARNA_CORE_ORDER_IS_ACKNOWLEDGED` (`is_acknowledged`),
  KEY `KLARNA_CORE_ORDER_ORDER_ID` (`order_id`)
) ENGINE=InnoDB DEFAULT CHARSET=utf8 COMMENT='Klarna Order';

--
-- Dumping data for table `klarna_core_order`
--


--
-- Table structure for table `klarna_payments_quote`
--

CREATE TABLE `klarna_payments_quote` (
  `payments_quote_id` int unsigned NOT NULL AUTO_INCREMENT COMMENT 'Payments Id',
  `session_id` varchar(255) DEFAULT NULL COMMENT 'Klarna Session Id',
  `client_token` text COMMENT 'Klarna Client Token',
  `authorization_token` varchar(255) DEFAULT NULL COMMENT 'Authorization Token',
  `is_active` smallint NOT NULL DEFAULT '0' COMMENT 'Is Active',
  `quote_id` int unsigned NOT NULL COMMENT 'Quote Id',
  `payment_methods` varchar(255) DEFAULT NULL COMMENT 'Payment Method Categories',
  `payment_method_info` text COMMENT 'Payment Method Category Info',
  PRIMARY KEY (`payments_quote_id`),
  KEY `KLARNA_PAYMENTS_QUOTE_QUOTE_ID_QUOTE_ENTITY_ID` (`quote_id`),
  KEY `KLARNA_PAYMENTS_QUOTE_QUOTE_ID` (`quote_id`)
) ENGINE=InnoDB DEFAULT CHARSET=utf8 COMMENT='Klarna Payments Quote';

--
-- Dumping data for table `klarna_payments_quote`
--


--
-- Table structure for table `layout_link`
--

CREATE TABLE `layout_link` (
  `layout_link_id` int unsigned NOT NULL AUTO_INCREMENT COMMENT 'Link ID',
  `store_id` smallint unsigned NOT NULL DEFAULT '0' COMMENT 'Store ID',
  `theme_id` int unsigned NOT NULL COMMENT 'Theme ID',
  `layout_update_id` int unsigned NOT NULL DEFAULT '0' COMMENT 'Layout Update ID',
  `is_temporary` tinyint(1) NOT NULL DEFAULT '0' COMMENT 'Defines whether Layout Update is Temporary',
  PRIMARY KEY (`layout_link_id`),
  KEY `LAYOUT_LINK_LAYOUT_UPDATE_ID` (`layout_update_id`),
  KEY `LAYOUT_LINK_STORE_ID_THEME_ID_LAYOUT_UPDATE_ID_IS_TEMPORARY` (`store_id`,`theme_id`,`layout_update_id`,`is_temporary`),
  KEY `LAYOUT_LINK_THEME_ID_THEME_THEME_ID` (`theme_id`),
  CONSTRAINT `LAYOUT_LINK_LAYOUT_UPDATE_ID_LAYOUT_UPDATE_LAYOUT_UPDATE_ID` FOREIGN KEY (`layout_update_id`) REFERENCES `layout_update` (`layout_update_id`) ON DELETE CASCADE,
  CONSTRAINT `LAYOUT_LINK_STORE_ID_STORE_STORE_ID` FOREIGN KEY (`store_id`) REFERENCES `store` (`store_id`) ON DELETE CASCADE,
  CONSTRAINT `LAYOUT_LINK_THEME_ID_THEME_THEME_ID` FOREIGN KEY (`theme_id`) REFERENCES `theme` (`theme_id`) ON DELETE CASCADE
) ENGINE=InnoDB DEFAULT CHARSET=utf8 COMMENT='Layout Link';

--
-- Dumping data for table `layout_link`
--


--
-- Table structure for table `layout_update`
--

CREATE TABLE `layout_update` (
  `layout_update_id` int unsigned NOT NULL AUTO_INCREMENT COMMENT 'Layout Update ID',
  `handle` varchar(255) DEFAULT NULL COMMENT 'Handle',
  `xml` text COMMENT 'Xml',
  `sort_order` smallint NOT NULL DEFAULT '0' COMMENT 'Sort Order',
  `updated_at` timestamp NULL DEFAULT '0000-00-00 00:00:00' ON UPDATE CURRENT_TIMESTAMP COMMENT 'Last Update Timestamp',
  PRIMARY KEY (`layout_update_id`),
  KEY `LAYOUT_UPDATE_HANDLE` (`handle`)
) ENGINE=InnoDB DEFAULT CHARSET=utf8 COMMENT='Layout Updates';

--
-- Dumping data for table `layout_update`
--


--
-- Table structure for table `login_as_customer`
--

CREATE TABLE `login_as_customer` (
  `secret` varchar(64) NOT NULL COMMENT 'Login Secret',
  `customer_id` int NOT NULL COMMENT 'Customer ID',
  `admin_id` int NOT NULL COMMENT 'Admin ID',
  `created_at` timestamp NULL DEFAULT NULL COMMENT 'Creation Time',
  PRIMARY KEY (`secret`),
  KEY `LOGIN_AS_CUSTOMER_CREATED_AT` (`created_at`)
) ENGINE=InnoDB DEFAULT CHARSET=utf8 COMMENT='Magento Login as Customer Table';

--
-- Dumping data for table `login_as_customer`
--


--
-- Table structure for table `login_as_customer_assistance_allowed`
--

CREATE TABLE `login_as_customer_assistance_allowed` (
  `customer_id` int unsigned NOT NULL COMMENT 'Customer ID',
  PRIMARY KEY (`customer_id`),
  CONSTRAINT `LOGIN_AS_CSTR_ASSISTANCE_ALLOWED_CSTR_ID_CSTR_ENTT_ENTT_ID` FOREIGN KEY (`customer_id`) REFERENCES `customer_entity` (`entity_id`) ON DELETE CASCADE
) ENGINE=InnoDB DEFAULT CHARSET=utf8 COMMENT='Magento Login as Customer Assistance Allowed Table';

--
-- Dumping data for table `login_as_customer_assistance_allowed`
--

INSERT INTO `login_as_customer_assistance_allowed` VALUES (9);

--
-- Table structure for table `magefan_blog_category`
--

CREATE TABLE `magefan_blog_category` (
  `category_id` int NOT NULL AUTO_INCREMENT COMMENT 'Category ID',
  `title` varchar(255) DEFAULT NULL COMMENT 'Category Title',
  `meta_title` varchar(255) DEFAULT NULL COMMENT 'Category Meta Title',
  `meta_keywords` text COMMENT 'Category Meta Keywords',
  `meta_description` text COMMENT 'Category Meta Description',
  `identifier` varchar(100) DEFAULT NULL COMMENT 'Category String Identifier',
  `content_heading` varchar(255) DEFAULT NULL COMMENT 'Category Content Heading',
  `content` mediumtext COMMENT 'Category Content',
  `path` varchar(255) DEFAULT NULL COMMENT 'Category Path',
  `position` smallint NOT NULL COMMENT 'Category Position',
  `posts_sort_by` smallint NOT NULL DEFAULT '0' COMMENT 'Post Sort By',
  `include_in_menu` smallint DEFAULT NULL COMMENT 'Category In Menu',
  `is_active` smallint NOT NULL DEFAULT '1' COMMENT 'Is Category Active',
  `display_mode` smallint NOT NULL DEFAULT '0' COMMENT 'Display Mode',
  `page_layout` varchar(255) DEFAULT NULL COMMENT 'Post Layout',
  `layout_update_xml` text COMMENT 'Post Layout Update Content',
  `custom_theme` varchar(100) DEFAULT NULL COMMENT 'Post Custom Theme',
  `custom_layout` varchar(255) DEFAULT NULL COMMENT 'Post Custom Template',
  `custom_layout_update_xml` text COMMENT 'Post Custom Layout Update Content',
  `custom_theme_from` date DEFAULT NULL COMMENT 'Post Custom Theme Active From Date',
  `custom_theme_to` date DEFAULT NULL COMMENT 'Post Custom Theme Active To Date',
  `posts_per_page` int DEFAULT NULL COMMENT 'Posts Per Page',
  `posts_list_template` varchar(100) DEFAULT NULL COMMENT 'Posts List Template',
  PRIMARY KEY (`category_id`),
  KEY `MAGEFAN_BLOG_CATEGORY_IDENTIFIER` (`identifier`),
  KEY `MAGEFAN_BLOG_CATEGORY_INCLUDE_IN_MENU` (`include_in_menu`),
  FULLTEXT KEY `FTI_B76AD11A0A06CC3327BA3A86A016134F` (`title`,`meta_keywords`,`meta_description`,`identifier`,`content`)
) ENGINE=InnoDB AUTO_INCREMENT=6 DEFAULT CHARSET=utf8 COMMENT='Magefan Blog Category Table';

--
-- Dumping data for table `magefan_blog_category`
--

INSERT INTO `magefan_blog_category` VALUES (1,'News',NULL,NULL,NULL,'news',NULL,NULL,NULL,0,0,NULL,1,0,NULL,NULL,NULL,NULL,NULL,NULL,NULL,NULL,NULL),(2,'Hot',NULL,NULL,NULL,'hot',NULL,NULL,NULL,0,0,NULL,1,0,NULL,NULL,NULL,NULL,NULL,NULL,NULL,NULL,NULL),(3,'Relax',NULL,NULL,NULL,'relax',NULL,NULL,NULL,0,0,NULL,1,0,NULL,NULL,NULL,NULL,NULL,NULL,NULL,NULL,NULL),(4,'Fashion ',NULL,NULL,NULL,'fashion',NULL,NULL,NULL,0,0,NULL,1,0,NULL,NULL,NULL,NULL,NULL,NULL,NULL,NULL,NULL),(5,'Technologies',NULL,NULL,NULL,'technologies',NULL,NULL,NULL,0,0,NULL,1,0,NULL,NULL,NULL,NULL,NULL,NULL,NULL,NULL,NULL);

--
-- Table structure for table `magefan_blog_category_store`
--

CREATE TABLE `magefan_blog_category_store` (
  `category_id` int NOT NULL COMMENT 'Category ID',
  `store_id` smallint unsigned NOT NULL COMMENT 'Store ID',
  PRIMARY KEY (`category_id`,`store_id`),
  KEY `MAGEFAN_BLOG_CATEGORY_STORE_STORE_ID` (`store_id`),
  CONSTRAINT `MAGEFAN_BLOG_CATEGORY_STORE_STORE_ID_STORE_STORE_ID` FOREIGN KEY (`store_id`) REFERENCES `store` (`store_id`) ON DELETE CASCADE,
  CONSTRAINT `MAGEFAN_BLOG_CTGR_STORE_CTGR_ID_MAGEFAN_BLOG_CTGR_CTGR_ID` FOREIGN KEY (`category_id`) REFERENCES `magefan_blog_category` (`category_id`) ON DELETE CASCADE
) ENGINE=InnoDB DEFAULT CHARSET=utf8 COMMENT='Magefan Blog Category To Store Linkage Table';

--
-- Dumping data for table `magefan_blog_category_store`
--

INSERT INTO `magefan_blog_category_store` VALUES (1,0),(2,0),(3,0),(4,0),(5,0);

--
-- Table structure for table `magefan_blog_comment`
--

CREATE TABLE `magefan_blog_comment` (
  `comment_id` int NOT NULL AUTO_INCREMENT COMMENT 'Comment ID',
  `parent_id` int NOT NULL COMMENT 'Parent Comment ID',
  `post_id` int NOT NULL COMMENT 'Post ID',
  `customer_id` int DEFAULT NULL COMMENT 'Customer ID',
  `admin_id` int DEFAULT NULL COMMENT 'Admin User ID',
  `status` smallint NOT NULL COMMENT 'Comment status',
  `author_type` smallint NOT NULL COMMENT 'Author Type',
  `author_nickname` varchar(255) NOT NULL COMMENT 'Comment Author Nickname',
  `author_email` varchar(255) DEFAULT NULL COMMENT 'Comment Author Email',
  `text` mediumtext COMMENT 'Text',
  `creation_time` timestamp NULL DEFAULT NULL COMMENT 'Comment Creation Time',
  `update_time` timestamp NULL DEFAULT NULL COMMENT 'Comment Update Time',
  PRIMARY KEY (`comment_id`),
  KEY `MAGEFAN_BLOG_COMMENT_PARENT_ID` (`parent_id`),
  KEY `MAGEFAN_BLOG_COMMENT_POST_ID` (`post_id`),
  KEY `MAGEFAN_BLOG_COMMENT_CUSTOMER_ID` (`customer_id`),
  KEY `MAGEFAN_BLOG_COMMENT_ADMIN_ID` (`admin_id`),
  KEY `MAGEFAN_BLOG_COMMENT_STATUS` (`status`),
  CONSTRAINT `MAGEFAN_BLOG_COMMENT_POST_ID_MAGEFAN_BLOG_POST_POST_ID` FOREIGN KEY (`post_id`) REFERENCES `magefan_blog_post` (`post_id`) ON DELETE CASCADE
) ENGINE=InnoDB DEFAULT CHARSET=utf8 COMMENT='magefan_blog_comment';

--
-- Dumping data for table `magefan_blog_comment`
--


--
-- Table structure for table `magefan_blog_post`
--

CREATE TABLE `magefan_blog_post` (
  `post_id` int NOT NULL AUTO_INCREMENT COMMENT 'Post ID',
  `title` varchar(255) DEFAULT NULL COMMENT 'Post Title',
  `meta_title` varchar(255) DEFAULT NULL COMMENT 'Post Meta Title',
  `meta_keywords` text COMMENT 'Post Meta Keywords',
  `meta_description` text COMMENT 'Post Meta Description',
  `identifier` varchar(100) DEFAULT NULL COMMENT 'Post String Identifier',
  `og_title` varchar(255) DEFAULT NULL COMMENT 'Post OG Title',
  `og_description` varchar(255) DEFAULT NULL COMMENT 'Post OG Description',
  `og_img` varchar(255) DEFAULT NULL COMMENT 'Post OG Img',
  `og_type` varchar(255) DEFAULT NULL COMMENT 'Post OG Type',
  `content_heading` varchar(255) DEFAULT NULL COMMENT 'Post Content Heading',
  `content` mediumtext COMMENT 'Post Content',
  `creation_time` timestamp NULL DEFAULT NULL COMMENT 'Post Creation Time',
  `update_time` timestamp NULL DEFAULT NULL COMMENT 'Post Modification Time',
  `publish_time` timestamp NULL DEFAULT NULL COMMENT 'Post Publish Time',
  `is_active` smallint NOT NULL DEFAULT '1' COMMENT 'Is Post Active',
  `include_in_recent` smallint NOT NULL DEFAULT '1' COMMENT 'Include in Recent Posts',
  `position` smallint NOT NULL DEFAULT '0' COMMENT 'Position',
  `featured_img` varchar(255) DEFAULT NULL COMMENT 'Thumbnail Image',
  `featured_img_alt` varchar(255) DEFAULT NULL COMMENT 'Featured Image Alt',
  `author_id` int DEFAULT NULL COMMENT 'Author ID',
  `page_layout` varchar(255) DEFAULT NULL COMMENT 'Post Layout',
  `layout_update_xml` text COMMENT 'Post Layout Update Content',
  `custom_theme` varchar(100) DEFAULT NULL COMMENT 'Post Custom Theme',
  `custom_layout` varchar(255) DEFAULT NULL COMMENT 'Post Custom Template',
  `custom_layout_update_xml` text COMMENT 'Post Custom Layout Update Content',
  `custom_theme_from` date DEFAULT NULL COMMENT 'Post Custom Theme Active From Date',
  `custom_theme_to` date DEFAULT NULL COMMENT 'Post Custom Theme Active To Date',
  `media_gallery` mediumtext COMMENT 'Media Gallery',
  `secret` varchar(32) DEFAULT NULL COMMENT 'Post Secret',
  `views_count` int DEFAULT NULL COMMENT 'Post Views Count',
  `is_recent_posts_skip` smallint DEFAULT NULL COMMENT 'Is Post Skipped From Recent Posts',
  `short_content` mediumtext COMMENT 'Post Short Content',
  `comments_count` int DEFAULT NULL COMMENT 'Post Comment Counts',
  PRIMARY KEY (`post_id`),
  KEY `MAGEFAN_BLOG_POST_IDENTIFIER` (`identifier`),
  KEY `MAGEFAN_BLOG_POST_AUTHOR_ID` (`author_id`),
  KEY `MAGEFAN_BLOG_POST_VIEWS_COUNT` (`views_count`),
  KEY `MAGEFAN_BLOG_POST_IS_RECENT_POSTS_SKIP` (`is_recent_posts_skip`),
  FULLTEXT KEY `FTI_A5DB7871E89B230F74EDFBECEB4659FA` (`title`,`meta_keywords`,`meta_description`,`identifier`,`content`)
) ENGINE=InnoDB AUTO_INCREMENT=5 DEFAULT CHARSET=utf8 COMMENT='Magefan Blog Post Table';

--
-- Dumping data for table `magefan_blog_post`
--

INSERT INTO `magefan_blog_post` VALUES (1,'Winner Of Primetime Emmy Award And Outstanding Comedy Series, It\'s A Must Watch.',NULL,'magento 2 blog','Magento 2 blog default post.','winner-of-primetime-emmy-award-and-outstanding-comedy-series-it-s-a-must-watch-2',NULL,NULL,NULL,NULL,'Hello world!','<p>Lorem ipsum dolor sit amet, consectetur adipiscing elit, sed do perspciats omnis iste natuseimod tempor incidunt ut labore et dolore magna aliqua. Ut enim ad minim veniam, qunostrud exercitation ullamco laboris nisi utim aliquip sex ea commodo consequat...<!-- pagebreak --></p>\r\n<p>Sed ut perspiciatis unde omnis iste natus error sit voluptatem accusantium doloremque laudantium, totam rem aperiam, eaque ipsa quae ab illo inventore veritatis et quasi architecto beatae vitae dicta sunt explicabo. Nemo enim ipsam voluptatem quia voluptas sit aspernatur aut odit aut fugit, sed quia consequuntur magni dolores eos qui ratione voluptatem sequi nesciunt. Neque porro quisquam est, qui dolorem ipsum quia dolor sit amet, consectetur, adipisci velit, sed quia non numquam eius modi tempora incidunt ut labore et dolore magnam aliquam quaerat voluptatem. Ut enim ad minima veniam, quis nostrum exercitationem ullam corporis suscipit laboriosam, nisi ut aliquid ex ea commodi consequatur? Quis autem vel eum iure reprehenderit qui in ea voluptate velit esse quam nihil molestiae consequatur, vel illum qui dolorem eum fugiat quo voluptas nulla pariatur?\"</p>\r\n<p>1914 translation by H. Rackham</p>\r\n<p>\"But I must explain to you how all this mistaken idea of denouncing pleasure and praising pain was born and I will give you a complete account of the system, and expound the actual teachings of the great explorer of the truth, the master-builder of human happiness. No one rejects, dislikes, or avoids pleasure itself, because it is pleasure, but because those who do not know how to pursue pleasure rationally encounter consequences that are extremely painful. Nor again is there anyone who loves or pursues or desires to obtain pain of itself, because it is pain, but because occasionally circumstances occur in which toil and pain can procure him some great pleasure. To take a trivial example, which of us ever undertakes laborious physical exercise, except to obtain some advantage from it? But who has any right to find fault with a man who chooses to enjoy a pleasure that has no annoying consequences, or one who avoids a pain that produces no resultant pleasure?\"</p>\r\n<p>Section 1.10.33 of \"de Finibus Bonorum et Malorum\", written by Cicero in 45 BC</p>\r\n<p>\"At vero eos et accusamus et iusto odio dignissimos ducimus qui blanditiis praesentium voluptatum deleniti atque corrupti quos dolores et quas molestias excepturi sint occaecati cupiditate non provident, similique sunt in culpa qui officia deserunt mollitia animi, id est laborum et dolorum fuga. Et harum quidem rerum facilis est et expedita distinctio. Nam libero tempore, cum soluta nobis est eligendi optio cumque nihil impedit quo minus id quod maxime placeat facere possimus, omnis voluptas assumenda est, omnis dolor repellendus. Temporibus autem quibusdam et aut officiis debitis aut rerum necessitatibus saepe eveniet ut et voluptates repudiandae sint et molestiae non recusandae. Itaque earum rerum hic tenetur a sapiente delectus, ut aut reiciendis voluptatibus maiores alias consequatur aut perferendis doloribus asperiores repellat.\"</p>','2017-10-11 03:35:05','2017-10-18 04:13:07','2017-10-11 00:00:00',1,1,0,'magefan_blog\\post-1.jpg',NULL,1,NULL,NULL,NULL,NULL,NULL,NULL,NULL,NULL,NULL,NULL,NULL,NULL,0),(2,'Facebook Might Be Secretly Building Its Own Siri-Like Voice Assistant.',NULL,NULL,NULL,'facebook-might-be-secretly-building-its-own-siri-like-voice-assistant',NULL,NULL,NULL,NULL,NULL,'<p>Lorem ipsum dolor sit amet, consectetur adipiscing elit, sed do perspciats omnis iste natuseimod tempor incidunt ut labore et dolore magna aliqua. Ut enim ad minim veniam, qunostrud exercitation ullamco laboris nisi utim aliquip sex ea commodo consequat...<!-- pagebreak --></p>\r\n<p>Sed ut perspiciatis unde omnis iste natus error sit voluptatem accusantium doloremque laudantium, totam rem aperiam, eaque ipsa quae ab illo inventore veritatis et quasi architecto beatae vitae dicta sunt explicabo. Nemo enim ipsam voluptatem quia voluptas sit aspernatur aut odit aut fugit, sed quia consequuntur magni dolores eos qui ratione voluptatem sequi nesciunt. Neque porro quisquam est, qui dolorem ipsum quia dolor sit amet, consectetur, adipisci velit, sed quia non numquam eius modi tempora incidunt ut labore et dolore magnam aliquam quaerat voluptatem. Ut enim ad minima veniam, quis nostrum exercitationem ullam corporis suscipit laboriosam, nisi ut aliquid ex ea commodi consequatur? Quis autem vel eum iure reprehenderit qui in ea voluptate velit esse quam nihil molestiae consequatur, vel illum qui dolorem eum fugiat quo voluptas nulla pariatur?\"</p>\r\n<p>1914 translation by H. Rackham</p>\r\n<p>\"But I must explain to you how all this mistaken idea of denouncing pleasure and praising pain was born and I will give you a complete account of the system, and expound the actual teachings of the great explorer of the truth, the master-builder of human happiness. No one rejects, dislikes, or avoids pleasure itself, because it is pleasure, but because those who do not know how to pursue pleasure rationally encounter consequences that are extremely painful. Nor again is there anyone who loves or pursues or desires to obtain pain of itself, because it is pain, but because occasionally circumstances occur in which toil and pain can procure him some great pleasure. To take a trivial example, which of us ever undertakes laborious physical exercise, except to obtain some advantage from it? But who has any right to find fault with a man who chooses to enjoy a pleasure that has no annoying consequences, or one who avoids a pain that produces no resultant pleasure?\"</p>\r\n<p>Section 1.10.33 of \"de Finibus Bonorum et Malorum\", written by Cicero in 45 BC</p>\r\n<p>\"At vero eos et accusamus et iusto odio dignissimos ducimus qui blanditiis praesentium voluptatum deleniti atque corrupti quos dolores et quas molestias excepturi sint occaecati cupiditate non provident, similique sunt in culpa qui officia deserunt mollitia animi, id est laborum et dolorum fuga. Et harum quidem rerum facilis est et expedita distinctio. Nam libero tempore, cum soluta nobis est eligendi optio cumque nihil impedit quo minus id quod maxime placeat facere possimus, omnis voluptas assumenda est, omnis dolor repellendus. Temporibus autem quibusdam et aut officiis debitis aut rerum necessitatibus saepe eveniet ut et voluptates repudiandae sint et molestiae non recusandae. Itaque earum rerum hic tenetur a sapiente delectus, ut aut reiciendis voluptatibus maiores alias consequatur aut perferendis doloribus asperiores repellat.\"</p>','2017-10-18 03:44:17','2017-10-18 04:13:23','2017-10-18 00:00:00',1,1,0,'magefan_blog\\post-2.jpg',NULL,1,NULL,NULL,NULL,NULL,NULL,NULL,NULL,NULL,NULL,NULL,NULL,NULL,0),(3,'Winner Of Primetime Emmy Award And Outstanding Comedy Series, It\'s A Must Watch.',NULL,NULL,NULL,'winner-of-primetime-emmy-award-and-outstanding-comedy-series-it-s-a-must-watch',NULL,NULL,NULL,NULL,NULL,'<p>Lorem ipsum dolor sit amet, consectetur adipiscing elit, sed do perspciats omnis iste natuseimod tempor incidunt ut labore et dolore magna aliqua. Ut enim ad minim veniam, qunostrud exercitation ullamco laboris nisi utim aliquip sex ea commodo consequat...<!-- pagebreak --></p>\r\n<p>Sed ut perspiciatis unde omnis iste natus error sit voluptatem accusantium doloremque laudantium, totam rem aperiam, eaque ipsa quae ab illo inventore veritatis et quasi architecto beatae vitae dicta sunt explicabo. Nemo enim ipsam voluptatem quia voluptas sit aspernatur aut odit aut fugit, sed quia consequuntur magni dolores eos qui ratione voluptatem sequi nesciunt. Neque porro quisquam est, qui dolorem ipsum quia dolor sit amet, consectetur, adipisci velit, sed quia non numquam eius modi tempora incidunt ut labore et dolore magnam aliquam quaerat voluptatem. Ut enim ad minima veniam, quis nostrum exercitationem ullam corporis suscipit laboriosam, nisi ut aliquid ex ea commodi consequatur? Quis autem vel eum iure reprehenderit qui in ea voluptate velit esse quam nihil molestiae consequatur, vel illum qui dolorem eum fugiat quo voluptas nulla pariatur?\"</p>\r\n<p>1914 translation by H. Rackham</p>\r\n<p>\"But I must explain to you how all this mistaken idea of denouncing pleasure and praising pain was born and I will give you a complete account of the system, and expound the actual teachings of the great explorer of the truth, the master-builder of human happiness. No one rejects, dislikes, or avoids pleasure itself, because it is pleasure, but because those who do not know how to pursue pleasure rationally encounter consequences that are extremely painful. Nor again is there anyone who loves or pursues or desires to obtain pain of itself, because it is pain, but because occasionally circumstances occur in which toil and pain can procure him some great pleasure. To take a trivial example, which of us ever undertakes laborious physical exercise, except to obtain some advantage from it? But who has any right to find fault with a man who chooses to enjoy a pleasure that has no annoying consequences, or one who avoids a pain that produces no resultant pleasure?\"</p>\r\n<p>Section 1.10.33 of \"de Finibus Bonorum et Malorum\", written by Cicero in 45 BC</p>\r\n<p>\"At vero eos et accusamus et iusto odio dignissimos ducimus qui blanditiis praesentium voluptatum deleniti atque corrupti quos dolores et quas molestias excepturi sint occaecati cupiditate non provident, similique sunt in culpa qui officia deserunt mollitia animi, id est laborum et dolorum fuga. Et harum quidem rerum facilis est et expedita distinctio. Nam libero tempore, cum soluta nobis est eligendi optio cumque nihil impedit quo minus id quod maxime placeat facere possimus, omnis voluptas assumenda est, omnis dolor repellendus. Temporibus autem quibusdam et aut officiis debitis aut rerum necessitatibus saepe eveniet ut et voluptates repudiandae sint et molestiae non recusandae. Itaque earum rerum hic tenetur a sapiente delectus, ut aut reiciendis voluptatibus maiores alias consequatur aut perferendis doloribus asperiores repellat.\"</p>','2017-10-18 03:44:40','2017-10-18 04:13:35','2017-10-18 00:00:00',1,1,0,'magefan_blog\\post-3.jpg',NULL,1,NULL,NULL,NULL,NULL,NULL,NULL,NULL,NULL,NULL,NULL,NULL,NULL,0),(4,'iPhone X Kills iPhone 8 And Exposes Tim Cook\'s Risky Gamble.',NULL,NULL,NULL,'iphone-x-kills-iphone-8-and-exposes-tim-cook-s-risky-gamble',NULL,NULL,NULL,NULL,NULL,'<p>Lorem ipsum dolor sit amet, consectetur adipiscing elit, sed do perspciats omnis iste natuseimod tempor incidunt ut labore et dolore magna aliqua. Ut enim ad minim veniam, qunostrud exercitation ullamco laboris nisi utim aliquip sex ea commodo consequat...<!-- pagebreak --></p>\r\n<p>Sed ut perspiciatis unde omnis iste natus error sit voluptatem accusantium doloremque laudantium, totam rem aperiam, eaque ipsa quae ab illo inventore veritatis et quasi architecto beatae vitae dicta sunt explicabo. Nemo enim ipsam voluptatem quia voluptas sit aspernatur aut odit aut fugit, sed quia consequuntur magni dolores eos qui ratione voluptatem sequi nesciunt. Neque porro quisquam est, qui dolorem ipsum quia dolor sit amet, consectetur, adipisci velit, sed quia non numquam eius modi tempora incidunt ut labore et dolore magnam aliquam quaerat voluptatem. Ut enim ad minima veniam, quis nostrum exercitationem ullam corporis suscipit laboriosam, nisi ut aliquid ex ea commodi consequatur? Quis autem vel eum iure reprehenderit qui in ea voluptate velit esse quam nihil molestiae consequatur, vel illum qui dolorem eum fugiat quo voluptas nulla pariatur?\"</p>\r\n<p>1914 translation by H. Rackham</p>\r\n<p>\"But I must explain to you how all this mistaken idea of denouncing pleasure and praising pain was born and I will give you a complete account of the system, and expound the actual teachings of the great explorer of the truth, the master-builder of human happiness. No one rejects, dislikes, or avoids pleasure itself, because it is pleasure, but because those who do not know how to pursue pleasure rationally encounter consequences that are extremely painful. Nor again is there anyone who loves or pursues or desires to obtain pain of itself, because it is pain, but because occasionally circumstances occur in which toil and pain can procure him some great pleasure. To take a trivial example, which of us ever undertakes laborious physical exercise, except to obtain some advantage from it? But who has any right to find fault with a man who chooses to enjoy a pleasure that has no annoying consequences, or one who avoids a pain that produces no resultant pleasure?\"</p>\r\n<p>Section 1.10.33 of \"de Finibus Bonorum et Malorum\", written by Cicero in 45 BC</p>\r\n<p>\"At vero eos et accusamus et iusto odio dignissimos ducimus qui blanditiis praesentium voluptatum deleniti atque corrupti quos dolores et quas molestias excepturi sint occaecati cupiditate non provident, similique sunt in culpa qui officia deserunt mollitia animi, id est laborum et dolorum fuga. Et harum quidem rerum facilis est et expedita distinctio. Nam libero tempore, cum soluta nobis est eligendi optio cumque nihil impedit quo minus id quod maxime placeat facere possimus, omnis voluptas assumenda est, omnis dolor repellendus. Temporibus autem quibusdam et aut officiis debitis aut rerum necessitatibus saepe eveniet ut et voluptates repudiandae sint et molestiae non recusandae. Itaque earum rerum hic tenetur a sapiente delectus, ut aut reiciendis voluptatibus maiores alias consequatur aut perferendis doloribus asperiores repellat.\"</p>','2017-10-18 03:45:08','2017-10-18 04:18:54','2017-10-18 00:00:00',1,1,0,'magefan_blog\\post-4.jpg',NULL,1,NULL,NULL,NULL,NULL,NULL,NULL,NULL,NULL,NULL,NULL,NULL,NULL,0);

--
-- Table structure for table `magefan_blog_post_category`
--

CREATE TABLE `magefan_blog_post_category` (
  `post_id` int NOT NULL COMMENT 'Post ID',
  `category_id` int NOT NULL COMMENT 'Category ID',
  PRIMARY KEY (`post_id`,`category_id`),
  KEY `MAGEFAN_BLOG_POST_CATEGORY_CATEGORY_ID` (`category_id`),
  CONSTRAINT `MAGEFAN_BLOG_POST_CATEGORY_POST_ID_MAGEFAN_BLOG_POST_POST_ID` FOREIGN KEY (`post_id`) REFERENCES `magefan_blog_post` (`post_id`) ON DELETE CASCADE,
  CONSTRAINT `MAGEFAN_BLOG_POST_CTGR_CTGR_ID_MAGEFAN_BLOG_CTGR_CTGR_ID` FOREIGN KEY (`category_id`) REFERENCES `magefan_blog_category` (`category_id`) ON DELETE CASCADE
) ENGINE=InnoDB DEFAULT CHARSET=utf8 COMMENT='Magefan Blog Post To Category Linkage Table';

--
-- Dumping data for table `magefan_blog_post_category`
--

INSERT INTO `magefan_blog_post_category` VALUES (1,1),(2,1),(3,1),(4,1),(1,2),(3,2),(4,2),(1,3),(2,3),(3,3),(1,4),(2,4),(3,4),(4,4),(1,5),(2,5),(4,5);

--
-- Table structure for table `magefan_blog_post_relatedpost`
--

CREATE TABLE `magefan_blog_post_relatedpost` (
  `post_id` int NOT NULL COMMENT 'Post ID',
  `related_id` int NOT NULL COMMENT 'Related Post ID',
  `position` int NOT NULL COMMENT 'Position',
  PRIMARY KEY (`post_id`,`related_id`),
  KEY `MAGEFAN_BLOG_POST_RELATEDPRODUCT_RELATED_ID` (`related_id`),
  CONSTRAINT `FK_9F26E983FE1D7D7063B61D3F3C8D1104` FOREIGN KEY (`post_id`) REFERENCES `magefan_blog_post` (`post_id`) ON DELETE CASCADE,
  CONSTRAINT `MAGEFAN_BLOG_POST_RELATEDPRD1_POST_ID_MAGEFAN_BLOG_POST_POST_ID` FOREIGN KEY (`post_id`) REFERENCES `magefan_blog_post` (`post_id`) ON DELETE CASCADE
) ENGINE=InnoDB DEFAULT CHARSET=utf8 COMMENT='Magefan Blog Post To Post Linkage Table';

--
-- Dumping data for table `magefan_blog_post_relatedpost`
--


--
-- Table structure for table `magefan_blog_post_relatedproduct`
--

CREATE TABLE `magefan_blog_post_relatedproduct` (
  `post_id` int NOT NULL COMMENT 'Post ID',
  `related_id` int unsigned NOT NULL COMMENT 'Related Product ID',
  `position` int NOT NULL COMMENT 'Position',
  PRIMARY KEY (`post_id`,`related_id`),
  KEY `MAGEFAN_BLOG_POST_RELATEDPRODUCT_RELATED_ID` (`related_id`),
  CONSTRAINT `MAGEFAN_BLOG_POST_RELATEDPRD_POST_ID_MAGEFAN_BLOG_POST_POST_ID` FOREIGN KEY (`post_id`) REFERENCES `magefan_blog_post` (`post_id`) ON DELETE CASCADE,
  CONSTRAINT `MAGEFAN_BLOG_POST_RELATEDPRD_RELATED_ID_CAT_PRD_ENTT_ENTT_ID` FOREIGN KEY (`related_id`) REFERENCES `catalog_product_entity` (`entity_id`) ON DELETE CASCADE
) ENGINE=InnoDB DEFAULT CHARSET=utf8 COMMENT='Magefan Blog Post To Product Linkage Table';

--
-- Dumping data for table `magefan_blog_post_relatedproduct`
--

INSERT INTO `magefan_blog_post_relatedproduct` VALUES (4,1,1),(4,2,2),(4,3,3),(4,4,4),(4,5,5),(4,6,7),(4,7,6),(4,8,8);

--
-- Table structure for table `magefan_blog_post_store`
--

CREATE TABLE `magefan_blog_post_store` (
  `post_id` int NOT NULL COMMENT 'Post ID',
  `store_id` smallint unsigned NOT NULL COMMENT 'Store ID',
  PRIMARY KEY (`post_id`,`store_id`),
  KEY `MAGEFAN_BLOG_POST_STORE_STORE_ID` (`store_id`),
  CONSTRAINT `MAGEFAN_BLOG_POST_STORE_POST_ID_MAGEFAN_BLOG_POST_POST_ID` FOREIGN KEY (`post_id`) REFERENCES `magefan_blog_post` (`post_id`) ON DELETE CASCADE,
  CONSTRAINT `MAGEFAN_BLOG_POST_STORE_STORE_ID_STORE_STORE_ID` FOREIGN KEY (`store_id`) REFERENCES `store` (`store_id`) ON DELETE CASCADE
) ENGINE=InnoDB DEFAULT CHARSET=utf8 COMMENT='Magefan Blog Post To Store Linkage Table';

--
-- Dumping data for table `magefan_blog_post_store`
--

INSERT INTO `magefan_blog_post_store` VALUES (1,0),(2,0),(3,0),(4,0);

--
-- Table structure for table `magefan_blog_post_tag`
--

CREATE TABLE `magefan_blog_post_tag` (
  `post_id` int NOT NULL COMMENT 'Post ID',
  `tag_id` int NOT NULL COMMENT 'Tag ID',
  PRIMARY KEY (`post_id`,`tag_id`),
  KEY `MAGEFAN_BLOG_POST_TAG_TAG_ID` (`tag_id`),
  CONSTRAINT `MAGEFAN_BLOG_POST_TAG_POST_ID_MAGEFAN_BLOG_POST_POST_ID` FOREIGN KEY (`post_id`) REFERENCES `magefan_blog_post` (`post_id`) ON DELETE CASCADE,
  CONSTRAINT `MAGEFAN_BLOG_POST_TAG_TAG_ID_MAGEFAN_BLOG_TAG_TAG_ID` FOREIGN KEY (`tag_id`) REFERENCES `magefan_blog_tag` (`tag_id`) ON DELETE CASCADE
) ENGINE=InnoDB DEFAULT CHARSET=utf8 COMMENT='Magefan Blog Post To Category Linkage Table';

--
-- Dumping data for table `magefan_blog_post_tag`
--


--
-- Table structure for table `magefan_blog_tag`
--

CREATE TABLE `magefan_blog_tag` (
  `tag_id` int NOT NULL AUTO_INCREMENT COMMENT 'Tag ID',
  `title` varchar(255) DEFAULT NULL COMMENT 'Tag Title',
  `meta_robots` varchar(255) DEFAULT NULL COMMENT 'Tag Default Robots',
  `meta_description` varchar(255) DEFAULT NULL COMMENT 'Tag Meta Description',
  `meta_keywords` varchar(255) DEFAULT NULL COMMENT 'Tag Meta Keywords',
  `meta_title` varchar(255) DEFAULT NULL COMMENT 'Tag Meta Title',
  `identifier` varchar(100) DEFAULT NULL COMMENT 'Tag String Identifier',
  `page_layout` varchar(255) DEFAULT NULL COMMENT 'Tag Layout',
  `is_active` smallint NOT NULL DEFAULT '1' COMMENT 'Is Tag Active',
  `content` mediumtext COMMENT 'Tag Content',
  `layout_update_xml` text COMMENT 'Tag Layout Update Content',
  `custom_theme` varchar(100) DEFAULT NULL COMMENT 'Tag Custom Theme',
  `custom_layout` varchar(255) DEFAULT NULL COMMENT 'Tag Custom Template',
  `custom_layout_update_xml` text COMMENT 'Tag Custom Layout Update Content',
  `custom_theme_from` date DEFAULT NULL COMMENT 'Tag Custom Theme Active From Date',
  `custom_theme_to` date DEFAULT NULL COMMENT 'Tag Custom Theme Active To Date',
  `posts_per_page` int DEFAULT NULL COMMENT 'Posts Per Page',
  `posts_list_template` varchar(100) DEFAULT NULL COMMENT 'Posts List Template',
  PRIMARY KEY (`tag_id`),
  KEY `MAGEFAN_BLOG_TAG_IDENTIFIER` (`identifier`),
  KEY `MAGEFAN_BLOG_TAG_IS_ACTIVE` (`is_active`)
) ENGINE=InnoDB DEFAULT CHARSET=utf8 COMMENT='Magefan Blog Tag Table';

--
-- Dumping data for table `magefan_blog_tag`
--


--
-- Table structure for table `magefan_blog_tag_store`
--

CREATE TABLE `magefan_blog_tag_store` (
  `tag_id` int NOT NULL COMMENT 'Tag ID',
  `store_id` smallint unsigned NOT NULL COMMENT 'Store ID',
  PRIMARY KEY (`tag_id`,`store_id`),
  KEY `MAGEFAN_BLOG_TAG_STORE_STORE_ID` (`store_id`),
  CONSTRAINT `MAGEFAN_BLOG_TAG_STORE_STORE_ID_STORE_STORE_ID` FOREIGN KEY (`store_id`) REFERENCES `store` (`store_id`) ON DELETE CASCADE,
  CONSTRAINT `MAGEFAN_BLOG_TAG_STORE_TAG_ID_MAGEFAN_BLOG_TAG_TAG_ID` FOREIGN KEY (`tag_id`) REFERENCES `magefan_blog_tag` (`tag_id`) ON DELETE CASCADE
) ENGINE=InnoDB DEFAULT CHARSET=utf8 COMMENT='Magefan Blog Tag To Store Linkage Table';

--
-- Dumping data for table `magefan_blog_tag_store`
--


--
-- Table structure for table `magento_acknowledged_bulk`
--

CREATE TABLE `magento_acknowledged_bulk` (
  `id` int unsigned NOT NULL AUTO_INCREMENT COMMENT 'Internal ID',
  `bulk_uuid` varbinary(39) DEFAULT NULL COMMENT 'Related Bulk UUID',
  PRIMARY KEY (`id`),
  UNIQUE KEY `MAGENTO_ACKNOWLEDGED_BULK_BULK_UUID` (`bulk_uuid`),
  CONSTRAINT `MAGENTO_ACKNOWLEDGED_BULK_BULK_UUID_MAGENTO_BULK_UUID` FOREIGN KEY (`bulk_uuid`) REFERENCES `magento_bulk` (`uuid`) ON DELETE CASCADE
) ENGINE=InnoDB DEFAULT CHARSET=utf8 COMMENT='Bulk that was viewed by user from notification area';

--
-- Dumping data for table `magento_acknowledged_bulk`
--


--
-- Table structure for table `magento_bulk`
--

CREATE TABLE `magento_bulk` (
  `id` int unsigned NOT NULL AUTO_INCREMENT COMMENT 'Bulk Internal ID (must not be exposed)',
  `uuid` varbinary(39) DEFAULT NULL COMMENT 'Bulk UUID (can be exposed to reference bulk entity)',
  `user_id` int unsigned DEFAULT NULL COMMENT 'ID of the WebAPI user that performed an action',
  `user_type` int DEFAULT NULL COMMENT 'Which type of user',
  `description` varchar(255) DEFAULT NULL COMMENT 'Bulk Description',
  `operation_count` int unsigned NOT NULL COMMENT 'Total number of operations scheduled within this bulk',
  `start_time` timestamp NOT NULL DEFAULT CURRENT_TIMESTAMP COMMENT 'Bulk start time',
  PRIMARY KEY (`id`),
  UNIQUE KEY `MAGENTO_BULK_UUID` (`uuid`),
  KEY `MAGENTO_BULK_USER_ID` (`user_id`),
  KEY `MAGENTO_BULK_START_TIME` (`start_time`)
) ENGINE=InnoDB DEFAULT CHARSET=utf8 COMMENT='Bulk entity that represents set of related asynchronous operations';

--
-- Dumping data for table `magento_bulk`
--


--
-- Table structure for table `magento_login_as_customer_log`
--

CREATE TABLE `magento_login_as_customer_log` (
  `log_id` int NOT NULL AUTO_INCREMENT COMMENT 'Log Id',
  `time` timestamp NULL DEFAULT NULL COMMENT 'Event Date',
  `user_id` int unsigned DEFAULT NULL COMMENT 'User Id',
  `user_name` varchar(40) DEFAULT NULL COMMENT 'User Name',
  `customer_id` int unsigned DEFAULT NULL COMMENT 'Customer Id',
  `customer_email` varchar(40) DEFAULT NULL COMMENT 'Customer email',
  PRIMARY KEY (`log_id`),
  KEY `MAGENTO_LOGIN_AS_CUSTOMER_LOG_USER_ID` (`user_id`)
) ENGINE=InnoDB DEFAULT CHARSET=utf8 COMMENT='Login as Customer Logging';

--
-- Dumping data for table `magento_login_as_customer_log`
--


--
-- Table structure for table `magento_operation`
--

CREATE TABLE `magento_operation` (
  `id` int unsigned NOT NULL AUTO_INCREMENT COMMENT 'Operation ID',
  `bulk_uuid` varbinary(39) DEFAULT NULL COMMENT 'Related Bulk UUID',
  `topic_name` varchar(255) DEFAULT NULL COMMENT 'Name of the related message queue topic',
  `serialized_data` blob COMMENT 'Data (serialized) required to perform an operation',
  `result_serialized_data` blob COMMENT 'Result data (serialized) after perform an operation',
  `status` smallint DEFAULT '0' COMMENT 'Operation status (OPEN | COMPLETE | RETRIABLY_FAILED | NOT_RETRIABLY_FAILED)',
  `error_code` smallint DEFAULT NULL COMMENT 'Code of the error that appeared during operation execution (used to aggregate related failed operations)',
  `result_message` varchar(255) DEFAULT NULL COMMENT 'Operation result message',
  `operation_key` int unsigned DEFAULT NULL COMMENT 'Operation Key',
  `started_at` timestamp NULL DEFAULT NULL COMMENT 'Datetime the operation started processing',
  PRIMARY KEY (`id`),
  KEY `MAGENTO_OPERATION_BULK_UUID_ERROR_CODE` (`bulk_uuid`,`error_code`),
  KEY `MAGENTO_OPERATION_STATUS_STARTED_AT` (`status`,`started_at`),
  CONSTRAINT `MAGENTO_OPERATION_BULK_UUID_MAGENTO_BULK_UUID` FOREIGN KEY (`bulk_uuid`) REFERENCES `magento_bulk` (`uuid`) ON DELETE CASCADE
) ENGINE=InnoDB DEFAULT CHARSET=utf8 COMMENT='Operation entity';

--
-- Dumping data for table `magento_operation`
--


--
-- Table structure for table `media_content_asset`
--

CREATE TABLE `media_content_asset` (
  `asset_id` int unsigned NOT NULL COMMENT 'Entity ID',
  `entity_type` varchar(255) NOT NULL COMMENT 'Content type',
  `entity_id` varchar(255) NOT NULL COMMENT 'Content entity id',
  `field` varchar(255) NOT NULL COMMENT 'Content field',
  PRIMARY KEY (`entity_type`,`entity_id`,`field`,`asset_id`),
  KEY `MEDIA_CONTENT_ASSET_ASSET_ID` (`asset_id`)
) ENGINE=InnoDB DEFAULT CHARSET=utf8 COMMENT='Relation between media content and media asset';

--
-- Dumping data for table `media_content_asset`
--


--
-- Table structure for table `media_gallery_asset`
--

CREATE TABLE `media_gallery_asset` (
  `id` int unsigned NOT NULL AUTO_INCREMENT COMMENT 'Entity ID',
  `path` text COMMENT 'Path',
  `title` varchar(255) DEFAULT NULL COMMENT 'Title',
  `source` varchar(255) DEFAULT NULL COMMENT 'Source',
  `content_type` varchar(255) DEFAULT NULL COMMENT 'Content Type',
  `width` int unsigned NOT NULL DEFAULT '0' COMMENT 'Width',
  `height` int unsigned NOT NULL DEFAULT '0' COMMENT 'Height',
  `created_at` timestamp NOT NULL DEFAULT CURRENT_TIMESTAMP COMMENT 'Created At',
  `updated_at` timestamp NOT NULL DEFAULT CURRENT_TIMESTAMP ON UPDATE CURRENT_TIMESTAMP COMMENT 'Updated At',
  `description` text COMMENT 'Description',
  `hash` varchar(255) DEFAULT NULL COMMENT 'File hash',
  `size` int unsigned NOT NULL COMMENT 'Asset file size in bytes',
  PRIMARY KEY (`id`),
  KEY `MEDIA_GALLERY_ASSET_ID` (`id`),
  FULLTEXT KEY `MEDIA_GALLERY_ASSET_TITLE` (`title`)
) ENGINE=InnoDB DEFAULT CHARSET=utf8 COMMENT='Media Gallery Asset';

--
-- Dumping data for table `media_gallery_asset`
--


--
-- Table structure for table `media_gallery_asset_keyword`
--

CREATE TABLE `media_gallery_asset_keyword` (
  `keyword_id` int unsigned NOT NULL COMMENT 'Keyword Id',
  `asset_id` int unsigned NOT NULL COMMENT 'Asset ID',
  PRIMARY KEY (`keyword_id`,`asset_id`),
  KEY `MEDIA_GALLERY_ASSET_KEYWORD_ASSET_ID` (`asset_id`),
  KEY `MEDIA_GALLERY_ASSET_KEYWORD_KEYWORD_ID` (`keyword_id`),
  CONSTRAINT `MEDIA_GALLERY_ASSET_KEYWORD_ASSET_ID_MEDIA_GALLERY_ASSET_ID` FOREIGN KEY (`asset_id`) REFERENCES `media_gallery_asset` (`id`) ON DELETE CASCADE,
  CONSTRAINT `MEDIA_GALLERY_ASSET_KEYWORD_KEYWORD_ID_MEDIA_GALLERY_KEYWORD_ID` FOREIGN KEY (`keyword_id`) REFERENCES `media_gallery_keyword` (`id`) ON DELETE CASCADE
) ENGINE=InnoDB DEFAULT CHARSET=utf8 COMMENT='Media Gallery Asset Keyword';

--
-- Dumping data for table `media_gallery_asset_keyword`
--


--
-- Table structure for table `media_gallery_keyword`
--

CREATE TABLE `media_gallery_keyword` (
  `id` int unsigned NOT NULL AUTO_INCREMENT COMMENT 'Keyword ID',
  `keyword` varchar(255) NOT NULL COMMENT 'Keyword',
  PRIMARY KEY (`id`),
  UNIQUE KEY `MEDIA_GALLERY_KEYWORD_KEYWORD` (`keyword`),
  KEY `MEDIA_GALLERY_KEYWORD_ID` (`id`)
) ENGINE=InnoDB DEFAULT CHARSET=utf8 COMMENT='Media Gallery Keyword';

--
-- Dumping data for table `media_gallery_keyword`
--


--
-- Table structure for table `msp_tfa_country_codes`
--

CREATE TABLE `msp_tfa_country_codes` (
  `msp_tfa_country_codes_id` int unsigned NOT NULL AUTO_INCREMENT COMMENT 'TFA admin user ID',
  `code` text NOT NULL COMMENT 'Country code',
  `name` text NOT NULL COMMENT 'Country name',
  `dial_code` text NOT NULL COMMENT 'Prefix',
  PRIMARY KEY (`msp_tfa_country_codes_id`),
  KEY `MSP_TFA_COUNTRY_CODES_CODE` (`code`(128))
) ENGINE=InnoDB AUTO_INCREMENT=242 DEFAULT CHARSET=utf8 COMMENT='msp_tfa_country_codes';

--
-- Dumping data for table `msp_tfa_country_codes`
--

INSERT INTO `msp_tfa_country_codes` VALUES (1,'IL','Israel','+972'),(2,'AF','Afghanistan','+93'),(3,'AL','Albania','+355'),(4,'DZ','Algeria','+213'),(5,'AS','AmericanSamoa','+1 684'),(6,'AD','Andorra','+376'),(7,'AO','Angola','+244'),(8,'AI','Anguilla','+1 264'),(9,'AG','Antigua and Barbuda','+1268'),(10,'AR','Argentina','+54'),(11,'AM','Armenia','+374'),(12,'AW','Aruba','+297'),(13,'AU','Australia','+61'),(14,'AT','Austria','+43'),(15,'AZ','Azerbaijan','+994'),(16,'BS','Bahamas','+1 242'),(17,'BH','Bahrain','+973'),(18,'BD','Bangladesh','+880'),(19,'BB','Barbados','+1 246'),(20,'BY','Belarus','+375'),(21,'BE','Belgium','+32'),(22,'BZ','Belize','+501'),(23,'BJ','Benin','+229'),(24,'BM','Bermuda','+1 441'),(25,'BT','Bhutan','+975'),(26,'BA','Bosnia and Herzegovina','+387'),(27,'BW','Botswana','+267'),(28,'BR','Brazil','+55'),(29,'IO','British Indian Ocean Territory','+246'),(30,'BG','Bulgaria','+359'),(31,'BF','Burkina Faso','+226'),(32,'BI','Burundi','+257'),(33,'KH','Cambodia','+855'),(34,'CM','Cameroon','+237'),(35,'CA','Canada','+1'),(36,'CV','Cape Verde','+238'),(37,'KY','Cayman Islands','+ 345'),(38,'CF','Central African Republic','+236'),(39,'TD','Chad','+235'),(40,'CL','Chile','+56'),(41,'CN','China','+86'),(42,'CX','Christmas Island','+61'),(43,'CO','Colombia','+57'),(44,'KM','Comoros','+269'),(45,'CG','Congo','+242'),(46,'CK','Cook Islands','+682'),(47,'CR','Costa Rica','+506'),(48,'HR','Croatia','+385'),(49,'CU','Cuba','+53'),(50,'CY','Cyprus','+537'),(51,'CZ','Czech Republic','+420'),(52,'DK','Denmark','+45'),(53,'DJ','Djibouti','+253'),(54,'DM','Dominica','+1 767'),(55,'DO','Dominican Republic','+1 849'),(56,'EC','Ecuador','+593'),(57,'EG','Egypt','+20'),(58,'SV','El Salvador','+503'),(59,'GQ','Equatorial Guinea','+240'),(60,'ER','Eritrea','+291'),(61,'EE','Estonia','+372'),(62,'ET','Ethiopia','+251'),(63,'FO','Faroe Islands','+298'),(64,'FJ','Fiji','+679'),(65,'FI','Finland','+358'),(66,'FR','France','+33'),(67,'GF','French Guiana','+594'),(68,'PF','French Polynesia','+689'),(69,'GA','Gabon','+241'),(70,'GM','Gambia','+220'),(71,'GE','Georgia','+995'),(72,'DE','Germany','+49'),(73,'GH','Ghana','+233'),(74,'GI','Gibraltar','+350'),(75,'GR','Greece','+30'),(76,'GL','Greenland','+299'),(77,'GD','Grenada','+1 473'),(78,'GP','Guadeloupe','+590'),(79,'GU','Guam','+1 671'),(80,'GT','Guatemala','+502'),(81,'GN','Guinea','+224'),(82,'GW','Guinea-Bissau','+245'),(83,'GY','Guyana','+595'),(84,'HT','Haiti','+509'),(85,'HN','Honduras','+504'),(86,'HU','Hungary','+36'),(87,'IS','Iceland','+354'),(88,'IN','India','+91'),(89,'ID','Indonesia','+62'),(90,'IQ','Iraq','+964'),(91,'IE','Ireland','+353'),(92,'IL','Israel','+972'),(93,'IT','Italy','+39'),(94,'JM','Jamaica','+1 876'),(95,'JP','Japan','+81'),(96,'JO','Jordan','+962'),(97,'KZ','Kazakhstan','+7 7'),(98,'KE','Kenya','+254'),(99,'KI','Kiribati','+686'),(100,'KW','Kuwait','+965'),(101,'KG','Kyrgyzstan','+996'),(102,'LV','Latvia','+371'),(103,'LB','Lebanon','+961'),(104,'LS','Lesotho','+266'),(105,'LR','Liberia','+231'),(106,'LI','Liechtenstein','+423'),(107,'LT','Lithuania','+370'),(108,'LU','Luxembourg','+352'),(109,'MG','Madagascar','+261'),(110,'MW','Malawi','+265'),(111,'MY','Malaysia','+60'),(112,'MV','Maldives','+960'),(113,'ML','Mali','+223'),(114,'MT','Malta','+356'),(115,'MH','Marshall Islands','+692'),(116,'MQ','Martinique','+596'),(117,'MR','Mauritania','+222'),(118,'MU','Mauritius','+230'),(119,'YT','Mayotte','+262'),(120,'MX','Mexico','+52'),(121,'MC','Monaco','+377'),(122,'MN','Mongolia','+976'),(123,'ME','Montenegro','+382'),(124,'MS','Montserrat','+1664'),(125,'MA','Morocco','+212'),(126,'MM','Myanmar','+95'),(127,'NA','Namibia','+264'),(128,'NR','Nauru','+674'),(129,'NP','Nepal','+977'),(130,'NL','Netherlands','+31'),(131,'AN','Netherlands Antilles','+599'),(132,'NC','New Caledonia','+687'),(133,'NZ','New Zealand','+64'),(134,'NI','Nicaragua','+505'),(135,'NE','Niger','+227'),(136,'NG','Nigeria','+234'),(137,'NU','Niue','+683'),(138,'NF','Norfolk Island','+672'),(139,'MP','Northern Mariana Islands','+1 670'),(140,'NO','Norway','+47'),(141,'OM','Oman','+968'),(142,'PK','Pakistan','+92'),(143,'PW','Palau','+680'),(144,'PA','Panama','+507'),(145,'PG','Papua New Guinea','+675'),(146,'PY','Paraguay','+595'),(147,'PE','Peru','+51'),(148,'PH','Philippines','+63'),(149,'PL','Poland','+48'),(150,'PT','Portugal','+351'),(151,'PR','Puerto Rico','+1 939'),(152,'QA','Qatar','+974'),(153,'RO','Romania','+40'),(154,'RW','Rwanda','+250'),(155,'WS','Samoa','+685'),(156,'SM','San Marino','+378'),(157,'SA','Saudi Arabia','+966'),(158,'SN','Senegal','+221'),(159,'RS','Serbia','+381'),(160,'SC','Seychelles','+248'),(161,'SL','Sierra Leone','+232'),(162,'SG','Singapore','+65'),(163,'SK','Slovakia','+421'),(164,'SI','Slovenia','+386'),(165,'SB','Solomon Islands','+677'),(166,'ZA','South Africa','+27'),(167,'GS','South Georgia and the South Sandwich Islands','+500'),(168,'ES','Spain','+34'),(169,'LK','Sri Lanka','+94'),(170,'SD','Sudan','+249'),(171,'SR','Suriname','+597'),(172,'SZ','Swaziland','+268'),(173,'SE','Sweden','+46'),(174,'CH','Switzerland','+41'),(175,'TJ','Tajikistan','+992'),(176,'TH','Thailand','+66'),(177,'TG','Togo','+228'),(178,'TK','Tokelau','+690'),(179,'TO','Tonga','+676'),(180,'TT','Trinidad and Tobago','+1 868'),(181,'TN','Tunisia','+216'),(182,'TR','Turkey','+90'),(183,'TM','Turkmenistan','+993'),(184,'TC','Turks and Caicos Islands','+1 649'),(185,'TV','Tuvalu','+688'),(186,'UG','Uganda','+256'),(187,'UA','Ukraine','+380'),(188,'AE','United Arab Emirates','+971'),(189,'GB','United Kingdom','+44'),(190,'US','United States','+1'),(191,'UY','Uruguay','+598'),(192,'UZ','Uzbekistan','+998'),(193,'VU','Vanuatu','+678'),(194,'WF','Wallis and Futuna','+681'),(195,'YE','Yemen','+967'),(196,'ZM','Zambia','+260'),(197,'ZW','Zimbabwe','+263'),(198,'AX','land Islands',''),(199,'BO','Bolivia, Plurinational State of','+591'),(200,'BN','Brunei Darussalam','+673'),(201,'CC','Cocos (Keeling) Islands','+61'),(202,'CD','Congo, The Democratic Republic of the','+243'),(203,'CI','Cote d\'Ivoire','+225'),(204,'FK','Falkland Islands (Malvinas)','+500'),(205,'GG','Guernsey','+44'),(206,'VA','Holy See (Vatican City State)','+379'),(207,'HK','Hong Kong','+852'),(208,'IR','Iran, Islamic Republic of','+98'),(209,'IM','Isle of Man','+44'),(210,'JE','Jersey','+44'),(211,'KP','Korea, Democratic People\'s Republic of','+850'),(212,'KR','Korea, Republic of','+82'),(213,'LA','Lao People\'s Democratic Republic','+856'),(214,'LY','Libyan Arab Jamahiriya','+218'),(215,'MO','Macao','+853'),(216,'MK','Macedonia, The Former Yugoslav Republic of','+389'),(217,'FM','Micronesia, Federated States of','+691'),(218,'MD','Moldova, Republic of','+373'),(219,'MZ','Mozambique','+258'),(220,'PS','Palestinian Territory, Occupied','+970'),(221,'PN','Pitcairn','+872'),(222,'RE','Réunion','+262'),(223,'RU','Russia','+7'),(224,'BL','Saint Barthélemy','+590'),(225,'SH','Saint Helena, Ascension and Tristan Da Cunha','+290'),(226,'KN','Saint Kitts and Nevis','+1 869'),(227,'LC','Saint Lucia','+1 758'),(228,'MF','Saint Martin','+590'),(229,'PM','Saint Pierre and Miquelon','+508'),(230,'VC','Saint Vincent and the Grenadines','+1 784'),(231,'ST','Sao Tome and Principe','+239'),(232,'SO','Somalia','+252'),(233,'SJ','Svalbard and Jan Mayen','+47'),(234,'SY','Syrian Arab Republic','+963'),(235,'TW','Taiwan, Province of China','+886'),(236,'TZ','Tanzania, United Republic of','+255'),(237,'TL','Timor-Leste','+670'),(238,'VE','Venezuela, Bolivarian Republic of','+58'),(239,'VN','Viet Nam','+84'),(240,'VG','Virgin Islands, British','+1 284'),(241,'VI','Virgin Islands, U.S.','+1 340');

--
-- Table structure for table `mview_state`
--

CREATE TABLE `mview_state` (
  `state_id` int unsigned NOT NULL AUTO_INCREMENT COMMENT 'View State ID',
  `view_id` varchar(255) DEFAULT NULL COMMENT 'View ID',
  `mode` varchar(16) DEFAULT 'disabled' COMMENT 'View Mode',
  `status` varchar(16) DEFAULT 'idle' COMMENT 'View Status',
  `updated` datetime DEFAULT NULL COMMENT 'View updated time',
  `version_id` int unsigned DEFAULT NULL COMMENT 'View Version ID',
  PRIMARY KEY (`state_id`),
  KEY `MVIEW_STATE_VIEW_ID` (`view_id`),
  KEY `MVIEW_STATE_MODE` (`mode`)
) ENGINE=InnoDB AUTO_INCREMENT=3 DEFAULT CHARSET=utf8 COMMENT='View State';

--
-- Dumping data for table `mview_state`
--

INSERT INTO `mview_state` VALUES (1,'scconnector_google_remove','disabled','idle','2020-08-20 10:02:19',0),(2,'scconnector_google_feed','disabled','idle','2020-08-20 10:02:17',0);

--
-- Table structure for table `newsletter_problem`
--

CREATE TABLE `newsletter_problem` (
  `problem_id` int unsigned NOT NULL AUTO_INCREMENT COMMENT 'Problem ID',
  `subscriber_id` int unsigned DEFAULT NULL COMMENT 'Subscriber ID',
  `queue_id` int unsigned NOT NULL DEFAULT '0' COMMENT 'Queue ID',
  `problem_error_code` int unsigned DEFAULT '0' COMMENT 'Problem Error Code',
  `problem_error_text` varchar(200) DEFAULT NULL COMMENT 'Problem Error Text',
  PRIMARY KEY (`problem_id`),
  KEY `NEWSLETTER_PROBLEM_SUBSCRIBER_ID` (`subscriber_id`),
  KEY `NEWSLETTER_PROBLEM_QUEUE_ID` (`queue_id`),
  CONSTRAINT `NEWSLETTER_PROBLEM_QUEUE_ID_NEWSLETTER_QUEUE_QUEUE_ID` FOREIGN KEY (`queue_id`) REFERENCES `newsletter_queue` (`queue_id`) ON DELETE CASCADE,
  CONSTRAINT `NLTTR_PROBLEM_SUBSCRIBER_ID_NLTTR_SUBSCRIBER_SUBSCRIBER_ID` FOREIGN KEY (`subscriber_id`) REFERENCES `newsletter_subscriber` (`subscriber_id`) ON DELETE CASCADE
) ENGINE=InnoDB DEFAULT CHARSET=utf8 COMMENT='Newsletter Problems';

--
-- Dumping data for table `newsletter_problem`
--


--
-- Table structure for table `newsletter_queue`
--

CREATE TABLE `newsletter_queue` (
  `queue_id` int unsigned NOT NULL AUTO_INCREMENT COMMENT 'Queue ID',
  `template_id` int unsigned NOT NULL DEFAULT '0' COMMENT 'Template ID',
  `newsletter_type` int DEFAULT NULL COMMENT 'Newsletter Type',
  `newsletter_text` text COMMENT 'Newsletter Text',
  `newsletter_styles` text COMMENT 'Newsletter Styles',
  `newsletter_subject` varchar(200) DEFAULT NULL COMMENT 'Newsletter Subject',
  `newsletter_sender_name` varchar(200) DEFAULT NULL COMMENT 'Newsletter Sender Name',
  `newsletter_sender_email` varchar(200) DEFAULT NULL COMMENT 'Newsletter Sender Email',
  `queue_status` int unsigned NOT NULL DEFAULT '0' COMMENT 'Queue Status',
  `queue_start_at` timestamp NULL DEFAULT NULL COMMENT 'Queue Start At',
  `queue_finish_at` timestamp NULL DEFAULT NULL COMMENT 'Queue Finish At',
  PRIMARY KEY (`queue_id`),
  KEY `NEWSLETTER_QUEUE_TEMPLATE_ID` (`template_id`),
  CONSTRAINT `NEWSLETTER_QUEUE_TEMPLATE_ID_NEWSLETTER_TEMPLATE_TEMPLATE_ID` FOREIGN KEY (`template_id`) REFERENCES `newsletter_template` (`template_id`) ON DELETE CASCADE
) ENGINE=InnoDB DEFAULT CHARSET=utf8 COMMENT='Newsletter Queue';

--
-- Dumping data for table `newsletter_queue`
--


--
-- Table structure for table `newsletter_queue_link`
--

CREATE TABLE `newsletter_queue_link` (
  `queue_link_id` int unsigned NOT NULL AUTO_INCREMENT COMMENT 'Queue Link ID',
  `queue_id` int unsigned NOT NULL DEFAULT '0' COMMENT 'Queue ID',
  `subscriber_id` int unsigned NOT NULL DEFAULT '0' COMMENT 'Subscriber ID',
  `letter_sent_at` timestamp NULL DEFAULT NULL COMMENT 'Letter Sent At',
  PRIMARY KEY (`queue_link_id`),
  KEY `NEWSLETTER_QUEUE_LINK_SUBSCRIBER_ID` (`subscriber_id`),
  KEY `NEWSLETTER_QUEUE_LINK_QUEUE_ID_LETTER_SENT_AT` (`queue_id`,`letter_sent_at`),
  CONSTRAINT `NEWSLETTER_QUEUE_LINK_QUEUE_ID_NEWSLETTER_QUEUE_QUEUE_ID` FOREIGN KEY (`queue_id`) REFERENCES `newsletter_queue` (`queue_id`) ON DELETE CASCADE,
  CONSTRAINT `NLTTR_QUEUE_LNK_SUBSCRIBER_ID_NLTTR_SUBSCRIBER_SUBSCRIBER_ID` FOREIGN KEY (`subscriber_id`) REFERENCES `newsletter_subscriber` (`subscriber_id`) ON DELETE CASCADE
) ENGINE=InnoDB DEFAULT CHARSET=utf8 COMMENT='Newsletter Queue Link';

--
-- Dumping data for table `newsletter_queue_link`
--


--
-- Table structure for table `newsletter_queue_store_link`
--

CREATE TABLE `newsletter_queue_store_link` (
  `queue_id` int unsigned NOT NULL DEFAULT '0' COMMENT 'Queue ID',
  `store_id` smallint unsigned NOT NULL DEFAULT '0' COMMENT 'Store ID',
  PRIMARY KEY (`queue_id`,`store_id`),
  KEY `NEWSLETTER_QUEUE_STORE_LINK_STORE_ID` (`store_id`),
  CONSTRAINT `NEWSLETTER_QUEUE_STORE_LINK_QUEUE_ID_NEWSLETTER_QUEUE_QUEUE_ID` FOREIGN KEY (`queue_id`) REFERENCES `newsletter_queue` (`queue_id`) ON DELETE CASCADE,
  CONSTRAINT `NEWSLETTER_QUEUE_STORE_LINK_STORE_ID_STORE_STORE_ID` FOREIGN KEY (`store_id`) REFERENCES `store` (`store_id`) ON DELETE CASCADE
) ENGINE=InnoDB DEFAULT CHARSET=utf8 COMMENT='Newsletter Queue Store Link';

--
-- Dumping data for table `newsletter_queue_store_link`
--


--
-- Table structure for table `newsletter_subscriber`
--

CREATE TABLE `newsletter_subscriber` (
  `subscriber_id` int unsigned NOT NULL AUTO_INCREMENT COMMENT 'Subscriber ID',
  `store_id` smallint unsigned DEFAULT '0' COMMENT 'Store ID',
  `change_status_at` timestamp NULL DEFAULT NULL COMMENT 'Change Status At',
  `customer_id` int unsigned NOT NULL DEFAULT '0' COMMENT 'Customer ID',
  `subscriber_email` varchar(150) DEFAULT NULL COMMENT 'Subscriber Email',
  `subscriber_status` int NOT NULL DEFAULT '0' COMMENT 'Subscriber Status',
  `subscriber_confirm_code` varchar(32) DEFAULT 'NULL' COMMENT 'Subscriber Confirm Code',
  PRIMARY KEY (`subscriber_id`),
  KEY `NEWSLETTER_SUBSCRIBER_CUSTOMER_ID` (`customer_id`),
  KEY `NEWSLETTER_SUBSCRIBER_STORE_ID` (`store_id`),
  KEY `NEWSLETTER_SUBSCRIBER_SUBSCRIBER_EMAIL` (`subscriber_email`),
  CONSTRAINT `NEWSLETTER_SUBSCRIBER_STORE_ID_STORE_STORE_ID` FOREIGN KEY (`store_id`) REFERENCES `store` (`store_id`) ON DELETE SET NULL
) ENGINE=InnoDB AUTO_INCREMENT=10 DEFAULT CHARSET=utf8 COMMENT='Newsletter Subscriber';

--
-- Dumping data for table `newsletter_subscriber`
--

INSERT INTO `newsletter_subscriber` VALUES (1,1,NULL,0,'hoant@ytcvn.com',1,'v3qi4qklcxzymoeedu6o4nuuap3htql1'),(2,1,NULL,0,'magentech@magentech.com',1,'4vwyg70hkwo8ojvb0t8g9yp5xt2w9ldl'),(3,1,NULL,0,'nhimxu@gmail.com',1,'r6hg9xhn0gu2jrvmfw39omk6hqa3tvml'),(4,1,NULL,0,'aaa@gmail.com',1,'mz782lsavzemkipkugja462jx3031u67'),(5,1,'2018-10-11 04:51:40',5,'abc@gmail.com',1,'9p2pup4eoys307npatwfzo7zbmanbk8t'),(6,1,NULL,0,'hoa1@gmail.com',1,'gxqyi49arsq73qbmgp1sxmb4suqbjwx2'),(7,1,NULL,3,'admin0@gmail.com',1,'a7gcvm1tfc972bmfvi9tnzmlyrxjjawb'),(8,1,'2021-04-28 04:54:41',0,'lilis_ig@yahoo.co.id',1,'u4thic3hjajg28pcnqfgetxgcx3cy0p7'),(9,1,'2023-03-07 12:32:11',10,'wyvehos@mailinator.com',1,'agsfjqj9k3s5rzkqc2qloe5w14usehet');

--
-- Table structure for table `newsletter_template`
--

CREATE TABLE `newsletter_template` (
  `template_id` int unsigned NOT NULL AUTO_INCREMENT COMMENT 'Template ID',
  `template_code` varchar(150) DEFAULT NULL COMMENT 'Template Code',
  `template_text` text COMMENT 'Template Text',
  `template_styles` text COMMENT 'Template Styles',
  `template_type` int unsigned DEFAULT NULL COMMENT 'Template Type',
  `template_subject` varchar(200) DEFAULT NULL COMMENT 'Template Subject',
  `template_sender_name` varchar(200) DEFAULT NULL COMMENT 'Template Sender Name',
  `template_sender_email` varchar(200) DEFAULT NULL COMMENT 'Template Sender Email',
  `template_actual` smallint unsigned DEFAULT '1' COMMENT 'Template Actual',
  `added_at` timestamp NULL DEFAULT NULL COMMENT 'Added At',
  `modified_at` timestamp NULL DEFAULT NULL COMMENT 'Modified At',
  `is_legacy` tinyint(1) NOT NULL DEFAULT '0' COMMENT 'Should the template render in legacy mode',
  PRIMARY KEY (`template_id`),
  KEY `NEWSLETTER_TEMPLATE_TEMPLATE_ACTUAL` (`template_actual`),
  KEY `NEWSLETTER_TEMPLATE_ADDED_AT` (`added_at`),
  KEY `NEWSLETTER_TEMPLATE_MODIFIED_AT` (`modified_at`)
) ENGINE=InnoDB DEFAULT CHARSET=utf8 COMMENT='Newsletter Template';

--
-- Dumping data for table `newsletter_template`
--


--
-- Table structure for table `oauth_consumer`
--

CREATE TABLE `oauth_consumer` (
  `entity_id` int unsigned NOT NULL AUTO_INCREMENT COMMENT 'Entity ID',
  `created_at` timestamp NOT NULL DEFAULT CURRENT_TIMESTAMP COMMENT 'Created At',
  `updated_at` timestamp NULL DEFAULT '0000-00-00 00:00:00' ON UPDATE CURRENT_TIMESTAMP COMMENT 'Updated At',
  `name` varchar(255) NOT NULL COMMENT 'Name of consumer',
  `key` varchar(32) NOT NULL COMMENT 'Key code',
  `secret` varchar(128) NOT NULL COMMENT 'Secret code',
  `callback_url` text COMMENT 'Callback URL',
  `rejected_callback_url` text NOT NULL COMMENT 'Rejected callback URL',
  PRIMARY KEY (`entity_id`),
  UNIQUE KEY `OAUTH_CONSUMER_KEY` (`key`),
  UNIQUE KEY `OAUTH_CONSUMER_SECRET` (`secret`),
  KEY `OAUTH_CONSUMER_CREATED_AT` (`created_at`),
  KEY `OAUTH_CONSUMER_UPDATED_AT` (`updated_at`)
) ENGINE=InnoDB AUTO_INCREMENT=29 DEFAULT CHARSET=utf8 COMMENT='OAuth Consumers';

--
-- Dumping data for table `oauth_consumer`
--

INSERT INTO `oauth_consumer` VALUES (1,'2017-10-11 03:27:01','0000-00-00 00:00:00','Integration1','4yvccgayygiqxxgp597seslur6sk3u84','6p10xmdcv746rexn1uak0fasmn54uta5',NULL,''),(2,'2017-10-11 03:35:04','0000-00-00 00:00:00','Integration2','9xmgibbbutl7h8qqx2bx0l7ajm7yegkn','tap8oc9p7c7dqy4ayxt6qirah40ivmt9',NULL,''),(3,'2017-10-11 03:45:58','2017-10-11 08:00:31','Integration3','0w0rg4e81su0eeeke092tvbyhtvxb1jj','ocyw8vaexu2wm908rk51yh9kr7u73r9o',NULL,''),(4,'2017-10-12 03:48:29','2017-10-12 07:51:01','Integration4','s7hiuisyjkyl3ad33tt7wc28ihc7kk7m','b6l000yvb9h93ovyxsp71080s7g8gwcf',NULL,''),(5,'2017-10-17 08:07:42','0000-00-00 00:00:00','Integration5','st7culqkv1ajrbr0game4t81gijtv0ki','a7ohf3rj5yc8j3md64cwdk9b1th0o0x5',NULL,''),(6,'2017-10-18 03:32:37','0000-00-00 00:00:00','Integration6','850qt5kpb0ofc7vdt8rfafot3rry9si3','89gc9khdwqw9nnjbnc32qbgwq5vioqh7',NULL,''),(7,'2017-10-19 06:48:19','0000-00-00 00:00:00','Integration7','ajv5bnrxa7p8q8tt6jpnlwha481oiiil','pcm8xrn4x4p487w33bm5rqpmx3h5ddsc',NULL,''),(8,'2017-10-19 07:39:07','0000-00-00 00:00:00','Integration8','t6fh4xxu8xvyibfth61mtef9muv15qq9','v5o27qgk3dhrx5fg45w7yqbofl82vdhu',NULL,''),(9,'2017-11-09 08:47:02','0000-00-00 00:00:00','Integration9','svh958xg7a4hot7lgi50kj2jvu480716','hp0atqlbninlp616j455e1thvpn6mke3',NULL,''),(10,'2017-11-10 03:33:27','0000-00-00 00:00:00','Integration10','0umt1bbiftarqndtfdpiwpmv0v8yrfit','o7jgm7p98tghiuvrsqnjmqc3dby17vfb',NULL,''),(11,'2017-11-10 03:42:19','0000-00-00 00:00:00','Integration11','d7kjp5qxc4hskyobo5sygx61466bgbfo','ek6d81pfg2meoxpopbpyyk8by5dl0kd3',NULL,''),(12,'2017-11-10 07:13:05','0000-00-00 00:00:00','Integration12','p7ee2oj63cxhipc37oewn26dxucloon2','05k257i9r72925fijnje1shwknf89onb',NULL,''),(13,'2017-11-10 07:23:01','0000-00-00 00:00:00','Integration13','uvkvt10c6w6cxh78n7lsr5ntlmj1lep9','ua719pfs8cgl08fx6xcw4n85vf29cehi',NULL,''),(14,'2017-11-10 08:04:30','0000-00-00 00:00:00','Integration14','3jx61vfhhpk2yf9c7n1p8os431y0tlc7','negdr8bykqlmd3laam43w4jx3xiglaef',NULL,''),(15,'2017-11-20 02:10:33','0000-00-00 00:00:00','Integration15','c81fortxhkviqtgeikbynbarowwn4dcn','74iq569fo44od08uga790uyuxhw68e2t',NULL,''),(16,'2017-11-20 02:22:18','0000-00-00 00:00:00','Integration16','8c4okwnyky5oqpgvujtrna74ihamfcu0','4ms8a9usw663cjdcsfad66n1fo8o4uuh',NULL,''),(17,'2017-11-21 08:31:47','0000-00-00 00:00:00','Integration17','f2l39vpp07behvq7guwxkslomrtr4yxb','qhtkcr11hk9xp1ll8y9nollnl66epgc0',NULL,''),(18,'2017-11-21 08:38:12','0000-00-00 00:00:00','Integration18','uih2kawpbfqt89u6uopg0lgp14474tni','pmvoe4vabi6s6fv4r8q7hqx2rfldqaoe',NULL,''),(19,'2017-11-21 08:44:06','0000-00-00 00:00:00','Integration19','86v0yvyn0an7svnyluhnyqygakumayr5','8tekscp50g4fakgydntrwrfhrtssgj5g',NULL,''),(20,'2017-11-21 08:50:06','0000-00-00 00:00:00','Integration20','hna4w6jukgxd5a0540ju4umoiboxoaat','0t2pa0jxg66ke6nrsq4nomjuubw8wrtx',NULL,''),(21,'2017-11-22 09:45:32','0000-00-00 00:00:00','Integration21','dqkqyn4ptg9vx8mio9e1exkgew28w3pk','itx0gq4bdqyb5ewtrq1rpuve0h2x7kox',NULL,''),(22,'2017-11-23 07:54:57','0000-00-00 00:00:00','Integration22','5h286inw0ib9y7tqqinvlwuftbuh7mmn','ggxylx8xa5wptb1uxiymbwl7tgefhwib',NULL,''),(23,'2017-12-13 07:35:31','0000-00-00 00:00:00','Integration23','j3jcdg7alg3lqqy5y4rix97s84s512sl','1y6yd59cbj974k9d7ngt255g6w0o8iv2',NULL,''),(24,'2017-12-13 07:45:34','0000-00-00 00:00:00','Integration24','488xkgav3d59h98hs26k7b3au0kl60xy','68jbsn0gt11dy51wut1kphrsrtgyyyo5',NULL,''),(25,'2017-12-19 07:06:01','0000-00-00 00:00:00','Integration25','sbfdf2qoctn8yu4vpvlx0pk1yoba59yj','lni0qp4mn1d8lh5bq3hpd0xkfbe1n4bh',NULL,''),(26,'2017-12-19 07:08:00','0000-00-00 00:00:00','Integration26','wmh2dcgd4pitp1ddpt8uwgscwfsl0nde','i97hgj0b4iya6ewa0uwfs9exwcwu32pd',NULL,''),(27,'2017-12-22 07:18:27','0000-00-00 00:00:00','Integration27','ef66dju5klmnnrm78ndmkq2whbenmgxr','8swf8ealqoo4qqx3rbur49if714xu0ay',NULL,''),(28,'2017-12-25 03:54:38','0000-00-00 00:00:00','Integration28','kwd9rai8f7os27chq14ng5bqhljdkrrd','f3nn8q3m25jxlgo6b9bwvroakydcjo9v',NULL,'');

--
-- Table structure for table `oauth_nonce`
--

CREATE TABLE `oauth_nonce` (
  `nonce` varchar(32) NOT NULL COMMENT 'Nonce String',
  `timestamp` int unsigned NOT NULL COMMENT 'Nonce Timestamp',
  `consumer_id` int unsigned NOT NULL COMMENT 'Consumer ID',
  PRIMARY KEY (`nonce`,`consumer_id`),
  KEY `OAUTH_NONCE_CONSUMER_ID_OAUTH_CONSUMER_ENTITY_ID` (`consumer_id`),
  KEY `OAUTH_NONCE_TIMESTAMP` (`timestamp`),
  CONSTRAINT `OAUTH_NONCE_CONSUMER_ID_OAUTH_CONSUMER_ENTITY_ID` FOREIGN KEY (`consumer_id`) REFERENCES `oauth_consumer` (`entity_id`) ON DELETE CASCADE
) ENGINE=InnoDB DEFAULT CHARSET=utf8 COMMENT='OAuth Nonce';

--
-- Dumping data for table `oauth_nonce`
--


--
-- Table structure for table `oauth_token`
--

CREATE TABLE `oauth_token` (
  `entity_id` int unsigned NOT NULL AUTO_INCREMENT COMMENT 'Entity ID',
  `consumer_id` int unsigned DEFAULT NULL COMMENT 'Oauth Consumer ID',
  `admin_id` int unsigned DEFAULT NULL COMMENT 'Admin user ID',
  `customer_id` int unsigned DEFAULT NULL COMMENT 'Customer user ID',
  `type` varchar(16) NOT NULL COMMENT 'Token Type',
  `token` varchar(32) NOT NULL COMMENT 'Token',
  `secret` varchar(128) NOT NULL COMMENT 'Token Secret',
  `verifier` varchar(32) DEFAULT NULL COMMENT 'Token Verifier',
  `callback_url` text NOT NULL COMMENT 'Token Callback URL',
  `revoked` smallint unsigned NOT NULL DEFAULT '0' COMMENT 'Is Token revoked',
  `authorized` smallint unsigned NOT NULL DEFAULT '0' COMMENT 'Is Token authorized',
  `user_type` int DEFAULT NULL COMMENT 'User type',
  `created_at` timestamp NOT NULL DEFAULT CURRENT_TIMESTAMP COMMENT 'Token creation timestamp',
  PRIMARY KEY (`entity_id`),
  UNIQUE KEY `OAUTH_TOKEN_TOKEN` (`token`),
  KEY `OAUTH_TOKEN_CONSUMER_ID` (`consumer_id`),
  KEY `OAUTH_TOKEN_ADMIN_ID_ADMIN_USER_USER_ID` (`admin_id`),
  KEY `OAUTH_TOKEN_CUSTOMER_ID_CUSTOMER_ENTITY_ENTITY_ID` (`customer_id`),
  KEY `OAUTH_TOKEN_CREATED_AT` (`created_at`),
  CONSTRAINT `OAUTH_TOKEN_ADMIN_ID_ADMIN_USER_USER_ID` FOREIGN KEY (`admin_id`) REFERENCES `admin_user` (`user_id`) ON DELETE CASCADE,
  CONSTRAINT `OAUTH_TOKEN_CONSUMER_ID_OAUTH_CONSUMER_ENTITY_ID` FOREIGN KEY (`consumer_id`) REFERENCES `oauth_consumer` (`entity_id`) ON DELETE CASCADE,
  CONSTRAINT `OAUTH_TOKEN_CUSTOMER_ID_CUSTOMER_ENTITY_ENTITY_ID` FOREIGN KEY (`customer_id`) REFERENCES `customer_entity` (`entity_id`) ON DELETE CASCADE
) ENGINE=InnoDB AUTO_INCREMENT=3 DEFAULT CHARSET=utf8 COMMENT='OAuth Tokens';

--
-- Dumping data for table `oauth_token`
--

INSERT INTO `oauth_token` VALUES (1,3,NULL,NULL,'verifier','tdy3orjkujdtnpgbcvff55somkfpdxj4','9tty5s6w0v2d9f84m5tjcp9vbbg91sns','j7v77b0bhiy38o8i5copg79wralg1r8a','oob',0,0,1,'2017-10-11 08:00:31'),(2,4,NULL,NULL,'verifier','edwytwaxslw1yi6g67nj5nfnp7yqr3lw','3tp63x73wi1x8njaxvifr8cou7ig88vv','o4bsgrj882fwf5qiqmedb4ae0x8hcvp5','oob',0,0,1,'2017-10-12 07:51:01');

--
-- Table structure for table `oauth_token_request_log`
--

CREATE TABLE `oauth_token_request_log` (
  `log_id` int unsigned NOT NULL AUTO_INCREMENT COMMENT 'Log ID',
  `user_name` varchar(255) NOT NULL COMMENT 'Customer email or admin login',
  `user_type` smallint unsigned NOT NULL COMMENT 'User type (admin or customer)',
  `failures_count` smallint unsigned DEFAULT '0' COMMENT 'Number of failed authentication attempts in a row',
  `lock_expires_at` timestamp NOT NULL DEFAULT CURRENT_TIMESTAMP ON UPDATE CURRENT_TIMESTAMP COMMENT 'Lock expiration time',
  PRIMARY KEY (`log_id`),
  UNIQUE KEY `OAUTH_TOKEN_REQUEST_LOG_USER_NAME_USER_TYPE` (`user_name`,`user_type`)
) ENGINE=InnoDB DEFAULT CHARSET=utf8 COMMENT='Log of token request authentication failures.';

--
-- Dumping data for table `oauth_token_request_log`
--


--
-- Table structure for table `pagebuilder_template`
--

CREATE TABLE `pagebuilder_template` (
  `template_id` int NOT NULL AUTO_INCREMENT COMMENT 'Template ID Auto Increment',
  `name` varchar(1024) NOT NULL COMMENT 'Template Name',
  `preview_image` varchar(1024) DEFAULT NULL COMMENT 'Template Preview Image',
  `template` longtext NOT NULL COMMENT 'Master Format HTML',
  `created_for` varchar(255) DEFAULT NULL COMMENT 'Created For',
  `created_at` timestamp NOT NULL DEFAULT CURRENT_TIMESTAMP COMMENT 'Creation Time',
  `updated_at` timestamp NOT NULL DEFAULT CURRENT_TIMESTAMP ON UPDATE CURRENT_TIMESTAMP COMMENT 'Update Time',
  PRIMARY KEY (`template_id`),
  FULLTEXT KEY `PAGEBUILDER_TEMPLATE_NAME` (`name`)
) ENGINE=InnoDB DEFAULT CHARSET=utf8 COMMENT='Page Builder Templates';

--
-- Dumping data for table `pagebuilder_template`
--


--
-- Table structure for table `password_reset_request_event`
--

CREATE TABLE `password_reset_request_event` (
  `id` int unsigned NOT NULL AUTO_INCREMENT COMMENT 'Entity ID',
  `request_type` smallint unsigned NOT NULL COMMENT 'Type of the event under a security control',
  `account_reference` varchar(255) DEFAULT NULL COMMENT 'An identifier for existing account or another target',
  `created_at` timestamp NOT NULL DEFAULT CURRENT_TIMESTAMP COMMENT 'Timestamp when the event occurs',
  `ip` varchar(15) NOT NULL COMMENT 'Remote user IP',
  PRIMARY KEY (`id`),
  KEY `PASSWORD_RESET_REQUEST_EVENT_ACCOUNT_REFERENCE` (`account_reference`),
  KEY `PASSWORD_RESET_REQUEST_EVENT_CREATED_AT` (`created_at`)
) ENGINE=InnoDB DEFAULT CHARSET=utf8 COMMENT='Password Reset Request Event under a security control';

--
-- Dumping data for table `password_reset_request_event`
--


--
-- Table structure for table `patch_list`
--

CREATE TABLE `patch_list` (
  `patch_id` int NOT NULL AUTO_INCREMENT COMMENT 'Patch Auto Increment',
  `patch_name` varchar(1024) NOT NULL COMMENT 'Patch Class Name',
  PRIMARY KEY (`patch_id`)
) ENGINE=InnoDB AUTO_INCREMENT=197 DEFAULT CHARSET=utf8 COMMENT='List of data/schema patches';

--
-- Dumping data for table `patch_list`
--

INSERT INTO `patch_list` VALUES (1,'Magento\\Store\\Setup\\Patch\\Schema\\InitializeStoresAndWebsites'),(2,'Magento\\Catalog\\Setup\\Patch\\Schema\\EnableSegmentation'),(3,'Magento\\Bundle\\Setup\\Patch\\Schema\\UpdateBundleRelatedSchema'),(4,'Magento\\InventoryCatalog\\Setup\\Patch\\Schema\\CreateLegacyStockStatusView'),(5,'Magento\\InventoryCatalog\\Setup\\Patch\\Schema\\InitializeDefaultStock'),(6,'Magento\\InventoryCatalog\\Setup\\Patch\\Schema\\UpdateInventorySourceItem'),(7,'Magento\\InventoryCatalog\\Setup\\Patch\\Schema\\ReindexDefaultSource'),(8,'Magento\\Store\\Setup\\Patch\\Schema\\InitializeStoresAndWebsites'),(9,'Magento\\InventorySales\\Setup\\Patch\\Schema\\InitializeWebsiteDefaultSock'),(10,'Magento\\Wishlist\\Setup\\Patch\\Schema\\AddProductIdConstraint'),(11,'Magento\\Store\\Setup\\Patch\\Data\\UpdateStoreGroupCodes'),(12,'Magento\\Directory\\Setup\\Patch\\Data\\InitializeDirectoryData'),(13,'Magento\\Directory\\Setup\\Patch\\Data\\AddDataForCroatia'),(14,'Magento\\Directory\\Setup\\Patch\\Data\\AddDataForIndia'),(15,'Magento\\Directory\\Setup\\Patch\\Data\\AddDataForAustralia'),(16,'Magento\\Directory\\Setup\\Patch\\Data\\AddDataForMexico'),(17,'Magento\\Config\\Setup\\Patch\\Data\\UpdateClassAliases'),(18,'Magento\\Theme\\Setup\\Patch\\Data\\RegisterThemes'),(19,'Magento\\Theme\\Setup\\Patch\\Data\\ConvertSerializedData'),(20,'Magento\\Eav\\Setup\\Patch\\Data\\InitializeAttributeModels'),(21,'Magento\\Customer\\Setup\\Patch\\Data\\DefaultCustomerGroupsAndAttributes'),(22,'Magento\\Customer\\Setup\\Patch\\Data\\UpdateCustomerAttributesMetadata'),(23,'Magento\\Customer\\Setup\\Patch\\Data\\AddNonSpecifiedGenderAttributeOption'),(24,'Magento\\Customer\\Setup\\Patch\\Data\\UpdateIdentifierCustomerAttributesVisibility'),(25,'Magento\\Customer\\Setup\\Patch\\Data\\AddCustomerUpdatedAtAttribute'),(26,'Magento\\Customer\\Setup\\Patch\\Data\\UpgradePasswordHashAndAddress'),(27,'Magento\\Customer\\Setup\\Patch\\Data\\RemoveCheckoutRegisterAndUpdateAttributes'),(28,'Magento\\Customer\\Setup\\Patch\\Data\\AddSecurityTrackingAttributes'),(29,'Magento\\Customer\\Setup\\Patch\\Data\\UpdateAutocompleteOnStorefrontConfigPath'),(30,'Magento\\Customer\\Setup\\Patch\\Data\\MigrateStoresAllowedCountriesToWebsite'),(31,'Magento\\Customer\\Setup\\Patch\\Data\\ConvertValidationRulesFromSerializedToJson'),(32,'Magento\\Customer\\Setup\\Patch\\Data\\UpdateVATNumber'),(33,'Magento\\Customer\\Setup\\Patch\\Data\\UpdateCustomerAttributeInputFilters'),(34,'Magento\\Authorization\\Setup\\Patch\\Data\\InitializeAuthRoles'),(35,'Magento\\Indexer\\Setup\\Patch\\Data\\InitializeIndexerState'),(36,'Magento\\Cms\\Setup\\Patch\\Data\\CreateDefaultPages'),(37,'Magento\\Cms\\Setup\\Patch\\Data\\UpdatePrivacyPolicyPage'),(38,'Magento\\Cms\\Setup\\Patch\\Data\\ConvertWidgetConditionsToJson'),(39,'Magento\\Catalog\\Setup\\Patch\\Data\\InstallDefaultCategories'),(40,'Magento\\Catalog\\Setup\\Patch\\Data\\SetNewResourceModelsPaths'),(41,'Magento\\Catalog\\Setup\\Patch\\Data\\UpdateDefaultAttributeValue'),(42,'Magento\\Catalog\\Setup\\Patch\\Data\\UpdateMediaAttributesBackendTypes'),(43,'Magento\\Catalog\\Setup\\Patch\\Data\\UpdateProductAttributes'),(44,'Magento\\Catalog\\Setup\\Patch\\Data\\UpdateProductMetaDescription'),(45,'Magento\\Catalog\\Setup\\Patch\\Data\\ChangePriceAttributeDefaultScope'),(46,'Magento\\Catalog\\Setup\\Patch\\Data\\DisallowUsingHtmlForProductName'),(47,'Magento\\Catalog\\Setup\\Patch\\Data\\EnableDirectiveParsing'),(48,'Magento\\Catalog\\Setup\\Patch\\Data\\EnableSegmentation'),(49,'Magento\\Catalog\\Setup\\Patch\\Data\\UpgradeWidgetData'),(50,'Magento\\Catalog\\Setup\\Patch\\Data\\UpgradeWebsiteAttributes'),(51,'Magento\\CatalogInventory\\Setup\\Patch\\Data\\CreateDefaultStock'),(52,'Magento\\CatalogInventory\\Setup\\Patch\\Data\\UpdateStockItemsWebsite'),(53,'Magento\\CatalogInventory\\Setup\\Patch\\Data\\ConvertSerializedDataToJson'),(54,'Magento\\Msrp\\Setup\\Patch\\Data\\InitializeMsrpAttributes'),(55,'Magento\\Msrp\\Setup\\Patch\\Data\\ChangePriceAttributeDefaultScope'),(56,'Magento\\CatalogRule\\Setup\\Patch\\Data\\UpdateClassAliasesForCatalogRules'),(57,'Magento\\CatalogRule\\Setup\\Patch\\Data\\ConvertSerializedDataToJson'),(58,'Magento\\CatalogUrlRewrite\\Setup\\Patch\\Data\\CreateUrlAttributes'),(59,'Magento\\Widget\\Setup\\Patch\\Data\\UpgradeModelInstanceClassAliases'),(60,'Magento\\Widget\\Setup\\Patch\\Data\\ConvertSerializedData'),(61,'Magento\\Quote\\Setup\\Patch\\Data\\InstallEntityTypes'),(62,'Magento\\Quote\\Setup\\Patch\\Data\\ConvertSerializedDataToJson'),(63,'Magento\\User\\Setup\\Patch\\Data\\UpgradePasswordHashes'),(64,'Magento\\User\\Setup\\Patch\\Data\\UpgradeSerializedFields'),(65,'Magento\\Sales\\Setup\\Patch\\Data\\InstallOrderStatusesAndInitialSalesConfig'),(66,'Magento\\Sales\\Setup\\Patch\\Data\\UpdateEntityTypes'),(67,'Magento\\Sales\\Setup\\Patch\\Data\\ConvertSerializedDataToJson'),(68,'Magento\\Sales\\Setup\\Patch\\Data\\FillQuoteAddressIdInSalesOrderAddress'),(69,'Magento\\Sales\\Setup\\Patch\\Data\\UpdateEntityTypeModelForInvoice'),(70,'Magento\\Checkout\\Setup\\Patch\\Data\\PrepareInitialCheckoutConfiguration'),(71,'Magento\\ConfigurableProduct\\Setup\\Patch\\Data\\InstallInitialConfigurableAttributes'),(72,'Magento\\ConfigurableProduct\\Setup\\Patch\\Data\\UpdateManufacturerAttribute'),(73,'Magento\\ConfigurableProduct\\Setup\\Patch\\Data\\UpdateTierPriceAttribute'),(74,'Magento\\CurrencySymbol\\Setup\\Patch\\Data\\ConvertSerializedCustomCurrencySymbolToJson'),(75,'Magento\\Integration\\Setup\\Patch\\Data\\RemoveInactiveTokens'),(76,'Magento\\Dhl\\Setup\\Patch\\Data\\PrepareShipmentDays'),(77,'Magento\\Downloadable\\Setup\\Patch\\Data\\InstallDownloadableAttributes'),(78,'Magento\\Downloadable\\Setup\\Patch\\Data\\UpdateLinksExistDefaultAttributeValue'),(79,'Magento\\Bundle\\Setup\\Patch\\Data\\ApplyAttributesUpdate'),(80,'Magento\\Bundle\\Setup\\Patch\\Data\\UpdateBundleRelatedEntityTypes'),(81,'Magento\\CatalogSearch\\Setup\\Patch\\Data\\MySQLSearchDeprecationNotification'),(82,'Magento\\CatalogSearch\\Setup\\Patch\\Data\\SetInitialSearchWeightForAttributes'),(83,'Magento\\EncryptionKey\\Setup\\Patch\\Data\\SodiumChachaPatch'),(84,'Magento\\Fedex\\Setup\\Patch\\Data\\ConfigureFedexDefaults'),(85,'Magento\\GiftMessage\\Setup\\Patch\\Data\\AddGiftMessageAttributes'),(86,'Magento\\GiftMessage\\Setup\\Patch\\Data\\MoveGiftMessageToGiftOptionsGroup'),(87,'Magento\\GiftMessage\\Setup\\Patch\\Data\\UpdateGiftMessageAttribute'),(88,'Magento\\GroupedProduct\\Setup\\Patch\\Data\\InitializeGroupedProductLinks'),(89,'Magento\\GroupedProduct\\Setup\\Patch\\Data\\UpdateProductRelations'),(90,'Magento\\AuthorizenetAcceptjs\\Setup\\Patch\\Data\\CopyCurrentConfig'),(91,'Magento\\Analytics\\Setup\\Patch\\Data\\PrepareInitialConfig'),(92,'Magento\\InventoryLowQuantityNotification\\Setup\\Patch\\Data\\MigrateCatalogInventoryNotifyStockQuantityData'),(93,'Magento\\SalesRule\\Setup\\Patch\\Data\\PrepareRuleModelSerializedData'),(94,'Magento\\SalesRule\\Setup\\Patch\\Data\\ConvertSerializedDataToJson'),(95,'Magento\\SalesRule\\Setup\\Patch\\Data\\FillSalesRuleProductAttributeTable'),(96,'Magento\\Vault\\Setup\\Patch\\Data\\SetCreditCardAsDefaultTokenType'),(97,'Magento\\Paypal\\Setup\\Patch\\Data\\AddPaypalOrderStatuses'),(98,'Magento\\Paypal\\Setup\\Patch\\Data\\UpdatePaypalCreditOption'),(99,'Magento\\Reports\\Setup\\Patch\\Data\\InitializeReportEntityTypesAndPages'),(100,'Magento\\Review\\Setup\\Patch\\Data\\InitReviewStatusesAndData'),(101,'Magento\\OfflineShipping\\Setup\\Patch\\Data\\UpdateQuoteShippingAddresses'),(102,'Magento\\OfflineShipping\\Setup\\Patch\\Data\\UpdateShippingTablerate'),(103,'Magento\\UrlRewrite\\Setup\\Patch\\Data\\ConvertSerializedDataToJson'),(104,'Magento\\Swatches\\Setup\\Patch\\Data\\AddSwatchImageAttribute'),(105,'Magento\\Swatches\\Setup\\Patch\\Data\\AddSwatchImageToDefaultAttribtueSet'),(106,'Magento\\Swatches\\Setup\\Patch\\Data\\UpdateAdminTextSwatchValues'),(107,'Magento\\Swatches\\Setup\\Patch\\Data\\ConvertAdditionalDataToJson'),(108,'Magento\\Tax\\Setup\\Patch\\Data\\AddTaxAttributeAndTaxClasses'),(109,'Magento\\Tax\\Setup\\Patch\\Data\\UpdateTaxClassAttributeVisibility'),(110,'Magento\\Tax\\Setup\\Patch\\Data\\UpdateTaxRegionId'),(111,'Magento\\SampleData\\Setup\\Patch\\Data\\ClearSampleDataState'),(112,'Magento\\Usps\\Setup\\Patch\\Data\\UpdateAllowedMethods'),(113,'Magento\\Braintree\\Setup\\Patch\\Data\\ConvertSerializedDataToJson'),(114,'Magento\\Weee\\Setup\\Patch\\Data\\InitQuoteAndOrderAttributes'),(115,'Magento\\Wishlist\\Setup\\Patch\\Data\\ConvertSerializedData'),(116,'Magento\\Store\\Setup\\Patch\\Data\\DisableSid'),(117,'Magento\\Downloadable\\Setup\\Patch\\Data\\AddDownloadableHostsConfig'),(118,'Klarna\\Core\\Setup\\Patch\\Data\\UpdateKcoApiPathsInCoreConfig'),(119,'Klarna\\Core\\Setup\\Patch\\Data\\UpdateKlarnaApiVersionInCoreConfig'),(120,'Klarna\\Kp\\Setup\\Patch\\Data\\RemoveHtmlTag'),(121,'Klarna\\Kp\\Setup\\Patch\\Data\\ResetIsActive'),(122,'Magento\\Directory\\Setup\\Patch\\Data\\AddCountriesCaribbeanCuracaoKosovoSintMaarten'),(123,'Magento\\Directory\\Setup\\Patch\\Data\\AddDataForBelgium'),(124,'Magento\\Directory\\Setup\\Patch\\Data\\AddDataForChina'),(125,'Magento\\Catalog\\Setup\\Patch\\Data\\UpdateCustomLayoutAttributes'),(126,'Magento\\Msrp\\Setup\\Patch\\Data\\ChangeMsrpAttributeLabel'),(127,'Magento\\CatalogUrlRewrite\\Setup\\Patch\\Data\\UpdateUrlKeySearchable'),(128,'Magento\\Email\\Setup\\Patch\\Data\\FlagLegacyTemplates'),(129,'Magento\\Reports\\Setup\\Patch\\Data\\ReportDisableNotification'),(130,'Magento\\Newsletter\\Setup\\Patch\\Data\\FlagLegacyTemplates'),(131,'Magento\\Review\\Setup\\Patch\\Schema\\AddUniqueConstraintToReviewEntitySummary'),(132,'Magento\\TwoFactorAuth\\Setup\\Patch\\Schema\\CopyTablesFromOldModule'),(133,'Temando\\ShippingRemover\\Setup\\Patch\\Schema\\EmptyTablesRemoval'),(134,'Magento\\Directory\\Setup\\Patch\\Data\\AddDataForColombia'),(135,'Magento\\Directory\\Setup\\Patch\\Data\\AddDataForItaly'),(136,'Magento\\Directory\\Setup\\Patch\\Data\\AddDataForPoland'),(137,'Magento\\Customer\\Setup\\Patch\\Data\\UpdateCustomerAddressAttributesSortOrder'),(138,'Magento\\Customer\\Setup\\Patch\\Data\\UpdateDefaultCustomerGroupInConfig'),(139,'Magento\\CatalogUrlRewrite\\Setup\\Patch\\Data\\UpdateUrlKeyForProducts'),(140,'Magento\\CatalogSearch\\Setup\\Patch\\Data\\MySQLSearchRemovalNotification'),(141,'Magento\\Analytics\\Setup\\Patch\\Data\\ActivateDataCollection'),(142,'Magento\\Paypal\\Setup\\Patch\\Data\\UpdateSmartButtonLabel'),(143,'Magento\\Paypal\\Setup\\Patch\\Data\\UpdateSmartButtonSize'),(144,'Magento\\ReCaptchaMigration\\Setup\\Patch\\Data\\MigrateConfigToRecaptchaModules'),(145,'Magento\\TwoFactorAuth\\Setup\\Patch\\Data\\CopyConfigFromOldModule'),(146,'Magento\\TwoFactorAuth\\Setup\\Patch\\Data\\EncryptConfiguration'),(147,'Magento\\TwoFactorAuth\\Setup\\Patch\\Data\\EncryptGoogleSecrets'),(148,'Magento\\TwoFactorAuth\\Setup\\Patch\\Data\\EncryptSecrets'),(149,'Magento\\TwoFactorAuth\\Setup\\Patch\\Data\\GenerateDuoSecurityKey'),(150,'Magento\\TwoFactorAuth\\Setup\\Patch\\Data\\PopulateCountryTable'),(151,'Magento\\TwoFactorAuth\\Setup\\Patch\\Data\\ResetU2fConfig'),(152,'Temando\\ShippingRemover\\Setup\\Patch\\Data\\AttributesRemoval'),(153,'Temando\\ShippingRemover\\Setup\\Patch\\Data\\BookmarkCleaner'),(154,'Temando\\ShippingRemover\\Setup\\Patch\\Data\\ConfigRemoval'),(155,'Vertex\\Tax\\Setup\\Patch\\Data\\DetermineCurrentConfigForShippingOriginUse'),(156,'Vertex\\Tax\\Setup\\Patch\\Data\\EnableCacheType'),(157,'Vertex\\Tax\\Setup\\Patch\\Data\\ExpandDefaultTaxClassesPatch'),(158,'Vertex\\Tax\\Setup\\Patch\\Data\\MigrateCustomerCodeFromEav'),(159,'Magento\\Directory\\Setup\\Patch\\Data\\AddDataForAlbania'),(160,'Magento\\Directory\\Setup\\Patch\\Data\\AddDataForArgentina'),(161,'Magento\\Directory\\Setup\\Patch\\Data\\AddDataForBelarus'),(162,'Magento\\Directory\\Setup\\Patch\\Data\\AddDataForBolivia'),(163,'Magento\\Directory\\Setup\\Patch\\Data\\AddDataForBulgaria'),(164,'Magento\\Directory\\Setup\\Patch\\Data\\AddDataForChile'),(165,'Magento\\Directory\\Setup\\Patch\\Data\\AddDataForDenmark'),(166,'Magento\\Directory\\Setup\\Patch\\Data\\AddDataForEcuador'),(167,'Magento\\Directory\\Setup\\Patch\\Data\\AddDataForGreece'),(168,'Magento\\Directory\\Setup\\Patch\\Data\\AddDataForGuyana'),(169,'Magento\\Directory\\Setup\\Patch\\Data\\AddDataForIceland'),(170,'Magento\\Directory\\Setup\\Patch\\Data\\AddDataForParaguay'),(171,'Magento\\Directory\\Setup\\Patch\\Data\\AddDataForPeru'),(172,'Magento\\Directory\\Setup\\Patch\\Data\\AddDataForPortugal'),(173,'Magento\\Directory\\Setup\\Patch\\Data\\AddDataForSuriname'),(174,'Magento\\Directory\\Setup\\Patch\\Data\\AddDataForSweden'),(175,'Magento\\Directory\\Setup\\Patch\\Data\\AddDataForUruguay'),(176,'Magento\\Directory\\Setup\\Patch\\Data\\AddDataForVenezuela'),(177,'Magento\\Directory\\Setup\\Patch\\Data\\UpdateRegionNamesForSwitzerland'),(178,'Magento\\Config\\Setup\\Patch\\Data\\RemoveTinymceConfig'),(179,'Magento\\Config\\Setup\\Patch\\Data\\UnsetTinymce3'),(180,'Magento\\Customer\\Setup\\Patch\\Data\\SessionIDColumnCleanUp'),(181,'Magento\\Security\\Setup\\Patch\\Data\\SessionIDColumnCleanUp'),(182,'Magento\\Catalog\\Setup\\Patch\\Data\\UpdateMultiselectAttributesBackendTypes'),(183,'Magento\\Catalog\\Setup\\Patch\\Data\\UpdateProductDescriptionOrder'),(184,'Magento\\Catalog\\Setup\\Patch\\Data\\UpdateProductUrlKey'),(185,'Magento\\Quote\\Setup\\Patch\\Data\\WishlistDataCleanUp'),(186,'Magento\\MediaGalleryUi\\Setup\\Patch\\Data\\AddMediaGalleryPermissions'),(187,'Magento\\Integration\\Setup\\Patch\\Data\\UpgradeConsumerSecret'),(188,'Magento\\Integration\\Setup\\Patch\\Data\\UpgradeOauthToken'),(189,'Magento\\Sales\\Setup\\Patch\\Data\\WishlistDataCleanUp'),(190,'Magento\\Elasticsearch\\Setup\\Patch\\Data\\InvalidateIndex'),(191,'Magento\\PageBuilder\\Setup\\Patch\\Data\\UpdateProductAttribute'),(192,'Magento\\PageBuilder\\Setup\\Patch\\Data\\UpgradePageBuilderStripStyles'),(193,'Magento\\Paypal\\Setup\\Patch\\Data\\UpdateBmltoPayLater'),(194,'Magento\\Wishlist\\Setup\\Patch\\Data\\WishlistDataCleanUp'),(195,'Magento\\CatalogRule\\Setup\\Patch\\Schema\\CleanUpProductPriceReplicaTable'),(196,'Magento\\Directory\\Setup\\Patch\\Data\\AddDataForCzechia');

--
