--
-- Host: localhost    Database: sm_multe
-- ------------------------------------------------------


--
-- Table structure for table `admin_adobe_ims_webapi`
--

CREATE TABLE `admin_adobe_ims_webapi` (
  `id` int unsigned NOT NULL AUTO_INCREMENT COMMENT 'Entity ID',
  `admin_user_id` int unsigned NOT NULL DEFAULT '0' COMMENT 'Admin User Id',
  `access_token_hash` varchar(255) DEFAULT NULL COMMENT 'Access Token Hash',
  `access_token` text COMMENT 'Access Token',
  `created_at` timestamp NOT NULL DEFAULT CURRENT_TIMESTAMP COMMENT 'Created At',
  `updated_at` timestamp NOT NULL DEFAULT CURRENT_TIMESTAMP ON UPDATE CURRENT_TIMESTAMP COMMENT 'Updated At',
  `last_check_time` timestamp NOT NULL DEFAULT '0000-00-00 00:00:00' COMMENT 'Last check time',
  `access_token_expires_at` timestamp NOT NULL DEFAULT '0000-00-00 00:00:00' COMMENT 'Access Token Expires At',
  PRIMARY KEY (`id`),
  UNIQUE KEY `ADMIN_ADOBE_IMS_WEBAPI_ACCESS_TOKEN_HASH` (`access_token_hash`),
  KEY `ADMIN_ADOBE_IMS_WEBAPI_ADMIN_USER_ID` (`admin_user_id`),
  CONSTRAINT `ADMIN_ADOBE_IMS_WEBAPI_ADMIN_USER_ID_ADMIN_USER_USER_ID` FOREIGN KEY (`admin_user_id`) REFERENCES `admin_user` (`user_id`) ON DELETE CASCADE
) ENGINE=InnoDB DEFAULT CHARSET=utf8 COMMENT='Admin Adobe IMS Webapi';

--
-- Dumping data for table `admin_adobe_ims_webapi`
--


--
-- Table structure for table `admin_analytics_usage_version_log`
--

CREATE TABLE `admin_analytics_usage_version_log` (
  `id` int unsigned NOT NULL AUTO_INCREMENT COMMENT 'Log ID',
  `last_viewed_in_version` varchar(50) NOT NULL COMMENT 'Viewer last viewed on product version',
  PRIMARY KEY (`id`),
  UNIQUE KEY `ADMIN_ANALYTICS_USAGE_VERSION_LOG_LAST_VIEWED_IN_VERSION` (`last_viewed_in_version`)
) ENGINE=InnoDB AUTO_INCREMENT=2 DEFAULT CHARSET=utf8 COMMENT='Admin Notification Viewer Log Table';

--
-- Dumping data for table `admin_analytics_usage_version_log`
--

INSERT INTO `admin_analytics_usage_version_log` VALUES (1,'2.3.3');

--
-- Table structure for table `admin_passwords`
--

CREATE TABLE `admin_passwords` (
  `password_id` int unsigned NOT NULL AUTO_INCREMENT COMMENT 'Password ID',
  `user_id` int unsigned NOT NULL DEFAULT '0' COMMENT 'User ID',
  `password_hash` varchar(255) DEFAULT NULL COMMENT 'Password Hash',
  `expires` int unsigned NOT NULL DEFAULT '0' COMMENT 'Deprecated',
  `last_updated` int unsigned NOT NULL DEFAULT '0' COMMENT 'Last Updated',
  PRIMARY KEY (`password_id`),
  KEY `ADMIN_PASSWORDS_USER_ID` (`user_id`),
  CONSTRAINT `ADMIN_PASSWORDS_USER_ID_ADMIN_USER_USER_ID` FOREIGN KEY (`user_id`) REFERENCES `admin_user` (`user_id`) ON DELETE CASCADE
) ENGINE=InnoDB AUTO_INCREMENT=18 DEFAULT CHARSET=utf8 COMMENT='Admin Passwords';

--
-- Dumping data for table `admin_passwords`
--

INSERT INTO `admin_passwords` VALUES (5,3,'1d88bec7c2ff3d797a1292415e219deeb53ed9b333a7acaab84eb38d7acb0d4f:vHFjDOOpzx0kIoyg5Esg3ZbZC8JjsHdK:1',0,1508398750),(6,3,'8beb3cee5dc7c5d57623cdb9b1f71e598f4412f81c9efd6eda28a75cd1a21210:jPrKZdOWcGNsJOwpN0vr0AN7zyKdBzxt:1',0,1510297984),(7,3,'a5c3f7f0c1d4391fb40d5cfb98e4a8c7dc615f479c3b61395415a9801ab7d7a9:iNv6S6C77oSFL65iR075c4pPzWtkOYbA:1',0,1511143837),(8,3,'3e3127c2d15b639deacb04d2f65109a74a20c91183a820099e3626edc096ab2f:XbDI8ULJBcJtrjBfc3WVaczIedqaC5Jj:1',0,1511253109),(10,5,'0ad974896b973b358f349ee988adab25c204a464f9d10745145e9d1e3d48517f:gaBDmUzPnGI6GFkmDZIi23h33gUlfDLt:1',0,1513927113),(11,6,'c204596c9284b62385a3bfb71cfe01e933767b01e69766784c75ce7dc9bfb94f:CF7fcHGFSqOh1HdqaauEnuD1DXUqVID3:1',0,1539230262),(12,7,'4711b0d084997783f7c54710cb5d07638c15250f2fa1fd4902b0496897a3d742:tCgh6g2QkSadWWwobDjUDZcsnzNMTYvi:1',0,1562140079),(13,8,'f69ba9cacd581f3e32ee33ce0bae02036061d5b502bdf2f39aa7a14b04f9edd3:Rx1b5xwBKS0H3eGdrr9nm9IPfV95ogL5:1',0,1571729745),(14,8,'af9fafbe23dce1aa40f23763c49a1af38579bc610fe595c0a076d2c186a5b587:D6eBIEQ7dcSoQxATKLg9RLr0NDqNqefy:1',0,1581476266),(15,9,'ad8f52aaf794ccc3bd14482ad598c9b8b37ab534802903b767fca89a6838cc2c:Ce5ertHVIi4iDIU7:2',0,1597917782),(16,9,'33015901740e07239298411539e1c6ba9294937ebd421cc50bc9b09b76f21fca:r75LPgbhX8M5oYZR:2',0,1617173752),(17,10,'184132e3b77ed6af942cbcba24fc97e705d9f128323180a10de85abebcf45c9e:WaF1SiGFfZGXkqeJAecb9AIxibCXRbp7:3_32_2_67108864',0,1689749420);

--
-- Table structure for table `admin_system_messages`
--

CREATE TABLE `admin_system_messages` (
  `identity` varchar(100) NOT NULL COMMENT 'Message ID',
  `severity` smallint unsigned NOT NULL DEFAULT '0' COMMENT 'Problem type',
  `created_at` timestamp NOT NULL DEFAULT CURRENT_TIMESTAMP COMMENT 'Create date',
  PRIMARY KEY (`identity`)
) ENGINE=InnoDB DEFAULT CHARSET=utf8 COMMENT='Admin System Messages';

--
-- Dumping data for table `admin_system_messages`
--

INSERT INTO `admin_system_messages` VALUES ('da332d712f3215b9b94bfa268c398323',2,'2023-07-19 06:53:11');

--
-- Table structure for table `admin_user`
--

CREATE TABLE `admin_user` (
  `user_id` int unsigned NOT NULL AUTO_INCREMENT COMMENT 'User ID',
  `firstname` varchar(32) DEFAULT NULL COMMENT 'User First Name',
  `lastname` varchar(32) DEFAULT NULL COMMENT 'User Last Name',
  `email` varchar(128) DEFAULT NULL COMMENT 'User Email',
  `username` varchar(40) DEFAULT NULL COMMENT 'User Login',
  `password` varchar(255) NOT NULL COMMENT 'User Password',
  `created` timestamp NOT NULL DEFAULT CURRENT_TIMESTAMP COMMENT 'User Created Time',
  `modified` timestamp NOT NULL DEFAULT CURRENT_TIMESTAMP ON UPDATE CURRENT_TIMESTAMP COMMENT 'User Modified Time',
  `logdate` timestamp NULL DEFAULT NULL COMMENT 'User Last Login Time',
  `lognum` smallint unsigned NOT NULL DEFAULT '0' COMMENT 'User Login Number',
  `reload_acl_flag` smallint NOT NULL DEFAULT '0' COMMENT 'Reload ACL',
  `is_active` smallint NOT NULL DEFAULT '1' COMMENT 'User Is Active',
  `extra` text COMMENT 'User Extra Data',
  `rp_token` text COMMENT 'Reset Password Link Token',
  `rp_token_created_at` timestamp NULL DEFAULT NULL COMMENT 'Reset Password Link Token Creation Date',
  `interface_locale` varchar(16) NOT NULL DEFAULT 'en_US' COMMENT 'Backend interface locale',
  `failures_num` smallint DEFAULT '0' COMMENT 'Failure Number',
  `first_failure` timestamp NULL DEFAULT NULL COMMENT 'First Failure',
  `lock_expires` timestamp NULL DEFAULT NULL COMMENT 'Expiration Lock Dates',
  `refresh_token` text COMMENT 'Email connector refresh token',
  PRIMARY KEY (`user_id`),
  UNIQUE KEY `ADMIN_USER_USERNAME` (`username`)
) ENGINE=InnoDB AUTO_INCREMENT=11 DEFAULT CHARSET=utf8 COMMENT='Admin User Table';



--
-- Table structure for table `admin_user_expiration`
--

CREATE TABLE `admin_user_expiration` (
  `user_id` int unsigned NOT NULL COMMENT 'User ID',
  `expires_at` datetime NOT NULL DEFAULT '0000-00-00 00:00:00' COMMENT 'User Expiration Date',
  PRIMARY KEY (`user_id`),
  CONSTRAINT `ADMIN_USER_EXPIRATION_USER_ID_ADMIN_USER_USER_ID` FOREIGN KEY (`user_id`) REFERENCES `admin_user` (`user_id`) ON DELETE CASCADE
) ENGINE=InnoDB DEFAULT CHARSET=utf8 COMMENT='Admin User expiration dates table';

--
-- Dumping data for table `admin_user_expiration`
--


--
-- Table structure for table `admin_user_session`
--

CREATE TABLE `admin_user_session` (
  `id` int unsigned NOT NULL AUTO_INCREMENT COMMENT 'Entity ID',
  `session_id` varchar(1) DEFAULT NULL COMMENT 'Deprecated: Session ID value no longer used',
  `user_id` int unsigned DEFAULT NULL COMMENT 'Admin User ID',
  `status` smallint unsigned NOT NULL DEFAULT '1' COMMENT 'Current Session status',
  `created_at` timestamp NOT NULL DEFAULT CURRENT_TIMESTAMP COMMENT 'Created Time',
  `updated_at` timestamp NOT NULL DEFAULT CURRENT_TIMESTAMP ON UPDATE CURRENT_TIMESTAMP COMMENT 'Update Time',
  `ip` varchar(15) NOT NULL COMMENT 'Remote user IP',
  PRIMARY KEY (`id`),
  KEY `ADMIN_USER_SESSION_SESSION_ID` (`session_id`),
  KEY `ADMIN_USER_SESSION_USER_ID` (`user_id`),
  CONSTRAINT `ADMIN_USER_SESSION_USER_ID_ADMIN_USER_USER_ID` FOREIGN KEY (`user_id`) REFERENCES `admin_user` (`user_id`) ON DELETE CASCADE
) ENGINE=InnoDB AUTO_INCREMENT=125 DEFAULT CHARSET=utf8 COMMENT='Admin User sessions table';

--
-- Dumping data for table `admin_user_session`
--

INSERT INTO `admin_user_session` VALUES (38,NULL,3,1,'2017-10-19 07:40:45','2022-09-13 04:08:46','127.0.0.1'),(39,NULL,3,2,'2017-10-30 04:08:26','2022-09-13 04:08:46','127.0.0.1'),(40,NULL,3,1,'2017-10-30 04:08:39','2022-09-13 04:08:46','127.0.0.1'),(41,NULL,3,1,'2017-11-01 03:51:52','2022-09-13 04:08:46','127.0.0.1'),(42,NULL,3,0,'2017-11-06 01:55:52','2022-09-13 04:08:46','127.0.0.1'),(43,NULL,3,0,'2017-11-06 02:57:15','2022-09-13 04:08:46','127.0.0.1'),(44,NULL,3,2,'2017-11-06 02:58:13','2022-09-13 04:08:46','127.0.0.1'),(45,NULL,3,2,'2017-11-08 02:04:22','2022-09-13 04:08:46','127.0.0.1'),(46,NULL,3,2,'2017-11-09 08:23:58','2022-09-13 04:08:46','192.168.1.96'),(47,NULL,3,2,'2017-11-10 01:46:19','2022-09-13 04:08:46','192.168.1.11'),(48,NULL,3,2,'2017-11-10 04:54:50','2022-09-13 04:08:46','192.168.1.96'),(49,NULL,3,2,'2017-11-10 04:57:37','2022-09-13 04:08:46','192.168.1.11'),(50,NULL,3,2,'2017-11-10 07:15:23','2022-09-13 04:08:46','127.0.0.1'),(51,NULL,3,2,'2017-11-10 08:13:29','2022-09-13 04:08:46','192.168.1.11'),(52,NULL,3,1,'2017-11-10 09:46:26','2022-09-13 04:08:46','192.168.1.11'),(53,NULL,3,2,'2017-11-15 09:47:21','2022-09-13 04:08:46','192.168.1.10'),(54,NULL,3,2,'2017-11-16 02:41:32','2022-09-13 04:08:46','192.168.1.44'),(55,NULL,3,2,'2017-11-16 04:37:28','2022-09-13 04:08:46','192.168.1.96'),(56,NULL,3,1,'2017-11-16 06:45:34','2022-09-13 04:08:46','192.168.1.44'),(57,NULL,3,2,'2017-11-20 02:17:23','2022-09-13 04:08:46','127.0.0.1'),(58,NULL,3,2,'2017-11-20 09:24:44','2022-09-13 04:08:46','127.0.0.1'),(59,NULL,3,2,'2017-11-21 08:35:52','2022-09-13 04:08:46','127.0.0.1'),(60,NULL,3,2,'2017-11-22 07:34:20','2022-09-13 04:08:46','192.168.1.57'),(61,NULL,3,2,'2017-11-22 08:44:02','2022-09-13 04:08:46','192.168.1.96'),(62,NULL,3,2,'2017-11-22 09:47:40','2022-09-13 04:08:46','192.168.1.57'),(63,NULL,3,2,'2017-11-23 02:12:00','2022-09-13 04:08:46','192.168.1.96'),(64,NULL,3,2,'2017-11-23 02:34:19','2022-09-13 04:08:46','192.168.1.57'),(65,NULL,3,2,'2017-11-23 02:43:08','2022-09-13 04:08:46','192.168.1.96'),(66,NULL,3,2,'2017-11-23 04:01:18','2022-09-13 04:08:46','192.168.1.57'),(67,NULL,3,2,'2017-11-23 07:24:27','2022-09-13 04:08:46','192.168.1.96'),(68,NULL,3,2,'2017-11-23 07:27:37','2022-09-13 04:08:46','192.168.1.57'),(69,NULL,3,2,'2017-11-23 07:37:07','2022-09-13 04:08:46','192.168.1.96'),(70,NULL,3,2,'2017-11-23 07:59:27','2022-09-13 04:08:46','192.168.1.57'),(71,NULL,3,2,'2017-11-23 08:13:54','2022-09-13 04:08:46','192.168.1.96'),(72,NULL,3,2,'2017-11-23 08:14:38','2022-09-13 04:08:46','192.168.1.57'),(73,NULL,3,2,'2017-11-23 08:29:06','2022-09-13 04:08:46','192.168.1.96'),(74,NULL,3,1,'2017-11-23 10:15:30','2022-09-13 04:08:46','127.0.0.1'),(75,NULL,3,2,'2017-11-27 04:00:55','2022-09-13 04:08:46','192.168.1.96'),(76,NULL,3,2,'2017-11-28 01:32:41','2022-09-13 04:08:46','192.168.1.66'),(77,NULL,3,2,'2017-11-28 03:33:14','2022-09-13 04:08:46','192.168.1.96'),(78,NULL,3,2,'2017-11-28 03:39:07','2022-09-13 04:08:46','192.168.1.66'),(79,NULL,3,2,'2017-11-28 03:54:22','2022-09-13 04:08:46','192.168.1.96'),(80,NULL,3,1,'2017-11-28 04:03:41','2022-09-13 04:08:46','192.168.1.66'),(85,NULL,5,2,'2017-12-22 07:20:11','2022-09-13 04:08:46','127.0.0.1'),(86,NULL,5,2,'2017-12-23 08:07:34','2022-09-13 04:08:46','192.168.1.14'),(87,NULL,5,1,'2017-12-23 08:42:17','2022-09-13 04:08:46','192.168.1.59'),(88,NULL,5,2,'2017-12-25 01:53:54','2022-09-13 04:08:46','192.168.1.3'),(89,NULL,5,2,'2017-12-25 01:59:46','2022-09-13 04:08:46','192.168.1.14'),(90,NULL,5,2,'2017-12-25 02:15:24','2022-09-13 04:08:46','192.168.1.3'),(91,NULL,5,2,'2017-12-25 03:49:53','2022-09-13 04:08:46','192.168.1.14'),(92,NULL,5,2,'2017-12-26 07:11:55','2022-09-13 04:08:46','192.168.1.3'),(93,NULL,5,2,'2017-12-26 08:17:41','2022-09-13 04:08:46','192.168.1.14'),(94,NULL,5,2,'2017-12-26 09:45:02','2022-09-13 04:08:46','192.168.1.3'),(95,NULL,5,2,'2017-12-26 09:49:52','2022-09-13 04:08:46','192.168.1.14'),(96,NULL,5,2,'2017-12-26 09:56:21','2022-09-13 04:08:46','192.168.1.3'),(97,NULL,5,2,'2017-12-26 10:03:49','2022-09-13 04:08:46','192.168.1.14'),(98,NULL,5,2,'2017-12-26 10:05:20','2022-09-13 04:08:46','192.168.1.3'),(99,NULL,5,2,'2017-12-26 10:08:04','2022-09-13 04:08:46','192.168.1.14'),(100,NULL,5,2,'2017-12-26 10:14:33','2022-09-13 04:08:46','192.168.1.3'),(101,NULL,5,2,'2017-12-27 01:50:00','2022-09-13 04:08:46','192.168.1.14'),(102,NULL,5,1,'2017-12-29 02:39:56','2022-09-13 04:08:46','192.168.1.90'),(103,NULL,6,2,'2018-10-11 03:58:21','2022-09-13 04:08:46','::1'),(104,NULL,6,2,'2018-10-11 04:07:54','2022-09-13 04:08:46','::1'),(105,NULL,6,2,'2018-10-11 07:06:01','2022-09-13 04:08:46','::1'),(106,NULL,6,2,'2018-10-11 07:35:17','2022-09-13 04:08:46','127.0.0.1'),(107,NULL,6,2,'2018-10-11 08:54:55','2022-09-13 04:08:46','::1'),(108,NULL,6,2,'2018-10-11 09:47:31','2022-09-13 04:08:46','192.168.1.21'),(109,NULL,6,1,'2018-10-12 04:00:22','2022-09-13 04:08:46','192.168.1.21'),(110,NULL,7,1,'2019-07-03 07:51:15','2022-09-13 04:08:46','127.0.0.1'),(111,NULL,8,1,'2019-10-22 08:23:21','2022-09-13 04:08:46','127.0.0.1'),(112,NULL,8,2,'2019-10-24 03:25:22','2022-09-13 04:08:46','192.168.1.31'),(113,NULL,8,2,'2019-10-24 07:27:25','2022-09-13 04:08:46','192.168.1.63'),(114,NULL,8,1,'2019-10-24 07:50:47','2022-09-13 04:08:46','192.168.1.31'),(115,NULL,8,1,'2020-02-12 03:02:00','2022-09-13 04:08:46','127.0.0.1'),(116,NULL,9,2,'2020-08-20 10:20:34','2022-09-13 04:08:46','118.71.224.135'),(117,NULL,9,2,'2020-08-21 02:52:26','2022-09-13 04:08:46','118.71.224.135'),(118,NULL,9,1,'2020-08-21 04:29:28','2022-09-13 04:08:46','118.71.224.135'),(119,NULL,9,1,'2020-08-27 06:48:23','2022-09-13 04:08:46','118.71.224.135'),(120,NULL,9,1,'2020-10-05 09:03:56','2022-09-13 04:08:46','118.71.224.135'),(121,NULL,9,1,'2020-11-05 07:45:52','2022-09-13 04:08:46','118.71.224.135'),(122,NULL,9,1,'2021-03-31 06:55:08','2022-09-13 04:08:46','118.71.224.135'),(123,NULL,10,2,'2023-07-19 06:52:27','2023-07-19 09:54:47','118.70.48.218'),(124,NULL,10,1,'2023-07-19 09:54:47','2023-07-19 10:01:07','118.70.48.218');

--
-- Table structure for table `adminnotification_inbox`
--

CREATE TABLE `adminnotification_inbox` (
  `notification_id` int unsigned NOT NULL AUTO_INCREMENT COMMENT 'Notification ID',
  `severity` smallint unsigned NOT NULL DEFAULT '0' COMMENT 'Problem type',
  `date_added` timestamp NOT NULL DEFAULT CURRENT_TIMESTAMP COMMENT 'Create date',
  `title` varchar(255) NOT NULL COMMENT 'Title',
  `description` text COMMENT 'Description',
  `url` varchar(255) DEFAULT NULL COMMENT 'Url',
  `is_read` smallint unsigned NOT NULL DEFAULT '0' COMMENT 'Flag if notification read',
  `is_remove` smallint unsigned NOT NULL DEFAULT '0' COMMENT 'Flag if notification might be removed',
  PRIMARY KEY (`notification_id`),
  KEY `ADMINNOTIFICATION_INBOX_SEVERITY` (`severity`),
  KEY `ADMINNOTIFICATION_INBOX_IS_READ` (`is_read`),
  KEY `ADMINNOTIFICATION_INBOX_IS_REMOVE` (`is_remove`)
) ENGINE=InnoDB AUTO_INCREMENT=50 DEFAULT CHARSET=utf8 COMMENT='Adminnotification Inbox';

--
-- Dumping data for table `adminnotification_inbox`
--

INSERT INTO `adminnotification_inbox` VALUES (1,1,'2017-11-08 00:20:37','Magento Open Source 2.2.1, 2.1.10, and 2.0.17 Enhance Security and Functionality – 11/7/2017','Magento Open Source 2.2.1, 2.1.10, and 2.0.17 include critical security enhancements and functional updates. Review the release notes for more information: \n\nMagento Open Source 2.2.1: \nhttp://devdocs.magento.com/guides/v2.2/release-notes/bk-release-notes.html, \n\nMagento Open Source 2.1.10: \nhttp://devdocs.magento.com/guides/v2.1/release-notes/bk-release-notes.html, \n\nMagento Open Source 2.0.17: \nhttp://devdocs.magento.com/guides/v2.0/release-notes/bk-release-notes.html  \n',' http://devdocs.magento.com/guides/v2.2/release-notes/bk-release-notes.html',0,0),(2,4,'2017-11-20 02:17:26','FAQ: How to configure &quot;read more&quot; in your Magento 2 blog post',' If you still don\'t know how to configure read more functionality in your magento 2 blog post, please read this article.\nOnline documentation for Magento 2 blog extension is also available on our website. http://goo.gl/XOEdpy ','http://magefan.com/blog/add-read-more-tag-to-blog-post-content/?from=notification1',0,0),(3,4,'2017-12-17 23:53:44','Survey: Do you use site personalization and optimization tools? If yes, we\'d to hear from you!','We\'d like to invite you to take our online survey on site personalization and optimization tools. Your input is valuable and will help to inform the products we bring to market.\n\nThe survey should take no more than 5 minutes to complete. \n\nTo get started, go to: \nhttps://www.surveymonkey.com/r/NF9ZH8D\n\nThank you in advance for your participation.','https://www.surveymonkey.com/r/NF9ZH8D',0,0),(4,4,'2017-12-26 18:23:50','Survey: Do you use site personalization tools? If yes, please take our survey.','We\'d like to invite you to take our online survey on site personalization and optimization tools. Your input is valuable and will help to inform the products we bring to market.\n\nThe survey should take no more than 5 minutes to complete. \n\nTo get started, go to: \nhttps://www.surveymonkey.com/r/NF9ZH8D\n\nThank you in advance for your participation.','https://www.surveymonkey.com/r/NF9ZH8D',0,0),(5,4,'2017-12-27 15:45:11','Magento Survey: Take our quick survey on payments risk &amp; fraud.','We\'d like to invite you to take our online survey on payments risk and fraud. The survey should take no more than 2 minutes to complete.\n\nTo get started, go to: \nhttps://www.surveymonkey.co.uk/r/J8SQ9VG\n\nThank you in advance for your participation.\n\n~The Magento Team','https://www.surveymonkey.co.uk/r/J8SQ9VG',0,0),(6,1,'2018-10-11 03:58:24','Attention! You use an ancient version of Blog Extension. It is strongly recommended to update Blog Extension to the newest version 2.8.2',' \n                                https://magefan.com/magento2-blog-extension?ancient=2.6.0                             ','https://magefan.com/magento2-blog-extension?ancient=2.6.0',0,0),(7,4,'2019-07-03 07:47:37','Deprecation Notice','Catalog Search is currently configured to use the MySQL engine, which has been deprecated. Consider migrating to one of\nthe Elasticsearch engines now to ensure there are no service interruptions during your next upgrade.','',0,0),(8,1,'2019-07-03 07:51:20','Attention! You use an ancient version of Blog Extension. It is strongly recommended to update Blog Extension to the newest version 2.8.10',' \n                                https://magefan.com/magento2-blog-extension?ancient=2.6.0                             ','https://magefan.com/magento2-blog-extension?ancient=2.6.0',0,0),(9,1,'2019-10-22 08:23:27','Attention! You use an ancient version of Blog Extension. It is strongly recommended to update Blog Extension to the newest version 2.9.0',' \n                                https://magefan.com/magento2-blog-extension?ancient=2.8.0                             ','https://magefan.com/magento2-blog-extension?ancient=2.8.0',0,0),(10,4,'2019-10-22 08:23:27','NEW Magento 2 Alternate Hreflang Tags Extension with Better Store Switcher\n',' Do you manage Magento multi-language store without using Hreflang tags? You should definitely enable them. ','https://magefan.com/magento2-alternate-hreflang-extension',0,0),(11,4,'2019-10-23 12:49:48','eBook: Advanced Strategies for Fast-Tracking Revenue Growth','Take your business in a new direction by selling more to a larger audience. Our guide explains 5 ways you can quickly add new revenue streams to your business. Link here: http://bit.ly/2m6svAN','http://bit.ly/2m6svAN',0,0),(12,4,'2020-02-12 02:57:23','Disable Notice','To improve performance, collecting statistics for the Magento Report module is disabled by default. \nYou can enable it in System Config.','',0,0),(13,1,'2020-02-12 03:02:09','Attention! You use an ancient version of Blog Extension. It is strongly recommended to update Blog Extension to the newest version 2.9.2',' \n                                    https://magefan.com/magento2-blog-extension?ancient=2.8.0                                 ','https://magefan.com/magento2-blog-extension?ancient=2.8.0',0,0),(14,4,'2020-08-20 10:20:37','NEW Magento 2 Multi-Blog Extension ',' Magento 2 Multi Blog extension is the extension that allows you to have 2 separate blogs on your Magento 2 store and manage them from one admin panel. This extension could be useful for those who already use Magento 2 Blog and want to improve their store with the second blog. ','https://magefan.com/magento-2-multi-blog-extension',0,0),(15,4,'2020-08-24 17:19:20','We would love your input on Magento Payments','We value the perspective of our users and we would appreciate if you took this short survey on Magento Payments. Your response will influence the design of the next generation Magento Payments solution. https://bit.ly/2CXZro2','https://bit.ly/2CXZro2',0,0),(16,4,'2020-09-14 13:33:10','Get real-time insights into the security status of the store​ with Enhanced Security Scan Tool.','The Enhanced Magento Security Scan Tool provides our on-prem and cloud merchants with real-time insights into the security status of their store by proactively notifying them if their store is vulnerable. ','https://account.magento.com/scanner ',0,0),(17,4,'2020-09-14 13:37:29','Now Available: Magento Quality Patch (MQP) tool to identify and resolve issues more quickly','The introduction of the MQP tool provides a way for you to know which quality patches are available for you installed version and apply or revert them giving you self-service access to resolve issues more quickly.','https://support.magento.com/hc/en-us/articles/360047139492-Magento-Quality-Patches-released-a-new-tool-to-self-serve-quality-patches',0,0),(18,4,'2020-09-16 18:03:56','Free 25-Point Website Evaluation for Magento Open Source Users','​Reach out to us today to get your free 25-point site assessment to identify top conversion drivers and turn your website into a conversion machine.​ Our team of experts will evaluate your site and identify specific areas for conversion improvements. https://bit.ly/3lcgILt','https://bit.ly/3lcgILt',0,0),(19,4,'2020-09-21 17:18:39','New resource updates to the Open Source page on Magento.com. ','Check out the updated Open Source page on Magento.com. Learn how to maximize your Open Source store, discover offers for Open Source merchants, and view comparison charts between Open Source and Magento Commerce. Go to page: https://adobe.ly/3kCB5jW','https://adobe.ly/3kCB5jW',0,0),(20,4,'2020-09-25 01:48:09','Don&#039;t miss Adobe Developer&#039;s Live: Commerce which brings together developers and experience builders in a one-day free conference on Monday, Sept 28th. ','The one-day free conference will feature important Magento developer updates, technical sessions and community networking opportunities. Adobe product teams across Adobe Experience Cloud will showcase the latest tech advances and developer tools powering customer experience management across industries. Register now: https://bit.ly/3hYzbrX','https://bit.ly/3hYzbrX',0,0),(21,4,'2020-09-28 22:07:26','Is Your Website Selling as Much as It Can? Watch our on-demand webinar and learn how to turn your website into a conversion machine.','Watch our on-demand webinar: Is Your Website Selling As Much As It Can? Digital Strategist Ereika Stimley and eCommerce Consultant Corey Gelato will walk you through a website self-assessment and live demo that will help you uncover opportunities to increase conversions and grow revenues. Watch now: https://bit.ly/2EAujMc','https://bit.ly/2EAujMc',0,0),(22,4,'2020-10-06 16:53:57','[Webinar] Is your site to ready to handle spikes in traffic and transactions? ','Your site speed can make or break your conversion rate this holiday season and beyond. Join us on October 15th for a fireside chat &quot;Is Your Website Ready for the 2020 Holiday Season?&quot; to learn what Commerce features you must have, and how to scale your webstore to maximize conversion rates. If you can&#039;t make the live webinar, be sure to register anyway and we&#039;ll send you the recording and slides afterward. Register today: https://bit.ly/33wzXbC','https://bit.ly/33wzXbC',0,0),(23,4,'2020-11-02 16:19:52','2021 Planning - reach out to us today to get your free site assessment to identify top conversion drivers.  ','Considering moving to Magento Commerce in 2021? Would you like a demo or free site assessment? Our team of experts would love to help. Get started now. https://bit.ly/3lcgILt','https://bit.ly/3lcgILt',0,0),(24,1,'2020-11-04 14:28:07','Please help prioritize our roadmap - SHORT survey','We are looking to better understand how we can help you manage all of your digital ecommerce from one place. Please help us prioritize our roadmap! Very short survey is here! http://selfserve.decipherinc.com/survey/selfserve/9d5/201000','http://selfserve.decipherinc.com/survey/selfserve/9d5/201000',0,0),(25,3,'2020-11-05 07:45:57','New version 2.9.7 of Magefan Magento 2 Blog Extension is now available.',' You can download the new version from Magefan Store or update it via composer. Get us in touch if you need our help with an update or you have any questions.\n                                    https://magefan.com/magento2-blog-extension?version=2.9.7\n                                 ','https://magefan.com/magento2-blog-extension?version=2.9.7',0,0),(26,4,'2020-11-23 19:59:51','Upgrade to Magento Commerce quickly with Rapid Deployment Packages','Our experienced solution partners offer special design and implementation packages for businesses to upgrade their site quickly and cost effectively. Learn More: https://adobe.ly/3nqaXKx','https://adobe.ly/3nqaXKx',0,0),(27,4,'2020-12-01 22:02:47','[Video] Fuel Your Business Growth with Magento Commerce','Follow along as our friends at Goodacre Farm &amp; Supply transform their business into a cloud-based eCommerce machine with easy content creation, support for multiple web stores, and personalized product recommendations. Watch Now: https://bit.ly/3m8S2mW','https://bit.ly/3m8S2mW',0,0),(28,4,'2020-12-07 16:29:27','SURVEY: Business Financing and Support','Please complete if you are responsible for your business finances. We&#039;d like to hear from you about your past and future business financing needs. Strictly confidential.','http://selfserve.decipherinc.com/survey/selfserve/9d5/g30c/201100',0,0),(29,4,'2020-12-11 00:37:39','Experience the new Interactive Tour to compare Open Source and Magento Commerce.','Create closer consumer connections in the New Year. Explore our interactive product simulation and learn how Magento Commerce delivers everything you need to drive growth in an increasingly competitive online market. https://adobe.ly/3okS1wS','https://adobe.ly/3okS1wS',0,0),(30,4,'2021-01-08 21:35:55','Happy new year! Is Your Website Selling as Much as It Can? Watch our on-demand webinar and learn how to turn your website into a conversion machine.','Watch our on-demand webinar: Is Your Website Selling As Much As It Can? Digital Strategist Ereika Stimley and eCommerce Consultant Corey Gelato will walk you through a website self-assessment and live demo that will help you uncover opportunities to increase conversions and grow revenues. Watch now: https://bit.ly/2EAujMc','https://bit.ly/2EAujMc',0,0),(31,4,'2021-01-14 01:32:42','You&#039;re invited to our webinar: Is Magento Commerce or Open Source right for you? ','Magento Commerce and Magento Open Source may sound alike, but each offers sharply distinct benefits. To get the facts, sign up for our webinar Is Magento Commerce or Open Source right for you? at 10:00 AM PT on February 4th. Register now: http://bit.ly/3icfnTM','http://bit.ly/3icfnTM',0,0),(32,4,'2021-02-10 15:06:05','Magento Commerce 2.4.2 delivers important security updates and features to help secure and optimize your store','Magento Open Source 2.4.2, along with security-only patches 2.3.6-p1 and 2.4.1-p1, is now generally available. The latest release of Magento Open Source includes important security enhancements along with new functionality and platform quality improvements. With these important updates we strongly recommend that you upgrade to ensure your sites maintain the highest level of security. You can review the release notes for more information about all of the enhancements. Learn how this release can help you save time and maximize resources at Magento.com/blog. ','https://devdocs.magento.com/guides/v2.4/release-notes/bk-release-notes.html',0,0),(33,4,'2021-02-10 15:08:37','Register now for Summit 2021 and stay ahead of commerce trends ','Learn best practices from digital commerce experts during two days of live keynotes, sessions, and sneak peeks. Understand the latest digital commerce trends, discover industry best practices, and network with peers around the world. Register now!','https://summit.adobe.com/na/?utm_source=m1o&amp;utm_medium=rss&amp;utm_campaign=NA_210427_12576_RSS_EVTR_ACOM_FM_Summit_2021_M1_OS',0,0),(34,4,'2021-02-22 23:52:27','Quarterly Business Planning - reach out to us today to get your free site assessment.','Would you like a free site assessment? Our best-in-breed commerce solution gives your business unmatched agility and scalability. It&#039;s time to experience limitless eCommerce with no comprises. Learn more: https://bit.ly/3lcgILt','https://bit.ly/3lcgILt',0,0),(35,4,'2021-03-23 00:33:54','You&#039;re invited to our webinar this week: How digital commerce can scale B2B selling','Digital commerce is fast becoming the default way to buy—even for B2B customers. In just 8 weeks, Byrne Electrical, the leading manufacturer of power and data solutions for numerous industries, launched an eCommerce portal for more than 1,100 of their customers. To learn how they did it, join George Fabis, Director of IT for Byrne, and Slava Kravchuk, CEO &amp; Founder of Atwix, a Magento Commerce solutions partner, for a live discussion on Thursday, March 25. Register Now: https://bit.ly/3r1MCvG','https://bit.ly/3r1MCvG',0,0),(36,3,'2021-03-31 06:53:00','New version 2.9.8 of Magefan Magento 2 Blog Extension is now available.',' You can download the new version from Magefan Store or update it via composer. Get us in touch if you need our help with an update or you have any questions.\n                                    https://magefan.com/magento2-blog-extension?version=2.9.8\n                                 ','https://magefan.com/magento2-blog-extension?version=2.9.8',0,0),(37,4,'2021-05-11 20:44:41','Magento Open Source 2.4.2-p1 &amp; 2.3.7 deliver important security updates','The latest releases of Magento Open Source – 2.3.7 and 2.4.2-p1 – are now generally available. The latest release of Magento Open Source includes important security updates. With these important updates we strongly recommend that you upgrade to ensure your sites maintain the highest level of security. You can review the release notes for more information about all of the updates. Learn how this release can help you save time and maximize resources at Magento.com/blog.','https://devdocs.magento.com/guides/v2.3/release-notes/bk-release-notes.html ',0,0),(38,4,'2021-08-10 17:53:11','Magento Open Source 2.4.3 available today!','Magento Open Source 2.4.3, along with security-only patches 2.4.2-p1 and 2.3.7-p2, is now generally available. Magento Open Source 2.4.3 includes 33 security and 370+ quality improvements, along with performance and scale enhancements.  With these important updates, we strongly recommend that you upgrade to maintain the highest level of security for your sites. Learn how this release can help you save time and maximize resources in our release blog. ','http://magento.com/blog/magento-news/get-ready-your-peak-season-adobe-commerce-243',0,0),(39,4,'2021-10-01 14:44:47','New, Simplified Upgrade Process and Lifecycle Policy Helps Reduce Your TCO ','Adobe Commerce developed a new release strategy and updated its lifecycle policy in effort to help Merchants lower their total cost of ownership and accelerate their time to innovation. Learn more about how upgrades are now more predictable and easier to implement in our blog.','https://magento.com/blog/accelerating-innovation-through-simplified-release-strategy',0,0),(40,4,'2021-10-22 19:06:48','Magento Technology Stack Evaluation Survey','Please take a few minutes to fill out this survey https://forms.office.com/r/DLN8K3h2h0. We appreciate your effort to support the future of Adobe Commerce!','https://forms.office.com/r/DLN8K3h2h0',0,0),(41,2,'2022-02-17 16:49:28','Security update available for Adobe Commerce | APSB22-12','Adobe has released security updates for Adobe Commerce and Magento Open Source. These updates resolve vulnerabilities rated critical. Full details included in security bulletin.','https://helpx.adobe.com/security/products/magento/apsb22-12.html',0,0),(42,2,'2022-03-01 23:33:53','Magento Open Source 2.4.4 Coming April 12','To help ensure this release delivers the highest standards of security and quality, general availability of Magento Open Source is now planned for April 12. For more information, visit our DevBlog. ','https://community.magento.com/t5/Magento-DevBlog/Adobe-Commerce-2-4-4-Now-Coming-April-12/ba-p/492935',0,0),(43,2,'2022-04-12 16:52:58','Magento Open Source 2.4.4 Available Now!','Magento Open Source 2.4.4 enables customers to future-proof and accelerate the growth of their digital commerce businesses. This release is our fastest and most scalable version ever, with increased GraphQL API coverage for several Admin features, as well as new capabilities to PWA Studio 12.3.  Learn how this release can help you save time and maximize resources in our release blog. ','https://business.adobe.com/blog/perspectives/future-proof-your-business-with-adobe-commerce-2-4-4',0,0),(44,4,'2022-05-24 15:06:25','Prepared to upgrade to Magento Open Source 2.4.4?','With 2.3 end of support (EOS) in September and 2.4.0-2.4.3 EOS in November, it is critical to have an upgrade plan in place to make sure your site stays secure, performant and PCI-Compliant. Learn more about how Magento Open Source 2.4.4 will future-proof your business.','https://business.adobe.com/blog/perspectives/future-proof-your-business-with-adobe-commerce-2-4-4',0,0),(45,4,'2022-07-26 16:18:18','Expanded video library on the Adobe Commerce Experience League','Check out our expanded video library on the Adobe Commerce Experience League that now has a set of 35 short demo videos of our core Adobe Commerce capabilities and support tools.','https://experienceleague.adobe.com/docs/commerce-learn/tutorials/overview.html?lang=en',0,0),(46,1,'2022-10-11 16:58:58','Magento Open Source Security Patches Now Available','Adobe is excited to announce that Magento Open Source security-only patches 2.4.5-p1 and 2.4.4-p2 are now available to our entire Commerce Community. In this release, you will find several security enhancements. Refer to the Readying your business for peak season shopping blog for more information and other exciting upgrades. ','https://business.adobe.com/blog/the-latest/readying-your-business-for-peak-season-shopping',0,0),(47,1,'2023-03-14 16:47:30','Welcome Magento Open Source 2.4.6, along with exciting product updates','We are excited to announce that our March release, including Magento Open Source 2.4.6, is now available to our entire Commerce Community. In this core release, you will find several enhancements to platform quality, security, performance, and scale. Also included in this release is the expansion of Payment Services to UK and France. Refer to the Adobe release blog. ','https://business.adobe.com/blog/the-latest/7-adobe-commerce-innovations-that-increase-sales-and-performance',0,0),(48,1,'2023-06-13 14:28:45','Magento Open Source June release brings important accessibility and security updates','We are excited to announce great new accessibility updates in PWA Studio, along with multiple security updates in our June release. PWA Studio can now address the needs of people with all types, degrees, and combinations of disability. These guidelines make Web content more usable for individuals with changing abilities due to aging and often improve usability for users in general. We also have new security patches for all versions still under support or extended support. ','https://business.adobe.com/blog/the-latest/three-rules-of-b2b-commerce-using-adobe-commerce',0,0),(49,3,'2023-07-19 06:52:35','New version 2.10.14 of Magefan Magento 2 Blog Extension is now available.',' You can download the new version from Magefan Store or update it via composer. Get us in touch if you need our help with an update or you have any questions.\n                                    https://magefan.com/magento2-blog-extension?version=2.10.14\n                                 ','https://magefan.com/magento2-blog-extension?version=2.10.14',0,0);

--
-- Table structure for table `adobe_stock_asset`
--

CREATE TABLE `adobe_stock_asset` (
  `id` int unsigned NOT NULL AUTO_INCREMENT COMMENT 'Entity ID',
  `media_gallery_id` int unsigned DEFAULT NULL COMMENT 'Media gallery ID',
  `category_id` int unsigned DEFAULT NULL COMMENT 'Category ID',
  `creator_id` int unsigned DEFAULT NULL COMMENT 'Creator ID',
  `is_licensed` int unsigned NOT NULL DEFAULT '0' COMMENT 'Is Licensed',
  `creation_date` varchar(255) DEFAULT NULL COMMENT 'Creation Date',
  PRIMARY KEY (`id`),
  KEY `ADOBE_STOCK_ASSET_MEDIA_GALLERY_ID_MEDIA_GALLERY_ASSET_ID` (`media_gallery_id`),
  KEY `ADOBE_STOCK_ASSET_ID` (`id`),
  KEY `ADOBE_STOCK_ASSET_CATEGORY_ID` (`category_id`),
  KEY `ADOBE_STOCK_ASSET_CREATOR_ID` (`creator_id`),
  CONSTRAINT `ADOBE_STOCK_ASSET_CATEGORY_ID_ADOBE_STOCK_CATEGORY_ID` FOREIGN KEY (`category_id`) REFERENCES `adobe_stock_category` (`id`) ON DELETE SET NULL,
  CONSTRAINT `ADOBE_STOCK_ASSET_CREATOR_ID_ADOBE_STOCK_CREATOR_ID` FOREIGN KEY (`creator_id`) REFERENCES `adobe_stock_creator` (`id`) ON DELETE SET NULL,
  CONSTRAINT `ADOBE_STOCK_ASSET_MEDIA_GALLERY_ID_MEDIA_GALLERY_ASSET_ID` FOREIGN KEY (`media_gallery_id`) REFERENCES `media_gallery_asset` (`id`) ON DELETE CASCADE
) ENGINE=InnoDB DEFAULT CHARSET=utf8 COMMENT='Adobe Stock Asset';

--
-- Dumping data for table `adobe_stock_asset`
--


--
-- Table structure for table `adobe_stock_category`
--

CREATE TABLE `adobe_stock_category` (
  `id` int unsigned NOT NULL AUTO_INCREMENT COMMENT 'Entity ID',
  `name` varchar(255) DEFAULT NULL COMMENT 'Name',
  PRIMARY KEY (`id`),
  KEY `ADOBE_STOCK_CATEGORY_ID` (`id`)
) ENGINE=InnoDB DEFAULT CHARSET=utf8 COMMENT='Adobe Stock Category';

--
-- Dumping data for table `adobe_stock_category`
--


--
-- Table structure for table `adobe_stock_creator`
--

CREATE TABLE `adobe_stock_creator` (
  `id` int unsigned NOT NULL AUTO_INCREMENT COMMENT 'ID',
  `name` varchar(255) DEFAULT NULL COMMENT 'Asset creator''s name',
  PRIMARY KEY (`id`),
  KEY `ADOBE_STOCK_CREATOR_ID` (`id`)
) ENGINE=InnoDB DEFAULT CHARSET=utf8 COMMENT='Adobe Stock Creator';

--
-- Dumping data for table `adobe_stock_creator`
--


--
-- Table structure for table `adobe_user_profile`
--

CREATE TABLE `adobe_user_profile` (
  `id` int unsigned NOT NULL AUTO_INCREMENT COMMENT 'Entity ID',
  `admin_user_id` int unsigned NOT NULL DEFAULT '0' COMMENT 'Admin User Id',
  `name` varchar(255) NOT NULL COMMENT 'Display Name',
  `email` varchar(255) NOT NULL COMMENT 'user profile email',
  `image` varchar(255) NOT NULL COMMENT 'user profile avatar',
  `account_type` varchar(255) DEFAULT NULL COMMENT 'Account Type',
  `access_token` text COMMENT 'Access Token',
  `refresh_token` text COMMENT 'Refresh Token',
  `created_at` timestamp NOT NULL DEFAULT CURRENT_TIMESTAMP COMMENT 'Created At',
  `updated_at` timestamp NOT NULL DEFAULT CURRENT_TIMESTAMP ON UPDATE CURRENT_TIMESTAMP COMMENT 'Updated At',
  `access_token_expires_at` timestamp NOT NULL DEFAULT '0000-00-00 00:00:00' COMMENT 'Access Token Expires At',
  PRIMARY KEY (`id`),
  KEY `ADOBE_USER_PROFILE_ADMIN_USER_ID_ADMIN_USER_USER_ID` (`admin_user_id`),
  KEY `ADOBE_USER_PROFILE_ID` (`id`),
  KEY `ADOBE_USER_PROFILE_ADMIN_USER_ID` (`admin_user_id`),
  CONSTRAINT `ADOBE_USER_PROFILE_ADMIN_USER_ID_ADMIN_USER_USER_ID` FOREIGN KEY (`admin_user_id`) REFERENCES `admin_user` (`user_id`) ON DELETE CASCADE
) ENGINE=InnoDB DEFAULT CHARSET=utf8 COMMENT='Adobe IMS User Profile';

--
-- Dumping data for table `adobe_user_profile`
--


--
-- Table structure for table `amazon_customer`
--

CREATE TABLE `amazon_customer` (
  `entity_id` int unsigned NOT NULL AUTO_INCREMENT COMMENT 'Entity_id',
  `customer_id` int unsigned NOT NULL COMMENT 'Customer_id',
  `amazon_id` varchar(255) NOT NULL COMMENT 'Amazon_id',
  PRIMARY KEY (`entity_id`),
  UNIQUE KEY `AMAZON_CUSTOMER_CUSTOMER_ID_AMAZON_ID` (`customer_id`,`amazon_id`),
  UNIQUE KEY `AMAZON_CUSTOMER_CUSTOMER_ID` (`customer_id`),
  CONSTRAINT `AMAZON_CUSTOMER_CUSTOMER_ID_CUSTOMER_ENTITY_ENTITY_ID` FOREIGN KEY (`customer_id`) REFERENCES `customer_entity` (`entity_id`) ON DELETE CASCADE
) ENGINE=InnoDB DEFAULT CHARSET=utf8 COMMENT='amazon_customer';

--
-- Dumping data for table `amazon_customer`
--


--
-- Table structure for table `amazon_pending_authorization`
--

CREATE TABLE `amazon_pending_authorization` (
  `entity_id` int unsigned NOT NULL AUTO_INCREMENT COMMENT 'Entity_id',
  `order_id` int unsigned NOT NULL COMMENT 'Order_id',
  `payment_id` int unsigned NOT NULL COMMENT 'Payment_id',
  `authorization_id` varchar(255) DEFAULT NULL COMMENT 'Authorization_id',
  `created_at` datetime NOT NULL COMMENT 'Created_at',
  `updated_at` datetime DEFAULT NULL COMMENT 'Updated_at',
  `processed` smallint unsigned DEFAULT '0' COMMENT 'Initial authorization processed',
  `capture` smallint unsigned DEFAULT '0' COMMENT 'Initial authorization has capture',
  `capture_id` varchar(255) DEFAULT NULL COMMENT 'Initial authorization capture id',
  PRIMARY KEY (`entity_id`),
  UNIQUE KEY `UNQ_E6CCA08713FB32BB136A56837009C371` (`order_id`,`payment_id`,`authorization_id`)
) ENGINE=InnoDB DEFAULT CHARSET=utf8 COMMENT='amazon_pending_authorization';

--
-- Dumping data for table `amazon_pending_authorization`
--


--
-- Table structure for table `amazon_pending_capture`
--

CREATE TABLE `amazon_pending_capture` (
  `entity_id` int unsigned NOT NULL AUTO_INCREMENT COMMENT 'Entity_id',
  `capture_id` varchar(255) NOT NULL COMMENT 'Capture_id',
  `created_at` datetime NOT NULL COMMENT 'Created_at',
  `order_id` int unsigned NOT NULL COMMENT 'order id',
  `payment_id` int unsigned NOT NULL COMMENT 'payment id',
  PRIMARY KEY (`entity_id`),
  UNIQUE KEY `AMAZON_PENDING_CAPTURE_ORDER_ID_PAYMENT_ID_CAPTURE_ID` (`order_id`,`payment_id`,`capture_id`)
) ENGINE=InnoDB DEFAULT CHARSET=utf8 COMMENT='amazon_pending_capture';

--
-- Dumping data for table `amazon_pending_capture`
--


--
-- Table structure for table `amazon_pending_refund`
--

CREATE TABLE `amazon_pending_refund` (
  `entity_id` int unsigned NOT NULL AUTO_INCREMENT COMMENT 'Entity_id',
  `refund_id` varchar(255) NOT NULL COMMENT 'Refund_id',
  `created_at` datetime NOT NULL COMMENT 'Created_at',
  `order_id` int unsigned NOT NULL COMMENT 'Order_id',
  `payment_id` int unsigned NOT NULL COMMENT 'Payment_id',
  PRIMARY KEY (`entity_id`),
  UNIQUE KEY `AMAZON_PENDING_REFUND_ORDER_ID_PAYMENT_ID_REFUND_ID` (`order_id`,`payment_id`,`refund_id`)
) ENGINE=InnoDB DEFAULT CHARSET=utf8 COMMENT='amazon_pending_refund';

--
-- Dumping data for table `amazon_pending_refund`
--


--
-- Table structure for table `amazon_quote`
--

CREATE TABLE `amazon_quote` (
  `entity_id` int unsigned NOT NULL AUTO_INCREMENT COMMENT 'Entity ID',
  `quote_id` int unsigned NOT NULL COMMENT 'Quote ID',
  `amazon_order_reference_id` varchar(255) NOT NULL COMMENT 'Amazon Order Reference ID',
  `sandbox_simulation_reference` varchar(255) DEFAULT NULL COMMENT 'Sandbox simulation reference',
  `confirmed` smallint unsigned NOT NULL DEFAULT '0' COMMENT 'Quote confirmed with Amazon',
  PRIMARY KEY (`entity_id`),
  UNIQUE KEY `AMAZON_QUOTE_QUOTE_ID` (`quote_id`),
  CONSTRAINT `AMAZON_QUOTE_QUOTE_ID_QUOTE_ENTITY_ID` FOREIGN KEY (`quote_id`) REFERENCES `quote` (`entity_id`) ON DELETE CASCADE
) ENGINE=InnoDB DEFAULT CHARSET=utf8 COMMENT='amazon_quote';

--
-- Dumping data for table `amazon_quote`
--


--
-- Table structure for table `amazon_sales_order`
--

CREATE TABLE `amazon_sales_order` (
  `entity_id` int unsigned NOT NULL AUTO_INCREMENT COMMENT 'Entity ID',
  `order_id` int unsigned NOT NULL COMMENT 'Order ID',
  `amazon_order_reference_id` varchar(255) NOT NULL COMMENT 'Amazon Order Reference ID',
  PRIMARY KEY (`entity_id`),
  UNIQUE KEY `AMAZON_SALES_ORDER_ORDER_ID` (`order_id`),
  CONSTRAINT `AMAZON_SALES_ORDER_ORDER_ID_SALES_ORDER_ENTITY_ID` FOREIGN KEY (`order_id`) REFERENCES `sales_order` (`entity_id`) ON DELETE CASCADE
) ENGINE=InnoDB DEFAULT CHARSET=utf8 COMMENT='amazon_sales_order';

--
-- Dumping data for table `amazon_sales_order`
--


--
-- Table structure for table `authorization_role`
--

CREATE TABLE `authorization_role` (
  `role_id` int unsigned NOT NULL AUTO_INCREMENT COMMENT 'Role ID',
  `parent_id` int unsigned NOT NULL DEFAULT '0' COMMENT 'Parent Role ID',
  `tree_level` smallint unsigned NOT NULL DEFAULT '0' COMMENT 'Role Tree Level',
  `sort_order` smallint unsigned NOT NULL DEFAULT '0' COMMENT 'Role Sort Order',
  `role_type` varchar(1) NOT NULL DEFAULT '0' COMMENT 'Role Type',
  `user_id` int unsigned NOT NULL DEFAULT '0' COMMENT 'User ID',
  `user_type` varchar(16) DEFAULT NULL COMMENT 'User Type',
  `role_name` varchar(50) DEFAULT NULL COMMENT 'Role Name',
  PRIMARY KEY (`role_id`),
  KEY `AUTHORIZATION_ROLE_PARENT_ID_SORT_ORDER` (`parent_id`,`sort_order`),
  KEY `AUTHORIZATION_ROLE_TREE_LEVEL` (`tree_level`)
) ENGINE=InnoDB AUTO_INCREMENT=41 DEFAULT CHARSET=utf8 COMMENT='Admin Role Table';

--
-- Dumping data for table `authorization_role`
--

INSERT INTO `authorization_role` VALUES (2,0,1,1,'G',0,'2','Administrators'),(9,2,2,0,'U',1,'2','admin'),(10,2,2,0,'U',2,'2','Hoa'),(13,2,2,0,'U',3,'2','admin'),(29,2,2,0,'U',4,'2','admin'),(34,2,2,0,'U',5,'2','admin'),(35,0,1,0,'U',28,'1','128'),(36,2,2,0,'U',6,'2','admin'),(37,2,2,0,'U',7,'2','admin'),(38,2,2,0,'U',8,'2','admin'),(39,2,2,0,'U',9,'2','ytcdemo'),(40,2,2,0,'U',10,'2','admin');

--
-- Table structure for table `authorization_rule`
--

CREATE TABLE `authorization_rule` (
  `rule_id` int unsigned NOT NULL AUTO_INCREMENT COMMENT 'Rule ID',
  `role_id` int unsigned NOT NULL DEFAULT '0' COMMENT 'Role ID',
  `resource_id` varchar(255) DEFAULT NULL COMMENT 'Resource ID',
  `privileges` varchar(20) DEFAULT NULL COMMENT 'Privileges',
  `permission` varchar(10) DEFAULT NULL COMMENT 'Permission',
  PRIMARY KEY (`rule_id`),
  KEY `AUTHORIZATION_RULE_RESOURCE_ID_ROLE_ID` (`resource_id`,`role_id`),
  KEY `AUTHORIZATION_RULE_ROLE_ID_RESOURCE_ID` (`role_id`,`resource_id`),
  CONSTRAINT `AUTHORIZATION_RULE_ROLE_ID_AUTHORIZATION_ROLE_ROLE_ID` FOREIGN KEY (`role_id`) REFERENCES `authorization_role` (`role_id`) ON DELETE CASCADE
) ENGINE=InnoDB AUTO_INCREMENT=17139 DEFAULT CHARSET=utf8 COMMENT='Admin Rule Table';

--
-- Dumping data for table `authorization_rule`
--

INSERT INTO `authorization_rule` VALUES (3446,2,'Magento_Backend::all',NULL,'allow'),(16902,35,'Magento_Backend::all',NULL,'deny'),(16903,35,'Magento_Backend::admin',NULL,'allow'),(16904,35,'Magento_Backend::dashboard',NULL,'deny'),(16905,35,'Magento_Analytics::analytics',NULL,'deny'),(16906,35,'Magento_Analytics::analytics_api',NULL,'deny'),(16907,35,'Magento_Sales::sales',NULL,'deny'),(16908,35,'Magento_Sales::sales_operation',NULL,'deny'),(16909,35,'Magento_Sales::sales_order',NULL,'deny'),(16910,35,'Magento_Sales::actions',NULL,'deny'),(16911,35,'Magento_Sales::create',NULL,'deny'),(16912,35,'Magento_Sales::actions_view',NULL,'deny'),(16913,35,'Magento_Sales::email',NULL,'deny'),(16914,35,'Magento_Sales::reorder',NULL,'deny'),(16915,35,'Magento_Sales::actions_edit',NULL,'deny'),(16916,35,'Magento_Sales::cancel',NULL,'deny'),(16917,35,'Magento_Sales::review_payment',NULL,'deny'),(16918,35,'Magento_Sales::capture',NULL,'deny'),(16919,35,'Magento_Sales::invoice',NULL,'deny'),(16920,35,'Magento_Sales::creditmemo',NULL,'deny'),(16921,35,'Magento_Sales::hold',NULL,'deny'),(16922,35,'Magento_Sales::unhold',NULL,'deny'),(16923,35,'Magento_Sales::ship',NULL,'deny'),(16924,35,'Magento_Sales::comment',NULL,'deny'),(16925,35,'Magento_Sales::emails',NULL,'deny'),(16926,35,'Magento_Sales::sales_invoice',NULL,'deny'),(16927,35,'Magento_Sales::shipment',NULL,'deny'),(16928,35,'Temando_Shipping::dispatches',NULL,'deny'),(16929,35,'Magento_Sales::sales_creditmemo',NULL,'deny'),(16930,35,'Magento_Paypal::billing_agreement',NULL,'deny'),(16931,35,'Magento_Paypal::billing_agreement_actions',NULL,'deny'),(16932,35,'Magento_Paypal::billing_agreement_actions_view',NULL,'deny'),(16933,35,'Magento_Paypal::actions_manage',NULL,'deny'),(16934,35,'Magento_Paypal::use',NULL,'deny'),(16935,35,'Magento_Sales::transactions',NULL,'deny'),(16936,35,'Magento_Sales::transactions_fetch',NULL,'deny'),(16937,35,'Magento_Catalog::catalog',NULL,'allow'),(16938,35,'Magento_Catalog::catalog_inventory',NULL,'allow'),(16939,35,'Magento_Catalog::products',NULL,'allow'),(16940,35,'Magento_Catalog::categories',NULL,'deny'),(16941,35,'Magento_Customer::customer',NULL,'deny'),(16942,35,'Magento_Customer::manage',NULL,'deny'),(16943,35,'Magento_Customer::online',NULL,'deny'),(16944,35,'Magento_Cart::cart',NULL,'deny'),(16945,35,'Magento_Cart::manage',NULL,'deny'),(16946,35,'Magento_Backend::myaccount',NULL,'deny'),(16947,35,'Magento_Backend::marketing',NULL,'deny'),(16948,35,'Magento_CatalogRule::promo',NULL,'deny'),(16949,35,'Magento_CatalogRule::promo_catalog',NULL,'deny'),(16950,35,'Magento_SalesRule::quote',NULL,'deny'),(16951,35,'Dotdigitalgroup_Email::automation',NULL,'deny'),(16952,35,'Dotdigitalgroup_Email::automation_studio',NULL,'deny'),(16953,35,'Dotdigitalgroup_Email::exclusion_rules',NULL,'deny'),(16954,35,'Magento_Backend::marketing_communications',NULL,'deny'),(16955,35,'Magento_Email::template',NULL,'deny'),(16956,35,'Magento_Newsletter::template',NULL,'deny'),(16957,35,'Magento_Newsletter::queue',NULL,'deny'),(16958,35,'Magento_Newsletter::subscriber',NULL,'deny'),(16959,35,'Magento_Backend::marketing_seo',NULL,'deny'),(16960,35,'Magento_Search::search',NULL,'deny'),(16961,35,'Magento_Search::synonyms',NULL,'deny'),(16962,35,'Magento_UrlRewrite::urlrewrite',NULL,'deny'),(16963,35,'Magento_Sitemap::sitemap',NULL,'deny'),(16964,35,'Magento_Backend::marketing_user_content',NULL,'deny'),(16965,35,'Magento_Review::reviews_all',NULL,'deny'),(16966,35,'Magento_Review::pending',NULL,'deny'),(16967,35,'Magento_Backend::content',NULL,'deny'),(16968,35,'Magento_Backend::content_elements',NULL,'deny'),(16969,35,'Magento_Cms::page',NULL,'deny'),(16970,35,'Magento_Cms::save',NULL,'deny'),(16971,35,'Magento_Cms::page_delete',NULL,'deny'),(16972,35,'Sm_MegaMenu::megamenu_menugroup',NULL,'deny'),(16973,35,'Sm_MegaMenu::save',NULL,'deny'),(16974,35,'Sm_MegaMenu::menugroup_delete',NULL,'deny'),(16975,35,'Magento_Cms::block',NULL,'deny'),(16976,35,'Magento_Widget::widget_instance',NULL,'deny'),(16977,35,'Magento_Cms::media_gallery',NULL,'deny'),(16978,35,'Magefan_Blog::elements',NULL,'deny'),(16979,35,'Magefan_Blog::post',NULL,'deny'),(16980,35,'Magefan_Blog::category',NULL,'deny'),(16981,35,'Magefan_Blog::import',NULL,'deny'),(16982,35,'Magento_Backend::design',NULL,'deny'),(16983,35,'Magento_Theme::theme',NULL,'deny'),(16984,35,'Magento_Backend::schedule',NULL,'deny'),(16985,35,'Magento_Backend::content_translation',NULL,'deny'),(16986,35,'Magento_Reports::report',NULL,'deny'),(16987,35,'Dotdigitalgroup_Email::reports',NULL,'deny'),(16988,35,'Dotdigitalgroup_Email::contact',NULL,'deny'),(16989,35,'Dotdigitalgroup_Email::order',NULL,'deny'),(16990,35,'Dotdigitalgroup_Email::review',NULL,'deny'),(16991,35,'Dotdigitalgroup_Email::wishlist',NULL,'deny'),(16992,35,'Dotdigitalgroup_Email::catalog',NULL,'deny'),(16993,35,'Dotdigitalgroup_Email::importer',NULL,'deny'),(16994,35,'Dotdigitalgroup_Email::campaign',NULL,'deny'),(16995,35,'Dotdigitalgroup_Email::cron',NULL,'deny'),(16996,35,'Dotdigitalgroup_Email::dashboard',NULL,'deny'),(16997,35,'Dotdigitalgroup_Email::automation_enrollment',NULL,'deny'),(16998,35,'Dotdigitalgroup_Email::logviewer',NULL,'deny'),(16999,35,'Magento_Reports::report_marketing',NULL,'deny'),(17000,35,'Magento_Reports::shopcart',NULL,'deny'),(17001,35,'Magento_Reports::product',NULL,'deny'),(17002,35,'Magento_Reports::abandoned',NULL,'deny'),(17003,35,'Magento_Reports::report_search',NULL,'deny'),(17004,35,'Magento_Newsletter::problem',NULL,'deny'),(17005,35,'Magento_Reports::review',NULL,'deny'),(17006,35,'Magento_Reports::review_customer',NULL,'deny'),(17007,35,'Magento_Reports::review_product',NULL,'deny'),(17008,35,'Magento_Reports::salesroot',NULL,'deny'),(17009,35,'Magento_Reports::salesroot_sales',NULL,'deny'),(17010,35,'Magento_Reports::tax',NULL,'deny'),(17011,35,'Magento_Reports::invoiced',NULL,'deny'),(17012,35,'Magento_Reports::shipping',NULL,'deny'),(17013,35,'Magento_Reports::refunded',NULL,'deny'),(17014,35,'Magento_Reports::coupons',NULL,'deny'),(17015,35,'Magento_Paypal::paypal_settlement_reports',NULL,'deny'),(17016,35,'Magento_Paypal::paypal_settlement_reports_view',NULL,'deny'),(17017,35,'Magento_Paypal::fetch',NULL,'deny'),(17018,35,'Magento_Braintree::settlement_report',NULL,'deny'),(17019,35,'Magento_Reports::customers',NULL,'deny'),(17020,35,'Magento_Reports::totals',NULL,'deny'),(17021,35,'Magento_Reports::customers_orders',NULL,'deny'),(17022,35,'Magento_Reports::accounts',NULL,'deny'),(17023,35,'Magento_Reports::report_products',NULL,'deny'),(17024,35,'Magento_Reports::viewed',NULL,'deny'),(17025,35,'Magento_Reports::bestsellers',NULL,'deny'),(17026,35,'Magento_Reports::lowstock',NULL,'deny'),(17027,35,'Magento_Reports::sold',NULL,'deny'),(17028,35,'Magento_Reports::downloads',NULL,'deny'),(17029,35,'Magento_Reports::statistics',NULL,'deny'),(17030,35,'Magento_Reports::statistics_refresh',NULL,'deny'),(17031,35,'Magento_Analytics::business_intelligence',NULL,'deny'),(17032,35,'Magento_Analytics::advanced_reporting',NULL,'deny'),(17033,35,'Magento_Analytics::bi_essentials',NULL,'deny'),(17034,35,'Magento_Backend::stores',NULL,'allow'),(17035,35,'Magento_Backend::stores_settings',NULL,'allow'),(17036,35,'Magento_Backend::store',NULL,'allow'),(17037,35,'Magento_Config::config',NULL,'deny'),(17038,35,'Sm_SocialLogin::configuration',NULL,'deny'),(17039,35,'Magento_Catalog::config_catalog',NULL,'deny'),(17040,35,'Magento_CatalogSearch::config_catalog_search',NULL,'deny'),(17041,35,'Magento_Newsletter::newsletter',NULL,'deny'),(17042,35,'Magefan_Blog::config_blog',NULL,'deny'),(17043,35,'Dotdigitalgroup_Email::config',NULL,'deny'),(17044,35,'Magento_GoogleAnalytics::google',NULL,'deny'),(17045,35,'Magento_Downloadable::downloadable',NULL,'deny'),(17046,35,'Magento_CatalogInventory::cataloginventory',NULL,'deny'),(17047,35,'Magento_Payment::payment_services',NULL,'deny'),(17048,35,'Magento_Payment::payment',NULL,'deny'),(17049,35,'Magento_Contact::contact',NULL,'deny'),(17050,35,'Magento_Cms::config_cms',NULL,'deny'),(17051,35,'Magento_Sales::fraud_protection',NULL,'deny'),(17052,35,'Magento_Shipping::shipping_policy',NULL,'deny'),(17053,35,'Magento_Shipping::carriers',NULL,'deny'),(17054,35,'Magento_Shipping::config_shipping',NULL,'deny'),(17055,35,'Magento_Multishipping::config_multishipping',NULL,'deny'),(17056,35,'Magento_Config::config_general',NULL,'deny'),(17057,35,'Magento_Config::web',NULL,'deny'),(17058,35,'Magento_Config::config_design',NULL,'deny'),(17059,35,'Magento_Paypal::paypal',NULL,'deny'),(17060,35,'Magento_Customer::config_customer',NULL,'deny'),(17061,35,'Magento_Tax::config_tax',NULL,'deny'),(17062,35,'Magento_Checkout::checkout',NULL,'deny'),(17063,35,'Magento_Sales::config_sales',NULL,'deny'),(17064,35,'Magento_Persistent::persistent',NULL,'deny'),(17065,35,'Magento_Sales::sales_email',NULL,'deny'),(17066,35,'Magento_Sales::sales_pdf',NULL,'deny'),(17067,35,'Magento_Sitemap::config_sitemap',NULL,'deny'),(17068,35,'Magento_Reports::reports',NULL,'deny'),(17069,35,'Sm_FilterProducts::config_filterproducts',NULL,'deny'),(17070,35,'Magento_Wishlist::config_wishlist',NULL,'deny'),(17071,35,'Sm_MegaMenu::config_megamenu',NULL,'deny'),(17072,35,'Sm_RecentlyViewed::config_recentlyviewed',NULL,'deny'),(17073,35,'Sm_Multe::config_basicproducts',NULL,'deny'),(17074,35,'Magento_Config::config_system',NULL,'deny'),(17075,35,'Magento_Config::advanced',NULL,'deny'),(17076,35,'Magento_SalesRule::config_promo',NULL,'deny'),(17077,35,'Magento_Config::config_admin',NULL,'deny'),(17078,35,'Magento_Config::trans_email',NULL,'deny'),(17079,35,'Magento_Config::dev',NULL,'deny'),(17080,35,'Magento_Config::currency',NULL,'deny'),(17081,35,'Magento_Rss::rss',NULL,'deny'),(17082,35,'Magento_Config::sendfriend',NULL,'deny'),(17083,35,'Magento_Analytics::analytics_settings',NULL,'deny'),(17084,35,'Magento_NewRelicReporting::config_newrelicreporting',NULL,'deny'),(17085,35,'Magento_CheckoutAgreements::checkoutagreement',NULL,'deny'),(17086,35,'Magento_Sales::order_statuses',NULL,'deny'),(17087,35,'Temando_Shipping::shipping',NULL,'deny'),(17088,35,'Temando_Shipping::carriers',NULL,'deny'),(17089,35,'Temando_Shipping::locations',NULL,'deny'),(17090,35,'Temando_Shipping::packaging',NULL,'deny'),(17091,35,'Magento_Tax::manage_tax',NULL,'deny'),(17092,35,'Magento_CurrencySymbol::system_currency',NULL,'deny'),(17093,35,'Magento_CurrencySymbol::currency_rates',NULL,'deny'),(17094,35,'Magento_CurrencySymbol::symbols',NULL,'deny'),(17095,35,'Magento_Backend::stores_attributes',NULL,'deny'),(17096,35,'Magento_Catalog::attributes_attributes',NULL,'deny'),(17097,35,'Magento_Catalog::update_attributes',NULL,'deny'),(17098,35,'Magento_Catalog::sets',NULL,'deny'),(17099,35,'Magento_Review::ratings',NULL,'deny'),(17100,35,'Magento_Swatches::iframe',NULL,'deny'),(17101,35,'Magento_Backend::stores_other_settings',NULL,'deny'),(17102,35,'Magento_Customer::group',NULL,'deny'),(17103,35,'Magento_Backend::system',NULL,'deny'),(17104,35,'Magento_Backend::convert',NULL,'deny'),(17105,35,'Magento_ImportExport::import',NULL,'deny'),(17106,35,'Magento_ImportExport::export',NULL,'deny'),(17107,35,'Magento_TaxImportExport::import_export',NULL,'deny'),(17108,35,'Magento_ImportExport::history',NULL,'deny'),(17109,35,'Magento_Backend::extensions',NULL,'deny'),(17110,35,'Magento_Backend::local',NULL,'deny'),(17111,35,'Magento_Backend::custom',NULL,'deny'),(17112,35,'Magento_Backend::tools',NULL,'deny'),(17113,35,'Magento_Backend::cache',NULL,'deny'),(17114,35,'Magento_Backend::setup_wizard',NULL,'deny'),(17115,35,'Magento_Backup::backup',NULL,'deny'),(17116,35,'Magento_Backup::rollback',NULL,'deny'),(17117,35,'Magento_Indexer::index',NULL,'deny'),(17118,35,'Magento_Indexer::changeMode',NULL,'deny'),(17119,35,'Magento_User::acl',NULL,'deny'),(17120,35,'Magento_User::acl_users',NULL,'deny'),(17121,35,'Magento_User::locks',NULL,'deny'),(17122,35,'Magento_User::acl_roles',NULL,'deny'),(17123,35,'Magento_Backend::system_other_settings',NULL,'deny'),(17124,35,'Magento_AdminNotification::adminnotification',NULL,'deny'),(17125,35,'Magento_AdminNotification::show_toolbar',NULL,'deny'),(17126,35,'Magento_AdminNotification::show_list',NULL,'deny'),(17127,35,'Magento_AdminNotification::mark_as_read',NULL,'deny'),(17128,35,'Magento_AdminNotification::adminnotification_remove',NULL,'deny'),(17129,35,'Magento_Variable::variable',NULL,'deny'),(17130,35,'Magento_EncryptionKey::crypt_key',NULL,'deny'),(17131,35,'Magento_Backend::global_search',NULL,'deny'),(17132,35,'Sm_BackEnd::Magentech',NULL,'deny'),(17133,35,'Magento_MediaGalleryUiApi::insert_assets',NULL,'allow'),(17134,35,'Magento_MediaGalleryUiApi::upload_assets',NULL,'allow'),(17135,35,'Magento_MediaGalleryUiApi::edit_assets',NULL,'allow'),(17136,35,'Magento_MediaGalleryUiApi::delete_assets',NULL,'allow'),(17137,35,'Magento_MediaGalleryUiApi::create_folder',NULL,'allow'),(17138,35,'Magento_MediaGalleryUiApi::delete_folder',NULL,'allow');

--
-- Table structure for table `braintree_credit_prices`
--

CREATE TABLE `braintree_credit_prices` (
  `id` int unsigned NOT NULL AUTO_INCREMENT COMMENT 'Row ID',
  `product_id` int unsigned NOT NULL COMMENT 'Product Id',
  `term` int NOT NULL COMMENT 'Credit Term',
  `monthly_payment` decimal(12,2) NOT NULL COMMENT 'Monthly Payment',
  `instalment_rate` decimal(12,2) NOT NULL COMMENT 'Instalment Rate',
  `cost_of_purchase` decimal(12,2) NOT NULL COMMENT 'Cost of purchase',
  `total_inc_interest` decimal(12,2) NOT NULL COMMENT 'Total Inc Interest',
  PRIMARY KEY (`id`),
  UNIQUE KEY `BRAINTREE_CREDIT_PRICES_PRODUCT_ID_TERM` (`product_id`,`term`),
  KEY `BRAINTREE_CREDIT_PRICES_PRODUCT_ID` (`product_id`)
) ENGINE=InnoDB DEFAULT CHARSET=utf8 COMMENT='Braintree credit rates';

--
-- Dumping data for table `braintree_credit_prices`
--


--
-- Table structure for table `braintree_transaction_details`
--

CREATE TABLE `braintree_transaction_details` (
  `entity_id` int unsigned NOT NULL AUTO_INCREMENT COMMENT 'Entity ID',
  `order_id` int unsigned NOT NULL COMMENT 'Order Id',
  `transaction_source` varchar(12) DEFAULT NULL COMMENT 'Transaction Source',
  PRIMARY KEY (`entity_id`),
  KEY `BRAINTREE_TRANSACTION_DETAILS_ORDER_ID` (`order_id`),
  CONSTRAINT `BRAINTREE_TRANSACTION_DETAILS_ORDER_ID_SALES_ORDER_ENTITY_ID` FOREIGN KEY (`order_id`) REFERENCES `sales_order` (`entity_id`) ON DELETE CASCADE
) ENGINE=InnoDB DEFAULT CHARSET=utf8 COMMENT='Braintree transaction details table';

--
-- Dumping data for table `braintree_transaction_details`
--


--
-- Table structure for table `cache`
--

CREATE TABLE `cache` (
  `id` varchar(200) NOT NULL COMMENT 'Cache Id',
  `data` mediumblob COMMENT 'Cache Data',
  `create_time` int DEFAULT NULL COMMENT 'Cache Creation Time',
  `update_time` int DEFAULT NULL COMMENT 'Time of Cache Updating',
  `expire_time` int DEFAULT NULL COMMENT 'Cache Expiration Time',
  PRIMARY KEY (`id`),
  KEY `CACHE_EXPIRE_TIME` (`expire_time`)
) ENGINE=InnoDB DEFAULT CHARSET=utf8 COMMENT='Caches';

--
-- Dumping data for table `cache`
--


--
-- Table structure for table `cache_tag`
--

CREATE TABLE `cache_tag` (
  `tag` varchar(100) NOT NULL COMMENT 'Tag',
  `cache_id` varchar(200) NOT NULL COMMENT 'Cache Id',
  PRIMARY KEY (`tag`,`cache_id`),
  KEY `CACHE_TAG_CACHE_ID` (`cache_id`)
) ENGINE=InnoDB DEFAULT CHARSET=utf8 COMMENT='Tag Caches';

--
-- Dumping data for table `cache_tag`
--


--
-- Table structure for table `captcha_log`
--

CREATE TABLE `captcha_log` (
  `type` varchar(32) NOT NULL COMMENT 'Type',
  `value` varchar(255) NOT NULL COMMENT 'Value',
  `count` int unsigned NOT NULL DEFAULT '0' COMMENT 'Count',
  `updated_at` timestamp NULL DEFAULT NULL COMMENT 'Update Time',
  PRIMARY KEY (`type`,`value`)
) ENGINE=InnoDB DEFAULT CHARSET=utf8 COMMENT='Count Login Attempts';

--
-- Dumping data for table `captcha_log`
--

INSERT INTO `captcha_log` VALUES ('1','103.255.6.80',1,'2020-11-13 16:58:52'),('1','61.247.238.175',1,'2022-05-18 07:47:18'),('1','80.6.209.167',2,'2021-02-11 22:39:41'),('2','hoant@ytcvn.com',1,'2017-10-18 02:20:27'),('2','mageplaza',1,'2023-07-18 09:38:29'),('2','ytcdemo',6,'2023-07-19 09:53:47');

--
-- Table structure for table `catalog_category_entity`
--

CREATE TABLE `catalog_category_entity` (
  `entity_id` int unsigned NOT NULL AUTO_INCREMENT COMMENT 'Entity ID',
  `attribute_set_id` smallint unsigned NOT NULL DEFAULT '0' COMMENT 'Attribute Set ID',
  `parent_id` int unsigned NOT NULL DEFAULT '0' COMMENT 'Parent Category ID',
  `created_at` timestamp NOT NULL DEFAULT CURRENT_TIMESTAMP COMMENT 'Creation Time',
  `updated_at` timestamp NOT NULL DEFAULT CURRENT_TIMESTAMP ON UPDATE CURRENT_TIMESTAMP COMMENT 'Update Time',
  `path` varchar(255) NOT NULL COMMENT 'Tree Path',
  `position` int NOT NULL COMMENT 'Position',
  `level` int NOT NULL DEFAULT '0' COMMENT 'Tree Level',
  `children_count` int NOT NULL COMMENT 'Child Count',
  PRIMARY KEY (`entity_id`),
  KEY `CATALOG_CATEGORY_ENTITY_LEVEL` (`level`),
  KEY `CATALOG_CATEGORY_ENTITY_PATH` (`path`)
) ENGINE=InnoDB AUTO_INCREMENT=111 DEFAULT CHARSET=utf8 COMMENT='Catalog Category Table';

--
-- Dumping data for table `catalog_category_entity`
--

INSERT INTO `catalog_category_entity` VALUES (1,3,0,'2017-10-11 03:28:28','2017-12-22 03:37:37','1',0,0,-137),(2,3,1,'2017-10-11 03:28:32','2017-12-22 03:37:37','1/2',1,1,-138),(8,3,2,'2017-10-11 04:02:27','2017-12-25 04:24:01','1/2/8',6,2,4),(9,3,2,'2017-10-11 04:02:46','2017-12-25 04:24:20','1/2/9',7,2,0),(59,3,110,'2017-10-11 09:38:44','2017-12-22 03:37:31','1/2/110/59',1,3,0),(60,3,110,'2017-10-11 09:39:09','2017-12-22 03:37:37','1/2/110/60',2,3,0),(99,3,2,'2017-10-18 07:32:19','2017-12-22 06:43:38','1/2/99',13,2,0),(101,3,2,'2017-11-09 07:13:54','2017-11-09 07:18:37','1/2/101',14,2,4),(102,3,101,'2017-11-09 07:15:00','2017-11-09 07:20:18','1/2/101/102',1,3,0),(103,3,101,'2017-11-09 07:16:07','2017-11-09 07:21:00','1/2/101/103',2,3,0),(104,3,101,'2017-11-09 07:17:26','2017-11-09 07:21:40','1/2/101/104',3,3,0),(105,3,101,'2017-11-09 07:18:35','2017-11-09 07:22:27','1/2/101/105',4,3,0),(106,3,8,'2017-12-22 02:59:39','2017-12-22 02:59:40','1/2/8/106',1,3,0),(107,3,8,'2017-12-22 03:00:35','2017-12-22 03:00:36','1/2/8/107',2,3,0),(108,3,8,'2017-12-22 03:01:17','2017-12-22 03:01:18','1/2/8/108',3,3,0),(109,3,8,'2017-12-22 03:02:00','2017-12-22 03:02:01','1/2/8/109',4,3,0),(110,3,2,'2017-12-22 03:37:19','2017-12-22 03:38:17','1/2/110',16,2,2);

--
-- Table structure for table `catalog_category_entity_datetime`
--

CREATE TABLE `catalog_category_entity_datetime` (
  `value_id` int NOT NULL AUTO_INCREMENT COMMENT 'Value ID',
  `attribute_id` smallint unsigned NOT NULL DEFAULT '0' COMMENT 'Attribute ID',
  `store_id` smallint unsigned NOT NULL DEFAULT '0' COMMENT 'Store ID',
  `entity_id` int unsigned NOT NULL DEFAULT '0' COMMENT 'Entity ID',
  `value` datetime DEFAULT NULL COMMENT 'Value',
  PRIMARY KEY (`value_id`),
  UNIQUE KEY `CATALOG_CATEGORY_ENTITY_DATETIME_ENTITY_ID_ATTRIBUTE_ID_STORE_ID` (`entity_id`,`attribute_id`,`store_id`),
  KEY `CATALOG_CATEGORY_ENTITY_DATETIME_ENTITY_ID` (`entity_id`),
  KEY `CATALOG_CATEGORY_ENTITY_DATETIME_ATTRIBUTE_ID` (`attribute_id`),
  KEY `CATALOG_CATEGORY_ENTITY_DATETIME_STORE_ID` (`store_id`),
  CONSTRAINT `CAT_CTGR_ENTT_DTIME_ATTR_ID_EAV_ATTR_ATTR_ID` FOREIGN KEY (`attribute_id`) REFERENCES `eav_attribute` (`attribute_id`) ON DELETE CASCADE,
  CONSTRAINT `CAT_CTGR_ENTT_DTIME_ENTT_ID_CAT_CTGR_ENTT_ENTT_ID` FOREIGN KEY (`entity_id`) REFERENCES `catalog_category_entity` (`entity_id`) ON DELETE CASCADE,
  CONSTRAINT `CATALOG_CATEGORY_ENTITY_DATETIME_STORE_ID_STORE_STORE_ID` FOREIGN KEY (`store_id`) REFERENCES `store` (`store_id`) ON DELETE CASCADE
) ENGINE=InnoDB AUTO_INCREMENT=47 DEFAULT CHARSET=utf8 COMMENT='Catalog Category Datetime Attribute Backend Table';

--
-- Dumping data for table `catalog_category_entity_datetime`
--

INSERT INTO `catalog_category_entity_datetime` VALUES (1,61,0,59,NULL),(2,62,0,59,NULL),(3,61,0,60,NULL),(4,62,0,60,NULL),(9,61,2,8,NULL),(10,62,2,8,NULL),(13,61,2,99,NULL),(14,62,2,99,NULL),(17,61,2,9,NULL),(18,62,2,9,NULL),(29,61,0,103,NULL),(30,62,0,103,NULL),(31,61,0,102,NULL),(32,62,0,102,NULL),(33,61,0,104,NULL),(34,62,0,104,NULL),(35,61,0,105,NULL),(36,62,0,105,NULL),(39,61,0,8,NULL),(40,62,0,8,NULL),(41,61,0,9,NULL),(42,62,0,9,NULL),(43,61,0,110,NULL),(44,62,0,110,NULL),(45,61,0,99,NULL),(46,62,0,99,NULL);

--
-- Table structure for table `catalog_category_entity_decimal`
--

CREATE TABLE `catalog_category_entity_decimal` (
  `value_id` int NOT NULL AUTO_INCREMENT COMMENT 'Value ID',
  `attribute_id` smallint unsigned NOT NULL DEFAULT '0' COMMENT 'Attribute ID',
  `store_id` smallint unsigned NOT NULL DEFAULT '0' COMMENT 'Store ID',
  `entity_id` int unsigned NOT NULL DEFAULT '0' COMMENT 'Entity ID',
  `value` decimal(20,6) DEFAULT NULL COMMENT 'Value',
  PRIMARY KEY (`value_id`),
  UNIQUE KEY `CATALOG_CATEGORY_ENTITY_DECIMAL_ENTITY_ID_ATTRIBUTE_ID_STORE_ID` (`entity_id`,`attribute_id`,`store_id`),
  KEY `CATALOG_CATEGORY_ENTITY_DECIMAL_ENTITY_ID` (`entity_id`),
  KEY `CATALOG_CATEGORY_ENTITY_DECIMAL_ATTRIBUTE_ID` (`attribute_id`),
  KEY `CATALOG_CATEGORY_ENTITY_DECIMAL_STORE_ID` (`store_id`),
  CONSTRAINT `CAT_CTGR_ENTT_DEC_ATTR_ID_EAV_ATTR_ATTR_ID` FOREIGN KEY (`attribute_id`) REFERENCES `eav_attribute` (`attribute_id`) ON DELETE CASCADE,
  CONSTRAINT `CAT_CTGR_ENTT_DEC_ENTT_ID_CAT_CTGR_ENTT_ENTT_ID` FOREIGN KEY (`entity_id`) REFERENCES `catalog_category_entity` (`entity_id`) ON DELETE CASCADE,
  CONSTRAINT `CATALOG_CATEGORY_ENTITY_DECIMAL_STORE_ID_STORE_STORE_ID` FOREIGN KEY (`store_id`) REFERENCES `store` (`store_id`) ON DELETE CASCADE
) ENGINE=InnoDB DEFAULT CHARSET=utf8 COMMENT='Catalog Category Decimal Attribute Backend Table';

--
-- Dumping data for table `catalog_category_entity_decimal`
--


--
-- Table structure for table `catalog_category_entity_int`
--

CREATE TABLE `catalog_category_entity_int` (
  `value_id` int NOT NULL AUTO_INCREMENT COMMENT 'Value ID',
  `attribute_id` smallint unsigned NOT NULL DEFAULT '0' COMMENT 'Attribute ID',
  `store_id` smallint unsigned NOT NULL DEFAULT '0' COMMENT 'Store ID',
  `entity_id` int unsigned NOT NULL DEFAULT '0' COMMENT 'Entity ID',
  `value` int DEFAULT NULL COMMENT 'Value',
  PRIMARY KEY (`value_id`),
  UNIQUE KEY `CATALOG_CATEGORY_ENTITY_INT_ENTITY_ID_ATTRIBUTE_ID_STORE_ID` (`entity_id`,`attribute_id`,`store_id`),
  KEY `CATALOG_CATEGORY_ENTITY_INT_ENTITY_ID` (`entity_id`),
  KEY `CATALOG_CATEGORY_ENTITY_INT_ATTRIBUTE_ID` (`attribute_id`),
  KEY `CATALOG_CATEGORY_ENTITY_INT_STORE_ID` (`store_id`),
  CONSTRAINT `CAT_CTGR_ENTT_INT_ATTR_ID_EAV_ATTR_ATTR_ID` FOREIGN KEY (`attribute_id`) REFERENCES `eav_attribute` (`attribute_id`) ON DELETE CASCADE,
  CONSTRAINT `CAT_CTGR_ENTT_INT_ENTT_ID_CAT_CTGR_ENTT_ENTT_ID` FOREIGN KEY (`entity_id`) REFERENCES `catalog_category_entity` (`entity_id`) ON DELETE CASCADE,
  CONSTRAINT `CATALOG_CATEGORY_ENTITY_INT_STORE_ID_STORE_STORE_ID` FOREIGN KEY (`store_id`) REFERENCES `store` (`store_id`) ON DELETE CASCADE
) ENGINE=InnoDB AUTO_INCREMENT=603 DEFAULT CHARSET=utf8 COMMENT='Catalog Category Integer Attribute Backend Table';

--
-- Dumping data for table `catalog_category_entity_int`
--

INSERT INTO `catalog_category_entity_int` VALUES (1,69,0,1,1),(2,46,0,2,1),(3,69,0,2,1),(29,46,0,8,1),(30,54,0,8,1),(31,69,0,8,1),(32,70,0,8,0),(33,71,0,8,0),(34,46,0,9,1),(35,54,0,9,1),(36,69,0,9,1),(37,70,0,9,0),(38,71,0,9,0),(284,46,0,59,1),(285,54,0,59,1),(286,69,0,59,1),(287,70,0,59,0),(288,71,0,59,0),(289,46,0,60,1),(290,54,0,60,1),(291,69,0,60,1),(292,70,0,60,0),(293,71,0,60,0),(294,53,0,59,10),(295,53,0,60,11),(488,46,0,99,1),(489,54,0,99,1),(490,69,0,99,0),(491,70,0,99,0),(492,71,0,99,0),(498,53,2,8,NULL),(501,70,2,8,0),(502,71,2,8,0),(508,53,2,99,NULL),(510,69,2,99,0),(511,70,2,99,0),(512,71,2,99,0),(518,53,2,9,NULL),(521,70,2,9,0),(522,71,2,9,0),(544,46,0,101,1),(545,54,0,101,1),(546,69,0,101,0),(547,70,0,101,0),(548,71,0,101,0),(549,46,0,102,1),(550,54,0,102,1),(551,69,0,102,1),(552,70,0,102,0),(553,71,0,102,0),(554,46,0,103,1),(555,54,0,103,1),(556,69,0,103,1),(557,70,0,103,0),(558,71,0,103,0),(559,46,0,104,1),(560,54,0,104,1),(561,69,0,104,1),(562,70,0,104,0),(563,71,0,104,0),(564,53,0,103,NULL),(565,46,0,105,1),(566,54,0,105,1),(567,69,0,105,1),(568,70,0,105,0),(569,71,0,105,0),(570,53,0,102,NULL),(571,53,0,104,NULL),(572,53,0,105,NULL),(574,53,0,8,NULL),(575,53,0,9,NULL),(576,46,0,106,1),(577,54,0,106,1),(578,69,0,106,1),(579,70,0,106,0),(580,71,0,106,0),(581,46,0,107,1),(582,54,0,107,1),(583,69,0,107,1),(584,70,0,107,0),(585,71,0,107,0),(586,46,0,108,1),(587,54,0,108,1),(588,69,0,108,1),(589,70,0,108,0),(590,71,0,108,0),(591,46,0,109,1),(592,54,0,109,1),(593,69,0,109,1),(594,70,0,109,0),(595,71,0,109,0),(596,46,0,110,1),(597,54,0,110,1),(598,69,0,110,1),(599,70,0,110,0),(600,71,0,110,0),(601,53,0,110,NULL),(602,53,0,99,NULL);

--
-- Table structure for table `catalog_category_entity_text`
--

CREATE TABLE `catalog_category_entity_text` (
  `value_id` int NOT NULL AUTO_INCREMENT COMMENT 'Value ID',
  `attribute_id` smallint unsigned NOT NULL DEFAULT '0' COMMENT 'Attribute ID',
  `store_id` smallint unsigned NOT NULL DEFAULT '0' COMMENT 'Store ID',
  `entity_id` int unsigned NOT NULL DEFAULT '0' COMMENT 'Entity ID',
  `value` mediumtext COMMENT 'Value',
  PRIMARY KEY (`value_id`),
  UNIQUE KEY `CATALOG_CATEGORY_ENTITY_TEXT_ENTITY_ID_ATTRIBUTE_ID_STORE_ID` (`entity_id`,`attribute_id`,`store_id`),
  KEY `CATALOG_CATEGORY_ENTITY_TEXT_ENTITY_ID` (`entity_id`),
  KEY `CATALOG_CATEGORY_ENTITY_TEXT_ATTRIBUTE_ID` (`attribute_id`),
  KEY `CATALOG_CATEGORY_ENTITY_TEXT_STORE_ID` (`store_id`),
  CONSTRAINT `CAT_CTGR_ENTT_TEXT_ATTR_ID_EAV_ATTR_ATTR_ID` FOREIGN KEY (`attribute_id`) REFERENCES `eav_attribute` (`attribute_id`) ON DELETE CASCADE,
  CONSTRAINT `CAT_CTGR_ENTT_TEXT_ENTT_ID_CAT_CTGR_ENTT_ENTT_ID` FOREIGN KEY (`entity_id`) REFERENCES `catalog_category_entity` (`entity_id`) ON DELETE CASCADE,
  CONSTRAINT `CATALOG_CATEGORY_ENTITY_TEXT_STORE_ID_STORE_STORE_ID` FOREIGN KEY (`store_id`) REFERENCES `store` (`store_id`) ON DELETE CASCADE
) ENGINE=InnoDB AUTO_INCREMENT=93 DEFAULT CHARSET=utf8 COMMENT='Catalog Category Text Attribute Backend Table';

--
-- Dumping data for table `catalog_category_entity_text`
--

INSERT INTO `catalog_category_entity_text` VALUES (1,47,0,59,NULL),(2,50,0,59,NULL),(3,51,0,59,NULL),(4,64,0,59,NULL),(5,47,0,60,NULL),(6,50,0,60,NULL),(7,51,0,60,NULL),(8,64,0,60,NULL),(17,47,2,8,NULL),(18,50,2,8,NULL),(19,51,2,8,NULL),(20,64,2,8,NULL),(25,47,2,99,NULL),(26,50,2,99,NULL),(27,51,2,99,NULL),(28,64,2,99,NULL),(33,47,2,9,NULL),(34,50,2,9,NULL),(35,51,2,9,NULL),(36,64,2,9,NULL),(57,47,0,103,NULL),(58,50,0,103,NULL),(59,51,0,103,NULL),(60,64,0,103,NULL),(61,47,0,102,NULL),(62,50,0,102,NULL),(63,51,0,102,NULL),(64,64,0,102,NULL),(65,47,0,104,NULL),(66,50,0,104,NULL),(67,51,0,104,NULL),(68,64,0,104,NULL),(69,47,0,105,NULL),(70,50,0,105,NULL),(71,51,0,105,NULL),(72,64,0,105,NULL),(77,47,0,8,NULL),(78,50,0,8,NULL),(79,51,0,8,NULL),(80,64,0,8,NULL),(81,47,0,9,NULL),(82,50,0,9,NULL),(83,51,0,9,NULL),(84,64,0,9,NULL),(85,47,0,110,NULL),(86,50,0,110,NULL),(87,51,0,110,NULL),(88,64,0,110,NULL),(89,47,0,99,NULL),(90,50,0,99,NULL),(91,51,0,99,NULL),(92,64,0,99,NULL);

--
-- Table structure for table `catalog_category_entity_varchar`
--

CREATE TABLE `catalog_category_entity_varchar` (
  `value_id` int NOT NULL AUTO_INCREMENT COMMENT 'Value ID',
  `attribute_id` smallint unsigned NOT NULL DEFAULT '0' COMMENT 'Attribute ID',
  `store_id` smallint unsigned NOT NULL DEFAULT '0' COMMENT 'Store ID',
  `entity_id` int unsigned NOT NULL DEFAULT '0' COMMENT 'Entity ID',
  `value` varchar(255) DEFAULT NULL COMMENT 'Value',
  PRIMARY KEY (`value_id`),
  UNIQUE KEY `CATALOG_CATEGORY_ENTITY_VARCHAR_ENTITY_ID_ATTRIBUTE_ID_STORE_ID` (`entity_id`,`attribute_id`,`store_id`),
  KEY `CATALOG_CATEGORY_ENTITY_VARCHAR_ENTITY_ID` (`entity_id`),
  KEY `CATALOG_CATEGORY_ENTITY_VARCHAR_ATTRIBUTE_ID` (`attribute_id`),
  KEY `CATALOG_CATEGORY_ENTITY_VARCHAR_STORE_ID` (`store_id`),
  CONSTRAINT `CAT_CTGR_ENTT_VCHR_ATTR_ID_EAV_ATTR_ATTR_ID` FOREIGN KEY (`attribute_id`) REFERENCES `eav_attribute` (`attribute_id`) ON DELETE CASCADE,
  CONSTRAINT `CAT_CTGR_ENTT_VCHR_ENTT_ID_CAT_CTGR_ENTT_ENTT_ID` FOREIGN KEY (`entity_id`) REFERENCES `catalog_category_entity` (`entity_id`) ON DELETE CASCADE,
  CONSTRAINT `CATALOG_CATEGORY_ENTITY_VARCHAR_STORE_ID_STORE_STORE_ID` FOREIGN KEY (`store_id`) REFERENCES `store` (`store_id`) ON DELETE CASCADE
) ENGINE=InnoDB AUTO_INCREMENT=560 DEFAULT CHARSET=utf8 COMMENT='Catalog Category Varchar Attribute Backend Table';

--
-- Dumping data for table `catalog_category_entity_varchar`
--

INSERT INTO `catalog_category_entity_varchar` VALUES (1,45,0,1,'Root Catalog'),(2,45,0,2,'Default Category'),(3,52,0,2,'PRODUCTS'),(24,45,0,8,'Our Menu'),(25,52,0,8,'PRODUCTS'),(26,117,0,8,'our-menu'),(27,118,0,8,'our-menu'),(28,45,0,9,'Hot Deals'),(29,52,0,9,'PRODUCTS'),(30,117,0,9,'hot-deals'),(31,118,0,9,'hot-deals'),(228,45,0,59,'About Us'),(229,52,0,59,'PAGE'),(230,117,0,59,'about-us'),(231,118,0,59,'pages/about-us'),(232,45,0,60,'Contact Us'),(233,52,0,60,'PAGE'),(234,117,0,60,'contact-us'),(235,118,0,60,'pages/contact-us'),(237,49,0,59,NULL),(238,60,0,59,NULL),(239,63,0,59,'1column'),(241,49,0,60,NULL),(242,60,0,60,NULL),(243,63,0,60,'1column'),(405,45,0,99,'Product Types'),(406,52,0,99,'PRODUCTS'),(407,117,0,99,'product-types'),(408,118,0,99,'product-types'),(415,118,2,8,'cameras-accessories'),(416,49,2,8,NULL),(417,52,2,8,'PRODUCTS'),(418,60,2,8,NULL),(419,63,2,8,NULL),(420,117,2,8,'cameras-accessories'),(427,118,2,99,'product-types'),(428,49,2,99,NULL),(429,52,2,99,'PRODUCTS'),(430,60,2,99,NULL),(431,63,2,99,NULL),(432,117,2,99,'product-types'),(439,118,2,9,'headphones'),(440,49,2,9,NULL),(441,52,2,9,'PRODUCTS'),(442,60,2,9,NULL),(443,63,2,9,NULL),(444,117,2,9,'headphones'),(472,45,0,101,'Categories Demo'),(473,52,0,101,'PRODUCTS'),(474,117,0,101,'categories-demo'),(475,118,0,101,'categories-demo'),(477,45,0,102,'Without Sidebar'),(478,52,0,102,'PRODUCTS'),(479,63,0,102,'1column'),(480,117,0,102,'without-sidebar'),(481,118,0,102,'categories-demo/without-sidebar'),(482,45,0,103,'Left Sidebar'),(483,52,0,103,'PRODUCTS'),(484,117,0,103,'left-sidebar'),(485,118,0,103,'categories-demo/left-sidebar'),(486,45,0,104,'Right Sidebar'),(487,52,0,104,'PRODUCTS'),(488,63,0,104,'2columns-right'),(489,117,0,104,'right-sidebar'),(490,118,0,104,'categories-demo/right-sidebar'),(492,49,0,103,NULL),(493,60,0,103,NULL),(494,63,0,103,'2columns-left'),(495,45,0,105,'Left Right Sidebar'),(496,52,0,105,'PRODUCTS'),(497,63,0,105,'3columns'),(498,117,0,105,'left-right-sidebar'),(499,118,0,105,'categories-demo/left-right-sidebar'),(501,49,0,102,NULL),(502,60,0,102,NULL),(505,49,0,104,NULL),(506,60,0,104,NULL),(508,49,0,105,NULL),(509,60,0,105,NULL),(518,49,0,8,NULL),(519,60,0,8,NULL),(520,63,0,8,NULL),(522,49,0,9,NULL),(523,60,0,9,NULL),(524,63,0,9,NULL),(525,45,0,106,'Breakfast'),(526,52,0,106,'PRODUCTS'),(527,117,0,106,'breakfast'),(528,118,0,106,'our-menu/breakfast'),(529,45,0,107,'Lunch'),(530,52,0,107,'PRODUCTS'),(531,117,0,107,'lunch'),(532,118,0,107,'our-menu/lunch'),(533,45,0,108,'Dinner'),(534,52,0,108,'PRODUCTS'),(535,117,0,108,'dinner'),(536,118,0,108,'our-menu/dinner'),(537,45,0,109,'Drinks'),(538,52,0,109,'PRODUCTS'),(539,117,0,109,'drinks'),(540,118,0,109,'our-menu/drinks'),(541,45,0,110,'Pages'),(542,52,0,110,'PRODUCTS'),(543,117,0,110,'pages'),(544,118,0,110,'pages'),(548,49,0,110,NULL),(549,60,0,110,NULL),(550,63,0,110,NULL),(552,49,0,99,NULL),(553,60,0,99,NULL),(554,63,0,99,NULL),(556,118,2,106,'cameras-accessories/breakfast'),(557,118,2,107,'cameras-accessories/lunch'),(558,118,2,108,'cameras-accessories/dinner'),(559,118,2,109,'cameras-accessories/drinks');

--
-- Table structure for table `catalog_category_product`
--

CREATE TABLE `catalog_category_product` (
  `entity_id` int NOT NULL AUTO_INCREMENT COMMENT 'Entity ID',
  `category_id` int unsigned NOT NULL DEFAULT '0' COMMENT 'Category ID',
  `product_id` int unsigned NOT NULL DEFAULT '0' COMMENT 'Product ID',
  `position` int NOT NULL DEFAULT '0' COMMENT 'Position',
  PRIMARY KEY (`entity_id`,`category_id`,`product_id`),
  UNIQUE KEY `CATALOG_CATEGORY_PRODUCT_CATEGORY_ID_PRODUCT_ID` (`category_id`,`product_id`),
  KEY `CATALOG_CATEGORY_PRODUCT_PRODUCT_ID` (`product_id`),
  CONSTRAINT `CAT_CTGR_PRD_CTGR_ID_CAT_CTGR_ENTT_ENTT_ID` FOREIGN KEY (`category_id`) REFERENCES `catalog_category_entity` (`entity_id`) ON DELETE CASCADE,
  CONSTRAINT `CAT_CTGR_PRD_PRD_ID_CAT_PRD_ENTT_ENTT_ID` FOREIGN KEY (`product_id`) REFERENCES `catalog_product_entity` (`entity_id`) ON DELETE CASCADE
) ENGINE=InnoDB AUTO_INCREMENT=534 DEFAULT CHARSET=utf8 COMMENT='Catalog Product To Category Linkage Table';

--
-- Dumping data for table `catalog_category_product`
--

INSERT INTO `catalog_category_product` VALUES (4,9,1,0),(29,8,2,0),(30,9,2,0),(53,8,3,0),(71,9,4,0),(93,8,5,0),(120,9,6,0),(147,8,7,0),(148,9,7,0),(167,8,8,0),(185,8,9,0),(201,8,10,0),(220,8,11,0),(246,8,12,0),(266,8,13,0),(290,8,14,0),(313,8,15,0),(342,9,17,0),(359,8,18,0),(377,99,19,0),(378,99,20,0),(379,99,21,0),(380,99,22,0),(381,99,23,0),(382,99,24,0),(383,99,25,0),(384,99,26,0),(385,99,27,0),(386,99,28,0),(387,99,29,0),(388,99,30,0),(408,102,1,0),(409,102,2,0),(410,102,3,0),(411,102,4,0),(412,102,5,0),(413,102,6,0),(414,102,7,0),(415,102,8,0),(416,102,9,0),(417,102,10,0),(418,102,11,0),(419,102,12,0),(420,102,13,0),(421,102,14,0),(422,103,1,0),(423,103,2,0),(424,103,3,0),(425,103,4,0),(426,103,5,0),(427,103,6,0),(428,103,7,0),(429,103,8,0),(430,103,9,0),(431,103,10,0),(432,103,11,0),(433,103,12,0),(434,103,13,0),(435,103,14,0),(436,104,1,0),(437,104,2,0),(438,104,3,0),(439,104,4,0),(440,104,5,0),(441,104,6,0),(442,104,7,0),(443,104,8,0),(444,104,9,0),(445,104,10,0),(446,104,11,0),(447,104,12,0),(448,104,13,0),(449,104,14,0),(450,105,1,0),(451,105,2,0),(452,105,3,0),(453,105,4,0),(454,105,5,0),(455,105,6,0),(456,105,7,0),(457,105,8,0),(458,105,9,0),(459,105,10,0),(460,105,11,0),(461,105,12,0),(462,105,13,0),(463,105,14,0),(464,8,33,0),(465,9,33,0),(466,101,33,0),(467,102,33,0),(468,103,33,0),(469,104,33,0),(470,105,33,0),(471,106,17,0),(472,106,18,0),(473,106,31,0),(474,106,32,0),(475,106,33,0),(476,106,34,0),(477,106,35,0),(478,106,36,0),(479,107,1,0),(480,107,2,0),(481,107,4,0),(482,107,5,0),(483,107,6,0),(484,107,7,0),(485,107,8,0),(486,107,9,0),(487,107,10,0),(488,107,31,0),(489,107,32,0),(490,107,33,0),(491,107,34,0),(492,107,35,0),(493,107,36,0),(494,108,1,0),(495,108,2,0),(496,108,3,0),(497,108,4,0),(498,108,5,0),(499,108,6,0),(500,108,7,0),(501,108,8,0),(502,108,9,0),(503,108,10,0),(504,108,11,0),(505,108,12,0),(506,108,13,0),(507,108,14,0),(508,108,15,0),(509,109,1,0),(510,109,2,0),(511,109,3,0),(512,109,4,0),(513,109,5,0),(514,109,6,0),(515,109,7,0),(516,109,8,0),(517,109,9,0),(518,109,10,0),(519,109,11,0),(520,110,1,0),(521,110,2,0),(522,110,3,0),(523,110,4,0),(524,110,5,0),(525,110,6,0),(526,110,7,0),(527,110,8,0),(528,110,9,0),(529,110,10,0),(530,110,11,0),(531,110,12,0),(532,110,13,0),(533,110,14,0);

--
-- Table structure for table `catalog_category_product_index`
--

CREATE TABLE `catalog_category_product_index` (
  `category_id` int unsigned NOT NULL DEFAULT '0' COMMENT 'Category ID',
  `product_id` int unsigned NOT NULL DEFAULT '0' COMMENT 'Product ID',
  `position` int DEFAULT NULL COMMENT 'Position',
  `is_parent` smallint unsigned NOT NULL DEFAULT '0' COMMENT 'Is Parent',
  `store_id` smallint unsigned NOT NULL DEFAULT '0' COMMENT 'Store ID',
  `visibility` smallint unsigned NOT NULL COMMENT 'Visibility',
  PRIMARY KEY (`category_id`,`product_id`,`store_id`),
  KEY `CAT_CTGR_PRD_IDX_PRD_ID_STORE_ID_CTGR_ID_VISIBILITY` (`product_id`,`store_id`,`category_id`,`visibility`),
  KEY `CAT_CTGR_PRD_IDX_STORE_ID_CTGR_ID_VISIBILITY_IS_PARENT_POSITION` (`store_id`,`category_id`,`visibility`,`is_parent`,`position`)
) ENGINE=InnoDB DEFAULT CHARSET=utf8 COMMENT='Catalog Category Product Index';

--
-- Dumping data for table `catalog_category_product_index`
--


--
-- Table structure for table `catalog_category_product_index_replica`
--

CREATE TABLE `catalog_category_product_index_replica` (
  `category_id` int unsigned NOT NULL DEFAULT '0' COMMENT 'Category ID',
  `product_id` int unsigned NOT NULL DEFAULT '0' COMMENT 'Product ID',
  `position` int DEFAULT NULL COMMENT 'Position',
  `is_parent` smallint unsigned NOT NULL DEFAULT '0' COMMENT 'Is Parent',
  `store_id` smallint unsigned NOT NULL DEFAULT '0' COMMENT 'Store ID',
  `visibility` smallint unsigned NOT NULL COMMENT 'Visibility',
  PRIMARY KEY (`category_id`,`product_id`,`store_id`),
  KEY `CAT_CTGR_PRD_IDX_PRD_ID_STORE_ID_CTGR_ID_VISIBILITY` (`product_id`,`store_id`,`category_id`,`visibility`),
  KEY `CAT_CTGR_PRD_IDX_STORE_ID_CTGR_ID_VISIBILITY_IS_PARENT_POSITION` (`store_id`,`category_id`,`visibility`,`is_parent`,`position`)
) ENGINE=InnoDB DEFAULT CHARSET=utf8 COMMENT='Catalog Category Product Index';

--
-- Dumping data for table `catalog_category_product_index_replica`
--


--
-- Table structure for table `catalog_category_product_index_store1`
--

CREATE TABLE `catalog_category_product_index_store1` (
  `category_id` int unsigned NOT NULL DEFAULT '0' COMMENT 'Category Id',
  `product_id` int unsigned NOT NULL DEFAULT '0' COMMENT 'Product Id',
  `position` int DEFAULT NULL COMMENT 'Position',
  `is_parent` smallint unsigned NOT NULL DEFAULT '0' COMMENT 'Is Parent',
  `store_id` smallint unsigned NOT NULL DEFAULT '0' COMMENT 'Store Id',
  `visibility` smallint unsigned NOT NULL COMMENT 'Visibility',
  PRIMARY KEY (`category_id`,`product_id`,`store_id`),
  KEY `CAT_CTGR_PRD_IDX_STORE1_PRD_ID_STORE_ID_CTGR_ID_VISIBILITY` (`product_id`,`store_id`,`category_id`,`visibility`),
  KEY `IDX_216E521C8AD125E066D2B0BAB4A08412` (`store_id`,`category_id`,`visibility`,`is_parent`,`position`)
) ENGINE=InnoDB DEFAULT CHARSET=utf8 COMMENT='Catalog Category Product Index Store1';

--
-- Dumping data for table `catalog_category_product_index_store1`
--

INSERT INTO `catalog_category_product_index_store1` VALUES (2,16,0,0,1,4),(2,1,0,1,1,4),(2,2,0,1,1,4),(2,3,0,1,1,4),(2,4,0,1,1,4),(2,5,0,1,1,4),(2,6,0,1,1,4),(2,7,0,1,1,4),(2,8,0,1,1,4),(2,9,0,1,1,4),(2,10,0,1,1,4),(2,11,0,1,1,4),(2,12,0,1,1,4),(2,13,0,1,1,4),(2,14,0,1,1,4),(2,15,0,1,1,4),(2,17,0,1,1,4),(2,18,0,1,1,4),(2,19,0,1,1,4),(2,20,0,1,1,4),(2,21,0,1,1,4),(2,22,0,1,1,4),(2,23,0,1,1,4),(2,30,0,1,1,4),(2,31,0,1,1,4),(2,32,0,1,1,4),(2,33,0,1,1,4),(2,34,0,1,1,4),(2,35,0,1,1,4),(2,36,0,1,1,4),(8,1,10000,0,1,4),(8,4,10000,0,1,4),(8,6,10000,0,1,4),(8,17,10000,0,1,4),(8,31,10000,0,1,4),(8,32,10000,0,1,4),(8,34,10000,0,1,4),(8,35,10000,0,1,4),(8,36,10000,0,1,4),(8,2,0,1,1,4),(8,3,0,1,1,4),(8,5,0,1,1,4),(8,7,0,1,1,4),(8,8,0,1,1,4),(8,9,0,1,1,4),(8,10,0,1,1,4),(8,11,0,1,1,4),(8,12,0,1,1,4),(8,13,0,1,1,4),(8,14,0,1,1,4),(8,15,0,1,1,4),(8,18,0,1,1,4),(8,33,0,1,1,4),(9,1,0,1,1,4),(9,2,0,1,1,4),(9,4,0,1,1,4),(9,6,0,1,1,4),(9,7,0,1,1,4),(9,17,0,1,1,4),(9,33,0,1,1,4),(99,19,0,1,1,4),(99,20,0,1,1,4),(99,21,0,1,1,4),(99,22,0,1,1,4),(99,23,0,1,1,4),(99,30,0,1,1,4),(101,1,10000,0,1,4),(101,2,10000,0,1,4),(101,3,10000,0,1,4),(101,4,10000,0,1,4),(101,5,10000,0,1,4),(101,6,10000,0,1,4),(101,7,10000,0,1,4),(101,8,10000,0,1,4),(101,9,10000,0,1,4),(101,10,10000,0,1,4),(101,11,10000,0,1,4),(101,12,10000,0,1,4),(101,13,10000,0,1,4),(101,14,10000,0,1,4),(101,33,0,1,1,4),(102,1,0,1,1,4),(102,2,0,1,1,4),(102,3,0,1,1,4),(102,4,0,1,1,4),(102,5,0,1,1,4),(102,6,0,1,1,4),(102,7,0,1,1,4),(102,8,0,1,1,4),(102,9,0,1,1,4),(102,10,0,1,1,4),(102,11,0,1,1,4),(102,12,0,1,1,4),(102,13,0,1,1,4),(102,14,0,1,1,4),(102,33,0,1,1,4),(103,1,0,1,1,4),(103,2,0,1,1,4),(103,3,0,1,1,4),(103,4,0,1,1,4),(103,5,0,1,1,4),(103,6,0,1,1,4),(103,7,0,1,1,4),(103,8,0,1,1,4),(103,9,0,1,1,4),(103,10,0,1,1,4),(103,11,0,1,1,4),(103,12,0,1,1,4),(103,13,0,1,1,4),(103,14,0,1,1,4),(103,33,0,1,1,4),(104,1,0,1,1,4),(104,2,0,1,1,4),(104,3,0,1,1,4),(104,4,0,1,1,4),(104,5,0,1,1,4),(104,6,0,1,1,4),(104,7,0,1,1,4),(104,8,0,1,1,4),(104,9,0,1,1,4),(104,10,0,1,1,4),(104,11,0,1,1,4),(104,12,0,1,1,4),(104,13,0,1,1,4),(104,14,0,1,1,4),(104,33,0,1,1,4),(105,1,0,1,1,4),(105,2,0,1,1,4),(105,3,0,1,1,4),(105,4,0,1,1,4),(105,5,0,1,1,4),(105,6,0,1,1,4),(105,7,0,1,1,4),(105,8,0,1,1,4),(105,9,0,1,1,4),(105,10,0,1,1,4),(105,11,0,1,1,4),(105,12,0,1,1,4),(105,13,0,1,1,4),(105,14,0,1,1,4),(105,33,0,1,1,4),(106,17,0,1,1,4),(106,18,0,1,1,4),(106,31,0,1,1,4),(106,32,0,1,1,4),(106,33,0,1,1,4),(106,34,0,1,1,4),(106,35,0,1,1,4),(106,36,0,1,1,4),(107,1,0,1,1,4),(107,2,0,1,1,4),(107,4,0,1,1,4),(107,5,0,1,1,4),(107,6,0,1,1,4),(107,7,0,1,1,4),(107,8,0,1,1,4),(107,9,0,1,1,4),(107,10,0,1,1,4),(107,31,0,1,1,4),(107,32,0,1,1,4),(107,33,0,1,1,4),(107,34,0,1,1,4),(107,35,0,1,1,4),(107,36,0,1,1,4),(108,1,0,1,1,4),(108,2,0,1,1,4),(108,3,0,1,1,4),(108,4,0,1,1,4),(108,5,0,1,1,4),(108,6,0,1,1,4),(108,7,0,1,1,4),(108,8,0,1,1,4),(108,9,0,1,1,4),(108,10,0,1,1,4),(108,11,0,1,1,4),(108,12,0,1,1,4),(108,13,0,1,1,4),(108,14,0,1,1,4),(108,15,0,1,1,4),(109,1,0,1,1,4),(109,2,0,1,1,4),(109,3,0,1,1,4),(109,4,0,1,1,4),(109,5,0,1,1,4),(109,6,0,1,1,4),(109,7,0,1,1,4),(109,8,0,1,1,4),(109,9,0,1,1,4),(109,10,0,1,1,4),(109,11,0,1,1,4),(110,1,0,1,1,4),(110,2,0,1,1,4),(110,3,0,1,1,4),(110,4,0,1,1,4),(110,5,0,1,1,4),(110,6,0,1,1,4),(110,7,0,1,1,4),(110,8,0,1,1,4),(110,9,0,1,1,4),(110,10,0,1,1,4),(110,11,0,1,1,4),(110,12,0,1,1,4),(110,13,0,1,1,4),(110,14,0,1,1,4);

--
-- Table structure for table `catalog_category_product_index_store1_replica`
--

CREATE TABLE `catalog_category_product_index_store1_replica` (
  `category_id` int unsigned NOT NULL DEFAULT '0' COMMENT 'Category Id',
  `product_id` int unsigned NOT NULL DEFAULT '0' COMMENT 'Product Id',
  `position` int DEFAULT NULL COMMENT 'Position',
  `is_parent` smallint unsigned NOT NULL DEFAULT '0' COMMENT 'Is Parent',
  `store_id` smallint unsigned NOT NULL DEFAULT '0' COMMENT 'Store Id',
  `visibility` smallint unsigned NOT NULL COMMENT 'Visibility',
  PRIMARY KEY (`category_id`,`product_id`,`store_id`),
  KEY `IDX_4B965DC45C352D6E4C9DC0FF50B1FCF5` (`product_id`,`store_id`,`category_id`,`visibility`),
  KEY `IDX_47AB760CD6A893ACEA69A9C2E0112C60` (`store_id`,`category_id`,`visibility`,`is_parent`,`position`)
) ENGINE=InnoDB DEFAULT CHARSET=utf8 COMMENT='Catalog Category Product Index Store1 Replica';

--
-- Dumping data for table `catalog_category_product_index_store1_replica`
--

INSERT INTO `catalog_category_product_index_store1_replica` VALUES (2,16,0,0,1,4),(2,1,0,1,1,4),(2,2,0,1,1,4),(2,3,0,1,1,4),(2,4,0,1,1,4),(2,5,0,1,1,4),(2,6,0,1,1,4),(2,7,0,1,1,4),(2,8,0,1,1,4),(2,9,0,1,1,4),(2,10,0,1,1,4),(2,11,0,1,1,4),(2,12,0,1,1,4),(2,13,0,1,1,4),(2,14,0,1,1,4),(2,15,0,1,1,4),(2,17,0,1,1,4),(2,18,0,1,1,4),(2,19,0,1,1,4),(2,20,0,1,1,4),(2,21,0,1,1,4),(2,22,0,1,1,4),(2,23,0,1,1,4),(2,30,0,1,1,4),(2,31,0,1,1,4),(2,32,0,1,1,4),(2,33,0,1,1,4),(2,34,0,1,1,4),(2,35,0,1,1,4),(2,36,0,1,1,4),(8,1,10000,0,1,4),(8,4,10000,0,1,4),(8,6,10000,0,1,4),(8,17,10000,0,1,4),(8,31,10000,0,1,4),(8,32,10000,0,1,4),(8,34,10000,0,1,4),(8,35,10000,0,1,4),(8,36,10000,0,1,4),(8,2,0,1,1,4),(8,3,0,1,1,4),(8,5,0,1,1,4),(8,7,0,1,1,4),(8,8,0,1,1,4),(8,9,0,1,1,4),(8,10,0,1,1,4),(8,11,0,1,1,4),(8,12,0,1,1,4),(8,13,0,1,1,4),(8,14,0,1,1,4),(8,15,0,1,1,4),(8,18,0,1,1,4),(8,33,0,1,1,4),(9,1,0,1,1,4),(9,2,0,1,1,4),(9,4,0,1,1,4),(9,6,0,1,1,4),(9,7,0,1,1,4),(9,17,0,1,1,4),(9,33,0,1,1,4),(99,19,0,1,1,4),(99,20,0,1,1,4),(99,21,0,1,1,4),(99,22,0,1,1,4),(99,23,0,1,1,4),(99,30,0,1,1,4),(101,1,10000,0,1,4),(101,2,10000,0,1,4),(101,3,10000,0,1,4),(101,4,10000,0,1,4),(101,5,10000,0,1,4),(101,6,10000,0,1,4),(101,7,10000,0,1,4),(101,8,10000,0,1,4),(101,9,10000,0,1,4),(101,10,10000,0,1,4),(101,11,10000,0,1,4),(101,12,10000,0,1,4),(101,13,10000,0,1,4),(101,14,10000,0,1,4),(101,33,0,1,1,4),(102,1,0,1,1,4),(102,2,0,1,1,4),(102,3,0,1,1,4),(102,4,0,1,1,4),(102,5,0,1,1,4),(102,6,0,1,1,4),(102,7,0,1,1,4),(102,8,0,1,1,4),(102,9,0,1,1,4),(102,10,0,1,1,4),(102,11,0,1,1,4),(102,12,0,1,1,4),(102,13,0,1,1,4),(102,14,0,1,1,4),(102,33,0,1,1,4),(103,1,0,1,1,4),(103,2,0,1,1,4),(103,3,0,1,1,4),(103,4,0,1,1,4),(103,5,0,1,1,4),(103,6,0,1,1,4),(103,7,0,1,1,4),(103,8,0,1,1,4),(103,9,0,1,1,4),(103,10,0,1,1,4),(103,11,0,1,1,4),(103,12,0,1,1,4),(103,13,0,1,1,4),(103,14,0,1,1,4),(103,33,0,1,1,4),(104,1,0,1,1,4),(104,2,0,1,1,4),(104,3,0,1,1,4),(104,4,0,1,1,4),(104,5,0,1,1,4),(104,6,0,1,1,4),(104,7,0,1,1,4),(104,8,0,1,1,4),(104,9,0,1,1,4),(104,10,0,1,1,4),(104,11,0,1,1,4),(104,12,0,1,1,4),(104,13,0,1,1,4),(104,14,0,1,1,4),(104,33,0,1,1,4),(105,1,0,1,1,4),(105,2,0,1,1,4),(105,3,0,1,1,4),(105,4,0,1,1,4),(105,5,0,1,1,4),(105,6,0,1,1,4),(105,7,0,1,1,4),(105,8,0,1,1,4),(105,9,0,1,1,4),(105,10,0,1,1,4),(105,11,0,1,1,4),(105,12,0,1,1,4),(105,13,0,1,1,4),(105,14,0,1,1,4),(105,33,0,1,1,4),(106,17,0,1,1,4),(106,18,0,1,1,4),(106,31,0,1,1,4),(106,32,0,1,1,4),(106,33,0,1,1,4),(106,34,0,1,1,4),(106,35,0,1,1,4),(106,36,0,1,1,4),(107,1,0,1,1,4),(107,2,0,1,1,4),(107,4,0,1,1,4),(107,5,0,1,1,4),(107,6,0,1,1,4),(107,7,0,1,1,4),(107,8,0,1,1,4),(107,9,0,1,1,4),(107,10,0,1,1,4),(107,31,0,1,1,4),(107,32,0,1,1,4),(107,33,0,1,1,4),(107,34,0,1,1,4),(107,35,0,1,1,4),(107,36,0,1,1,4),(108,1,0,1,1,4),(108,2,0,1,1,4),(108,3,0,1,1,4),(108,4,0,1,1,4),(108,5,0,1,1,4),(108,6,0,1,1,4),(108,7,0,1,1,4),(108,8,0,1,1,4),(108,9,0,1,1,4),(108,10,0,1,1,4),(108,11,0,1,1,4),(108,12,0,1,1,4),(108,13,0,1,1,4),(108,14,0,1,1,4),(108,15,0,1,1,4),(109,1,0,1,1,4),(109,2,0,1,1,4),(109,3,0,1,1,4),(109,4,0,1,1,4),(109,5,0,1,1,4),(109,6,0,1,1,4),(109,7,0,1,1,4),(109,8,0,1,1,4),(109,9,0,1,1,4),(109,10,0,1,1,4),(109,11,0,1,1,4),(110,1,0,1,1,4),(110,2,0,1,1,4),(110,3,0,1,1,4),(110,4,0,1,1,4),(110,5,0,1,1,4),(110,6,0,1,1,4),(110,7,0,1,1,4),(110,8,0,1,1,4),(110,9,0,1,1,4),(110,10,0,1,1,4),(110,11,0,1,1,4),(110,12,0,1,1,4),(110,13,0,1,1,4),(110,14,0,1,1,4);

--
-- Table structure for table `catalog_category_product_index_store2`
--

CREATE TABLE `catalog_category_product_index_store2` (
  `category_id` int unsigned NOT NULL DEFAULT '0' COMMENT 'Category Id',
  `product_id` int unsigned NOT NULL DEFAULT '0' COMMENT 'Product Id',
  `position` int DEFAULT NULL COMMENT 'Position',
  `is_parent` smallint unsigned NOT NULL DEFAULT '0' COMMENT 'Is Parent',
  `store_id` smallint unsigned NOT NULL DEFAULT '0' COMMENT 'Store Id',
  `visibility` smallint unsigned NOT NULL COMMENT 'Visibility',
  PRIMARY KEY (`category_id`,`product_id`,`store_id`),
  KEY `CAT_CTGR_PRD_IDX_STORE2_PRD_ID_STORE_ID_CTGR_ID_VISIBILITY` (`product_id`,`store_id`,`category_id`,`visibility`),
  KEY `IDX_2AB6FE58F086547FA7E4590837296849` (`store_id`,`category_id`,`visibility`,`is_parent`,`position`)
) ENGINE=InnoDB DEFAULT CHARSET=utf8 COMMENT='Catalog Category Product Index Store2';

--
-- Dumping data for table `catalog_category_product_index_store2`
--

INSERT INTO `catalog_category_product_index_store2` VALUES (2,16,0,0,2,4),(2,1,0,1,2,4),(2,2,0,1,2,4),(2,3,0,1,2,4),(2,4,0,1,2,4),(2,5,0,1,2,4),(2,6,0,1,2,4),(2,7,0,1,2,4),(2,8,0,1,2,4),(2,9,0,1,2,4),(2,10,0,1,2,4),(2,11,0,1,2,4),(2,12,0,1,2,4),(2,13,0,1,2,4),(2,14,0,1,2,4),(2,15,0,1,2,4),(2,17,0,1,2,4),(2,18,0,1,2,4),(2,19,0,1,2,4),(2,20,0,1,2,4),(2,21,0,1,2,4),(2,22,0,1,2,4),(2,23,0,1,2,4),(2,30,0,1,2,4),(2,31,0,1,2,4),(2,32,0,1,2,4),(2,33,0,1,2,4),(2,34,0,1,2,4),(2,35,0,1,2,4),(2,36,0,1,2,4),(8,1,10000,0,2,4),(8,4,10000,0,2,4),(8,6,10000,0,2,4),(8,17,10000,0,2,4),(8,31,10000,0,2,4),(8,32,10000,0,2,4),(8,34,10000,0,2,4),(8,35,10000,0,2,4),(8,36,10000,0,2,4),(8,2,0,1,2,4),(8,3,0,1,2,4),(8,5,0,1,2,4),(8,7,0,1,2,4),(8,8,0,1,2,4),(8,9,0,1,2,4),(8,10,0,1,2,4),(8,11,0,1,2,4),(8,12,0,1,2,4),(8,13,0,1,2,4),(8,14,0,1,2,4),(8,15,0,1,2,4),(8,18,0,1,2,4),(8,33,0,1,2,4),(9,1,0,1,2,4),(9,2,0,1,2,4),(9,4,0,1,2,4),(9,6,0,1,2,4),(9,7,0,1,2,4),(9,17,0,1,2,4),(9,33,0,1,2,4),(99,19,0,1,2,4),(99,20,0,1,2,4),(99,21,0,1,2,4),(99,22,0,1,2,4),(99,23,0,1,2,4),(99,30,0,1,2,4),(101,1,10000,0,2,4),(101,2,10000,0,2,4),(101,3,10000,0,2,4),(101,4,10000,0,2,4),(101,5,10000,0,2,4),(101,6,10000,0,2,4),(101,7,10000,0,2,4),(101,8,10000,0,2,4),(101,9,10000,0,2,4),(101,10,10000,0,2,4),(101,11,10000,0,2,4),(101,12,10000,0,2,4),(101,13,10000,0,2,4),(101,14,10000,0,2,4),(101,33,0,1,2,4),(102,1,0,1,2,4),(102,2,0,1,2,4),(102,3,0,1,2,4),(102,4,0,1,2,4),(102,5,0,1,2,4),(102,6,0,1,2,4),(102,7,0,1,2,4),(102,8,0,1,2,4),(102,9,0,1,2,4),(102,10,0,1,2,4),(102,11,0,1,2,4),(102,12,0,1,2,4),(102,13,0,1,2,4),(102,14,0,1,2,4),(102,33,0,1,2,4),(103,1,0,1,2,4),(103,2,0,1,2,4),(103,3,0,1,2,4),(103,4,0,1,2,4),(103,5,0,1,2,4),(103,6,0,1,2,4),(103,7,0,1,2,4),(103,8,0,1,2,4),(103,9,0,1,2,4),(103,10,0,1,2,4),(103,11,0,1,2,4),(103,12,0,1,2,4),(103,13,0,1,2,4),(103,14,0,1,2,4),(103,33,0,1,2,4),(104,1,0,1,2,4),(104,2,0,1,2,4),(104,3,0,1,2,4),(104,4,0,1,2,4),(104,5,0,1,2,4),(104,6,0,1,2,4),(104,7,0,1,2,4),(104,8,0,1,2,4),(104,9,0,1,2,4),(104,10,0,1,2,4),(104,11,0,1,2,4),(104,12,0,1,2,4),(104,13,0,1,2,4),(104,14,0,1,2,4),(104,33,0,1,2,4),(105,1,0,1,2,4),(105,2,0,1,2,4),(105,3,0,1,2,4),(105,4,0,1,2,4),(105,5,0,1,2,4),(105,6,0,1,2,4),(105,7,0,1,2,4),(105,8,0,1,2,4),(105,9,0,1,2,4),(105,10,0,1,2,4),(105,11,0,1,2,4),(105,12,0,1,2,4),(105,13,0,1,2,4),(105,14,0,1,2,4),(105,33,0,1,2,4),(106,17,0,1,2,4),(106,18,0,1,2,4),(106,31,0,1,2,4),(106,32,0,1,2,4),(106,33,0,1,2,4),(106,34,0,1,2,4),(106,35,0,1,2,4),(106,36,0,1,2,4),(107,1,0,1,2,4),(107,2,0,1,2,4),(107,4,0,1,2,4),(107,5,0,1,2,4),(107,6,0,1,2,4),(107,7,0,1,2,4),(107,8,0,1,2,4),(107,9,0,1,2,4),(107,10,0,1,2,4),(107,31,0,1,2,4),(107,32,0,1,2,4),(107,33,0,1,2,4),(107,34,0,1,2,4),(107,35,0,1,2,4),(107,36,0,1,2,4),(108,1,0,1,2,4),(108,2,0,1,2,4),(108,3,0,1,2,4),(108,4,0,1,2,4),(108,5,0,1,2,4),(108,6,0,1,2,4),(108,7,0,1,2,4),(108,8,0,1,2,4),(108,9,0,1,2,4),(108,10,0,1,2,4),(108,11,0,1,2,4),(108,12,0,1,2,4),(108,13,0,1,2,4),(108,14,0,1,2,4),(108,15,0,1,2,4),(109,1,0,1,2,4),(109,2,0,1,2,4),(109,3,0,1,2,4),(109,4,0,1,2,4),(109,5,0,1,2,4),(109,6,0,1,2,4),(109,7,0,1,2,4),(109,8,0,1,2,4),(109,9,0,1,2,4),(109,10,0,1,2,4),(109,11,0,1,2,4),(110,1,0,1,2,4),(110,2,0,1,2,4),(110,3,0,1,2,4),(110,4,0,1,2,4),(110,5,0,1,2,4),(110,6,0,1,2,4),(110,7,0,1,2,4),(110,8,0,1,2,4),(110,9,0,1,2,4),(110,10,0,1,2,4),(110,11,0,1,2,4),(110,12,0,1,2,4),(110,13,0,1,2,4),(110,14,0,1,2,4);

--
-- Table structure for table `catalog_category_product_index_store2_replica`
--

CREATE TABLE `catalog_category_product_index_store2_replica` (
  `category_id` int unsigned NOT NULL DEFAULT '0' COMMENT 'Category Id',
  `product_id` int unsigned NOT NULL DEFAULT '0' COMMENT 'Product Id',
  `position` int DEFAULT NULL COMMENT 'Position',
  `is_parent` smallint unsigned NOT NULL DEFAULT '0' COMMENT 'Is Parent',
  `store_id` smallint unsigned NOT NULL DEFAULT '0' COMMENT 'Store Id',
  `visibility` smallint unsigned NOT NULL COMMENT 'Visibility',
  PRIMARY KEY (`category_id`,`product_id`,`store_id`),
  KEY `IDX_87FCED52F67C72BB6992C79EB4DCFA8A` (`product_id`,`store_id`,`category_id`,`visibility`),
  KEY `IDX_15B841C92B67D986A980051DF109F9D1` (`store_id`,`category_id`,`visibility`,`is_parent`,`position`)
) ENGINE=InnoDB DEFAULT CHARSET=utf8 COMMENT='Catalog Category Product Index Store2 Replica';

--
-- Dumping data for table `catalog_category_product_index_store2_replica`
--

INSERT INTO `catalog_category_product_index_store2_replica` VALUES (2,16,0,0,2,4),(2,1,0,1,2,4),(2,2,0,1,2,4),(2,3,0,1,2,4),(2,4,0,1,2,4),(2,5,0,1,2,4),(2,6,0,1,2,4),(2,7,0,1,2,4),(2,8,0,1,2,4),(2,9,0,1,2,4),(2,10,0,1,2,4),(2,11,0,1,2,4),(2,12,0,1,2,4),(2,13,0,1,2,4),(2,14,0,1,2,4),(2,15,0,1,2,4),(2,17,0,1,2,4),(2,18,0,1,2,4),(2,19,0,1,2,4),(2,20,0,1,2,4),(2,21,0,1,2,4),(2,22,0,1,2,4),(2,23,0,1,2,4),(2,30,0,1,2,4),(2,31,0,1,2,4),(2,32,0,1,2,4),(2,33,0,1,2,4),(2,34,0,1,2,4),(2,35,0,1,2,4),(2,36,0,1,2,4),(8,1,10000,0,2,4),(8,4,10000,0,2,4),(8,6,10000,0,2,4),(8,17,10000,0,2,4),(8,31,10000,0,2,4),(8,32,10000,0,2,4),(8,34,10000,0,2,4),(8,35,10000,0,2,4),(8,36,10000,0,2,4),(8,2,0,1,2,4),(8,3,0,1,2,4),(8,5,0,1,2,4),(8,7,0,1,2,4),(8,8,0,1,2,4),(8,9,0,1,2,4),(8,10,0,1,2,4),(8,11,0,1,2,4),(8,12,0,1,2,4),(8,13,0,1,2,4),(8,14,0,1,2,4),(8,15,0,1,2,4),(8,18,0,1,2,4),(8,33,0,1,2,4),(9,1,0,1,2,4),(9,2,0,1,2,4),(9,4,0,1,2,4),(9,6,0,1,2,4),(9,7,0,1,2,4),(9,17,0,1,2,4),(9,33,0,1,2,4),(99,19,0,1,2,4),(99,20,0,1,2,4),(99,21,0,1,2,4),(99,22,0,1,2,4),(99,23,0,1,2,4),(99,30,0,1,2,4),(101,1,10000,0,2,4),(101,2,10000,0,2,4),(101,3,10000,0,2,4),(101,4,10000,0,2,4),(101,5,10000,0,2,4),(101,6,10000,0,2,4),(101,7,10000,0,2,4),(101,8,10000,0,2,4),(101,9,10000,0,2,4),(101,10,10000,0,2,4),(101,11,10000,0,2,4),(101,12,10000,0,2,4),(101,13,10000,0,2,4),(101,14,10000,0,2,4),(101,33,0,1,2,4),(102,1,0,1,2,4),(102,2,0,1,2,4),(102,3,0,1,2,4),(102,4,0,1,2,4),(102,5,0,1,2,4),(102,6,0,1,2,4),(102,7,0,1,2,4),(102,8,0,1,2,4),(102,9,0,1,2,4),(102,10,0,1,2,4),(102,11,0,1,2,4),(102,12,0,1,2,4),(102,13,0,1,2,4),(102,14,0,1,2,4),(102,33,0,1,2,4),(103,1,0,1,2,4),(103,2,0,1,2,4),(103,3,0,1,2,4),(103,4,0,1,2,4),(103,5,0,1,2,4),(103,6,0,1,2,4),(103,7,0,1,2,4),(103,8,0,1,2,4),(103,9,0,1,2,4),(103,10,0,1,2,4),(103,11,0,1,2,4),(103,12,0,1,2,4),(103,13,0,1,2,4),(103,14,0,1,2,4),(103,33,0,1,2,4),(104,1,0,1,2,4),(104,2,0,1,2,4),(104,3,0,1,2,4),(104,4,0,1,2,4),(104,5,0,1,2,4),(104,6,0,1,2,4),(104,7,0,1,2,4),(104,8,0,1,2,4),(104,9,0,1,2,4),(104,10,0,1,2,4),(104,11,0,1,2,4),(104,12,0,1,2,4),(104,13,0,1,2,4),(104,14,0,1,2,4),(104,33,0,1,2,4),(105,1,0,1,2,4),(105,2,0,1,2,4),(105,3,0,1,2,4),(105,4,0,1,2,4),(105,5,0,1,2,4),(105,6,0,1,2,4),(105,7,0,1,2,4),(105,8,0,1,2,4),(105,9,0,1,2,4),(105,10,0,1,2,4),(105,11,0,1,2,4),(105,12,0,1,2,4),(105,13,0,1,2,4),(105,14,0,1,2,4),(105,33,0,1,2,4),(106,17,0,1,2,4),(106,18,0,1,2,4),(106,31,0,1,2,4),(106,32,0,1,2,4),(106,33,0,1,2,4),(106,34,0,1,2,4),(106,35,0,1,2,4),(106,36,0,1,2,4),(107,1,0,1,2,4),(107,2,0,1,2,4),(107,4,0,1,2,4),(107,5,0,1,2,4),(107,6,0,1,2,4),(107,7,0,1,2,4),(107,8,0,1,2,4),(107,9,0,1,2,4),(107,10,0,1,2,4),(107,31,0,1,2,4),(107,32,0,1,2,4),(107,33,0,1,2,4),(107,34,0,1,2,4),(107,35,0,1,2,4),(107,36,0,1,2,4),(108,1,0,1,2,4),(108,2,0,1,2,4),(108,3,0,1,2,4),(108,4,0,1,2,4),(108,5,0,1,2,4),(108,6,0,1,2,4),(108,7,0,1,2,4),(108,8,0,1,2,4),(108,9,0,1,2,4),(108,10,0,1,2,4),(108,11,0,1,2,4),(108,12,0,1,2,4),(108,13,0,1,2,4),(108,14,0,1,2,4),(108,15,0,1,2,4),(109,1,0,1,2,4),(109,2,0,1,2,4),(109,3,0,1,2,4),(109,4,0,1,2,4),(109,5,0,1,2,4),(109,6,0,1,2,4),(109,7,0,1,2,4),(109,8,0,1,2,4),(109,9,0,1,2,4),(109,10,0,1,2,4),(109,11,0,1,2,4),(110,1,0,1,2,4),(110,2,0,1,2,4),(110,3,0,1,2,4),(110,4,0,1,2,4),(110,5,0,1,2,4),(110,6,0,1,2,4),(110,7,0,1,2,4),(110,8,0,1,2,4),(110,9,0,1,2,4),(110,10,0,1,2,4),(110,11,0,1,2,4),(110,12,0,1,2,4),(110,13,0,1,2,4),(110,14,0,1,2,4);

--
-- Table structure for table `catalog_category_product_index_store3`
--

CREATE TABLE `catalog_category_product_index_store3` (
  `category_id` int unsigned NOT NULL DEFAULT '0' COMMENT 'Category Id',
  `product_id` int unsigned NOT NULL DEFAULT '0' COMMENT 'Product Id',
  `position` int DEFAULT NULL COMMENT 'Position',
  `is_parent` smallint unsigned NOT NULL DEFAULT '0' COMMENT 'Is Parent',
  `store_id` smallint unsigned NOT NULL DEFAULT '0' COMMENT 'Store Id',
  `visibility` smallint unsigned NOT NULL COMMENT 'Visibility',
  PRIMARY KEY (`category_id`,`product_id`,`store_id`),
  KEY `CAT_CTGR_PRD_IDX_STORE3_PRD_ID_STORE_ID_CTGR_ID_VISIBILITY` (`product_id`,`store_id`,`category_id`,`visibility`),
  KEY `IDX_E9342558FA31C65508E1FE75E6242607` (`store_id`,`category_id`,`visibility`,`is_parent`,`position`)
) ENGINE=InnoDB DEFAULT CHARSET=utf8 COMMENT='Catalog Category Product Index Store3';

--
-- Dumping data for table `catalog_category_product_index_store3`
--

INSERT INTO `catalog_category_product_index_store3` VALUES (2,16,0,0,3,4),(2,1,0,1,3,4),(2,2,0,1,3,4),(2,3,0,1,3,4),(2,4,0,1,3,4),(2,5,0,1,3,4),(2,6,0,1,3,4),(2,7,0,1,3,4),(2,8,0,1,3,4),(2,9,0,1,3,4),(2,10,0,1,3,4),(2,11,0,1,3,4),(2,12,0,1,3,4),(2,13,0,1,3,4),(2,14,0,1,3,4),(2,15,0,1,3,4),(2,17,0,1,3,4),(2,18,0,1,3,4),(2,19,0,1,3,4),(2,20,0,1,3,4),(2,21,0,1,3,4),(2,22,0,1,3,4),(2,23,0,1,3,4),(2,30,0,1,3,4),(2,31,0,1,3,4),(2,32,0,1,3,4),(2,33,0,1,3,4),(2,34,0,1,3,4),(2,35,0,1,3,4),(2,36,0,1,3,4),(8,1,10000,0,3,4),(8,4,10000,0,3,4),(8,6,10000,0,3,4),(8,17,10000,0,3,4),(8,31,10000,0,3,4),(8,32,10000,0,3,4),(8,34,10000,0,3,4),(8,35,10000,0,3,4),(8,36,10000,0,3,4),(8,2,0,1,3,4),(8,3,0,1,3,4),(8,5,0,1,3,4),(8,7,0,1,3,4),(8,8,0,1,3,4),(8,9,0,1,3,4),(8,10,0,1,3,4),(8,11,0,1,3,4),(8,12,0,1,3,4),(8,13,0,1,3,4),(8,14,0,1,3,4),(8,15,0,1,3,4),(8,18,0,1,3,4),(8,33,0,1,3,4),(9,1,0,1,3,4),(9,2,0,1,3,4),(9,4,0,1,3,4),(9,6,0,1,3,4),(9,7,0,1,3,4),(9,17,0,1,3,4),(9,33,0,1,3,4),(99,19,0,1,3,4),(99,20,0,1,3,4),(99,21,0,1,3,4),(99,22,0,1,3,4),(99,23,0,1,3,4),(99,30,0,1,3,4),(101,1,10000,0,3,4),(101,2,10000,0,3,4),(101,3,10000,0,3,4),(101,4,10000,0,3,4),(101,5,10000,0,3,4),(101,6,10000,0,3,4),(101,7,10000,0,3,4),(101,8,10000,0,3,4),(101,9,10000,0,3,4),(101,10,10000,0,3,4),(101,11,10000,0,3,4),(101,12,10000,0,3,4),(101,13,10000,0,3,4),(101,14,10000,0,3,4),(101,33,0,1,3,4),(102,1,0,1,3,4),(102,2,0,1,3,4),(102,3,0,1,3,4),(102,4,0,1,3,4),(102,5,0,1,3,4),(102,6,0,1,3,4),(102,7,0,1,3,4),(102,8,0,1,3,4),(102,9,0,1,3,4),(102,10,0,1,3,4),(102,11,0,1,3,4),(102,12,0,1,3,4),(102,13,0,1,3,4),(102,14,0,1,3,4),(102,33,0,1,3,4),(103,1,0,1,3,4),(103,2,0,1,3,4),(103,3,0,1,3,4),(103,4,0,1,3,4),(103,5,0,1,3,4),(103,6,0,1,3,4),(103,7,0,1,3,4),(103,8,0,1,3,4),(103,9,0,1,3,4),(103,10,0,1,3,4),(103,11,0,1,3,4),(103,12,0,1,3,4),(103,13,0,1,3,4),(103,14,0,1,3,4),(103,33,0,1,3,4),(104,1,0,1,3,4),(104,2,0,1,3,4),(104,3,0,1,3,4),(104,4,0,1,3,4),(104,5,0,1,3,4),(104,6,0,1,3,4),(104,7,0,1,3,4),(104,8,0,1,3,4),(104,9,0,1,3,4),(104,10,0,1,3,4),(104,11,0,1,3,4),(104,12,0,1,3,4),(104,13,0,1,3,4),(104,14,0,1,3,4),(104,33,0,1,3,4),(105,1,0,1,3,4),(105,2,0,1,3,4),(105,3,0,1,3,4),(105,4,0,1,3,4),(105,5,0,1,3,4),(105,6,0,1,3,4),(105,7,0,1,3,4),(105,8,0,1,3,4),(105,9,0,1,3,4),(105,10,0,1,3,4),(105,11,0,1,3,4),(105,12,0,1,3,4),(105,13,0,1,3,4),(105,14,0,1,3,4),(105,33,0,1,3,4),(106,17,0,1,3,4),(106,18,0,1,3,4),(106,31,0,1,3,4),(106,32,0,1,3,4),(106,33,0,1,3,4),(106,34,0,1,3,4),(106,35,0,1,3,4),(106,36,0,1,3,4),(107,1,0,1,3,4),(107,2,0,1,3,4),(107,4,0,1,3,4),(107,5,0,1,3,4),(107,6,0,1,3,4),(107,7,0,1,3,4),(107,8,0,1,3,4),(107,9,0,1,3,4),(107,10,0,1,3,4),(107,31,0,1,3,4),(107,32,0,1,3,4),(107,33,0,1,3,4),(107,34,0,1,3,4),(107,35,0,1,3,4),(107,36,0,1,3,4),(108,1,0,1,3,4),(108,2,0,1,3,4),(108,3,0,1,3,4),(108,4,0,1,3,4),(108,5,0,1,3,4),(108,6,0,1,3,4),(108,7,0,1,3,4),(108,8,0,1,3,4),(108,9,0,1,3,4),(108,10,0,1,3,4),(108,11,0,1,3,4),(108,12,0,1,3,4),(108,13,0,1,3,4),(108,14,0,1,3,4),(108,15,0,1,3,4),(109,1,0,1,3,4),(109,2,0,1,3,4),(109,3,0,1,3,4),(109,4,0,1,3,4),(109,5,0,1,3,4),(109,6,0,1,3,4),(109,7,0,1,3,4),(109,8,0,1,3,4),(109,9,0,1,3,4),(109,10,0,1,3,4),(109,11,0,1,3,4),(110,1,0,1,3,4),(110,2,0,1,3,4),(110,3,0,1,3,4),(110,4,0,1,3,4),(110,5,0,1,3,4),(110,6,0,1,3,4),(110,7,0,1,3,4),(110,8,0,1,3,4),(110,9,0,1,3,4),(110,10,0,1,3,4),(110,11,0,1,3,4),(110,12,0,1,3,4),(110,13,0,1,3,4),(110,14,0,1,3,4);

--
-- Table structure for table `catalog_category_product_index_store3_replica`
--

CREATE TABLE `catalog_category_product_index_store3_replica` (
  `category_id` int unsigned NOT NULL DEFAULT '0' COMMENT 'Category Id',
  `product_id` int unsigned NOT NULL DEFAULT '0' COMMENT 'Product Id',
  `position` int DEFAULT NULL COMMENT 'Position',
  `is_parent` smallint unsigned NOT NULL DEFAULT '0' COMMENT 'Is Parent',
  `store_id` smallint unsigned NOT NULL DEFAULT '0' COMMENT 'Store Id',
  `visibility` smallint unsigned NOT NULL COMMENT 'Visibility',
  PRIMARY KEY (`category_id`,`product_id`,`store_id`),
  KEY `IDX_43726D149468373EB56B59700A89860C` (`product_id`,`store_id`,`category_id`,`visibility`),
  KEY `IDX_3A62575144A54728FACD3A0D6309E61D` (`store_id`,`category_id`,`visibility`,`is_parent`,`position`)
) ENGINE=InnoDB DEFAULT CHARSET=utf8 COMMENT='Catalog Category Product Index Store3 Replica';

--
-- Dumping data for table `catalog_category_product_index_store3_replica`
--

INSERT INTO `catalog_category_product_index_store3_replica` VALUES (2,16,0,0,3,4),(2,1,0,1,3,4),(2,2,0,1,3,4),(2,3,0,1,3,4),(2,4,0,1,3,4),(2,5,0,1,3,4),(2,6,0,1,3,4),(2,7,0,1,3,4),(2,8,0,1,3,4),(2,9,0,1,3,4),(2,10,0,1,3,4),(2,11,0,1,3,4),(2,12,0,1,3,4),(2,13,0,1,3,4),(2,14,0,1,3,4),(2,15,0,1,3,4),(2,17,0,1,3,4),(2,18,0,1,3,4),(2,19,0,1,3,4),(2,20,0,1,3,4),(2,21,0,1,3,4),(2,22,0,1,3,4),(2,23,0,1,3,4),(2,30,0,1,3,4),(2,31,0,1,3,4),(2,32,0,1,3,4),(2,33,0,1,3,4),(2,34,0,1,3,4),(2,35,0,1,3,4),(2,36,0,1,3,4),(8,1,10000,0,3,4),(8,4,10000,0,3,4),(8,6,10000,0,3,4),(8,17,10000,0,3,4),(8,31,10000,0,3,4),(8,32,10000,0,3,4),(8,34,10000,0,3,4),(8,35,10000,0,3,4),(8,36,10000,0,3,4),(8,2,0,1,3,4),(8,3,0,1,3,4),(8,5,0,1,3,4),(8,7,0,1,3,4),(8,8,0,1,3,4),(8,9,0,1,3,4),(8,10,0,1,3,4),(8,11,0,1,3,4),(8,12,0,1,3,4),(8,13,0,1,3,4),(8,14,0,1,3,4),(8,15,0,1,3,4),(8,18,0,1,3,4),(8,33,0,1,3,4),(9,1,0,1,3,4),(9,2,0,1,3,4),(9,4,0,1,3,4),(9,6,0,1,3,4),(9,7,0,1,3,4),(9,17,0,1,3,4),(9,33,0,1,3,4),(99,19,0,1,3,4),(99,20,0,1,3,4),(99,21,0,1,3,4),(99,22,0,1,3,4),(99,23,0,1,3,4),(99,30,0,1,3,4),(101,1,10000,0,3,4),(101,2,10000,0,3,4),(101,3,10000,0,3,4),(101,4,10000,0,3,4),(101,5,10000,0,3,4),(101,6,10000,0,3,4),(101,7,10000,0,3,4),(101,8,10000,0,3,4),(101,9,10000,0,3,4),(101,10,10000,0,3,4),(101,11,10000,0,3,4),(101,12,10000,0,3,4),(101,13,10000,0,3,4),(101,14,10000,0,3,4),(101,33,0,1,3,4),(102,1,0,1,3,4),(102,2,0,1,3,4),(102,3,0,1,3,4),(102,4,0,1,3,4),(102,5,0,1,3,4),(102,6,0,1,3,4),(102,7,0,1,3,4),(102,8,0,1,3,4),(102,9,0,1,3,4),(102,10,0,1,3,4),(102,11,0,1,3,4),(102,12,0,1,3,4),(102,13,0,1,3,4),(102,14,0,1,3,4),(102,33,0,1,3,4),(103,1,0,1,3,4),(103,2,0,1,3,4),(103,3,0,1,3,4),(103,4,0,1,3,4),(103,5,0,1,3,4),(103,6,0,1,3,4),(103,7,0,1,3,4),(103,8,0,1,3,4),(103,9,0,1,3,4),(103,10,0,1,3,4),(103,11,0,1,3,4),(103,12,0,1,3,4),(103,13,0,1,3,4),(103,14,0,1,3,4),(103,33,0,1,3,4),(104,1,0,1,3,4),(104,2,0,1,3,4),(104,3,0,1,3,4),(104,4,0,1,3,4),(104,5,0,1,3,4),(104,6,0,1,3,4),(104,7,0,1,3,4),(104,8,0,1,3,4),(104,9,0,1,3,4),(104,10,0,1,3,4),(104,11,0,1,3,4),(104,12,0,1,3,4),(104,13,0,1,3,4),(104,14,0,1,3,4),(104,33,0,1,3,4),(105,1,0,1,3,4),(105,2,0,1,3,4),(105,3,0,1,3,4),(105,4,0,1,3,4),(105,5,0,1,3,4),(105,6,0,1,3,4),(105,7,0,1,3,4),(105,8,0,1,3,4),(105,9,0,1,3,4),(105,10,0,1,3,4),(105,11,0,1,3,4),(105,12,0,1,3,4),(105,13,0,1,3,4),(105,14,0,1,3,4),(105,33,0,1,3,4),(106,17,0,1,3,4),(106,18,0,1,3,4),(106,31,0,1,3,4),(106,32,0,1,3,4),(106,33,0,1,3,4),(106,34,0,1,3,4),(106,35,0,1,3,4),(106,36,0,1,3,4),(107,1,0,1,3,4),(107,2,0,1,3,4),(107,4,0,1,3,4),(107,5,0,1,3,4),(107,6,0,1,3,4),(107,7,0,1,3,4),(107,8,0,1,3,4),(107,9,0,1,3,4),(107,10,0,1,3,4),(107,31,0,1,3,4),(107,32,0,1,3,4),(107,33,0,1,3,4),(107,34,0,1,3,4),(107,35,0,1,3,4),(107,36,0,1,3,4),(108,1,0,1,3,4),(108,2,0,1,3,4),(108,3,0,1,3,4),(108,4,0,1,3,4),(108,5,0,1,3,4),(108,6,0,1,3,4),(108,7,0,1,3,4),(108,8,0,1,3,4),(108,9,0,1,3,4),(108,10,0,1,3,4),(108,11,0,1,3,4),(108,12,0,1,3,4),(108,13,0,1,3,4),(108,14,0,1,3,4),(108,15,0,1,3,4),(109,1,0,1,3,4),(109,2,0,1,3,4),(109,3,0,1,3,4),(109,4,0,1,3,4),(109,5,0,1,3,4),(109,6,0,1,3,4),(109,7,0,1,3,4),(109,8,0,1,3,4),(109,9,0,1,3,4),(109,10,0,1,3,4),(109,11,0,1,3,4),(110,1,0,1,3,4),(110,2,0,1,3,4),(110,3,0,1,3,4),(110,4,0,1,3,4),(110,5,0,1,3,4),(110,6,0,1,3,4),(110,7,0,1,3,4),(110,8,0,1,3,4),(110,9,0,1,3,4),(110,10,0,1,3,4),(110,11,0,1,3,4),(110,12,0,1,3,4),(110,13,0,1,3,4),(110,14,0,1,3,4);

--
-- Table structure for table `catalog_category_product_index_store4`
--

CREATE TABLE `catalog_category_product_index_store4` (
  `category_id` int unsigned NOT NULL DEFAULT '0' COMMENT 'Category Id',
  `product_id` int unsigned NOT NULL DEFAULT '0' COMMENT 'Product Id',
  `position` int DEFAULT NULL COMMENT 'Position',
  `is_parent` smallint unsigned NOT NULL DEFAULT '0' COMMENT 'Is Parent',
  `store_id` smallint unsigned NOT NULL DEFAULT '0' COMMENT 'Store Id',
  `visibility` smallint unsigned NOT NULL COMMENT 'Visibility',
  PRIMARY KEY (`category_id`,`product_id`,`store_id`),
  KEY `CAT_CTGR_PRD_IDX_STORE4_PRD_ID_STORE_ID_CTGR_ID_VISIBILITY` (`product_id`,`store_id`,`category_id`,`visibility`),
  KEY `IDX_ABB606D1CB36CD160DB880F39838BC3F` (`store_id`,`category_id`,`visibility`,`is_parent`,`position`)
) ENGINE=InnoDB DEFAULT CHARSET=utf8 COMMENT='Catalog Category Product Index Store4';

--
-- Dumping data for table `catalog_category_product_index_store4`
--

INSERT INTO `catalog_category_product_index_store4` VALUES (2,16,0,0,4,4),(2,1,0,1,4,4),(2,2,0,1,4,4),(2,3,0,1,4,4),(2,4,0,1,4,4),(2,5,0,1,4,4),(2,6,0,1,4,4),(2,7,0,1,4,4),(2,8,0,1,4,4),(2,9,0,1,4,4),(2,10,0,1,4,4),(2,11,0,1,4,4),(2,12,0,1,4,4),(2,13,0,1,4,4),(2,14,0,1,4,4),(2,15,0,1,4,4),(2,17,0,1,4,4),(2,18,0,1,4,4),(2,19,0,1,4,4),(2,20,0,1,4,4),(2,21,0,1,4,4),(2,22,0,1,4,4),(2,23,0,1,4,4),(2,30,0,1,4,4),(2,31,0,1,4,4),(2,32,0,1,4,4),(2,33,0,1,4,4),(2,34,0,1,4,4),(2,35,0,1,4,4),(2,36,0,1,4,4),(8,1,10000,0,4,4),(8,4,10000,0,4,4),(8,6,10000,0,4,4),(8,17,10000,0,4,4),(8,31,10000,0,4,4),(8,32,10000,0,4,4),(8,34,10000,0,4,4),(8,35,10000,0,4,4),(8,36,10000,0,4,4),(8,2,0,1,4,4),(8,3,0,1,4,4),(8,5,0,1,4,4),(8,7,0,1,4,4),(8,8,0,1,4,4),(8,9,0,1,4,4),(8,10,0,1,4,4),(8,11,0,1,4,4),(8,12,0,1,4,4),(8,13,0,1,4,4),(8,14,0,1,4,4),(8,15,0,1,4,4),(8,18,0,1,4,4),(8,33,0,1,4,4),(9,1,0,1,4,4),(9,2,0,1,4,4),(9,4,0,1,4,4),(9,6,0,1,4,4),(9,7,0,1,4,4),(9,17,0,1,4,4),(9,33,0,1,4,4),(99,19,0,1,4,4),(99,20,0,1,4,4),(99,21,0,1,4,4),(99,22,0,1,4,4),(99,23,0,1,4,4),(99,30,0,1,4,4),(101,1,10000,0,4,4),(101,2,10000,0,4,4),(101,3,10000,0,4,4),(101,4,10000,0,4,4),(101,5,10000,0,4,4),(101,6,10000,0,4,4),(101,7,10000,0,4,4),(101,8,10000,0,4,4),(101,9,10000,0,4,4),(101,10,10000,0,4,4),(101,11,10000,0,4,4),(101,12,10000,0,4,4),(101,13,10000,0,4,4),(101,14,10000,0,4,4),(101,33,0,1,4,4),(102,1,0,1,4,4),(102,2,0,1,4,4),(102,3,0,1,4,4),(102,4,0,1,4,4),(102,5,0,1,4,4),(102,6,0,1,4,4),(102,7,0,1,4,4),(102,8,0,1,4,4),(102,9,0,1,4,4),(102,10,0,1,4,4),(102,11,0,1,4,4),(102,12,0,1,4,4),(102,13,0,1,4,4),(102,14,0,1,4,4),(102,33,0,1,4,4),(103,1,0,1,4,4),(103,2,0,1,4,4),(103,3,0,1,4,4),(103,4,0,1,4,4),(103,5,0,1,4,4),(103,6,0,1,4,4),(103,7,0,1,4,4),(103,8,0,1,4,4),(103,9,0,1,4,4),(103,10,0,1,4,4),(103,11,0,1,4,4),(103,12,0,1,4,4),(103,13,0,1,4,4),(103,14,0,1,4,4),(103,33,0,1,4,4),(104,1,0,1,4,4),(104,2,0,1,4,4),(104,3,0,1,4,4),(104,4,0,1,4,4),(104,5,0,1,4,4),(104,6,0,1,4,4),(104,7,0,1,4,4),(104,8,0,1,4,4),(104,9,0,1,4,4),(104,10,0,1,4,4),(104,11,0,1,4,4),(104,12,0,1,4,4),(104,13,0,1,4,4),(104,14,0,1,4,4),(104,33,0,1,4,4),(105,1,0,1,4,4),(105,2,0,1,4,4),(105,3,0,1,4,4),(105,4,0,1,4,4),(105,5,0,1,4,4),(105,6,0,1,4,4),(105,7,0,1,4,4),(105,8,0,1,4,4),(105,9,0,1,4,4),(105,10,0,1,4,4),(105,11,0,1,4,4),(105,12,0,1,4,4),(105,13,0,1,4,4),(105,14,0,1,4,4),(105,33,0,1,4,4),(106,17,0,1,4,4),(106,18,0,1,4,4),(106,31,0,1,4,4),(106,32,0,1,4,4),(106,33,0,1,4,4),(106,34,0,1,4,4),(106,35,0,1,4,4),(106,36,0,1,4,4),(107,1,0,1,4,4),(107,2,0,1,4,4),(107,4,0,1,4,4),(107,5,0,1,4,4),(107,6,0,1,4,4),(107,7,0,1,4,4),(107,8,0,1,4,4),(107,9,0,1,4,4),(107,10,0,1,4,4),(107,31,0,1,4,4),(107,32,0,1,4,4),(107,33,0,1,4,4),(107,34,0,1,4,4),(107,35,0,1,4,4),(107,36,0,1,4,4),(108,1,0,1,4,4),(108,2,0,1,4,4),(108,3,0,1,4,4),(108,4,0,1,4,4),(108,5,0,1,4,4),(108,6,0,1,4,4),(108,7,0,1,4,4),(108,8,0,1,4,4),(108,9,0,1,4,4),(108,10,0,1,4,4),(108,11,0,1,4,4),(108,12,0,1,4,4),(108,13,0,1,4,4),(108,14,0,1,4,4),(108,15,0,1,4,4),(109,1,0,1,4,4),(109,2,0,1,4,4),(109,3,0,1,4,4),(109,4,0,1,4,4),(109,5,0,1,4,4),(109,6,0,1,4,4),(109,7,0,1,4,4),(109,8,0,1,4,4),(109,9,0,1,4,4),(109,10,0,1,4,4),(109,11,0,1,4,4),(110,1,0,1,4,4),(110,2,0,1,4,4),(110,3,0,1,4,4),(110,4,0,1,4,4),(110,5,0,1,4,4),(110,6,0,1,4,4),(110,7,0,1,4,4),(110,8,0,1,4,4),(110,9,0,1,4,4),(110,10,0,1,4,4),(110,11,0,1,4,4),(110,12,0,1,4,4),(110,13,0,1,4,4),(110,14,0,1,4,4);

--
-- Table structure for table `catalog_category_product_index_store4_replica`
--

CREATE TABLE `catalog_category_product_index_store4_replica` (
  `category_id` int unsigned NOT NULL DEFAULT '0' COMMENT 'Category Id',
  `product_id` int unsigned NOT NULL DEFAULT '0' COMMENT 'Product Id',
  `position` int DEFAULT NULL COMMENT 'Position',
  `is_parent` smallint unsigned NOT NULL DEFAULT '0' COMMENT 'Is Parent',
  `store_id` smallint unsigned NOT NULL DEFAULT '0' COMMENT 'Store Id',
  `visibility` smallint unsigned NOT NULL COMMENT 'Visibility',
  PRIMARY KEY (`category_id`,`product_id`,`store_id`),
  KEY `IDX_966AADF0F2BFAFFC1235C826759845CC` (`product_id`,`store_id`,`category_id`,`visibility`),
  KEY `IDX_F43ABBF162395BE3A1D5B1AE17C24FE2` (`store_id`,`category_id`,`visibility`,`is_parent`,`position`)
) ENGINE=InnoDB DEFAULT CHARSET=utf8 COMMENT='Catalog Category Product Index Store4 Replica';

--
-- Dumping data for table `catalog_category_product_index_store4_replica`
--

INSERT INTO `catalog_category_product_index_store4_replica` VALUES (2,16,0,0,4,4),(2,1,0,1,4,4),(2,2,0,1,4,4),(2,3,0,1,4,4),(2,4,0,1,4,4),(2,5,0,1,4,4),(2,6,0,1,4,4),(2,7,0,1,4,4),(2,8,0,1,4,4),(2,9,0,1,4,4),(2,10,0,1,4,4),(2,11,0,1,4,4),(2,12,0,1,4,4),(2,13,0,1,4,4),(2,14,0,1,4,4),(2,15,0,1,4,4),(2,17,0,1,4,4),(2,18,0,1,4,4),(2,19,0,1,4,4),(2,20,0,1,4,4),(2,21,0,1,4,4),(2,22,0,1,4,4),(2,23,0,1,4,4),(2,30,0,1,4,4),(2,31,0,1,4,4),(2,32,0,1,4,4),(2,33,0,1,4,4),(2,34,0,1,4,4),(2,35,0,1,4,4),(2,36,0,1,4,4),(8,1,10000,0,4,4),(8,4,10000,0,4,4),(8,6,10000,0,4,4),(8,17,10000,0,4,4),(8,31,10000,0,4,4),(8,32,10000,0,4,4),(8,34,10000,0,4,4),(8,35,10000,0,4,4),(8,36,10000,0,4,4),(8,2,0,1,4,4),(8,3,0,1,4,4),(8,5,0,1,4,4),(8,7,0,1,4,4),(8,8,0,1,4,4),(8,9,0,1,4,4),(8,10,0,1,4,4),(8,11,0,1,4,4),(8,12,0,1,4,4),(8,13,0,1,4,4),(8,14,0,1,4,4),(8,15,0,1,4,4),(8,18,0,1,4,4),(8,33,0,1,4,4),(9,1,0,1,4,4),(9,2,0,1,4,4),(9,4,0,1,4,4),(9,6,0,1,4,4),(9,7,0,1,4,4),(9,17,0,1,4,4),(9,33,0,1,4,4),(99,19,0,1,4,4),(99,20,0,1,4,4),(99,21,0,1,4,4),(99,22,0,1,4,4),(99,23,0,1,4,4),(99,30,0,1,4,4),(101,1,10000,0,4,4),(101,2,10000,0,4,4),(101,3,10000,0,4,4),(101,4,10000,0,4,4),(101,5,10000,0,4,4),(101,6,10000,0,4,4),(101,7,10000,0,4,4),(101,8,10000,0,4,4),(101,9,10000,0,4,4),(101,10,10000,0,4,4),(101,11,10000,0,4,4),(101,12,10000,0,4,4),(101,13,10000,0,4,4),(101,14,10000,0,4,4),(101,33,0,1,4,4),(102,1,0,1,4,4),(102,2,0,1,4,4),(102,3,0,1,4,4),(102,4,0,1,4,4),(102,5,0,1,4,4),(102,6,0,1,4,4),(102,7,0,1,4,4),(102,8,0,1,4,4),(102,9,0,1,4,4),(102,10,0,1,4,4),(102,11,0,1,4,4),(102,12,0,1,4,4),(102,13,0,1,4,4),(102,14,0,1,4,4),(102,33,0,1,4,4),(103,1,0,1,4,4),(103,2,0,1,4,4),(103,3,0,1,4,4),(103,4,0,1,4,4),(103,5,0,1,4,4),(103,6,0,1,4,4),(103,7,0,1,4,4),(103,8,0,1,4,4),(103,9,0,1,4,4),(103,10,0,1,4,4),(103,11,0,1,4,4),(103,12,0,1,4,4),(103,13,0,1,4,4),(103,14,0,1,4,4),(103,33,0,1,4,4),(104,1,0,1,4,4),(104,2,0,1,4,4),(104,3,0,1,4,4),(104,4,0,1,4,4),(104,5,0,1,4,4),(104,6,0,1,4,4),(104,7,0,1,4,4),(104,8,0,1,4,4),(104,9,0,1,4,4),(104,10,0,1,4,4),(104,11,0,1,4,4),(104,12,0,1,4,4),(104,13,0,1,4,4),(104,14,0,1,4,4),(104,33,0,1,4,4),(105,1,0,1,4,4),(105,2,0,1,4,4),(105,3,0,1,4,4),(105,4,0,1,4,4),(105,5,0,1,4,4),(105,6,0,1,4,4),(105,7,0,1,4,4),(105,8,0,1,4,4),(105,9,0,1,4,4),(105,10,0,1,4,4),(105,11,0,1,4,4),(105,12,0,1,4,4),(105,13,0,1,4,4),(105,14,0,1,4,4),(105,33,0,1,4,4),(106,17,0,1,4,4),(106,18,0,1,4,4),(106,31,0,1,4,4),(106,32,0,1,4,4),(106,33,0,1,4,4),(106,34,0,1,4,4),(106,35,0,1,4,4),(106,36,0,1,4,4),(107,1,0,1,4,4),(107,2,0,1,4,4),(107,4,0,1,4,4),(107,5,0,1,4,4),(107,6,0,1,4,4),(107,7,0,1,4,4),(107,8,0,1,4,4),(107,9,0,1,4,4),(107,10,0,1,4,4),(107,31,0,1,4,4),(107,32,0,1,4,4),(107,33,0,1,4,4),(107,34,0,1,4,4),(107,35,0,1,4,4),(107,36,0,1,4,4),(108,1,0,1,4,4),(108,2,0,1,4,4),(108,3,0,1,4,4),(108,4,0,1,4,4),(108,5,0,1,4,4),(108,6,0,1,4,4),(108,7,0,1,4,4),(108,8,0,1,4,4),(108,9,0,1,4,4),(108,10,0,1,4,4),(108,11,0,1,4,4),(108,12,0,1,4,4),(108,13,0,1,4,4),(108,14,0,1,4,4),(108,15,0,1,4,4),(109,1,0,1,4,4),(109,2,0,1,4,4),(109,3,0,1,4,4),(109,4,0,1,4,4),(109,5,0,1,4,4),(109,6,0,1,4,4),(109,7,0,1,4,4),(109,8,0,1,4,4),(109,9,0,1,4,4),(109,10,0,1,4,4),(109,11,0,1,4,4),(110,1,0,1,4,4),(110,2,0,1,4,4),(110,3,0,1,4,4),(110,4,0,1,4,4),(110,5,0,1,4,4),(110,6,0,1,4,4),(110,7,0,1,4,4),(110,8,0,1,4,4),(110,9,0,1,4,4),(110,10,0,1,4,4),(110,11,0,1,4,4),(110,12,0,1,4,4),(110,13,0,1,4,4),(110,14,0,1,4,4);

--
-- Table structure for table `catalog_category_product_index_store5`
--

CREATE TABLE `catalog_category_product_index_store5` (
  `category_id` int unsigned NOT NULL DEFAULT '0' COMMENT 'Category Id',
  `product_id` int unsigned NOT NULL DEFAULT '0' COMMENT 'Product Id',
  `position` int DEFAULT NULL COMMENT 'Position',
  `is_parent` smallint unsigned NOT NULL DEFAULT '0' COMMENT 'Is Parent',
  `store_id` smallint unsigned NOT NULL DEFAULT '0' COMMENT 'Store Id',
  `visibility` smallint unsigned NOT NULL COMMENT 'Visibility',
  PRIMARY KEY (`category_id`,`product_id`,`store_id`),
  KEY `CAT_CTGR_PRD_IDX_STORE5_PRD_ID_STORE_ID_CTGR_ID_VISIBILITY` (`product_id`,`store_id`,`category_id`,`visibility`),
  KEY `IDX_D66B6557126C2DE627A049511C72BE10` (`store_id`,`category_id`,`visibility`,`is_parent`,`position`)
) ENGINE=InnoDB DEFAULT CHARSET=utf8 COMMENT='Catalog Category Product Index Store5';

--
-- Dumping data for table `catalog_category_product_index_store5`
--

INSERT INTO `catalog_category_product_index_store5` VALUES (2,16,0,0,5,4),(2,1,0,1,5,4),(2,2,0,1,5,4),(2,3,0,1,5,4),(2,4,0,1,5,4),(2,5,0,1,5,4),(2,6,0,1,5,4),(2,7,0,1,5,4),(2,8,0,1,5,4),(2,9,0,1,5,4),(2,10,0,1,5,4),(2,11,0,1,5,4),(2,12,0,1,5,4),(2,13,0,1,5,4),(2,14,0,1,5,4),(2,15,0,1,5,4),(2,17,0,1,5,4),(2,18,0,1,5,4),(2,19,0,1,5,4),(2,20,0,1,5,4),(2,21,0,1,5,4),(2,22,0,1,5,4),(2,23,0,1,5,4),(2,30,0,1,5,4),(2,31,0,1,5,4),(2,32,0,1,5,4),(2,33,0,1,5,4),(2,34,0,1,5,4),(2,35,0,1,5,4),(2,36,0,1,5,4),(8,1,10000,0,5,4),(8,4,10000,0,5,4),(8,6,10000,0,5,4),(8,17,10000,0,5,4),(8,31,10000,0,5,4),(8,32,10000,0,5,4),(8,34,10000,0,5,4),(8,35,10000,0,5,4),(8,36,10000,0,5,4),(8,2,0,1,5,4),(8,3,0,1,5,4),(8,5,0,1,5,4),(8,7,0,1,5,4),(8,8,0,1,5,4),(8,9,0,1,5,4),(8,10,0,1,5,4),(8,11,0,1,5,4),(8,12,0,1,5,4),(8,13,0,1,5,4),(8,14,0,1,5,4),(8,15,0,1,5,4),(8,18,0,1,5,4),(8,33,0,1,5,4),(9,1,0,1,5,4),(9,2,0,1,5,4),(9,4,0,1,5,4),(9,6,0,1,5,4),(9,7,0,1,5,4),(9,17,0,1,5,4),(9,33,0,1,5,4),(99,19,0,1,5,4),(99,20,0,1,5,4),(99,21,0,1,5,4),(99,22,0,1,5,4),(99,23,0,1,5,4),(99,30,0,1,5,4),(101,1,10000,0,5,4),(101,2,10000,0,5,4),(101,3,10000,0,5,4),(101,4,10000,0,5,4),(101,5,10000,0,5,4),(101,6,10000,0,5,4),(101,7,10000,0,5,4),(101,8,10000,0,5,4),(101,9,10000,0,5,4),(101,10,10000,0,5,4),(101,11,10000,0,5,4),(101,12,10000,0,5,4),(101,13,10000,0,5,4),(101,14,10000,0,5,4),(101,33,0,1,5,4),(102,1,0,1,5,4),(102,2,0,1,5,4),(102,3,0,1,5,4),(102,4,0,1,5,4),(102,5,0,1,5,4),(102,6,0,1,5,4),(102,7,0,1,5,4),(102,8,0,1,5,4),(102,9,0,1,5,4),(102,10,0,1,5,4),(102,11,0,1,5,4),(102,12,0,1,5,4),(102,13,0,1,5,4),(102,14,0,1,5,4),(102,33,0,1,5,4),(103,1,0,1,5,4),(103,2,0,1,5,4),(103,3,0,1,5,4),(103,4,0,1,5,4),(103,5,0,1,5,4),(103,6,0,1,5,4),(103,7,0,1,5,4),(103,8,0,1,5,4),(103,9,0,1,5,4),(103,10,0,1,5,4),(103,11,0,1,5,4),(103,12,0,1,5,4),(103,13,0,1,5,4),(103,14,0,1,5,4),(103,33,0,1,5,4),(104,1,0,1,5,4),(104,2,0,1,5,4),(104,3,0,1,5,4),(104,4,0,1,5,4),(104,5,0,1,5,4),(104,6,0,1,5,4),(104,7,0,1,5,4),(104,8,0,1,5,4),(104,9,0,1,5,4),(104,10,0,1,5,4),(104,11,0,1,5,4),(104,12,0,1,5,4),(104,13,0,1,5,4),(104,14,0,1,5,4),(104,33,0,1,5,4),(105,1,0,1,5,4),(105,2,0,1,5,4),(105,3,0,1,5,4),(105,4,0,1,5,4),(105,5,0,1,5,4),(105,6,0,1,5,4),(105,7,0,1,5,4),(105,8,0,1,5,4),(105,9,0,1,5,4),(105,10,0,1,5,4),(105,11,0,1,5,4),(105,12,0,1,5,4),(105,13,0,1,5,4),(105,14,0,1,5,4),(105,33,0,1,5,4),(106,17,0,1,5,4),(106,18,0,1,5,4),(106,31,0,1,5,4),(106,32,0,1,5,4),(106,33,0,1,5,4),(106,34,0,1,5,4),(106,35,0,1,5,4),(106,36,0,1,5,4),(107,1,0,1,5,4),(107,2,0,1,5,4),(107,4,0,1,5,4),(107,5,0,1,5,4),(107,6,0,1,5,4),(107,7,0,1,5,4),(107,8,0,1,5,4),(107,9,0,1,5,4),(107,10,0,1,5,4),(107,31,0,1,5,4),(107,32,0,1,5,4),(107,33,0,1,5,4),(107,34,0,1,5,4),(107,35,0,1,5,4),(107,36,0,1,5,4),(108,1,0,1,5,4),(108,2,0,1,5,4),(108,3,0,1,5,4),(108,4,0,1,5,4),(108,5,0,1,5,4),(108,6,0,1,5,4),(108,7,0,1,5,4),(108,8,0,1,5,4),(108,9,0,1,5,4),(108,10,0,1,5,4),(108,11,0,1,5,4),(108,12,0,1,5,4),(108,13,0,1,5,4),(108,14,0,1,5,4),(108,15,0,1,5,4),(109,1,0,1,5,4),(109,2,0,1,5,4),(109,3,0,1,5,4),(109,4,0,1,5,4),(109,5,0,1,5,4),(109,6,0,1,5,4),(109,7,0,1,5,4),(109,8,0,1,5,4),(109,9,0,1,5,4),(109,10,0,1,5,4),(109,11,0,1,5,4),(110,1,0,1,5,4),(110,2,0,1,5,4),(110,3,0,1,5,4),(110,4,0,1,5,4),(110,5,0,1,5,4),(110,6,0,1,5,4),(110,7,0,1,5,4),(110,8,0,1,5,4),(110,9,0,1,5,4),(110,10,0,1,5,4),(110,11,0,1,5,4),(110,12,0,1,5,4),(110,13,0,1,5,4),(110,14,0,1,5,4);

--
-- Table structure for table `catalog_category_product_index_store5_replica`
--

CREATE TABLE `catalog_category_product_index_store5_replica` (
  `category_id` int unsigned NOT NULL DEFAULT '0' COMMENT 'Category Id',
  `product_id` int unsigned NOT NULL DEFAULT '0' COMMENT 'Product Id',
  `position` int DEFAULT NULL COMMENT 'Position',
  `is_parent` smallint unsigned NOT NULL DEFAULT '0' COMMENT 'Is Parent',
  `store_id` smallint unsigned NOT NULL DEFAULT '0' COMMENT 'Store Id',
  `visibility` smallint unsigned NOT NULL COMMENT 'Visibility',
  PRIMARY KEY (`category_id`,`product_id`,`store_id`),
  KEY `IDX_78288F76D618C4C378D1DE1DB362C05F` (`product_id`,`store_id`,`category_id`,`visibility`),
  KEY `IDX_04B1890D19F381013371F9182F62C602` (`store_id`,`category_id`,`visibility`,`is_parent`,`position`)
) ENGINE=InnoDB DEFAULT CHARSET=utf8 COMMENT='Catalog Category Product Index Store5 Replica';

--
-- Dumping data for table `catalog_category_product_index_store5_replica`
--

INSERT INTO `catalog_category_product_index_store5_replica` VALUES (2,16,0,0,5,4),(2,1,0,1,5,4),(2,2,0,1,5,4),(2,3,0,1,5,4),(2,4,0,1,5,4),(2,5,0,1,5,4),(2,6,0,1,5,4),(2,7,0,1,5,4),(2,8,0,1,5,4),(2,9,0,1,5,4),(2,10,0,1,5,4),(2,11,0,1,5,4),(2,12,0,1,5,4),(2,13,0,1,5,4),(2,14,0,1,5,4),(2,15,0,1,5,4),(2,17,0,1,5,4),(2,18,0,1,5,4),(2,19,0,1,5,4),(2,20,0,1,5,4),(2,21,0,1,5,4),(2,22,0,1,5,4),(2,23,0,1,5,4),(2,30,0,1,5,4),(2,31,0,1,5,4),(2,32,0,1,5,4),(2,33,0,1,5,4),(2,34,0,1,5,4),(2,35,0,1,5,4),(2,36,0,1,5,4),(8,1,10000,0,5,4),(8,4,10000,0,5,4),(8,6,10000,0,5,4),(8,17,10000,0,5,4),(8,31,10000,0,5,4),(8,32,10000,0,5,4),(8,34,10000,0,5,4),(8,35,10000,0,5,4),(8,36,10000,0,5,4),(8,2,0,1,5,4),(8,3,0,1,5,4),(8,5,0,1,5,4),(8,7,0,1,5,4),(8,8,0,1,5,4),(8,9,0,1,5,4),(8,10,0,1,5,4),(8,11,0,1,5,4),(8,12,0,1,5,4),(8,13,0,1,5,4),(8,14,0,1,5,4),(8,15,0,1,5,4),(8,18,0,1,5,4),(8,33,0,1,5,4),(9,1,0,1,5,4),(9,2,0,1,5,4),(9,4,0,1,5,4),(9,6,0,1,5,4),(9,7,0,1,5,4),(9,17,0,1,5,4),(9,33,0,1,5,4),(99,19,0,1,5,4),(99,20,0,1,5,4),(99,21,0,1,5,4),(99,22,0,1,5,4),(99,23,0,1,5,4),(99,30,0,1,5,4),(101,1,10000,0,5,4),(101,2,10000,0,5,4),(101,3,10000,0,5,4),(101,4,10000,0,5,4),(101,5,10000,0,5,4),(101,6,10000,0,5,4),(101,7,10000,0,5,4),(101,8,10000,0,5,4),(101,9,10000,0,5,4),(101,10,10000,0,5,4),(101,11,10000,0,5,4),(101,12,10000,0,5,4),(101,13,10000,0,5,4),(101,14,10000,0,5,4),(101,33,0,1,5,4),(102,1,0,1,5,4),(102,2,0,1,5,4),(102,3,0,1,5,4),(102,4,0,1,5,4),(102,5,0,1,5,4),(102,6,0,1,5,4),(102,7,0,1,5,4),(102,8,0,1,5,4),(102,9,0,1,5,4),(102,10,0,1,5,4),(102,11,0,1,5,4),(102,12,0,1,5,4),(102,13,0,1,5,4),(102,14,0,1,5,4),(102,33,0,1,5,4),(103,1,0,1,5,4),(103,2,0,1,5,4),(103,3,0,1,5,4),(103,4,0,1,5,4),(103,5,0,1,5,4),(103,6,0,1,5,4),(103,7,0,1,5,4),(103,8,0,1,5,4),(103,9,0,1,5,4),(103,10,0,1,5,4),(103,11,0,1,5,4),(103,12,0,1,5,4),(103,13,0,1,5,4),(103,14,0,1,5,4),(103,33,0,1,5,4),(104,1,0,1,5,4),(104,2,0,1,5,4),(104,3,0,1,5,4),(104,4,0,1,5,4),(104,5,0,1,5,4),(104,6,0,1,5,4),(104,7,0,1,5,4),(104,8,0,1,5,4),(104,9,0,1,5,4),(104,10,0,1,5,4),(104,11,0,1,5,4),(104,12,0,1,5,4),(104,13,0,1,5,4),(104,14,0,1,5,4),(104,33,0,1,5,4),(105,1,0,1,5,4),(105,2,0,1,5,4),(105,3,0,1,5,4),(105,4,0,1,5,4),(105,5,0,1,5,4),(105,6,0,1,5,4),(105,7,0,1,5,4),(105,8,0,1,5,4),(105,9,0,1,5,4),(105,10,0,1,5,4),(105,11,0,1,5,4),(105,12,0,1,5,4),(105,13,0,1,5,4),(105,14,0,1,5,4),(105,33,0,1,5,4),(106,17,0,1,5,4),(106,18,0,1,5,4),(106,31,0,1,5,4),(106,32,0,1,5,4),(106,33,0,1,5,4),(106,34,0,1,5,4),(106,35,0,1,5,4),(106,36,0,1,5,4),(107,1,0,1,5,4),(107,2,0,1,5,4),(107,4,0,1,5,4),(107,5,0,1,5,4),(107,6,0,1,5,4),(107,7,0,1,5,4),(107,8,0,1,5,4),(107,9,0,1,5,4),(107,10,0,1,5,4),(107,31,0,1,5,4),(107,32,0,1,5,4),(107,33,0,1,5,4),(107,34,0,1,5,4),(107,35,0,1,5,4),(107,36,0,1,5,4),(108,1,0,1,5,4),(108,2,0,1,5,4),(108,3,0,1,5,4),(108,4,0,1,5,4),(108,5,0,1,5,4),(108,6,0,1,5,4),(108,7,0,1,5,4),(108,8,0,1,5,4),(108,9,0,1,5,4),(108,10,0,1,5,4),(108,11,0,1,5,4),(108,12,0,1,5,4),(108,13,0,1,5,4),(108,14,0,1,5,4),(108,15,0,1,5,4),(109,1,0,1,5,4),(109,2,0,1,5,4),(109,3,0,1,5,4),(109,4,0,1,5,4),(109,5,0,1,5,4),(109,6,0,1,5,4),(109,7,0,1,5,4),(109,8,0,1,5,4),(109,9,0,1,5,4),(109,10,0,1,5,4),(109,11,0,1,5,4),(110,1,0,1,5,4),(110,2,0,1,5,4),(110,3,0,1,5,4),(110,4,0,1,5,4),(110,5,0,1,5,4),(110,6,0,1,5,4),(110,7,0,1,5,4),(110,8,0,1,5,4),(110,9,0,1,5,4),(110,10,0,1,5,4),(110,11,0,1,5,4),(110,12,0,1,5,4),(110,13,0,1,5,4),(110,14,0,1,5,4);

--
-- Table structure for table `catalog_category_product_index_store6`
--

CREATE TABLE `catalog_category_product_index_store6` (
  `category_id` int unsigned NOT NULL DEFAULT '0' COMMENT 'Category Id',
  `product_id` int unsigned NOT NULL DEFAULT '0' COMMENT 'Product Id',
  `position` int DEFAULT NULL COMMENT 'Position',
  `is_parent` smallint unsigned NOT NULL DEFAULT '0' COMMENT 'Is Parent',
  `store_id` smallint unsigned NOT NULL DEFAULT '0' COMMENT 'Store Id',
  `visibility` smallint unsigned NOT NULL COMMENT 'Visibility',
  PRIMARY KEY (`category_id`,`product_id`,`store_id`),
  KEY `CAT_CTGR_PRD_IDX_STORE6_PRD_ID_STORE_ID_CTGR_ID_VISIBILITY` (`product_id`,`store_id`,`category_id`,`visibility`),
  KEY `IDX_715799A609D876BA8BC3889F4D0D2350` (`store_id`,`category_id`,`visibility`,`is_parent`,`position`)
) ENGINE=InnoDB DEFAULT CHARSET=utf8 COMMENT='Catalog Category Product Index Store6';

--
-- Dumping data for table `catalog_category_product_index_store6`
--

INSERT INTO `catalog_category_product_index_store6` VALUES (2,16,0,0,6,4),(2,1,0,1,6,4),(2,2,0,1,6,4),(2,3,0,1,6,4),(2,4,0,1,6,4),(2,5,0,1,6,4),(2,6,0,1,6,4),(2,7,0,1,6,4),(2,8,0,1,6,4),(2,9,0,1,6,4),(2,10,0,1,6,4),(2,11,0,1,6,4),(2,12,0,1,6,4),(2,13,0,1,6,4),(2,14,0,1,6,4),(2,15,0,1,6,4),(2,17,0,1,6,4),(2,18,0,1,6,4),(2,19,0,1,6,4),(2,20,0,1,6,4),(2,21,0,1,6,4),(2,22,0,1,6,4),(2,23,0,1,6,4),(2,30,0,1,6,4),(2,31,0,1,6,4),(2,32,0,1,6,4),(2,33,0,1,6,4),(2,34,0,1,6,4),(2,35,0,1,6,4),(2,36,0,1,6,4),(8,1,10000,0,6,4),(8,4,10000,0,6,4),(8,6,10000,0,6,4),(8,17,10000,0,6,4),(8,31,10000,0,6,4),(8,32,10000,0,6,4),(8,34,10000,0,6,4),(8,35,10000,0,6,4),(8,36,10000,0,6,4),(8,2,0,1,6,4),(8,3,0,1,6,4),(8,5,0,1,6,4),(8,7,0,1,6,4),(8,8,0,1,6,4),(8,9,0,1,6,4),(8,10,0,1,6,4),(8,11,0,1,6,4),(8,12,0,1,6,4),(8,13,0,1,6,4),(8,14,0,1,6,4),(8,15,0,1,6,4),(8,18,0,1,6,4),(8,33,0,1,6,4),(9,1,0,1,6,4),(9,2,0,1,6,4),(9,4,0,1,6,4),(9,6,0,1,6,4),(9,7,0,1,6,4),(9,17,0,1,6,4),(9,33,0,1,6,4),(99,19,0,1,6,4),(99,20,0,1,6,4),(99,21,0,1,6,4),(99,22,0,1,6,4),(99,23,0,1,6,4),(99,30,0,1,6,4),(101,1,10000,0,6,4),(101,2,10000,0,6,4),(101,3,10000,0,6,4),(101,4,10000,0,6,4),(101,5,10000,0,6,4),(101,6,10000,0,6,4),(101,7,10000,0,6,4),(101,8,10000,0,6,4),(101,9,10000,0,6,4),(101,10,10000,0,6,4),(101,11,10000,0,6,4),(101,12,10000,0,6,4),(101,13,10000,0,6,4),(101,14,10000,0,6,4),(101,33,0,1,6,4),(102,1,0,1,6,4),(102,2,0,1,6,4),(102,3,0,1,6,4),(102,4,0,1,6,4),(102,5,0,1,6,4),(102,6,0,1,6,4),(102,7,0,1,6,4),(102,8,0,1,6,4),(102,9,0,1,6,4),(102,10,0,1,6,4),(102,11,0,1,6,4),(102,12,0,1,6,4),(102,13,0,1,6,4),(102,14,0,1,6,4),(102,33,0,1,6,4),(103,1,0,1,6,4),(103,2,0,1,6,4),(103,3,0,1,6,4),(103,4,0,1,6,4),(103,5,0,1,6,4),(103,6,0,1,6,4),(103,7,0,1,6,4),(103,8,0,1,6,4),(103,9,0,1,6,4),(103,10,0,1,6,4),(103,11,0,1,6,4),(103,12,0,1,6,4),(103,13,0,1,6,4),(103,14,0,1,6,4),(103,33,0,1,6,4),(104,1,0,1,6,4),(104,2,0,1,6,4),(104,3,0,1,6,4),(104,4,0,1,6,4),(104,5,0,1,6,4),(104,6,0,1,6,4),(104,7,0,1,6,4),(104,8,0,1,6,4),(104,9,0,1,6,4),(104,10,0,1,6,4),(104,11,0,1,6,4),(104,12,0,1,6,4),(104,13,0,1,6,4),(104,14,0,1,6,4),(104,33,0,1,6,4),(105,1,0,1,6,4),(105,2,0,1,6,4),(105,3,0,1,6,4),(105,4,0,1,6,4),(105,5,0,1,6,4),(105,6,0,1,6,4),(105,7,0,1,6,4),(105,8,0,1,6,4),(105,9,0,1,6,4),(105,10,0,1,6,4),(105,11,0,1,6,4),(105,12,0,1,6,4),(105,13,0,1,6,4),(105,14,0,1,6,4),(105,33,0,1,6,4),(106,17,0,1,6,4),(106,18,0,1,6,4),(106,31,0,1,6,4),(106,32,0,1,6,4),(106,33,0,1,6,4),(106,34,0,1,6,4),(106,35,0,1,6,4),(106,36,0,1,6,4),(107,1,0,1,6,4),(107,2,0,1,6,4),(107,4,0,1,6,4),(107,5,0,1,6,4),(107,6,0,1,6,4),(107,7,0,1,6,4),(107,8,0,1,6,4),(107,9,0,1,6,4),(107,10,0,1,6,4),(107,31,0,1,6,4),(107,32,0,1,6,4),(107,33,0,1,6,4),(107,34,0,1,6,4),(107,35,0,1,6,4),(107,36,0,1,6,4),(108,1,0,1,6,4),(108,2,0,1,6,4),(108,3,0,1,6,4),(108,4,0,1,6,4),(108,5,0,1,6,4),(108,6,0,1,6,4),(108,7,0,1,6,4),(108,8,0,1,6,4),(108,9,0,1,6,4),(108,10,0,1,6,4),(108,11,0,1,6,4),(108,12,0,1,6,4),(108,13,0,1,6,4),(108,14,0,1,6,4),(108,15,0,1,6,4),(109,1,0,1,6,4),(109,2,0,1,6,4),(109,3,0,1,6,4),(109,4,0,1,6,4),(109,5,0,1,6,4),(109,6,0,1,6,4),(109,7,0,1,6,4),(109,8,0,1,6,4),(109,9,0,1,6,4),(109,10,0,1,6,4),(109,11,0,1,6,4),(110,1,0,1,6,4),(110,2,0,1,6,4),(110,3,0,1,6,4),(110,4,0,1,6,4),(110,5,0,1,6,4),(110,6,0,1,6,4),(110,7,0,1,6,4),(110,8,0,1,6,4),(110,9,0,1,6,4),(110,10,0,1,6,4),(110,11,0,1,6,4),(110,12,0,1,6,4),(110,13,0,1,6,4),(110,14,0,1,6,4);

--
-- Table structure for table `catalog_category_product_index_store6_replica`
--

CREATE TABLE `catalog_category_product_index_store6_replica` (
  `category_id` int unsigned NOT NULL DEFAULT '0' COMMENT 'Category Id',
  `product_id` int unsigned NOT NULL DEFAULT '0' COMMENT 'Product Id',
  `position` int DEFAULT NULL COMMENT 'Position',
  `is_parent` smallint unsigned NOT NULL DEFAULT '0' COMMENT 'Is Parent',
  `store_id` smallint unsigned NOT NULL DEFAULT '0' COMMENT 'Store Id',
  `visibility` smallint unsigned NOT NULL COMMENT 'Visibility',
  PRIMARY KEY (`category_id`,`product_id`,`store_id`),
  KEY `IDX_60907034DE58E5F1696F31290F80B9B6` (`product_id`,`store_id`,`category_id`,`visibility`),
  KEY `IDX_65189DCB54C58237E1298BDD7727D150` (`store_id`,`category_id`,`visibility`,`is_parent`,`position`)
) ENGINE=InnoDB DEFAULT CHARSET=utf8 COMMENT='Catalog Category Product Index Store6 Replica';

--
-- Dumping data for table `catalog_category_product_index_store6_replica`
--

INSERT INTO `catalog_category_product_index_store6_replica` VALUES (2,16,0,0,6,4),(2,1,0,1,6,4),(2,2,0,1,6,4),(2,3,0,1,6,4),(2,4,0,1,6,4),(2,5,0,1,6,4),(2,6,0,1,6,4),(2,7,0,1,6,4),(2,8,0,1,6,4),(2,9,0,1,6,4),(2,10,0,1,6,4),(2,11,0,1,6,4),(2,12,0,1,6,4),(2,13,0,1,6,4),(2,14,0,1,6,4),(2,15,0,1,6,4),(2,17,0,1,6,4),(2,18,0,1,6,4),(2,19,0,1,6,4),(2,20,0,1,6,4),(2,21,0,1,6,4),(2,22,0,1,6,4),(2,23,0,1,6,4),(2,30,0,1,6,4),(2,31,0,1,6,4),(2,32,0,1,6,4),(2,33,0,1,6,4),(2,34,0,1,6,4),(2,35,0,1,6,4),(2,36,0,1,6,4),(8,1,10000,0,6,4),(8,4,10000,0,6,4),(8,6,10000,0,6,4),(8,17,10000,0,6,4),(8,31,10000,0,6,4),(8,32,10000,0,6,4),(8,34,10000,0,6,4),(8,35,10000,0,6,4),(8,36,10000,0,6,4),(8,2,0,1,6,4),(8,3,0,1,6,4),(8,5,0,1,6,4),(8,7,0,1,6,4),(8,8,0,1,6,4),(8,9,0,1,6,4),(8,10,0,1,6,4),(8,11,0,1,6,4),(8,12,0,1,6,4),(8,13,0,1,6,4),(8,14,0,1,6,4),(8,15,0,1,6,4),(8,18,0,1,6,4),(8,33,0,1,6,4),(9,1,0,1,6,4),(9,2,0,1,6,4),(9,4,0,1,6,4),(9,6,0,1,6,4),(9,7,0,1,6,4),(9,17,0,1,6,4),(9,33,0,1,6,4),(99,19,0,1,6,4),(99,20,0,1,6,4),(99,21,0,1,6,4),(99,22,0,1,6,4),(99,23,0,1,6,4),(99,30,0,1,6,4),(101,1,10000,0,6,4),(101,2,10000,0,6,4),(101,3,10000,0,6,4),(101,4,10000,0,6,4),(101,5,10000,0,6,4),(101,6,10000,0,6,4),(101,7,10000,0,6,4),(101,8,10000,0,6,4),(101,9,10000,0,6,4),(101,10,10000,0,6,4),(101,11,10000,0,6,4),(101,12,10000,0,6,4),(101,13,10000,0,6,4),(101,14,10000,0,6,4),(101,33,0,1,6,4),(102,1,0,1,6,4),(102,2,0,1,6,4),(102,3,0,1,6,4),(102,4,0,1,6,4),(102,5,0,1,6,4),(102,6,0,1,6,4),(102,7,0,1,6,4),(102,8,0,1,6,4),(102,9,0,1,6,4),(102,10,0,1,6,4),(102,11,0,1,6,4),(102,12,0,1,6,4),(102,13,0,1,6,4),(102,14,0,1,6,4),(102,33,0,1,6,4),(103,1,0,1,6,4),(103,2,0,1,6,4),(103,3,0,1,6,4),(103,4,0,1,6,4),(103,5,0,1,6,4),(103,6,0,1,6,4),(103,7,0,1,6,4),(103,8,0,1,6,4),(103,9,0,1,6,4),(103,10,0,1,6,4),(103,11,0,1,6,4),(103,12,0,1,6,4),(103,13,0,1,6,4),(103,14,0,1,6,4),(103,33,0,1,6,4),(104,1,0,1,6,4),(104,2,0,1,6,4),(104,3,0,1,6,4),(104,4,0,1,6,4),(104,5,0,1,6,4),(104,6,0,1,6,4),(104,7,0,1,6,4),(104,8,0,1,6,4),(104,9,0,1,6,4),(104,10,0,1,6,4),(104,11,0,1,6,4),(104,12,0,1,6,4),(104,13,0,1,6,4),(104,14,0,1,6,4),(104,33,0,1,6,4),(105,1,0,1,6,4),(105,2,0,1,6,4),(105,3,0,1,6,4),(105,4,0,1,6,4),(105,5,0,1,6,4),(105,6,0,1,6,4),(105,7,0,1,6,4),(105,8,0,1,6,4),(105,9,0,1,6,4),(105,10,0,1,6,4),(105,11,0,1,6,4),(105,12,0,1,6,4),(105,13,0,1,6,4),(105,14,0,1,6,4),(105,33,0,1,6,4),(106,17,0,1,6,4),(106,18,0,1,6,4),(106,31,0,1,6,4),(106,32,0,1,6,4),(106,33,0,1,6,4),(106,34,0,1,6,4),(106,35,0,1,6,4),(106,36,0,1,6,4),(107,1,0,1,6,4),(107,2,0,1,6,4),(107,4,0,1,6,4),(107,5,0,1,6,4),(107,6,0,1,6,4),(107,7,0,1,6,4),(107,8,0,1,6,4),(107,9,0,1,6,4),(107,10,0,1,6,4),(107,31,0,1,6,4),(107,32,0,1,6,4),(107,33,0,1,6,4),(107,34,0,1,6,4),(107,35,0,1,6,4),(107,36,0,1,6,4),(108,1,0,1,6,4),(108,2,0,1,6,4),(108,3,0,1,6,4),(108,4,0,1,6,4),(108,5,0,1,6,4),(108,6,0,1,6,4),(108,7,0,1,6,4),(108,8,0,1,6,4),(108,9,0,1,6,4),(108,10,0,1,6,4),(108,11,0,1,6,4),(108,12,0,1,6,4),(108,13,0,1,6,4),(108,14,0,1,6,4),(108,15,0,1,6,4),(109,1,0,1,6,4),(109,2,0,1,6,4),(109,3,0,1,6,4),(109,4,0,1,6,4),(109,5,0,1,6,4),(109,6,0,1,6,4),(109,7,0,1,6,4),(109,8,0,1,6,4),(109,9,0,1,6,4),(109,10,0,1,6,4),(109,11,0,1,6,4),(110,1,0,1,6,4),(110,2,0,1,6,4),(110,3,0,1,6,4),(110,4,0,1,6,4),(110,5,0,1,6,4),(110,6,0,1,6,4),(110,7,0,1,6,4),(110,8,0,1,6,4),(110,9,0,1,6,4),(110,10,0,1,6,4),(110,11,0,1,6,4),(110,12,0,1,6,4),(110,13,0,1,6,4),(110,14,0,1,6,4);

--
-- Table structure for table `catalog_category_product_index_store7`
--

CREATE TABLE `catalog_category_product_index_store7` (
  `category_id` int unsigned NOT NULL DEFAULT '0' COMMENT 'Category Id',
  `product_id` int unsigned NOT NULL DEFAULT '0' COMMENT 'Product Id',
  `position` int DEFAULT NULL COMMENT 'Position',
  `is_parent` smallint unsigned NOT NULL DEFAULT '0' COMMENT 'Is Parent',
  `store_id` smallint unsigned NOT NULL DEFAULT '0' COMMENT 'Store Id',
  `visibility` smallint unsigned NOT NULL COMMENT 'Visibility',
  PRIMARY KEY (`category_id`,`product_id`,`store_id`),
  KEY `CAT_CTGR_PRD_IDX_STORE7_PRD_ID_STORE_ID_CTGR_ID_VISIBILITY` (`product_id`,`store_id`,`category_id`,`visibility`),
  KEY `IDX_FC3C465EAA213CB948AAD83C52813CCF` (`store_id`,`category_id`,`visibility`,`is_parent`,`position`)
) ENGINE=InnoDB DEFAULT CHARSET=utf8 COMMENT='Catalog Category Product Index Store7';

--
-- Dumping data for table `catalog_category_product_index_store7`
--

INSERT INTO `catalog_category_product_index_store7` VALUES (2,16,0,0,7,4),(2,1,0,1,7,4),(2,2,0,1,7,4),(2,3,0,1,7,4),(2,4,0,1,7,4),(2,5,0,1,7,4),(2,6,0,1,7,4),(2,7,0,1,7,4),(2,8,0,1,7,4),(2,9,0,1,7,4),(2,10,0,1,7,4),(2,11,0,1,7,4),(2,12,0,1,7,4),(2,13,0,1,7,4),(2,14,0,1,7,4),(2,15,0,1,7,4),(2,17,0,1,7,4),(2,18,0,1,7,4),(2,19,0,1,7,4),(2,20,0,1,7,4),(2,21,0,1,7,4),(2,22,0,1,7,4),(2,23,0,1,7,4),(2,30,0,1,7,4),(2,31,0,1,7,4),(2,32,0,1,7,4),(2,33,0,1,7,4),(2,34,0,1,7,4),(2,35,0,1,7,4),(2,36,0,1,7,4),(8,1,10000,0,7,4),(8,4,10000,0,7,4),(8,6,10000,0,7,4),(8,17,10000,0,7,4),(8,31,10000,0,7,4),(8,32,10000,0,7,4),(8,34,10000,0,7,4),(8,35,10000,0,7,4),(8,36,10000,0,7,4),(8,2,0,1,7,4),(8,3,0,1,7,4),(8,5,0,1,7,4),(8,7,0,1,7,4),(8,8,0,1,7,4),(8,9,0,1,7,4),(8,10,0,1,7,4),(8,11,0,1,7,4),(8,12,0,1,7,4),(8,13,0,1,7,4),(8,14,0,1,7,4),(8,15,0,1,7,4),(8,18,0,1,7,4),(8,33,0,1,7,4),(9,1,0,1,7,4),(9,2,0,1,7,4),(9,4,0,1,7,4),(9,6,0,1,7,4),(9,7,0,1,7,4),(9,17,0,1,7,4),(9,33,0,1,7,4),(99,19,0,1,7,4),(99,20,0,1,7,4),(99,21,0,1,7,4),(99,22,0,1,7,4),(99,23,0,1,7,4),(99,30,0,1,7,4),(101,1,10000,0,7,4),(101,2,10000,0,7,4),(101,3,10000,0,7,4),(101,4,10000,0,7,4),(101,5,10000,0,7,4),(101,6,10000,0,7,4),(101,7,10000,0,7,4),(101,8,10000,0,7,4),(101,9,10000,0,7,4),(101,10,10000,0,7,4),(101,11,10000,0,7,4),(101,12,10000,0,7,4),(101,13,10000,0,7,4),(101,14,10000,0,7,4),(101,33,0,1,7,4),(102,1,0,1,7,4),(102,2,0,1,7,4),(102,3,0,1,7,4),(102,4,0,1,7,4),(102,5,0,1,7,4),(102,6,0,1,7,4),(102,7,0,1,7,4),(102,8,0,1,7,4),(102,9,0,1,7,4),(102,10,0,1,7,4),(102,11,0,1,7,4),(102,12,0,1,7,4),(102,13,0,1,7,4),(102,14,0,1,7,4),(102,33,0,1,7,4),(103,1,0,1,7,4),(103,2,0,1,7,4),(103,3,0,1,7,4),(103,4,0,1,7,4),(103,5,0,1,7,4),(103,6,0,1,7,4),(103,7,0,1,7,4),(103,8,0,1,7,4),(103,9,0,1,7,4),(103,10,0,1,7,4),(103,11,0,1,7,4),(103,12,0,1,7,4),(103,13,0,1,7,4),(103,14,0,1,7,4),(103,33,0,1,7,4),(104,1,0,1,7,4),(104,2,0,1,7,4),(104,3,0,1,7,4),(104,4,0,1,7,4),(104,5,0,1,7,4),(104,6,0,1,7,4),(104,7,0,1,7,4),(104,8,0,1,7,4),(104,9,0,1,7,4),(104,10,0,1,7,4),(104,11,0,1,7,4),(104,12,0,1,7,4),(104,13,0,1,7,4),(104,14,0,1,7,4),(104,33,0,1,7,4),(105,1,0,1,7,4),(105,2,0,1,7,4),(105,3,0,1,7,4),(105,4,0,1,7,4),(105,5,0,1,7,4),(105,6,0,1,7,4),(105,7,0,1,7,4),(105,8,0,1,7,4),(105,9,0,1,7,4),(105,10,0,1,7,4),(105,11,0,1,7,4),(105,12,0,1,7,4),(105,13,0,1,7,4),(105,14,0,1,7,4),(105,33,0,1,7,4),(106,17,0,1,7,4),(106,18,0,1,7,4),(106,31,0,1,7,4),(106,32,0,1,7,4),(106,33,0,1,7,4),(106,34,0,1,7,4),(106,35,0,1,7,4),(106,36,0,1,7,4),(107,1,0,1,7,4),(107,2,0,1,7,4),(107,4,0,1,7,4),(107,5,0,1,7,4),(107,6,0,1,7,4),(107,7,0,1,7,4),(107,8,0,1,7,4),(107,9,0,1,7,4),(107,10,0,1,7,4),(107,31,0,1,7,4),(107,32,0,1,7,4),(107,33,0,1,7,4),(107,34,0,1,7,4),(107,35,0,1,7,4),(107,36,0,1,7,4),(108,1,0,1,7,4),(108,2,0,1,7,4),(108,3,0,1,7,4),(108,4,0,1,7,4),(108,5,0,1,7,4),(108,6,0,1,7,4),(108,7,0,1,7,4),(108,8,0,1,7,4),(108,9,0,1,7,4),(108,10,0,1,7,4),(108,11,0,1,7,4),(108,12,0,1,7,4),(108,13,0,1,7,4),(108,14,0,1,7,4),(108,15,0,1,7,4),(109,1,0,1,7,4),(109,2,0,1,7,4),(109,3,0,1,7,4),(109,4,0,1,7,4),(109,5,0,1,7,4),(109,6,0,1,7,4),(109,7,0,1,7,4),(109,8,0,1,7,4),(109,9,0,1,7,4),(109,10,0,1,7,4),(109,11,0,1,7,4),(110,1,0,1,7,4),(110,2,0,1,7,4),(110,3,0,1,7,4),(110,4,0,1,7,4),(110,5,0,1,7,4),(110,6,0,1,7,4),(110,7,0,1,7,4),(110,8,0,1,7,4),(110,9,0,1,7,4),(110,10,0,1,7,4),(110,11,0,1,7,4),(110,12,0,1,7,4),(110,13,0,1,7,4),(110,14,0,1,7,4);

--
-- Table structure for table `catalog_category_product_index_store7_replica`
--

CREATE TABLE `catalog_category_product_index_store7_replica` (
  `category_id` int unsigned NOT NULL DEFAULT '0' COMMENT 'Category Id',
  `product_id` int unsigned NOT NULL DEFAULT '0' COMMENT 'Product Id',
  `position` int DEFAULT NULL COMMENT 'Position',
  `is_parent` smallint unsigned NOT NULL DEFAULT '0' COMMENT 'Is Parent',
  `store_id` smallint unsigned NOT NULL DEFAULT '0' COMMENT 'Store Id',
  `visibility` smallint unsigned NOT NULL COMMENT 'Visibility',
  PRIMARY KEY (`category_id`,`product_id`,`store_id`),
  KEY `IDX_E9F919EC2BB507793EE19DA7C71D1C68` (`product_id`,`store_id`,`category_id`,`visibility`),
  KEY `IDX_429013479D97EE179DF15355662AC756` (`store_id`,`category_id`,`visibility`,`is_parent`,`position`)
) ENGINE=InnoDB DEFAULT CHARSET=utf8 COMMENT='Catalog Category Product Index Store7 Replica';

--
-- Dumping data for table `catalog_category_product_index_store7_replica`
--

INSERT INTO `catalog_category_product_index_store7_replica` VALUES (2,16,0,0,7,4),(2,1,0,1,7,4),(2,2,0,1,7,4),(2,3,0,1,7,4),(2,4,0,1,7,4),(2,5,0,1,7,4),(2,6,0,1,7,4),(2,7,0,1,7,4),(2,8,0,1,7,4),(2,9,0,1,7,4),(2,10,0,1,7,4),(2,11,0,1,7,4),(2,12,0,1,7,4),(2,13,0,1,7,4),(2,14,0,1,7,4),(2,15,0,1,7,4),(2,17,0,1,7,4),(2,18,0,1,7,4),(2,19,0,1,7,4),(2,20,0,1,7,4),(2,21,0,1,7,4),(2,22,0,1,7,4),(2,23,0,1,7,4),(2,30,0,1,7,4),(2,31,0,1,7,4),(2,32,0,1,7,4),(2,33,0,1,7,4),(2,34,0,1,7,4),(2,35,0,1,7,4),(2,36,0,1,7,4),(8,1,10000,0,7,4),(8,4,10000,0,7,4),(8,6,10000,0,7,4),(8,17,10000,0,7,4),(8,31,10000,0,7,4),(8,32,10000,0,7,4),(8,34,10000,0,7,4),(8,35,10000,0,7,4),(8,36,10000,0,7,4),(8,2,0,1,7,4),(8,3,0,1,7,4),(8,5,0,1,7,4),(8,7,0,1,7,4),(8,8,0,1,7,4),(8,9,0,1,7,4),(8,10,0,1,7,4),(8,11,0,1,7,4),(8,12,0,1,7,4),(8,13,0,1,7,4),(8,14,0,1,7,4),(8,15,0,1,7,4),(8,18,0,1,7,4),(8,33,0,1,7,4),(9,1,0,1,7,4),(9,2,0,1,7,4),(9,4,0,1,7,4),(9,6,0,1,7,4),(9,7,0,1,7,4),(9,17,0,1,7,4),(9,33,0,1,7,4),(99,19,0,1,7,4),(99,20,0,1,7,4),(99,21,0,1,7,4),(99,22,0,1,7,4),(99,23,0,1,7,4),(99,30,0,1,7,4),(101,1,10000,0,7,4),(101,2,10000,0,7,4),(101,3,10000,0,7,4),(101,4,10000,0,7,4),(101,5,10000,0,7,4),(101,6,10000,0,7,4),(101,7,10000,0,7,4),(101,8,10000,0,7,4),(101,9,10000,0,7,4),(101,10,10000,0,7,4),(101,11,10000,0,7,4),(101,12,10000,0,7,4),(101,13,10000,0,7,4),(101,14,10000,0,7,4),(101,33,0,1,7,4),(102,1,0,1,7,4),(102,2,0,1,7,4),(102,3,0,1,7,4),(102,4,0,1,7,4),(102,5,0,1,7,4),(102,6,0,1,7,4),(102,7,0,1,7,4),(102,8,0,1,7,4),(102,9,0,1,7,4),(102,10,0,1,7,4),(102,11,0,1,7,4),(102,12,0,1,7,4),(102,13,0,1,7,4),(102,14,0,1,7,4),(102,33,0,1,7,4),(103,1,0,1,7,4),(103,2,0,1,7,4),(103,3,0,1,7,4),(103,4,0,1,7,4),(103,5,0,1,7,4),(103,6,0,1,7,4),(103,7,0,1,7,4),(103,8,0,1,7,4),(103,9,0,1,7,4),(103,10,0,1,7,4),(103,11,0,1,7,4),(103,12,0,1,7,4),(103,13,0,1,7,4),(103,14,0,1,7,4),(103,33,0,1,7,4),(104,1,0,1,7,4),(104,2,0,1,7,4),(104,3,0,1,7,4),(104,4,0,1,7,4),(104,5,0,1,7,4),(104,6,0,1,7,4),(104,7,0,1,7,4),(104,8,0,1,7,4),(104,9,0,1,7,4),(104,10,0,1,7,4),(104,11,0,1,7,4),(104,12,0,1,7,4),(104,13,0,1,7,4),(104,14,0,1,7,4),(104,33,0,1,7,4),(105,1,0,1,7,4),(105,2,0,1,7,4),(105,3,0,1,7,4),(105,4,0,1,7,4),(105,5,0,1,7,4),(105,6,0,1,7,4),(105,7,0,1,7,4),(105,8,0,1,7,4),(105,9,0,1,7,4),(105,10,0,1,7,4),(105,11,0,1,7,4),(105,12,0,1,7,4),(105,13,0,1,7,4),(105,14,0,1,7,4),(105,33,0,1,7,4),(106,17,0,1,7,4),(106,18,0,1,7,4),(106,31,0,1,7,4),(106,32,0,1,7,4),(106,33,0,1,7,4),(106,34,0,1,7,4),(106,35,0,1,7,4),(106,36,0,1,7,4),(107,1,0,1,7,4),(107,2,0,1,7,4),(107,4,0,1,7,4),(107,5,0,1,7,4),(107,6,0,1,7,4),(107,7,0,1,7,4),(107,8,0,1,7,4),(107,9,0,1,7,4),(107,10,0,1,7,4),(107,31,0,1,7,4),(107,32,0,1,7,4),(107,33,0,1,7,4),(107,34,0,1,7,4),(107,35,0,1,7,4),(107,36,0,1,7,4),(108,1,0,1,7,4),(108,2,0,1,7,4),(108,3,0,1,7,4),(108,4,0,1,7,4),(108,5,0,1,7,4),(108,6,0,1,7,4),(108,7,0,1,7,4),(108,8,0,1,7,4),(108,9,0,1,7,4),(108,10,0,1,7,4),(108,11,0,1,7,4),(108,12,0,1,7,4),(108,13,0,1,7,4),(108,14,0,1,7,4),(108,15,0,1,7,4),(109,1,0,1,7,4),(109,2,0,1,7,4),(109,3,0,1,7,4),(109,4,0,1,7,4),(109,5,0,1,7,4),(109,6,0,1,7,4),(109,7,0,1,7,4),(109,8,0,1,7,4),(109,9,0,1,7,4),(109,10,0,1,7,4),(109,11,0,1,7,4),(110,1,0,1,7,4),(110,2,0,1,7,4),(110,3,0,1,7,4),(110,4,0,1,7,4),(110,5,0,1,7,4),(110,6,0,1,7,4),(110,7,0,1,7,4),(110,8,0,1,7,4),(110,9,0,1,7,4),(110,10,0,1,7,4),(110,11,0,1,7,4),(110,12,0,1,7,4),(110,13,0,1,7,4),(110,14,0,1,7,4);

--
-- Table structure for table `catalog_category_product_index_tmp`
--

CREATE TABLE `catalog_category_product_index_tmp` (
  `category_id` int unsigned NOT NULL DEFAULT '0' COMMENT 'Category ID',
  `product_id` int unsigned NOT NULL DEFAULT '0' COMMENT 'Product ID',
  `position` int NOT NULL DEFAULT '0' COMMENT 'Position',
  `is_parent` smallint unsigned NOT NULL DEFAULT '0' COMMENT 'Is Parent',
  `store_id` smallint unsigned NOT NULL DEFAULT '0' COMMENT 'Store ID',
  `visibility` smallint unsigned NOT NULL COMMENT 'Visibility',
  PRIMARY KEY (`category_id`,`product_id`,`store_id`),
  KEY `CAT_CTGR_PRD_IDX_TMP_PRD_ID_CTGR_ID_STORE_ID` (`product_id`,`category_id`,`store_id`)
) ENGINE=InnoDB DEFAULT CHARSET=utf8 COMMENT='Catalog Category Product Indexer temporary table';

--
-- Dumping data for table `catalog_category_product_index_tmp`
--


--
-- Table structure for table `catalog_compare_item`
--

CREATE TABLE `catalog_compare_item` (
  `catalog_compare_item_id` int unsigned NOT NULL AUTO_INCREMENT COMMENT 'Compare Item ID',
  `visitor_id` int unsigned NOT NULL DEFAULT '0' COMMENT 'Visitor ID',
  `customer_id` int unsigned DEFAULT NULL COMMENT 'Customer ID',
  `product_id` int unsigned NOT NULL DEFAULT '0' COMMENT 'Product ID',
  `store_id` smallint unsigned DEFAULT NULL COMMENT 'Store ID',
  `list_id` int unsigned DEFAULT NULL COMMENT 'List ID',
  PRIMARY KEY (`catalog_compare_item_id`),
  KEY `CATALOG_COMPARE_ITEM_PRODUCT_ID` (`product_id`),
  KEY `CATALOG_COMPARE_ITEM_VISITOR_ID_PRODUCT_ID` (`visitor_id`,`product_id`),
  KEY `CATALOG_COMPARE_ITEM_CUSTOMER_ID_PRODUCT_ID` (`customer_id`,`product_id`),
  KEY `CATALOG_COMPARE_ITEM_STORE_ID` (`store_id`),
  KEY `CATALOG_COMPARE_ITEM_LIST_ID_CATALOG_COMPARE_LIST_LIST_ID` (`list_id`),
  CONSTRAINT `CATALOG_COMPARE_ITEM_CUSTOMER_ID_CUSTOMER_ENTITY_ENTITY_ID` FOREIGN KEY (`customer_id`) REFERENCES `customer_entity` (`entity_id`) ON DELETE CASCADE,
  CONSTRAINT `CATALOG_COMPARE_ITEM_LIST_ID_CATALOG_COMPARE_LIST_LIST_ID` FOREIGN KEY (`list_id`) REFERENCES `catalog_compare_list` (`list_id`) ON DELETE CASCADE,
  CONSTRAINT `CATALOG_COMPARE_ITEM_PRODUCT_ID_CATALOG_PRODUCT_ENTITY_ENTITY_ID` FOREIGN KEY (`product_id`) REFERENCES `catalog_product_entity` (`entity_id`) ON DELETE CASCADE,
  CONSTRAINT `CATALOG_COMPARE_ITEM_STORE_ID_STORE_STORE_ID` FOREIGN KEY (`store_id`) REFERENCES `store` (`store_id`) ON DELETE SET NULL
) ENGINE=InnoDB AUTO_INCREMENT=89 DEFAULT CHARSET=utf8 COMMENT='Catalog Compare Table';

--
-- Dumping data for table `catalog_compare_item`
--

INSERT INTO `catalog_compare_item` VALUES (5,0,2,1,1,NULL),(6,0,2,13,1,NULL),(8,0,2,16,1,NULL),(9,0,2,9,1,NULL),(10,0,2,12,1,NULL),(14,56,NULL,13,1,NULL),(15,56,NULL,18,1,NULL),(16,73,NULL,1,1,NULL),(18,105,2,4,1,NULL),(19,115,NULL,3,1,NULL),(20,132,2,17,1,NULL),(21,132,2,15,1,NULL),(24,209,NULL,3,2,NULL),(25,209,NULL,14,3,NULL),(26,258,NULL,1,2,NULL),(29,326,NULL,13,1,NULL),(32,348,NULL,18,1,NULL),(33,347,NULL,10,1,NULL),(34,348,NULL,10,1,NULL),(35,347,NULL,13,1,NULL),(36,348,NULL,13,1,NULL),(37,378,NULL,10,1,NULL),(46,385,3,13,1,NULL),(47,390,NULL,5,1,NULL),(53,397,3,3,1,NULL),(54,397,3,10,1,NULL),(55,397,3,7,1,NULL),(56,397,3,6,1,NULL),(57,0,1,18,1,NULL),(58,0,1,16,1,NULL),(59,0,1,13,1,NULL),(60,420,NULL,33,1,NULL),(72,458,NULL,7,1,NULL),(73,458,NULL,5,1,NULL),(74,477,1,1,1,NULL),(75,477,1,11,1,NULL),(76,510,6,11,1,NULL),(77,510,6,7,1,NULL),(78,573,NULL,10,1,NULL),(79,609,NULL,3,1,NULL),(80,617,NULL,12,4,NULL),(81,637,NULL,2,1,NULL),(82,646,NULL,3,1,NULL),(83,646,NULL,2,1,NULL),(84,681,NULL,5,1,NULL),(85,681,NULL,6,1,NULL),(86,718,NULL,3,2,NULL),(87,733,NULL,18,1,NULL),(88,736,NULL,2,1,NULL);

--
-- Table structure for table `catalog_compare_list`
--

CREATE TABLE `catalog_compare_list` (
  `list_id` int unsigned NOT NULL AUTO_INCREMENT COMMENT 'Compare List ID',
  `list_id_mask` varchar(32) DEFAULT NULL COMMENT 'Masked ID',
  `customer_id` int unsigned DEFAULT NULL COMMENT 'Customer ID',
  PRIMARY KEY (`list_id`),
  UNIQUE KEY `CATALOG_COMPARE_LIST_CUSTOMER_ID` (`customer_id`),
  KEY `CATALOG_COMPARE_LIST_LIST_ID_MASK` (`list_id_mask`),
  CONSTRAINT `CATALOG_COMPARE_LIST_CUSTOMER_ID_CUSTOMER_ENTITY_ENTITY_ID` FOREIGN KEY (`customer_id`) REFERENCES `customer_entity` (`entity_id`) ON DELETE CASCADE
) ENGINE=InnoDB DEFAULT CHARSET=utf8 COMMENT='Catalog Compare List with hash Table';

--
-- Dumping data for table `catalog_compare_list`
--


--
-- Table structure for table `catalog_eav_attribute`
--

CREATE TABLE `catalog_eav_attribute` (
  `attribute_id` smallint unsigned NOT NULL COMMENT 'Attribute ID',
  `frontend_input_renderer` varchar(255) DEFAULT NULL COMMENT 'Frontend Input Renderer',
  `is_global` smallint unsigned NOT NULL DEFAULT '1' COMMENT 'Is Global',
  `is_visible` smallint unsigned NOT NULL DEFAULT '1' COMMENT 'Is Visible',
  `is_searchable` smallint unsigned NOT NULL DEFAULT '0' COMMENT 'Is Searchable',
  `is_filterable` smallint unsigned NOT NULL DEFAULT '0' COMMENT 'Is Filterable',
  `is_comparable` smallint unsigned NOT NULL DEFAULT '0' COMMENT 'Is Comparable',
  `is_visible_on_front` smallint unsigned NOT NULL DEFAULT '0' COMMENT 'Is Visible On Front',
  `is_html_allowed_on_front` smallint unsigned NOT NULL DEFAULT '0' COMMENT 'Is HTML Allowed On Front',
  `is_used_for_price_rules` smallint unsigned NOT NULL DEFAULT '0' COMMENT 'Is Used For Price Rules',
  `is_filterable_in_search` smallint unsigned NOT NULL DEFAULT '0' COMMENT 'Is Filterable In Search',
  `used_in_product_listing` smallint unsigned NOT NULL DEFAULT '0' COMMENT 'Is Used In Product Listing',
  `used_for_sort_by` smallint unsigned NOT NULL DEFAULT '0' COMMENT 'Is Used For Sorting',
  `apply_to` varchar(255) DEFAULT NULL COMMENT 'Apply To',
  `is_visible_in_advanced_search` smallint unsigned NOT NULL DEFAULT '0' COMMENT 'Is Visible In Advanced Search',
  `position` int NOT NULL DEFAULT '0' COMMENT 'Position',
  `is_wysiwyg_enabled` smallint unsigned NOT NULL DEFAULT '0' COMMENT 'Is WYSIWYG Enabled',
  `is_used_for_promo_rules` smallint unsigned NOT NULL DEFAULT '0' COMMENT 'Is Used For Promo Rules',
  `is_required_in_admin_store` smallint unsigned NOT NULL DEFAULT '0' COMMENT 'Is Required In Admin Store',
  `is_used_in_grid` smallint unsigned NOT NULL DEFAULT '0' COMMENT 'Is Used in Grid',
  `is_visible_in_grid` smallint unsigned NOT NULL DEFAULT '0' COMMENT 'Is Visible in Grid',
  `is_filterable_in_grid` smallint unsigned NOT NULL DEFAULT '0' COMMENT 'Is Filterable in Grid',
  `search_weight` float NOT NULL DEFAULT '1' COMMENT 'Search Weight',
  `additional_data` text COMMENT 'Additional swatch attributes data',
  `is_pagebuilder_enabled` tinyint(1) NOT NULL DEFAULT '0' COMMENT 'Is PageBuilder Enabled',
  PRIMARY KEY (`attribute_id`),
  KEY `CATALOG_EAV_ATTRIBUTE_USED_FOR_SORT_BY` (`used_for_sort_by`),
  KEY `CATALOG_EAV_ATTRIBUTE_USED_IN_PRODUCT_LISTING` (`used_in_product_listing`),
  CONSTRAINT `CATALOG_EAV_ATTRIBUTE_ATTRIBUTE_ID_EAV_ATTRIBUTE_ATTRIBUTE_ID` FOREIGN KEY (`attribute_id`) REFERENCES `eav_attribute` (`attribute_id`) ON DELETE CASCADE
) ENGINE=InnoDB DEFAULT CHARSET=utf8 COMMENT='Catalog EAV Attribute Table';

--
-- Dumping data for table `catalog_eav_attribute`
--

INSERT INTO `catalog_eav_attribute` VALUES (45,NULL,0,1,0,0,0,0,0,0,0,0,0,NULL,0,0,0,0,0,0,0,0,1,NULL,0),(46,NULL,0,1,0,0,0,0,0,0,0,0,0,NULL,0,0,0,0,0,0,0,0,1,NULL,0),(47,NULL,0,1,0,0,0,0,1,0,0,0,0,NULL,0,0,1,0,0,0,0,0,1,NULL,0),(48,NULL,0,1,0,0,0,0,0,0,0,0,0,NULL,0,0,0,0,0,0,0,0,1,NULL,0),(49,NULL,0,1,0,0,0,0,0,0,0,0,0,NULL,0,0,0,0,0,0,0,0,1,NULL,0),(50,NULL,0,1,0,0,0,0,0,0,0,0,0,NULL,0,0,0,0,0,0,0,0,1,NULL,0),(51,NULL,0,1,0,0,0,0,0,0,0,0,0,NULL,0,0,0,0,0,0,0,0,1,NULL,0),(52,NULL,0,1,0,0,0,0,0,0,0,0,0,NULL,0,0,0,0,0,0,0,0,1,NULL,0),(53,NULL,0,1,0,0,0,0,0,0,0,0,0,NULL,0,0,0,0,0,0,0,0,1,NULL,0),(54,NULL,1,1,0,0,0,0,0,0,0,0,0,NULL,0,0,0,0,0,0,0,0,1,NULL,0),(55,NULL,1,0,0,0,0,0,0,0,0,0,0,NULL,0,0,0,0,0,0,0,0,1,NULL,0),(56,NULL,1,0,0,0,0,0,0,0,0,0,0,NULL,0,0,0,0,0,0,0,0,1,NULL,0),(57,NULL,1,0,0,0,0,0,0,0,0,0,0,NULL,0,0,0,0,0,0,0,0,1,NULL,0),(58,NULL,1,0,0,0,0,0,0,0,0,0,0,NULL,0,0,0,0,0,0,0,0,1,NULL,0),(59,NULL,1,0,0,0,0,0,0,0,0,0,0,NULL,0,0,0,0,0,0,0,0,1,NULL,0),(60,NULL,0,1,0,0,0,0,0,0,0,0,0,NULL,0,0,0,0,0,0,0,0,1,NULL,0),(61,NULL,0,1,0,0,0,0,0,0,0,0,0,NULL,0,0,0,0,0,0,0,0,1,NULL,0),(62,NULL,0,1,0,0,0,0,0,0,0,0,0,NULL,0,0,0,0,0,0,0,0,1,NULL,0),(63,NULL,0,1,0,0,0,0,0,0,0,0,0,NULL,0,0,0,0,0,0,0,0,1,NULL,0),(64,NULL,0,0,0,0,0,0,0,0,0,0,0,NULL,0,0,0,0,0,0,0,0,1,NULL,0),(65,NULL,1,0,0,0,0,0,0,0,0,0,0,NULL,0,0,0,0,0,0,0,0,1,NULL,0),(66,NULL,1,0,0,0,0,0,0,0,0,0,0,NULL,0,0,0,0,0,0,0,0,1,NULL,0),(67,'Magento\\Catalog\\Block\\Adminhtml\\Category\\Helper\\Sortby\\Available',0,1,0,0,0,0,0,0,0,0,0,NULL,0,0,0,0,0,0,0,0,1,NULL,0),(68,'Magento\\Catalog\\Block\\Adminhtml\\Category\\Helper\\Sortby\\DefaultSortby',0,1,0,0,0,0,0,0,0,0,0,NULL,0,0,0,0,0,0,0,0,1,NULL,0),(69,NULL,0,1,0,0,0,0,0,0,0,0,0,NULL,0,0,0,0,0,0,0,0,1,NULL,0),(70,NULL,0,1,0,0,0,0,0,0,0,0,0,NULL,0,0,0,0,0,0,0,0,1,NULL,0),(71,NULL,0,1,0,0,0,0,0,0,0,0,0,NULL,0,0,0,0,0,0,0,0,1,NULL,0),(72,'Magento\\Catalog\\Block\\Adminhtml\\Category\\Helper\\Pricestep',0,1,0,0,0,0,0,0,0,0,0,NULL,0,0,0,0,0,0,0,0,1,NULL,0),(73,NULL,0,1,1,0,0,0,0,0,0,1,1,NULL,1,0,0,0,0,0,0,0,5,NULL,0),(74,NULL,1,1,1,0,1,0,0,0,0,0,0,NULL,1,0,0,0,0,0,0,0,6,NULL,0),(75,NULL,0,1,1,0,1,0,1,0,0,0,0,NULL,1,0,1,0,0,0,0,0,1,NULL,1),(76,NULL,0,1,1,0,1,0,1,0,0,1,0,NULL,1,0,1,0,0,1,0,0,1,NULL,0),(77,NULL,1,1,1,1,0,0,0,0,0,1,1,'simple,virtual,bundle,downloadable,configurable',1,0,0,0,0,0,0,0,1,NULL,0),(78,NULL,1,1,0,0,0,0,0,0,0,1,0,'simple,virtual,bundle,downloadable,configurable',0,0,0,0,0,1,0,1,1,NULL,0),(79,NULL,2,1,0,0,0,0,0,0,0,1,0,'simple,virtual,bundle,downloadable,configurable',0,0,0,0,0,1,0,0,1,NULL,0),(80,NULL,2,1,0,0,0,0,0,0,0,1,0,'simple,virtual,bundle,downloadable,configurable',0,0,0,0,0,1,0,0,1,NULL,0),(81,NULL,1,1,0,0,0,0,0,0,0,0,0,'simple,virtual,downloadable',0,0,0,0,0,1,0,1,1,NULL,0),(82,'Magento\\Catalog\\Block\\Adminhtml\\Product\\Helper\\Form\\Weight',1,1,0,0,0,0,0,0,0,0,0,'simple,virtual,bundle,downloadable,configurable',0,0,0,0,0,1,0,1,1,NULL,0),(83,NULL,1,1,1,1,1,1,1,0,0,1,1,',configurable',1,0,0,0,0,1,0,1,1,NULL,0),(84,NULL,0,1,0,0,0,0,0,0,0,0,0,NULL,0,0,0,0,0,1,0,1,1,NULL,0),(85,NULL,0,1,0,0,0,0,0,0,0,0,0,NULL,0,0,0,0,0,1,0,1,1,NULL,0),(86,NULL,0,1,0,0,0,0,0,0,0,0,0,NULL,0,0,0,0,0,1,0,1,1,NULL,0),(87,NULL,0,1,0,0,0,0,0,0,0,1,0,NULL,0,0,0,0,0,0,0,0,1,NULL,0),(88,NULL,0,1,0,0,0,0,0,0,0,1,0,NULL,0,0,0,0,0,0,0,0,1,NULL,0),(89,NULL,0,1,0,0,0,0,0,0,0,1,0,NULL,0,0,0,0,0,0,0,0,1,NULL,0),(90,NULL,1,1,0,0,0,0,0,0,0,0,0,NULL,0,0,0,0,0,0,0,0,1,NULL,0),(91,NULL,1,0,0,0,0,0,0,0,0,0,0,NULL,0,0,0,0,0,0,0,0,1,NULL,0),(92,NULL,2,1,0,0,0,0,0,0,0,0,0,'simple,virtual,bundle,downloadable',0,0,0,0,0,0,0,0,1,NULL,0),(93,NULL,1,1,1,1,1,1,0,0,1,1,0,NULL,1,0,0,1,0,1,0,1,1,'{\"swatch_input_type\":\"visual\",\"update_product_preview_image\":\"0\",\"use_product_image_for_swatch\":\"0\"}',0),(94,NULL,2,1,0,0,0,0,0,0,0,1,0,NULL,0,0,0,0,0,1,0,0,1,NULL,0),(95,NULL,2,1,0,0,0,0,0,0,0,1,0,NULL,0,0,0,0,0,1,0,0,1,NULL,0),(96,NULL,1,1,0,0,0,0,0,0,0,0,0,NULL,0,0,0,0,0,0,0,0,1,NULL,0),(97,'Magento\\Framework\\Data\\Form\\Element\\Hidden',2,1,1,0,0,0,0,0,0,1,0,NULL,0,0,0,0,1,0,0,0,1,NULL,0),(98,NULL,1,0,0,0,0,0,0,0,0,0,0,'simple,virtual,bundle,downloadable,configurable',0,0,0,0,0,0,0,0,1,NULL,0),(99,NULL,0,1,0,0,0,0,0,0,0,0,0,NULL,0,0,0,0,1,0,0,0,1,NULL,0),(100,NULL,0,1,0,0,0,0,0,0,0,0,0,NULL,0,0,0,0,0,1,0,1,1,NULL,0),(101,NULL,0,1,0,0,0,0,0,0,0,0,0,NULL,0,0,0,0,0,1,0,0,1,NULL,0),(102,NULL,0,1,0,0,0,0,0,0,0,0,0,NULL,0,0,0,0,0,1,0,0,1,NULL,0),(103,NULL,0,0,0,0,0,0,0,0,0,0,0,NULL,0,0,0,0,0,0,0,0,1,NULL,0),(104,NULL,0,1,0,0,0,0,0,0,0,0,0,NULL,0,0,0,0,0,1,0,0,1,NULL,0),(105,'Magento\\Catalog\\Block\\Adminhtml\\Product\\Helper\\Form\\Category',1,1,0,0,0,0,0,0,0,0,0,NULL,0,0,0,0,0,0,0,0,1,NULL,0),(106,NULL,0,1,0,0,0,0,0,0,0,0,0,NULL,0,0,0,0,0,0,0,0,1,NULL,0),(107,NULL,1,0,0,0,0,0,0,0,0,1,0,NULL,0,0,0,0,0,0,0,0,1,NULL,0),(108,NULL,1,0,0,0,0,0,0,0,0,0,0,NULL,0,0,0,0,0,0,0,0,1,NULL,0),(109,NULL,0,0,0,0,0,0,0,0,0,1,0,NULL,0,0,0,0,0,0,0,0,1,NULL,0),(110,NULL,0,0,0,0,0,0,0,0,0,1,0,NULL,0,0,0,0,0,0,0,0,1,NULL,0),(111,NULL,0,0,0,0,0,0,0,0,0,1,0,NULL,0,0,0,0,0,0,0,0,1,NULL,0),(112,NULL,1,0,0,0,0,0,0,0,0,0,0,NULL,0,0,0,0,0,0,0,0,1,NULL,0),(113,NULL,1,0,0,0,0,0,0,0,0,0,0,NULL,0,0,0,0,0,0,0,0,1,NULL,0),(114,NULL,2,1,0,0,0,0,0,0,0,0,0,'simple,bundle,grouped,configurable',0,0,0,0,0,1,0,1,1,NULL,0),(115,'Magento\\CatalogInventory\\Block\\Adminhtml\\Form\\Field\\Stock',1,1,0,0,0,0,0,0,0,0,0,NULL,0,0,0,0,0,0,0,0,1,NULL,0),(116,NULL,0,1,0,0,0,0,0,0,0,0,0,NULL,0,0,0,0,0,1,0,0,1,NULL,0),(117,NULL,0,1,1,0,0,0,0,0,0,0,0,NULL,0,0,0,0,0,0,0,0,1,NULL,0),(118,NULL,0,0,0,0,0,0,0,0,0,0,0,NULL,0,0,0,0,0,0,0,0,1,NULL,0),(119,NULL,0,1,1,0,0,0,0,0,0,1,0,NULL,0,0,0,0,0,1,0,1,1,NULL,0),(120,NULL,0,0,0,0,0,0,0,0,0,0,0,NULL,0,0,0,0,0,0,0,0,1,NULL,0),(121,'Magento\\Msrp\\Block\\Adminhtml\\Product\\Helper\\Form\\Type',1,1,0,0,0,0,0,0,0,1,0,'simple,virtual,downloadable,bundle,configurable',0,0,0,0,0,1,0,1,1,NULL,0),(122,'Magento\\Msrp\\Block\\Adminhtml\\Product\\Helper\\Form\\Type\\Price',2,1,0,0,0,0,0,0,0,1,0,'simple,virtual,downloadable,bundle,configurable',0,0,0,0,0,0,0,0,1,NULL,0),(123,NULL,1,1,0,0,0,0,0,0,0,1,0,'bundle',0,0,0,0,0,0,0,0,1,NULL,0),(124,NULL,1,1,0,0,0,0,0,0,0,0,0,'bundle',0,0,0,0,0,0,0,0,1,NULL,0),(125,NULL,1,1,0,0,0,0,0,0,0,1,0,'bundle',0,0,0,0,0,0,0,0,1,NULL,0),(126,NULL,1,1,0,0,0,0,0,0,0,1,0,'bundle',0,0,0,0,0,0,0,0,1,NULL,0),(127,NULL,1,1,0,0,0,0,0,0,0,1,0,'bundle',0,0,0,0,0,0,0,0,1,NULL,0),(128,NULL,1,0,0,0,0,0,0,0,0,1,0,'downloadable',0,0,0,0,0,0,0,0,1,NULL,0),(129,NULL,0,0,0,0,0,0,0,0,0,0,0,'downloadable',0,0,0,0,0,0,0,0,1,NULL,0),(130,NULL,0,0,0,0,0,0,0,0,0,0,0,'downloadable',0,0,0,0,0,0,0,0,1,NULL,0),(131,NULL,1,0,0,0,0,0,0,0,0,1,0,'downloadable',0,0,0,0,0,0,0,0,1,NULL,0),(132,'Magento\\GiftMessage\\Block\\Adminhtml\\Product\\Helper\\Form\\Config',1,1,0,0,0,0,0,0,0,0,0,NULL,0,0,0,0,0,1,0,0,1,NULL,0),(133,NULL,0,1,0,0,0,0,0,0,0,1,0,NULL,0,0,0,0,0,0,0,0,1,NULL,0),(134,NULL,2,1,1,0,0,0,0,0,0,1,0,'simple,virtual,bundle,downloadable,configurable',0,0,0,0,0,1,0,1,1,NULL,0),(135,NULL,1,1,0,0,0,0,0,0,0,1,0,'simple,configurable,virtual,bundle,downloadable',0,0,0,0,0,0,0,0,1,NULL,0),(136,NULL,1,1,0,1,0,0,1,0,0,1,0,NULL,0,0,0,1,0,0,1,0,1,'{\"swatch_input_type\":\"text\",\"update_product_preview_image\":\"0\",\"use_product_image_for_swatch\":0}',0),(145,NULL,0,1,0,0,0,0,0,0,0,0,0,NULL,0,0,0,0,0,0,0,0,1,NULL,0),(146,NULL,0,1,0,0,0,0,0,0,0,0,0,NULL,0,0,0,0,0,0,0,0,1,NULL,0);

--
-- Table structure for table `catalog_product_bundle_option`
--

CREATE TABLE `catalog_product_bundle_option` (
  `option_id` int unsigned NOT NULL AUTO_INCREMENT COMMENT 'Option ID',
  `parent_id` int unsigned NOT NULL COMMENT 'Parent ID',
  `required` smallint unsigned NOT NULL DEFAULT '0' COMMENT 'Required',
  `position` int unsigned NOT NULL DEFAULT '0' COMMENT 'Position',
  `type` varchar(255) DEFAULT NULL COMMENT 'Type',
  PRIMARY KEY (`option_id`),
  KEY `CATALOG_PRODUCT_BUNDLE_OPTION_PARENT_ID` (`parent_id`),
  CONSTRAINT `CAT_PRD_BNDL_OPT_PARENT_ID_CAT_PRD_ENTT_ENTT_ID` FOREIGN KEY (`parent_id`) REFERENCES `catalog_product_entity` (`entity_id`) ON DELETE CASCADE
) ENGINE=InnoDB AUTO_INCREMENT=3 DEFAULT CHARSET=utf8 COMMENT='Catalog Product Bundle Option';

--
-- Dumping data for table `catalog_product_bundle_option`
--

INSERT INTO `catalog_product_bundle_option` VALUES (1,23,1,1,'select'),(2,23,1,2,'checkbox');

--
-- Table structure for table `catalog_product_bundle_option_value`
--

CREATE TABLE `catalog_product_bundle_option_value` (
  `value_id` int unsigned NOT NULL AUTO_INCREMENT COMMENT 'Value ID',
  `option_id` int unsigned NOT NULL COMMENT 'Option ID',
  `parent_product_id` int unsigned NOT NULL COMMENT 'Parent Product ID',
  `store_id` smallint unsigned NOT NULL COMMENT 'Store ID',
  `title` varchar(255) DEFAULT NULL COMMENT 'Title',
  PRIMARY KEY (`value_id`),
  UNIQUE KEY `CAT_PRD_BNDL_OPT_VAL_OPT_ID_PARENT_PRD_ID_STORE_ID` (`option_id`,`parent_product_id`,`store_id`),
  CONSTRAINT `CAT_PRD_BNDL_OPT_VAL_OPT_ID_CAT_PRD_BNDL_OPT_OPT_ID` FOREIGN KEY (`option_id`) REFERENCES `catalog_product_bundle_option` (`option_id`) ON DELETE CASCADE
) ENGINE=InnoDB AUTO_INCREMENT=9 DEFAULT CHARSET=utf8 COMMENT='Catalog Product Bundle Option Value';

--
-- Dumping data for table `catalog_product_bundle_option_value`
--

INSERT INTO `catalog_product_bundle_option_value` VALUES (7,1,23,0,'Option 1'),(8,2,23,0,'Option 2');

--
-- Table structure for table `catalog_product_bundle_price_index`
--

CREATE TABLE `catalog_product_bundle_price_index` (
  `entity_id` int unsigned NOT NULL COMMENT 'Entity ID',
  `website_id` smallint unsigned NOT NULL COMMENT 'Website ID',
  `customer_group_id` int unsigned NOT NULL COMMENT 'Customer Group ID',
  `min_price` decimal(20,6) NOT NULL COMMENT 'Min Price',
  `max_price` decimal(20,6) NOT NULL COMMENT 'Max Price',
  PRIMARY KEY (`entity_id`,`website_id`,`customer_group_id`),
  KEY `CATALOG_PRODUCT_BUNDLE_PRICE_INDEX_WEBSITE_ID` (`website_id`),
  KEY `CATALOG_PRODUCT_BUNDLE_PRICE_INDEX_CUSTOMER_GROUP_ID` (`customer_group_id`),
  CONSTRAINT `CAT_PRD_BNDL_PRICE_IDX_CSTR_GROUP_ID_CSTR_GROUP_CSTR_GROUP_ID` FOREIGN KEY (`customer_group_id`) REFERENCES `customer_group` (`customer_group_id`) ON DELETE CASCADE,
  CONSTRAINT `CAT_PRD_BNDL_PRICE_IDX_ENTT_ID_CAT_PRD_ENTT_ENTT_ID` FOREIGN KEY (`entity_id`) REFERENCES `catalog_product_entity` (`entity_id`) ON DELETE CASCADE,
  CONSTRAINT `CAT_PRD_BNDL_PRICE_IDX_WS_ID_STORE_WS_WS_ID` FOREIGN KEY (`website_id`) REFERENCES `store_website` (`website_id`) ON DELETE CASCADE
) ENGINE=InnoDB DEFAULT CHARSET=utf8 COMMENT='Catalog Product Bundle Price Index';

--
-- Dumping data for table `catalog_product_bundle_price_index`
--


--
-- Table structure for table `catalog_product_bundle_selection`
--

CREATE TABLE `catalog_product_bundle_selection` (
  `selection_id` int unsigned NOT NULL AUTO_INCREMENT COMMENT 'Selection ID',
  `option_id` int unsigned NOT NULL COMMENT 'Option ID',
  `parent_product_id` int unsigned NOT NULL COMMENT 'Parent Product ID',
  `product_id` int unsigned NOT NULL COMMENT 'Product ID',
  `position` int unsigned NOT NULL DEFAULT '0' COMMENT 'Position',
  `is_default` smallint unsigned NOT NULL DEFAULT '0' COMMENT 'Is Default',
  `selection_price_type` smallint unsigned NOT NULL DEFAULT '0' COMMENT 'Selection Price Type',
  `selection_price_value` decimal(12,4) NOT NULL DEFAULT '0.0000' COMMENT 'Selection Price Value',
  `selection_qty` decimal(12,4) DEFAULT NULL COMMENT 'Selection Qty',
  `selection_can_change_qty` smallint NOT NULL DEFAULT '0' COMMENT 'Selection Can Change Qty',
  PRIMARY KEY (`selection_id`),
  KEY `CATALOG_PRODUCT_BUNDLE_SELECTION_OPTION_ID` (`option_id`),
  KEY `CATALOG_PRODUCT_BUNDLE_SELECTION_PRODUCT_ID` (`product_id`),
  CONSTRAINT `CAT_PRD_BNDL_SELECTION_OPT_ID_CAT_PRD_BNDL_OPT_OPT_ID` FOREIGN KEY (`option_id`) REFERENCES `catalog_product_bundle_option` (`option_id`) ON DELETE CASCADE,
  CONSTRAINT `CAT_PRD_BNDL_SELECTION_PRD_ID_CAT_PRD_ENTT_ENTT_ID` FOREIGN KEY (`product_id`) REFERENCES `catalog_product_entity` (`entity_id`) ON DELETE CASCADE
) ENGINE=InnoDB AUTO_INCREMENT=5 DEFAULT CHARSET=utf8 COMMENT='Catalog Product Bundle Selection';

--
-- Dumping data for table `catalog_product_bundle_selection`
--

INSERT INTO `catalog_product_bundle_selection` VALUES (1,1,23,14,1,0,0,0.0000,1.0000,1),(2,1,23,15,2,0,0,0.0000,1.0000,1),(3,2,23,2,1,0,0,0.0000,1.0000,0),(4,2,23,3,2,0,0,0.0000,1.0000,0);

--
-- Table structure for table `catalog_product_bundle_selection_price`
--

CREATE TABLE `catalog_product_bundle_selection_price` (
  `selection_id` int unsigned NOT NULL COMMENT 'Selection ID',
  `parent_product_id` int unsigned NOT NULL COMMENT 'Parent Product ID',
  `website_id` smallint unsigned NOT NULL COMMENT 'Website ID',
  `selection_price_type` smallint unsigned NOT NULL DEFAULT '0' COMMENT 'Selection Price Type',
  `selection_price_value` decimal(20,6) NOT NULL DEFAULT '0.000000' COMMENT 'Selection Price Value',
  PRIMARY KEY (`selection_id`,`parent_product_id`,`website_id`),
  KEY `CATALOG_PRODUCT_BUNDLE_SELECTION_PRICE_WEBSITE_ID` (`website_id`),
  CONSTRAINT `CAT_PRD_BNDL_SELECTION_PRICE_WS_ID_STORE_WS_WS_ID` FOREIGN KEY (`website_id`) REFERENCES `store_website` (`website_id`) ON DELETE CASCADE,
  CONSTRAINT `FK_DCF37523AA05D770A70AA4ED7C2616E4` FOREIGN KEY (`selection_id`) REFERENCES `catalog_product_bundle_selection` (`selection_id`) ON DELETE CASCADE
) ENGINE=InnoDB DEFAULT CHARSET=utf8 COMMENT='Catalog Product Bundle Selection Price';

--
-- Dumping data for table `catalog_product_bundle_selection_price`
--


--
-- Table structure for table `catalog_product_bundle_stock_index`
--

CREATE TABLE `catalog_product_bundle_stock_index` (
  `entity_id` int unsigned NOT NULL COMMENT 'Entity ID',
  `website_id` smallint unsigned NOT NULL COMMENT 'Website ID',
  `stock_id` smallint unsigned NOT NULL COMMENT 'Stock ID',
  `option_id` int unsigned NOT NULL DEFAULT '0' COMMENT 'Option ID',
  `stock_status` smallint DEFAULT '0' COMMENT 'Stock Status',
  PRIMARY KEY (`entity_id`,`website_id`,`stock_id`,`option_id`)
) ENGINE=InnoDB DEFAULT CHARSET=utf8 COMMENT='Catalog Product Bundle Stock Index';

--
-- Dumping data for table `catalog_product_bundle_stock_index`
--


--
-- Table structure for table `catalog_product_entity`
--

CREATE TABLE `catalog_product_entity` (
  `entity_id` int unsigned NOT NULL AUTO_INCREMENT COMMENT 'Entity ID',
  `attribute_set_id` smallint unsigned NOT NULL DEFAULT '0' COMMENT 'Attribute Set ID',
  `type_id` varchar(32) NOT NULL DEFAULT 'simple' COMMENT 'Type ID',
  `sku` varchar(64) NOT NULL COMMENT 'SKU',
  `has_options` smallint NOT NULL DEFAULT '0' COMMENT 'Has Options',
  `required_options` smallint unsigned NOT NULL DEFAULT '0' COMMENT 'Required Options',
  `created_at` timestamp NOT NULL DEFAULT CURRENT_TIMESTAMP COMMENT 'Creation Time',
  `updated_at` timestamp NOT NULL DEFAULT CURRENT_TIMESTAMP ON UPDATE CURRENT_TIMESTAMP COMMENT 'Update Time',
  PRIMARY KEY (`entity_id`),
  KEY `CATALOG_PRODUCT_ENTITY_ATTRIBUTE_SET_ID` (`attribute_set_id`),
  KEY `CATALOG_PRODUCT_ENTITY_SKU` (`sku`)
) ENGINE=InnoDB AUTO_INCREMENT=37 DEFAULT CHARSET=utf8 COMMENT='Catalog Product Table';

--
-- Dumping data for table `catalog_product_entity`
--

INSERT INTO `catalog_product_entity` VALUES (1,4,'simple','B-145269',0,0,'2017-10-12 08:04:32','2020-11-05 07:47:04'),(2,4,'simple','B-7896521',0,0,'2017-10-12 08:07:13','2023-07-19 07:00:50'),(3,4,'simple','B-741236',0,0,'2017-10-12 08:08:38','2023-07-19 07:01:51'),(4,4,'simple','B-789632',0,0,'2017-10-12 08:10:29','2017-12-27 04:18:00'),(5,4,'simple','B785214',0,0,'2017-10-12 08:12:41','2017-12-21 02:27:35'),(6,4,'simple','B-456852',0,0,'2017-10-12 08:14:18','2017-12-21 02:28:29'),(7,4,'simple','B-478523',0,0,'2017-10-12 08:16:05','2017-12-21 02:29:17'),(8,4,'simple','B-879546',0,0,'2017-10-12 08:17:41','2017-12-21 02:30:01'),(9,4,'simple','B-452893',0,0,'2017-10-12 08:19:07','2017-12-21 02:30:44'),(10,4,'simple','A-801367',0,0,'2017-10-12 08:20:53','2018-10-11 04:12:53'),(11,4,'simple','B-845031',0,0,'2017-10-12 08:23:21','2018-10-11 04:11:11'),(12,4,'simple','B-896412',0,0,'2017-10-12 08:24:36','2017-12-21 02:33:00'),(13,4,'simple','B-7891235',0,0,'2017-10-12 08:26:25','2018-10-11 04:09:30'),(14,4,'simple','B-749610',0,0,'2017-10-12 08:28:04','2017-12-21 02:34:24'),(15,4,'simple','B-525463',0,0,'2017-10-12 08:29:45','2017-12-21 02:35:06'),(16,4,'simple','B-102030',0,0,'2017-10-12 08:31:07','2017-12-21 02:35:52'),(17,4,'simple','B-478569',0,0,'2017-10-12 08:32:34','2017-12-21 02:36:34'),(18,4,'simple','B-458236',0,0,'2017-10-12 08:34:02','2017-12-21 02:37:13'),(19,4,'simple','B-74589612',0,0,'2017-10-18 07:35:24','2017-12-21 02:38:01'),(20,4,'downloadable','B-012019',0,0,'2017-10-18 07:38:56','2017-12-21 02:39:55'),(21,4,'grouped','B-735195',0,0,'2017-10-18 07:41:39','2017-12-21 02:40:48'),(22,4,'virtual','B-759153741',1,1,'2017-10-18 07:47:27','2017-12-21 02:41:28'),(23,4,'bundle','B-745631',1,1,'2017-10-18 07:54:09','2017-12-27 08:34:55'),(24,4,'virtual','config-Red-S',0,0,'2017-10-18 08:35:12','2017-12-27 08:17:47'),(25,4,'virtual','config-Red-M',0,0,'2017-10-18 08:35:16','2017-12-27 08:18:31'),(26,4,'virtual','config-Red-L',0,0,'2017-10-18 08:35:18','2017-12-27 08:19:33'),(27,4,'virtual','config-Blue-S',0,0,'2017-10-18 08:35:20','2017-12-27 08:20:14'),(28,4,'virtual','config-Blue-M',0,0,'2017-10-18 08:35:22','2017-12-27 08:21:10'),(29,4,'virtual','config-Blue-L',0,0,'2017-10-18 08:35:23','2017-12-27 08:21:51'),(30,4,'configurable','config',1,1,'2017-10-18 08:35:27','2017-12-21 02:43:29'),(31,4,'simple','B-748510',0,0,'2017-11-09 03:52:47','2017-12-21 02:44:06'),(32,4,'simple','B-85965123',0,0,'2017-11-09 03:54:16','2017-12-21 02:44:49'),(33,4,'simple','B-852410',0,0,'2017-11-09 03:55:50','2017-12-21 02:45:28'),(34,4,'simple','B-753123',0,0,'2017-11-09 03:57:22','2017-12-21 02:47:35'),(35,4,'simple','B-8462145',0,0,'2017-11-09 04:00:07','2017-12-21 02:48:57'),(36,4,'simple','B-753159456',0,0,'2017-11-09 04:01:39','2017-12-21 02:48:18');

--
-- Table structure for table `catalog_product_entity_datetime`
--

CREATE TABLE `catalog_product_entity_datetime` (
  `value_id` int NOT NULL AUTO_INCREMENT COMMENT 'Value ID',
  `attribute_id` smallint unsigned NOT NULL DEFAULT '0' COMMENT 'Attribute ID',
  `store_id` smallint unsigned NOT NULL DEFAULT '0' COMMENT 'Store ID',
  `entity_id` int unsigned NOT NULL DEFAULT '0' COMMENT 'Entity ID',
  `value` datetime DEFAULT NULL COMMENT 'Value',
  PRIMARY KEY (`value_id`),
  UNIQUE KEY `CATALOG_PRODUCT_ENTITY_DATETIME_ENTITY_ID_ATTRIBUTE_ID_STORE_ID` (`entity_id`,`attribute_id`,`store_id`),
  KEY `CATALOG_PRODUCT_ENTITY_DATETIME_ATTRIBUTE_ID` (`attribute_id`),
  KEY `CATALOG_PRODUCT_ENTITY_DATETIME_STORE_ID` (`store_id`),
  CONSTRAINT `CAT_PRD_ENTT_DTIME_ATTR_ID_EAV_ATTR_ATTR_ID` FOREIGN KEY (`attribute_id`) REFERENCES `eav_attribute` (`attribute_id`) ON DELETE CASCADE,
  CONSTRAINT `CAT_PRD_ENTT_DTIME_ENTT_ID_CAT_PRD_ENTT_ENTT_ID` FOREIGN KEY (`entity_id`) REFERENCES `catalog_product_entity` (`entity_id`) ON DELETE CASCADE,
  CONSTRAINT `CATALOG_PRODUCT_ENTITY_DATETIME_STORE_ID_STORE_STORE_ID` FOREIGN KEY (`store_id`) REFERENCES `store` (`store_id`) ON DELETE CASCADE
) ENGINE=InnoDB AUTO_INCREMENT=28 DEFAULT CHARSET=utf8 COMMENT='Catalog Product Datetime Attribute Backend Table';

--
-- Dumping data for table `catalog_product_entity_datetime`
--

INSERT INTO `catalog_product_entity_datetime` VALUES (3,94,0,17,'2017-10-09 00:00:00'),(4,79,0,1,'2017-10-29 00:00:00'),(5,80,0,1,'2022-03-24 00:00:00'),(6,79,0,3,'2017-11-08 00:00:00'),(7,80,0,3,'2025-12-26 00:00:00'),(8,94,0,3,'2017-10-01 00:00:00'),(9,79,0,13,'2018-10-11 00:00:00'),(10,80,0,13,'2020-10-15 00:00:00'),(11,94,0,13,'2017-10-09 00:00:00'),(12,94,0,10,'2017-10-11 00:00:00'),(13,79,0,11,'2018-10-11 00:00:00'),(14,80,0,11,'2020-10-23 00:00:00'),(15,94,0,11,'2017-10-09 00:00:00'),(16,79,1,1,'2017-10-29 00:00:00'),(17,79,2,1,'2017-10-29 00:00:00'),(18,79,3,1,'2017-10-29 00:00:00'),(19,79,4,1,'2017-10-29 00:00:00'),(20,80,1,1,'2018-03-02 00:00:00'),(21,80,2,1,'2018-03-02 00:00:00'),(22,80,3,1,'2018-03-02 00:00:00'),(23,80,4,1,'2018-03-02 00:00:00'),(24,79,0,10,'2018-10-11 00:00:00'),(25,80,0,10,'2020-12-29 00:00:00'),(26,79,0,2,'2020-11-02 00:00:00'),(27,80,0,2,'2025-11-13 00:00:00');

--
-- Table structure for table `catalog_product_entity_decimal`
--

CREATE TABLE `catalog_product_entity_decimal` (
  `value_id` int NOT NULL AUTO_INCREMENT COMMENT 'Value ID',
  `attribute_id` smallint unsigned NOT NULL DEFAULT '0' COMMENT 'Attribute ID',
  `store_id` smallint unsigned NOT NULL DEFAULT '0' COMMENT 'Store ID',
  `entity_id` int unsigned NOT NULL DEFAULT '0' COMMENT 'Entity ID',
  `value` decimal(20,6) DEFAULT NULL COMMENT 'Value',
  PRIMARY KEY (`value_id`),
  UNIQUE KEY `CATALOG_PRODUCT_ENTITY_DECIMAL_ENTITY_ID_ATTRIBUTE_ID_STORE_ID` (`entity_id`,`attribute_id`,`store_id`),
  KEY `CATALOG_PRODUCT_ENTITY_DECIMAL_STORE_ID` (`store_id`),
  KEY `CATALOG_PRODUCT_ENTITY_DECIMAL_ATTRIBUTE_ID` (`attribute_id`),
  CONSTRAINT `CAT_PRD_ENTT_DEC_ATTR_ID_EAV_ATTR_ATTR_ID` FOREIGN KEY (`attribute_id`) REFERENCES `eav_attribute` (`attribute_id`) ON DELETE CASCADE,
  CONSTRAINT `CAT_PRD_ENTT_DEC_ENTT_ID_CAT_PRD_ENTT_ENTT_ID` FOREIGN KEY (`entity_id`) REFERENCES `catalog_product_entity` (`entity_id`) ON DELETE CASCADE,
  CONSTRAINT `CATALOG_PRODUCT_ENTITY_DECIMAL_STORE_ID_STORE_STORE_ID` FOREIGN KEY (`store_id`) REFERENCES `store` (`store_id`) ON DELETE CASCADE
) ENGINE=InnoDB AUTO_INCREMENT=70 DEFAULT CHARSET=utf8 COMMENT='Catalog Product Decimal Attribute Backend Table';

--
-- Dumping data for table `catalog_product_entity_decimal`
--

INSERT INTO `catalog_product_entity_decimal` VALUES (1,77,0,1,250.000000),(2,77,0,2,320.000000),(3,77,0,3,450.000000),(4,77,0,4,360.000000),(5,77,0,5,146.000000),(6,77,0,6,310.000000),(7,77,0,7,550.000000),(8,77,0,8,230.000000),(9,77,0,9,250.000000),(10,77,0,10,355.000000),(11,77,0,11,560.000000),(12,77,0,12,450.000000),(13,77,0,13,316.000000),(14,77,0,14,250.000000),(15,77,0,15,450.000000),(16,77,0,16,453.000000),(17,77,0,17,260.000000),(18,77,0,18,470.000000),(19,78,0,17,NULL),(20,78,0,1,240.000000),(21,78,0,2,300.000000),(22,78,0,3,440.000000),(23,78,0,4,NULL),(24,78,0,5,NULL),(25,78,0,6,NULL),(26,78,0,7,NULL),(27,78,0,8,NULL),(28,78,0,9,NULL),(29,78,0,10,350.000000),(30,78,0,11,520.000000),(31,78,0,12,NULL),(32,78,0,13,300.000000),(33,78,0,14,NULL),(34,78,0,15,NULL),(35,78,0,16,NULL),(36,78,0,18,NULL),(37,77,0,19,250.000000),(38,77,0,20,310.000000),(39,77,0,22,380.000000),(40,77,0,24,156.000000),(41,77,0,25,156.000000),(42,77,0,26,156.000000),(43,77,0,27,156.000000),(44,77,0,28,156.000000),(45,77,0,29,156.000000),(46,78,0,29,NULL),(47,78,0,28,NULL),(48,78,0,27,NULL),(49,78,0,26,NULL),(50,78,0,25,NULL),(51,78,0,24,NULL),(52,78,0,30,NULL),(53,77,0,31,250.000000),(54,77,0,32,120.000000),(55,77,0,33,310.000000),(56,77,0,34,410.000000),(57,77,0,35,260.000000),(58,77,0,36,350.000000),(59,78,0,36,NULL),(60,78,0,35,NULL),(61,78,0,34,NULL),(62,78,0,33,NULL),(63,78,0,32,NULL),(64,78,0,31,NULL),(65,78,0,22,NULL),(66,78,0,21,NULL),(67,78,0,20,NULL),(68,78,0,19,NULL),(69,78,0,23,NULL);

--
-- Table structure for table `catalog_product_entity_gallery`
--

CREATE TABLE `catalog_product_entity_gallery` (
  `value_id` int NOT NULL AUTO_INCREMENT COMMENT 'Value ID',
  `attribute_id` smallint unsigned NOT NULL DEFAULT '0' COMMENT 'Attribute ID',
  `store_id` smallint unsigned NOT NULL DEFAULT '0' COMMENT 'Store ID',
  `entity_id` int unsigned NOT NULL DEFAULT '0' COMMENT 'Entity ID',
  `position` int NOT NULL DEFAULT '0' COMMENT 'Position',
  `value` varchar(255) DEFAULT NULL COMMENT 'Value',
  PRIMARY KEY (`value_id`),
  UNIQUE KEY `CATALOG_PRODUCT_ENTITY_GALLERY_ENTITY_ID_ATTRIBUTE_ID_STORE_ID` (`entity_id`,`attribute_id`,`store_id`),
  KEY `CATALOG_PRODUCT_ENTITY_GALLERY_ENTITY_ID` (`entity_id`),
  KEY `CATALOG_PRODUCT_ENTITY_GALLERY_ATTRIBUTE_ID` (`attribute_id`),
  KEY `CATALOG_PRODUCT_ENTITY_GALLERY_STORE_ID` (`store_id`),
  CONSTRAINT `CAT_PRD_ENTT_GLR_ATTR_ID_EAV_ATTR_ATTR_ID` FOREIGN KEY (`attribute_id`) REFERENCES `eav_attribute` (`attribute_id`) ON DELETE CASCADE,
  CONSTRAINT `CAT_PRD_ENTT_GLR_ENTT_ID_CAT_PRD_ENTT_ENTT_ID` FOREIGN KEY (`entity_id`) REFERENCES `catalog_product_entity` (`entity_id`) ON DELETE CASCADE,
  CONSTRAINT `CATALOG_PRODUCT_ENTITY_GALLERY_STORE_ID_STORE_STORE_ID` FOREIGN KEY (`store_id`) REFERENCES `store` (`store_id`) ON DELETE CASCADE
) ENGINE=InnoDB DEFAULT CHARSET=utf8 COMMENT='Catalog Product Gallery Attribute Backend Table';

--
-- Dumping data for table `catalog_product_entity_gallery`
--


--
-- Table structure for table `catalog_product_entity_int`
--

CREATE TABLE `catalog_product_entity_int` (
  `value_id` int NOT NULL AUTO_INCREMENT COMMENT 'Value ID',
  `attribute_id` smallint unsigned NOT NULL DEFAULT '0' COMMENT 'Attribute ID',
  `store_id` smallint unsigned NOT NULL DEFAULT '0' COMMENT 'Store ID',
  `entity_id` int unsigned NOT NULL DEFAULT '0' COMMENT 'Entity ID',
  `value` int DEFAULT NULL COMMENT 'Value',
  PRIMARY KEY (`value_id`),
  UNIQUE KEY `CATALOG_PRODUCT_ENTITY_INT_ENTITY_ID_ATTRIBUTE_ID_STORE_ID` (`entity_id`,`attribute_id`,`store_id`),
  KEY `CATALOG_PRODUCT_ENTITY_INT_ATTRIBUTE_ID` (`attribute_id`),
  KEY `CATALOG_PRODUCT_ENTITY_INT_STORE_ID` (`store_id`),
  KEY `CATALOG_PRODUCT_ENTITY_INT_ATTRIBUTE_ID_STORE_ID_VALUE` (`attribute_id`,`store_id`,`value`),
  CONSTRAINT `CAT_PRD_ENTT_INT_ATTR_ID_EAV_ATTR_ATTR_ID` FOREIGN KEY (`attribute_id`) REFERENCES `eav_attribute` (`attribute_id`) ON DELETE CASCADE,
  CONSTRAINT `CAT_PRD_ENTT_INT_ENTT_ID_CAT_PRD_ENTT_ENTT_ID` FOREIGN KEY (`entity_id`) REFERENCES `catalog_product_entity` (`entity_id`) ON DELETE CASCADE,
  CONSTRAINT `CATALOG_PRODUCT_ENTITY_INT_STORE_ID_STORE_STORE_ID` FOREIGN KEY (`store_id`) REFERENCES `store` (`store_id`) ON DELETE CASCADE
) ENGINE=InnoDB AUTO_INCREMENT=288 DEFAULT CHARSET=utf8 COMMENT='Catalog Product Integer Attribute Backend Table';

--
-- Dumping data for table `catalog_product_entity_int`
--

INSERT INTO `catalog_product_entity_int` VALUES (1,93,0,1,11),(2,97,0,1,1),(3,99,0,1,4),(4,115,0,1,1),(5,134,0,1,2),(6,135,0,1,1),(7,83,0,2,17),(8,93,0,2,10),(9,97,0,2,1),(10,99,0,2,4),(11,115,0,2,1),(12,134,0,2,2),(13,135,0,2,0),(14,83,0,3,12),(15,93,0,3,10),(16,97,0,3,1),(17,99,0,3,4),(18,115,0,3,1),(19,134,0,3,2),(20,135,0,3,1),(21,83,0,4,16),(22,93,0,4,19),(23,97,0,4,1),(24,99,0,4,4),(25,115,0,4,1),(26,134,0,4,2),(27,135,0,4,0),(28,83,0,5,18),(29,93,0,5,11),(30,97,0,5,1),(31,99,0,5,4),(32,115,0,5,1),(33,134,0,5,2),(34,135,0,5,0),(35,83,0,6,15),(36,93,0,6,10),(37,97,0,6,1),(38,99,0,6,4),(39,115,0,6,1),(40,134,0,6,2),(41,135,0,6,1),(42,83,0,7,13),(43,93,0,7,11),(44,97,0,7,1),(45,99,0,7,4),(46,115,0,7,1),(47,134,0,7,2),(48,135,0,7,1),(49,83,0,8,17),(50,93,0,8,10),(51,97,0,8,1),(52,99,0,8,4),(53,115,0,8,1),(54,134,0,8,2),(55,135,0,8,0),(56,83,0,9,14),(57,93,0,9,10),(58,97,0,9,1),(59,99,0,9,4),(60,115,0,9,1),(61,134,0,9,2),(62,135,0,9,0),(63,83,0,10,18),(64,93,0,10,10),(65,97,0,10,1),(66,99,0,10,4),(67,115,0,10,1),(68,134,0,10,2),(69,135,0,10,1),(70,83,0,11,12),(71,93,0,11,10),(72,97,0,11,1),(73,99,0,11,4),(74,115,0,11,1),(75,134,0,11,2),(76,135,0,11,1),(77,97,0,12,1),(78,99,0,12,4),(79,115,0,12,1),(80,134,0,12,2),(81,135,0,12,0),(82,83,0,13,16),(83,93,0,13,6),(84,97,0,13,1),(85,99,0,13,4),(86,115,0,13,1),(87,134,0,13,2),(88,135,0,13,1),(89,83,0,14,15),(90,93,0,14,19),(91,97,0,14,1),(92,99,0,14,4),(93,115,0,14,1),(94,134,0,14,2),(95,135,0,14,0),(96,83,0,15,15),(97,93,0,15,10),(98,97,0,15,1),(99,99,0,15,4),(100,115,0,15,1),(101,134,0,15,2),(102,135,0,15,0),(103,83,0,16,17),(104,93,0,16,10),(105,97,0,16,1),(106,99,0,16,4),(107,115,0,16,1),(108,134,0,16,2),(109,135,0,16,0),(110,83,0,17,13),(111,93,0,17,10),(112,97,0,17,1),(113,99,0,17,4),(114,115,0,17,1),(115,134,0,17,2),(116,135,0,17,0),(117,83,0,18,18),(118,93,0,18,10),(119,97,0,18,1),(120,99,0,18,4),(121,115,0,18,1),(122,134,0,18,2),(123,135,0,18,0),(124,83,0,19,15),(125,93,0,19,10),(126,97,0,19,1),(127,99,0,19,4),(128,115,0,19,1),(129,134,0,19,2),(130,135,0,19,0),(131,83,0,20,18),(132,93,0,20,11),(133,97,0,20,1),(134,99,0,20,4),(135,115,0,20,1),(136,128,0,20,0),(137,134,0,20,2),(138,135,0,20,0),(139,83,0,21,17),(140,93,0,21,19),(141,97,0,21,1),(142,99,0,21,4),(143,115,0,21,1),(144,83,0,22,13),(145,93,0,22,6),(146,97,0,22,1),(147,99,0,22,4),(148,115,0,22,1),(149,134,0,22,2),(150,135,0,22,0),(151,83,0,23,15),(152,93,0,23,6),(153,97,0,23,1),(154,99,0,23,4),(155,115,0,23,1),(156,123,0,23,0),(157,124,0,23,0),(158,125,0,23,0),(159,126,0,23,0),(160,127,0,23,0),(161,134,0,23,2),(162,135,0,23,0),(163,136,0,1,21),(164,83,0,24,17),(165,93,0,24,4),(166,97,0,24,1),(167,99,0,24,1),(168,115,0,24,1),(169,134,0,24,2),(170,135,0,24,0),(171,136,0,24,20),(172,83,0,25,17),(173,93,0,25,4),(174,97,0,25,1),(175,99,0,25,1),(176,115,0,25,1),(177,134,0,25,2),(178,135,0,25,0),(179,136,0,25,21),(180,83,0,26,17),(181,93,0,26,4),(182,97,0,26,1),(183,99,0,26,1),(184,115,0,26,1),(185,134,0,26,2),(186,135,0,26,0),(187,136,0,26,22),(188,83,0,27,17),(189,93,0,27,6),(190,97,0,27,1),(191,99,0,27,1),(192,115,0,27,1),(193,134,0,27,2),(194,135,0,27,0),(195,136,0,27,20),(196,83,0,28,17),(197,93,0,28,6),(198,97,0,28,1),(199,99,0,28,1),(200,115,0,28,1),(201,134,0,28,2),(202,135,0,28,0),(203,136,0,28,21),(204,83,0,29,17),(205,93,0,29,6),(206,97,0,29,1),(207,99,0,29,1),(208,115,0,29,1),(209,134,0,29,2),(210,135,0,29,0),(211,136,0,29,22),(212,83,0,30,17),(214,97,0,30,1),(215,99,0,30,4),(216,115,0,30,1),(217,134,0,30,2),(218,135,0,30,0),(219,136,0,18,20),(220,136,0,3,20),(221,136,0,6,20),(222,136,0,10,20),(223,136,0,11,20),(224,136,0,12,20),(225,136,0,13,20),(226,136,0,7,20),(227,83,0,31,16),(228,97,0,31,1),(229,99,0,31,4),(230,115,0,31,1),(231,134,0,31,2),(232,135,0,31,0),(233,136,0,31,20),(234,83,0,32,16),(235,93,0,32,6),(236,97,0,32,1),(237,99,0,32,4),(238,115,0,32,1),(239,134,0,32,2),(240,135,0,32,0),(241,136,0,32,20),(242,83,0,33,18),(243,93,0,33,4),(244,97,0,33,1),(245,99,0,33,4),(246,115,0,33,1),(247,134,0,33,2),(248,135,0,33,0),(249,136,0,33,21),(250,83,0,34,16),(251,93,0,34,6),(252,97,0,34,1),(253,99,0,34,4),(254,115,0,34,1),(255,134,0,34,2),(256,135,0,34,0),(257,136,0,34,20),(258,83,0,35,16),(259,93,0,35,10),(260,97,0,35,1),(261,99,0,35,4),(262,115,0,35,1),(263,134,0,35,2),(264,135,0,35,0),(265,136,0,35,22),(266,83,0,36,15),(267,93,0,36,4),(268,97,0,36,1),(269,99,0,36,4),(270,115,0,36,1),(271,134,0,36,2),(272,135,0,36,0),(273,136,0,36,21),(274,136,0,2,20),(275,136,0,4,20),(276,136,0,5,20),(277,136,0,8,20),(278,136,0,9,20),(279,136,0,14,20),(280,136,0,15,20),(281,136,0,16,20),(282,136,0,17,20),(283,136,0,22,20),(284,136,0,21,20),(285,136,0,20,20),(286,136,0,19,20),(287,136,0,23,20);

--
-- Table structure for table `catalog_product_entity_media_gallery`
--

CREATE TABLE `catalog_product_entity_media_gallery` (
  `value_id` int unsigned NOT NULL AUTO_INCREMENT COMMENT 'Value ID',
  `attribute_id` smallint unsigned NOT NULL DEFAULT '0' COMMENT 'Attribute ID',
  `value` varchar(255) DEFAULT NULL COMMENT 'Value',
  `media_type` varchar(32) NOT NULL DEFAULT 'image' COMMENT 'Media entry type',
  `disabled` smallint unsigned NOT NULL DEFAULT '0' COMMENT 'Visibility status',
  PRIMARY KEY (`value_id`),
  KEY `CATALOG_PRODUCT_ENTITY_MEDIA_GALLERY_ATTRIBUTE_ID` (`attribute_id`),
  CONSTRAINT `CAT_PRD_ENTT_MDA_GLR_ATTR_ID_EAV_ATTR_ATTR_ID` FOREIGN KEY (`attribute_id`) REFERENCES `eav_attribute` (`attribute_id`) ON DELETE CASCADE
) ENGINE=InnoDB AUTO_INCREMENT=273 DEFAULT CHARSET=utf8 COMMENT='Catalog Product Media Gallery Attribute Backend Table';

--
-- Dumping data for table `catalog_product_entity_media_gallery`
--

INSERT INTO `catalog_product_entity_media_gallery` VALUES (1,90,'//1/_/1.jpg','image',0),(72,90,'//3/_/3_3.jpg','image',0),(73,90,'//6/_/6_6.jpg','image',0),(74,90,'//1/0/10_6.jpg','image',0),(75,90,'//1/1/11_5.jpg','image',0),(76,90,'//1/2/12_5.jpg','image',0),(92,90,'//7/_/7_6.jpg','image',0),(93,90,'//8/_/8_2.jpg','image',0),(94,90,'//9/_/9_6.jpg','image',0),(132,90,'//2/_/2.jpg','image',0),(133,90,'//3/_/3.jpg','image',0),(134,90,'//4/_/4.jpg','image',0),(135,90,'//2/_/2.jpg','image',0),(136,90,'//3/_/3.jpg','image',0),(137,90,'//4/_/4.jpg','image',0),(138,90,'//5/_/5.jpg','image',0),(139,90,'//3/_/3_1.jpg','image',0),(140,90,'//4/_/4_1.jpg','image',0),(141,90,'//5/_/5.jpg','image',0),(142,90,'//6/_/6.jpg','image',0),(143,90,'//4/_/4_2.jpg','image',0),(144,90,'//5/_/5_1.jpg','image',0),(145,90,'//6/_/6.jpg','image',0),(146,90,'//7/_/7.jpg','image',0),(147,90,'//5/_/5_2.jpg','image',0),(148,90,'//6/_/6_1.jpg','image',0),(149,90,'//7/_/7.jpg','image',0),(150,90,'//8/_/8.jpg','image',0),(151,90,'//6/_/6_2.jpg','image',0),(152,90,'//7/_/7_1.jpg','image',0),(153,90,'//8/_/8_1.jpg','image',0),(154,90,'//9/_/9.jpg','image',0),(155,90,'//7/_/7_2.jpg','image',0),(156,90,'//8/_/8_2.jpg','image',0),(157,90,'//9/_/9.jpg','image',0),(158,90,'//1/0/10.jpg','image',0),(159,90,'//8/_/8_3.jpg','image',0),(160,90,'//9/_/9_1.jpg','image',0),(161,90,'//1/0/10_1.jpg','image',0),(162,90,'//1/1/11.jpg','image',0),(163,90,'//9/_/9_2.jpg','image',0),(164,90,'//1/0/10_2.jpg','image',0),(165,90,'//1/1/11_1.jpg','image',0),(166,90,'//1/2/12.jpg','image',0),(167,90,'//1/0/10_3.jpg','image',0),(168,90,'//1/1/11_2.jpg','image',0),(169,90,'//1/2/12.jpg','image',0),(170,90,'//1/3/13.jpg','image',0),(171,90,'//1/1/11_3.jpg','image',0),(172,90,'//1/2/12_1.jpg','image',0),(173,90,'//1/3/13_1.jpg','image',0),(174,90,'//1/4/14.jpg','image',0),(175,90,'//1/2/12_2.jpg','image',0),(176,90,'//1/3/13_2.jpg','image',0),(177,90,'//1/4/14_1.jpg','image',0),(178,90,'//1/5/15.jpg','image',0),(179,90,'//1/3/13_3.jpg','image',0),(180,90,'//1/4/14_2.jpg','image',0),(181,90,'//1/5/15_1.jpg','image',0),(182,90,'//1/6/16.jpg','image',0),(183,90,'//1/4/14_3.jpg','image',0),(184,90,'//1/5/15_2.jpg','image',0),(185,90,'//1/6/16_1.jpg','image',0),(186,90,'//1/7/17.jpg','image',0),(187,90,'//1/5/15_3.jpg','image',0),(188,90,'//1/6/16_2.jpg','image',0),(189,90,'//1/7/17_1.jpg','image',0),(190,90,'//1/8/18.jpg','image',0),(191,90,'//1/6/16_3.jpg','image',0),(192,90,'//1/7/17_2.jpg','image',0),(193,90,'//1/8/18_1.jpg','image',0),(194,90,'//1/9/19.jpg','image',0),(195,90,'//1/7/17_3.jpg','image',0),(196,90,'//1/8/18_2.jpg','image',0),(197,90,'//1/9/19_1.jpg','image',0),(198,90,'//2/0/20.jpg','image',0),(199,90,'//1/_/1_1.jpg','image',0),(200,90,'//1/8/18_3.jpg','image',0),(201,90,'//1/9/19_2.jpg','image',0),(202,90,'//2/0/20_1.jpg','image',0),(203,90,'//1/_/1_2.jpg','image',0),(204,90,'//2/_/2_1.jpg','image',0),(205,90,'//3/_/3_2.jpg','image',0),(206,90,'//4/_/4_3.jpg','image',0),(207,90,'//2/_/2_2.jpg','image',0),(208,90,'//3/_/3_3.jpg','image',0),(209,90,'//4/_/4_4.jpg','image',0),(210,90,'//5/_/5_3.jpg','image',0),(211,90,'//3/_/3_4.jpg','image',0),(212,90,'//4/_/4_5.jpg','image',0),(213,90,'//5/_/5_4.jpg','image',0),(214,90,'//6/_/6_3.jpg','image',0),(215,90,'//4/_/4_6.jpg','image',0),(216,90,'//5/_/5_5.jpg','image',0),(217,90,'//6/_/6_4.jpg','image',0),(218,90,'//7/_/7_3.jpg','image',0),(219,90,'//5/_/5_6.jpg','image',0),(220,90,'//6/_/6_5.jpg','image',0),(221,90,'//7/_/7_4.jpg','image',0),(222,90,'//8/_/8_4.jpg','image',0),(223,90,'//6/_/6_6.jpg','image',0),(224,90,'//7/_/7_5.jpg','image',0),(225,90,'//8/_/8_5.jpg','image',0),(226,90,'//9/_/9_3.jpg','image',0),(227,90,'//7/_/7_6.jpg','image',0),(228,90,'//8/_/8_6.jpg','image',0),(229,90,'//9/_/9_4.jpg','image',0),(230,90,'//1/0/10_4.jpg','image',0),(231,90,'//8/_/8_7.jpg','image',0),(232,90,'//9/_/9_5.jpg','image',0),(233,90,'//1/0/10_5.jpg','image',0),(234,90,'//1/1/11_4.jpg','image',0),(235,90,'//9/_/9_6.jpg','image',0),(236,90,'//1/0/10_6.jpg','image',0),(237,90,'//1/1/11_5.jpg','image',0),(238,90,'//1/2/12_3.jpg','image',0),(243,90,'//1/7/17_4.jpg','image',0),(244,90,'//1/8/18_4.jpg','image',0),(245,90,'//1/9/19_3.jpg','image',0),(246,90,'//2/0/20_2.jpg','image',0),(247,90,'//1/5/15_4.jpg','image',0),(248,90,'//1/6/16_4.jpg','image',0),(249,90,'//1/7/17_5.jpg','image',0),(250,90,'//1/8/18_5.jpg','image',0),(251,90,'//3/_/3_5.jpg','image',0),(252,90,'//1/0/10_7.jpg','image',0),(253,90,'//1/2/12_4.jpg','image',0),(254,90,'//1/8/18_6.jpg','image',0),(255,90,'//4/_/4_7.jpg','image',0),(256,90,'//1/1/11_6.jpg','image',0),(257,90,'//1/7/17_6.jpg','image',0),(258,90,'//1/8/18_7.jpg','image',0),(259,90,'//7/_/7_7.jpg','image',0),(260,90,'//1/3/13_4.jpg','image',0),(261,90,'//1/4/14_4.jpg','image',0),(262,90,'//2/0/20_3.jpg','image',0),(263,90,'//1/_/1_3.jpg','image',0),(264,90,'//8/_/8_8.jpg','image',0),(265,90,'//1/5/15_5.jpg','image',0),(266,90,'//1/6/16_5.jpg','image',0),(267,90,'//1/1/11_7.jpg','image',0),(268,90,'//1/2/12_5.jpg','image',0),(269,90,'//1/3/13_5.jpg','image',0),(270,90,'//1/4/14_5.jpg','image',0),(271,90,'//1/7/17_7.jpg','image',0),(272,90,'//1/8/18_8.jpg','image',0);

--
-- Table structure for table `catalog_product_entity_media_gallery_value`
--

CREATE TABLE `catalog_product_entity_media_gallery_value` (
  `value_id` int unsigned NOT NULL DEFAULT '0' COMMENT 'Value ID',
  `store_id` smallint unsigned NOT NULL DEFAULT '0' COMMENT 'Store ID',
  `entity_id` int unsigned NOT NULL DEFAULT '0' COMMENT 'Entity ID',
  `label` varchar(255) DEFAULT NULL COMMENT 'Label',
  `position` int unsigned DEFAULT NULL COMMENT 'Position',
  `disabled` smallint unsigned NOT NULL DEFAULT '0' COMMENT 'Is Disabled',
  `record_id` int unsigned NOT NULL AUTO_INCREMENT COMMENT 'Record ID',
  PRIMARY KEY (`record_id`),
  KEY `CATALOG_PRODUCT_ENTITY_MEDIA_GALLERY_VALUE_STORE_ID` (`store_id`),
  KEY `CATALOG_PRODUCT_ENTITY_MEDIA_GALLERY_VALUE_ENTITY_ID` (`entity_id`),
  KEY `CATALOG_PRODUCT_ENTITY_MEDIA_GALLERY_VALUE_VALUE_ID` (`value_id`),
  KEY `CAT_PRD_ENTT_MDA_GLR_VAL_ENTT_ID_VAL_ID_STORE_ID` (`entity_id`,`value_id`,`store_id`),
  CONSTRAINT `CAT_PRD_ENTT_MDA_GLR_VAL_ENTT_ID_CAT_PRD_ENTT_ENTT_ID` FOREIGN KEY (`entity_id`) REFERENCES `catalog_product_entity` (`entity_id`) ON DELETE CASCADE,
  CONSTRAINT `CAT_PRD_ENTT_MDA_GLR_VAL_STORE_ID_STORE_STORE_ID` FOREIGN KEY (`store_id`) REFERENCES `store` (`store_id`) ON DELETE CASCADE,
  CONSTRAINT `CAT_PRD_ENTT_MDA_GLR_VAL_VAL_ID_CAT_PRD_ENTT_MDA_GLR_VAL_ID` FOREIGN KEY (`value_id`) REFERENCES `catalog_product_entity_media_gallery` (`value_id`) ON DELETE CASCADE
) ENGINE=InnoDB AUTO_INCREMENT=848 DEFAULT CHARSET=utf8 COMMENT='Catalog Product Media Gallery Attribute Value Table';

--
-- Dumping data for table `catalog_product_entity_media_gallery_value`
--

INSERT INTO `catalog_product_entity_media_gallery_value` VALUES (1,2,1,NULL,1,0,381),(147,0,5,NULL,5,0,657),(148,0,5,NULL,6,0,658),(149,0,5,NULL,7,0,659),(150,0,5,NULL,8,0,660),(151,0,6,NULL,5,0,661),(152,0,6,NULL,6,0,662),(153,0,6,NULL,7,0,663),(154,0,6,NULL,8,0,664),(155,0,7,NULL,5,0,665),(156,0,7,NULL,6,0,666),(157,0,7,NULL,7,0,667),(158,0,7,NULL,8,0,668),(159,0,8,NULL,5,0,669),(160,0,8,NULL,6,0,670),(161,0,8,NULL,7,0,671),(162,0,8,NULL,8,0,672),(163,0,9,NULL,5,0,673),(164,0,9,NULL,6,0,674),(165,0,9,NULL,7,0,675),(166,0,9,NULL,8,0,676),(175,0,12,NULL,5,0,685),(176,0,12,NULL,6,0,686),(177,0,12,NULL,7,0,687),(178,0,12,NULL,8,0,688),(183,0,14,NULL,5,0,693),(184,0,14,NULL,6,0,694),(185,0,14,NULL,7,0,695),(186,0,14,NULL,8,0,696),(187,0,15,NULL,5,0,697),(188,0,15,NULL,6,0,698),(189,0,15,NULL,7,0,699),(190,0,15,NULL,8,0,700),(191,0,16,NULL,5,0,701),(192,0,16,NULL,6,0,702),(193,0,16,NULL,7,0,703),(194,0,16,NULL,8,0,704),(195,0,17,NULL,5,0,705),(196,0,17,NULL,6,0,706),(197,0,17,NULL,7,0,707),(198,0,17,NULL,8,0,708),(199,0,18,NULL,4,0,709),(200,0,18,NULL,5,0,710),(201,0,18,NULL,6,0,711),(202,0,18,NULL,7,0,712),(72,0,19,NULL,1,0,713),(73,0,19,NULL,2,0,714),(74,0,19,NULL,3,0,715),(75,0,19,NULL,4,0,716),(76,0,19,NULL,5,0,717),(243,0,20,NULL,5,0,718),(244,0,20,NULL,6,0,719),(245,0,20,NULL,7,0,720),(246,0,20,NULL,8,0,721),(235,0,21,NULL,6,0,722),(236,0,21,NULL,7,0,723),(237,0,21,NULL,8,0,724),(238,0,21,NULL,9,0,725),(231,0,22,NULL,6,0,726),(232,0,22,NULL,7,0,727),(233,0,22,NULL,8,0,728),(234,0,22,NULL,9,0,729),(227,0,30,NULL,6,0,734),(228,0,30,NULL,7,0,735),(229,0,30,NULL,8,0,736),(230,0,30,NULL,9,0,737),(223,0,31,NULL,5,0,738),(224,0,31,NULL,6,0,739),(225,0,31,NULL,7,0,740),(226,0,31,NULL,8,0,741),(219,0,32,NULL,5,0,742),(220,0,32,NULL,6,0,743),(221,0,32,NULL,7,0,744),(222,0,32,NULL,8,0,745),(215,0,33,NULL,5,0,746),(216,0,33,NULL,6,0,747),(217,0,33,NULL,7,0,748),(218,0,33,NULL,8,0,749),(211,0,34,NULL,5,0,750),(212,0,34,NULL,6,0,751),(213,0,34,NULL,7,0,752),(214,0,34,NULL,8,0,753),(203,0,36,NULL,5,0,754),(204,0,36,NULL,6,0,755),(205,0,36,NULL,7,0,756),(206,0,36,NULL,8,0,757),(207,0,35,NULL,5,0,758),(208,0,35,NULL,6,0,759),(209,0,35,NULL,7,0,760),(210,0,35,NULL,8,0,761),(143,0,4,NULL,5,0,774),(144,0,4,NULL,6,0,775),(145,0,4,NULL,7,0,776),(146,0,4,NULL,8,0,777),(247,0,24,NULL,2,0,782),(248,0,24,NULL,3,0,783),(249,0,24,NULL,4,0,784),(250,0,24,NULL,5,0,785),(251,0,25,NULL,2,0,786),(252,0,25,NULL,3,0,787),(253,0,25,NULL,4,0,788),(254,0,25,NULL,5,0,789),(255,0,26,NULL,2,0,790),(256,0,26,NULL,3,0,791),(257,0,26,NULL,4,0,792),(258,0,26,NULL,5,0,793),(259,0,27,NULL,2,0,794),(260,0,27,NULL,3,0,795),(261,0,27,NULL,4,0,796),(262,0,27,NULL,5,0,797),(263,0,28,NULL,2,0,798),(264,0,28,NULL,3,0,799),(265,0,28,NULL,4,0,800),(266,0,28,NULL,5,0,801),(267,0,29,NULL,2,0,802),(268,0,29,NULL,3,0,803),(269,0,29,NULL,4,0,804),(270,0,29,NULL,5,0,805),(92,0,23,NULL,1,0,811),(93,0,23,NULL,2,0,812),(94,0,23,NULL,3,0,813),(271,0,23,NULL,5,0,814),(272,0,23,NULL,6,0,815),(179,0,13,NULL,5,0,816),(180,0,13,NULL,6,0,817),(181,0,13,NULL,7,0,818),(182,0,13,NULL,8,0,819),(171,0,11,NULL,5,0,820),(172,0,11,NULL,6,0,821),(173,0,11,NULL,7,0,822),(174,0,11,NULL,8,0,823),(167,0,10,NULL,5,0,824),(168,0,10,NULL,6,0,825),(169,0,10,NULL,7,0,826),(170,0,10,NULL,8,0,827),(1,0,1,NULL,1,0,828),(132,0,1,NULL,6,0,829),(133,0,1,NULL,7,0,830),(134,0,1,NULL,8,0,831),(135,0,2,NULL,5,0,840),(136,0,2,NULL,6,0,841),(137,0,2,NULL,7,0,842),(138,0,2,NULL,8,0,843),(139,0,3,NULL,5,0,844),(140,0,3,NULL,6,0,845),(141,0,3,NULL,7,0,846),(142,0,3,NULL,8,0,847);

--
-- Table structure for table `catalog_product_entity_media_gallery_value_to_entity`
--

CREATE TABLE `catalog_product_entity_media_gallery_value_to_entity` (
  `value_id` int unsigned NOT NULL COMMENT 'Value media Entry ID',
  `entity_id` int unsigned NOT NULL COMMENT 'Product Entity ID',
  PRIMARY KEY (`value_id`,`entity_id`),
  KEY `CAT_PRD_ENTT_MDA_GLR_VAL_TO_ENTT_ENTT_ID_CAT_PRD_ENTT_ENTT_ID` (`entity_id`),
  CONSTRAINT `CAT_PRD_ENTT_MDA_GLR_VAL_TO_ENTT_ENTT_ID_CAT_PRD_ENTT_ENTT_ID` FOREIGN KEY (`entity_id`) REFERENCES `catalog_product_entity` (`entity_id`) ON DELETE CASCADE,
  CONSTRAINT `FK_A6C6C8FAA386736921D3A7C4B50B1185` FOREIGN KEY (`value_id`) REFERENCES `catalog_product_entity_media_gallery` (`value_id`) ON DELETE CASCADE
) ENGINE=InnoDB DEFAULT CHARSET=utf8 COMMENT='Link Media value to Product entity table';

--
-- Dumping data for table `catalog_product_entity_media_gallery_value_to_entity`
--

INSERT INTO `catalog_product_entity_media_gallery_value_to_entity` VALUES (1,1),(132,1),(133,1),(134,1),(135,2),(136,2),(137,2),(138,2),(139,3),(140,3),(141,3),(142,3),(143,4),(144,4),(145,4),(146,4),(147,5),(148,5),(149,5),(150,5),(151,6),(152,6),(153,6),(154,6),(155,7),(156,7),(157,7),(158,7),(159,8),(160,8),(161,8),(162,8),(163,9),(164,9),(165,9),(166,9),(167,10),(168,10),(169,10),(170,10),(171,11),(172,11),(173,11),(174,11),(175,12),(176,12),(177,12),(178,12),(179,13),(180,13),(181,13),(182,13),(183,14),(184,14),(185,14),(186,14),(187,15),(188,15),(189,15),(190,15),(191,16),(192,16),(193,16),(194,16),(195,17),(196,17),(197,17),(198,17),(199,18),(200,18),(201,18),(202,18),(72,19),(73,19),(74,19),(75,19),(76,19),(243,20),(244,20),(245,20),(246,20),(235,21),(236,21),(237,21),(238,21),(231,22),(232,22),(233,22),(234,22),(92,23),(93,23),(94,23),(271,23),(272,23),(247,24),(248,24),(249,24),(250,24),(251,25),(252,25),(253,25),(254,25),(255,26),(256,26),(257,26),(258,26),(259,27),(260,27),(261,27),(262,27),(263,28),(264,28),(265,28),(266,28),(267,29),(268,29),(269,29),(270,29),(227,30),(228,30),(229,30),(230,30),(223,31),(224,31),(225,31),(226,31),(219,32),(220,32),(221,32),(222,32),(215,33),(216,33),(217,33),(218,33),(211,34),(212,34),(213,34),(214,34),(207,35),(208,35),(209,35),(210,35),(203,36),(204,36),(205,36),(206,36);

--
-- Table structure for table `catalog_product_entity_media_gallery_value_video`
--

CREATE TABLE `catalog_product_entity_media_gallery_value_video` (
  `value_id` int unsigned NOT NULL COMMENT 'Media Entity ID',
  `store_id` smallint unsigned NOT NULL DEFAULT '0' COMMENT 'Store ID',
  `provider` varchar(32) DEFAULT NULL COMMENT 'Video provider ID',
  `url` text COMMENT 'Video URL',
  `title` varchar(255) DEFAULT NULL COMMENT 'Title',
  `description` text COMMENT 'Page Meta Description',
  `metadata` text COMMENT 'Video meta data',
  PRIMARY KEY (`value_id`,`store_id`),
  KEY `CAT_PRD_ENTT_MDA_GLR_VAL_VIDEO_STORE_ID_STORE_STORE_ID` (`store_id`),
  CONSTRAINT `CAT_PRD_ENTT_MDA_GLR_VAL_VIDEO_STORE_ID_STORE_STORE_ID` FOREIGN KEY (`store_id`) REFERENCES `store` (`store_id`) ON DELETE CASCADE,
  CONSTRAINT `FK_6FDF205946906B0E653E60AA769899F8` FOREIGN KEY (`value_id`) REFERENCES `catalog_product_entity_media_gallery` (`value_id`) ON DELETE CASCADE
) ENGINE=InnoDB DEFAULT CHARSET=utf8 COMMENT='Catalog Product Video Table';

--
-- Dumping data for table `catalog_product_entity_media_gallery_value_video`
--


--
-- Table structure for table `catalog_product_entity_text`
--

CREATE TABLE `catalog_product_entity_text` (
  `value_id` int NOT NULL AUTO_INCREMENT COMMENT 'Value ID',
  `attribute_id` smallint unsigned NOT NULL DEFAULT '0' COMMENT 'Attribute ID',
  `store_id` smallint unsigned NOT NULL DEFAULT '0' COMMENT 'Store ID',
  `entity_id` int unsigned NOT NULL DEFAULT '0' COMMENT 'Entity ID',
  `value` mediumtext COMMENT 'Value',
  PRIMARY KEY (`value_id`),
  UNIQUE KEY `CATALOG_PRODUCT_ENTITY_TEXT_ENTITY_ID_ATTRIBUTE_ID_STORE_ID` (`entity_id`,`attribute_id`,`store_id`),
  KEY `CATALOG_PRODUCT_ENTITY_TEXT_ATTRIBUTE_ID` (`attribute_id`),
  KEY `CATALOG_PRODUCT_ENTITY_TEXT_STORE_ID` (`store_id`),
  CONSTRAINT `CAT_PRD_ENTT_TEXT_ATTR_ID_EAV_ATTR_ATTR_ID` FOREIGN KEY (`attribute_id`) REFERENCES `eav_attribute` (`attribute_id`) ON DELETE CASCADE,
  CONSTRAINT `CAT_PRD_ENTT_TEXT_ENTT_ID_CAT_PRD_ENTT_ENTT_ID` FOREIGN KEY (`entity_id`) REFERENCES `catalog_product_entity` (`entity_id`) ON DELETE CASCADE,
  CONSTRAINT `CATALOG_PRODUCT_ENTITY_TEXT_STORE_ID_STORE_STORE_ID` FOREIGN KEY (`store_id`) REFERENCES `store` (`store_id`) ON DELETE CASCADE
) ENGINE=InnoDB AUTO_INCREMENT=100 DEFAULT CHARSET=utf8 COMMENT='Catalog Product Text Attribute Backend Table';

--
-- Dumping data for table `catalog_product_entity_text`
--

INSERT INTO `catalog_product_entity_text` VALUES (1,85,0,1,'Katsudon Pork Cutlet Rice'),(2,85,0,2,'Heirloom Beet Tartare'),(3,85,0,3,'Goat Cheese Mousse'),(4,85,0,4,'Belgian Endive Fennel'),(5,85,0,5,'Mushrooms Cured Ricotta'),(6,85,0,6,'Squash Balsamic Soya'),(7,85,0,7,'Chocolate Beignets'),(8,85,0,8,'House Made Cookies'),(9,85,0,9,'Fresh Fruit Coconut'),(10,85,0,10,'Three Grain Salad Mint'),(11,85,0,11,'Wagyu Beef Tataki'),(12,85,0,12,'Belgian Endive Cheese'),(13,85,0,13,'Fermented Carrotss'),(14,85,0,14,'White Lasagna Olive'),(15,85,0,15,'Fingerling Potato Squash'),(16,85,0,16,'Ricotta Gnocchi'),(17,85,0,17,'Five Course Vegetarian'),(18,85,0,18,'Wine Pairings for Five'),(19,75,0,1,'<p>Lorem Khaled Ipsum is a major key to success. Eliptical talk. The key to more success is to get a massage once a week, very important, major key, cloth talk. Mogul talk. Cloth talk. I’m giving you cloth talk, cloth. Special cloth alert, cut from a special cloth. In life you have to take the trash out, if you have trash in your life, take it out, throw it away, get rid of it, major key. Surround yourself with angels. The key to more success is to have a lot of pillows. Life is what you make it, so let’s make it.</p>\r\n<p>They key is to have every key, the key to open every door. We don’t see them, we will never see them. To be successful you’ve got to work hard, to make history, simple, you’ve got to make it. They never said winning was easy. Some people can’t handle success, I can. I’m giving you cloth talk, cloth. Special cloth alert, cut from a special cloth. How’s business? Boomin. Egg whites, turkey sausage, wheat toast, water. Of course they don’t want us to eat our breakfast, so we are going to enjoy our breakfast.</p>\r\n<ul>\r\n<li>They key is to have every key, the key to open every door.</li>\r\n<li>We don’t see them, we will never see them.</li>\r\n<li>To be successful you’ve got to work hard</li>\r\n<li>Some people can’t handle success, I can. I’m giving you cloth talk, cloth.</li>\r\n<li>Special cloth alert, cut from a special cloth.</li>\r\n</ul>\r\n<p>Lorem khaled ipsum is a major key to success. It’s on you how you want to live your life. Everyone has a choice. I pick my choice, squeaky clean. Always remember in the jungle there’s a lot of they in there, after you overcome they, you will make it to paradise. Wraith talk. Surround yourself with angels, positive energy, beautiful people, beautiful souls, clean heart, angel. They don’t want us to eat. Life is what you make it, so let’s make it. The key is to enjoy life, because they don’t want you to enjoy life. I promise you, they don’t want you to jetski, they don’t want you to smile.</p>\r\n<p>Let’s see what Chef Dee got that they don’t want us to eat. The weather is amazing, walk with me through the pathway of more success. Take this journey with me, Lion! We the best. The key to more success is to get a massage once a week, very important, major key, cloth talk. The first of the month is coming, we have to get money, we have no choice. It cost money to eat and they don’t want you to eat.</p>\r\n<p> Another one. It’s important to use cocoa butter. It’s the key to more success, why not live smooth? Why live rough? Another one. Give thanks to the most high. They don’t want us to win. The ladies always say Khaled you smell good, I use no cologne. Cocoa butter is the key. Congratulations, you played yourself. In life you have to take the trash out, if you have trash in your life, take it out, throw it away, get rid of it, major key. You should never complain, complaining is a weak emotion, you got life, we breathing, we blessed.</p>\r\n<p>The other day the grass was brown, now it’s green because I ain’t give up. Never surrender. Cloth talk. Find peace, life is like a water fall, you’ve gotta flow. Mogul talk. The first of the month is coming, we have to get money, we have no choice. It cost money to eat and they don’t want you to eat. You should never complain, complaining is a weak emotion, you got life, we breathing, we blessed. The first of the month is coming, we have to get money, we have no choice. It cost money to eat and they don’t want you to eat.</p>'),(20,76,0,1,'<p>Lorem Khaled Ipsum is a major key to success. Eliptical talk. The key to more success is to get a massage once a week, very important, major key, cloth talk. Mogul talk. Cloth talk. I’m giving you cloth talk, cloth...</p>'),(21,75,0,2,'<p>Lorem Khaled Ipsum is a major key to success. Eliptical talk. The key to more success is to get a massage once a week, very important, major key, cloth talk. Mogul talk. Cloth talk. I’m giving you cloth talk, cloth. Special cloth alert, cut from a special cloth. In life you have to take the trash out, if you have trash in your life, take it out, throw it away, get rid of it, major key. Surround yourself with angels. The key to more success is to have a lot of pillows. Life is what you make it, so let’s make it.</p>\r\n<p>They key is to have every key, the key to open every door. We don’t see them, we will never see them. To be successful you’ve got to work hard, to make history, simple, you’ve got to make it. They never said winning was easy. Some people can’t handle success, I can. I’m giving you cloth talk, cloth. Special cloth alert, cut from a special cloth. How’s business? Boomin. Egg whites, turkey sausage, wheat toast, water. Of course they don’t want us to eat our breakfast, so we are going to enjoy our breakfast.</p>\r\n<ul>\r\n<li>They key is to have every key, the key to open every door.</li>\r\n<li>We don’t see them, we will never see them.</li>\r\n<li>To be successful you’ve got to work hard</li>\r\n<li>Some people can’t handle success, I can. I’m giving you cloth talk, cloth.</li>\r\n<li>Special cloth alert, cut from a special cloth.</li>\r\n</ul>\r\n<p>Lorem khaled ipsum is a major key to success. It’s on you how you want to live your life. Everyone has a choice. I pick my choice, squeaky clean. Always remember in the jungle there’s a lot of they in there, after you overcome they, you will make it to paradise. Wraith talk. Surround yourself with angels, positive energy, beautiful people, beautiful souls, clean heart, angel. They don’t want us to eat. Life is what you make it, so let’s make it. The key is to enjoy life, because they don’t want you to enjoy life. I promise you, they don’t want you to jetski, they don’t want you to smile.</p>\r\n<p>Let’s see what Chef Dee got that they don’t want us to eat. The weather is amazing, walk with me through the pathway of more success. Take this journey with me, Lion! We the best. The key to more success is to get a massage once a week, very important, major key, cloth talk. The first of the month is coming, we have to get money, we have no choice. It cost money to eat and they don’t want you to eat.</p>\r\n<p> Another one. It’s important to use cocoa butter. It’s the key to more success, why not live smooth? Why live rough? Another one. Give thanks to the most high. They don’t want us to win. The ladies always say Khaled you smell good, I use no cologne. Cocoa butter is the key. Congratulations, you played yourself. In life you have to take the trash out, if you have trash in your life, take it out, throw it away, get rid of it, major key. You should never complain, complaining is a weak emotion, you got life, we breathing, we blessed.</p>\r\n<p>The other day the grass was brown, now it’s green because I ain’t give up. Never surrender. Cloth talk. Find peace, life is like a water fall, you’ve gotta flow. Mogul talk. The first of the month is coming, we have to get money, we have no choice. It cost money to eat and they don’t want you to eat. You should never complain, complaining is a weak emotion, you got life, we breathing, we blessed. The first of the month is coming, we have to get money, we have no choice. It cost money to eat and they don’t want you to eat.</p>'),(22,76,0,2,'<p>Lorem Khaled Ipsum is a major key to success. Eliptical talk. The key to more success is to get a massage once a week, very important, major key, cloth talk. Mogul talk. Cloth talk. I’m giving you cloth talk, cloth...</p>'),(23,75,0,3,'<p>Lorem Khaled Ipsum is a major key to success. Eliptical talk. The key to more success is to get a massage once a week, very important, major key, cloth talk. Mogul talk. Cloth talk. I’m giving you cloth talk, cloth. Special cloth alert, cut from a special cloth. In life you have to take the trash out, if you have trash in your life, take it out, throw it away, get rid of it, major key. Surround yourself with angels. The key to more success is to have a lot of pillows. Life is what you make it, so let’s make it.</p>\r\n<p>They key is to have every key, the key to open every door. We don’t see them, we will never see them. To be successful you’ve got to work hard, to make history, simple, you’ve got to make it. They never said winning was easy. Some people can’t handle success, I can. I’m giving you cloth talk, cloth. Special cloth alert, cut from a special cloth. How’s business? Boomin. Egg whites, turkey sausage, wheat toast, water. Of course they don’t want us to eat our breakfast, so we are going to enjoy our breakfast.</p>\r\n<ul>\r\n<li>They key is to have every key, the key to open every door.</li>\r\n<li>We don’t see them, we will never see them.</li>\r\n<li>To be successful you’ve got to work hard</li>\r\n<li>Some people can’t handle success, I can. I’m giving you cloth talk, cloth.</li>\r\n<li>Special cloth alert, cut from a special cloth.</li>\r\n</ul>\r\n<p>Lorem khaled ipsum is a major key to success. It’s on you how you want to live your life. Everyone has a choice. I pick my choice, squeaky clean. Always remember in the jungle there’s a lot of they in there, after you overcome they, you will make it to paradise. Wraith talk. Surround yourself with angels, positive energy, beautiful people, beautiful souls, clean heart, angel. They don’t want us to eat. Life is what you make it, so let’s make it. The key is to enjoy life, because they don’t want you to enjoy life. I promise you, they don’t want you to jetski, they don’t want you to smile.</p>\r\n<p>Let’s see what Chef Dee got that they don’t want us to eat. The weather is amazing, walk with me through the pathway of more success. Take this journey with me, Lion! We the best. The key to more success is to get a massage once a week, very important, major key, cloth talk. The first of the month is coming, we have to get money, we have no choice. It cost money to eat and they don’t want you to eat.</p>\r\n<p> Another one. It’s important to use cocoa butter. It’s the key to more success, why not live smooth? Why live rough? Another one. Give thanks to the most high. They don’t want us to win. The ladies always say Khaled you smell good, I use no cologne. Cocoa butter is the key. Congratulations, you played yourself. In life you have to take the trash out, if you have trash in your life, take it out, throw it away, get rid of it, major key. You should never complain, complaining is a weak emotion, you got life, we breathing, we blessed.</p>\r\n<p>The other day the grass was brown, now it’s green because I ain’t give up. Never surrender. Cloth talk. Find peace, life is like a water fall, you’ve gotta flow. Mogul talk. The first of the month is coming, we have to get money, we have no choice. It cost money to eat and they don’t want you to eat. You should never complain, complaining is a weak emotion, you got life, we breathing, we blessed. The first of the month is coming, we have to get money, we have no choice. It cost money to eat and they don’t want you to eat.</p>'),(24,76,0,3,'<p>Lorem Khaled Ipsum is a major key to success. Eliptical talk. The key to more success is to get a massage once a week, very important, major key, cloth talk. Mogul talk. Cloth talk. I’m giving you cloth talk, cloth...</p>'),(25,75,0,4,'<p>Lorem Khaled Ipsum is a major key to success. Eliptical talk. The key to more success is to get a massage once a week, very important, major key, cloth talk. Mogul talk. Cloth talk. I’m giving you cloth talk, cloth. Special cloth alert, cut from a special cloth. In life you have to take the trash out, if you have trash in your life, take it out, throw it away, get rid of it, major key. Surround yourself with angels. The key to more success is to have a lot of pillows. Life is what you make it, so let’s make it.</p>\r\n<p>They key is to have every key, the key to open every door. We don’t see them, we will never see them. To be successful you’ve got to work hard, to make history, simple, you’ve got to make it. They never said winning was easy. Some people can’t handle success, I can. I’m giving you cloth talk, cloth. Special cloth alert, cut from a special cloth. How’s business? Boomin. Egg whites, turkey sausage, wheat toast, water. Of course they don’t want us to eat our breakfast, so we are going to enjoy our breakfast.</p>\r\n<ul>\r\n<li>They key is to have every key, the key to open every door.</li>\r\n<li>We don’t see them, we will never see them.</li>\r\n<li>To be successful you’ve got to work hard</li>\r\n<li>Some people can’t handle success, I can. I’m giving you cloth talk, cloth.</li>\r\n<li>Special cloth alert, cut from a special cloth.</li>\r\n</ul>\r\n<p>Lorem khaled ipsum is a major key to success. It’s on you how you want to live your life. Everyone has a choice. I pick my choice, squeaky clean. Always remember in the jungle there’s a lot of they in there, after you overcome they, you will make it to paradise. Wraith talk. Surround yourself with angels, positive energy, beautiful people, beautiful souls, clean heart, angel. They don’t want us to eat. Life is what you make it, so let’s make it. The key is to enjoy life, because they don’t want you to enjoy life. I promise you, they don’t want you to jetski, they don’t want you to smile.</p>\r\n<p>Let’s see what Chef Dee got that they don’t want us to eat. The weather is amazing, walk with me through the pathway of more success. Take this journey with me, Lion! We the best. The key to more success is to get a massage once a week, very important, major key, cloth talk. The first of the month is coming, we have to get money, we have no choice. It cost money to eat and they don’t want you to eat.</p>\r\n<p> Another one. It’s important to use cocoa butter. It’s the key to more success, why not live smooth? Why live rough? Another one. Give thanks to the most high. They don’t want us to win. The ladies always say Khaled you smell good, I use no cologne. Cocoa butter is the key. Congratulations, you played yourself. In life you have to take the trash out, if you have trash in your life, take it out, throw it away, get rid of it, major key. You should never complain, complaining is a weak emotion, you got life, we breathing, we blessed.</p>\r\n<p>The other day the grass was brown, now it’s green because I ain’t give up. Never surrender. Cloth talk. Find peace, life is like a water fall, you’ve gotta flow. Mogul talk. The first of the month is coming, we have to get money, we have no choice. It cost money to eat and they don’t want you to eat. You should never complain, complaining is a weak emotion, you got life, we breathing, we blessed. The first of the month is coming, we have to get money, we have no choice. It cost money to eat and they don’t want you to eat.</p>'),(26,76,0,4,'<p>Lorem Khaled Ipsum is a major key to success. Eliptical talk. The key to more success is to get a massage once a week, very important, major key, cloth talk. Mogul talk. Cloth talk. I’m giving you cloth talk, cloth...</p>'),(27,75,0,5,'<p>Lorem Khaled Ipsum is a major key to success. Eliptical talk. The key to more success is to get a massage once a week, very important, major key, cloth talk. Mogul talk. Cloth talk. I’m giving you cloth talk, cloth. Special cloth alert, cut from a special cloth. In life you have to take the trash out, if you have trash in your life, take it out, throw it away, get rid of it, major key. Surround yourself with angels. The key to more success is to have a lot of pillows. Life is what you make it, so let’s make it.</p>\r\n<p>They key is to have every key, the key to open every door. We don’t see them, we will never see them. To be successful you’ve got to work hard, to make history, simple, you’ve got to make it. They never said winning was easy. Some people can’t handle success, I can. I’m giving you cloth talk, cloth. Special cloth alert, cut from a special cloth. How’s business? Boomin. Egg whites, turkey sausage, wheat toast, water. Of course they don’t want us to eat our breakfast, so we are going to enjoy our breakfast.</p>\r\n<ul>\r\n<li>They key is to have every key, the key to open every door.</li>\r\n<li>We don’t see them, we will never see them.</li>\r\n<li>To be successful you’ve got to work hard</li>\r\n<li>Some people can’t handle success, I can. I’m giving you cloth talk, cloth.</li>\r\n<li>Special cloth alert, cut from a special cloth.</li>\r\n</ul>\r\n<p>Lorem khaled ipsum is a major key to success. It’s on you how you want to live your life. Everyone has a choice. I pick my choice, squeaky clean. Always remember in the jungle there’s a lot of they in there, after you overcome they, you will make it to paradise. Wraith talk. Surround yourself with angels, positive energy, beautiful people, beautiful souls, clean heart, angel. They don’t want us to eat. Life is what you make it, so let’s make it. The key is to enjoy life, because they don’t want you to enjoy life. I promise you, they don’t want you to jetski, they don’t want you to smile.</p>\r\n<p>Let’s see what Chef Dee got that they don’t want us to eat. The weather is amazing, walk with me through the pathway of more success. Take this journey with me, Lion! We the best. The key to more success is to get a massage once a week, very important, major key, cloth talk. The first of the month is coming, we have to get money, we have no choice. It cost money to eat and they don’t want you to eat.</p>\r\n<p> Another one. It’s important to use cocoa butter. It’s the key to more success, why not live smooth? Why live rough? Another one. Give thanks to the most high. They don’t want us to win. The ladies always say Khaled you smell good, I use no cologne. Cocoa butter is the key. Congratulations, you played yourself. In life you have to take the trash out, if you have trash in your life, take it out, throw it away, get rid of it, major key. You should never complain, complaining is a weak emotion, you got life, we breathing, we blessed.</p>\r\n<p>The other day the grass was brown, now it’s green because I ain’t give up. Never surrender. Cloth talk. Find peace, life is like a water fall, you’ve gotta flow. Mogul talk. The first of the month is coming, we have to get money, we have no choice. It cost money to eat and they don’t want you to eat. You should never complain, complaining is a weak emotion, you got life, we breathing, we blessed. The first of the month is coming, we have to get money, we have no choice. It cost money to eat and they don’t want you to eat.</p>'),(28,76,0,5,'<p>Lorem Khaled Ipsum is a major key to success. Eliptical talk. The key to more success is to get a massage once a week, very important, major key, cloth talk. Mogul talk. Cloth talk. I’m giving you cloth talk, cloth...</p>'),(29,75,0,6,'<p>Lorem Khaled Ipsum is a major key to success. Eliptical talk. The key to more success is to get a massage once a week, very important, major key, cloth talk. Mogul talk. Cloth talk. I’m giving you cloth talk, cloth. Special cloth alert, cut from a special cloth. In life you have to take the trash out, if you have trash in your life, take it out, throw it away, get rid of it, major key. Surround yourself with angels. The key to more success is to have a lot of pillows. Life is what you make it, so let’s make it.</p>\r\n<p>They key is to have every key, the key to open every door. We don’t see them, we will never see them. To be successful you’ve got to work hard, to make history, simple, you’ve got to make it. They never said winning was easy. Some people can’t handle success, I can. I’m giving you cloth talk, cloth. Special cloth alert, cut from a special cloth. How’s business? Boomin. Egg whites, turkey sausage, wheat toast, water. Of course they don’t want us to eat our breakfast, so we are going to enjoy our breakfast.</p>\r\n<ul>\r\n<li>They key is to have every key, the key to open every door.</li>\r\n<li>We don’t see them, we will never see them.</li>\r\n<li>To be successful you’ve got to work hard</li>\r\n<li>Some people can’t handle success, I can. I’m giving you cloth talk, cloth.</li>\r\n<li>Special cloth alert, cut from a special cloth.</li>\r\n</ul>\r\n<p>Lorem khaled ipsum is a major key to success. It’s on you how you want to live your life. Everyone has a choice. I pick my choice, squeaky clean. Always remember in the jungle there’s a lot of they in there, after you overcome they, you will make it to paradise. Wraith talk. Surround yourself with angels, positive energy, beautiful people, beautiful souls, clean heart, angel. They don’t want us to eat. Life is what you make it, so let’s make it. The key is to enjoy life, because they don’t want you to enjoy life. I promise you, they don’t want you to jetski, they don’t want you to smile.</p>\r\n<p>Let’s see what Chef Dee got that they don’t want us to eat. The weather is amazing, walk with me through the pathway of more success. Take this journey with me, Lion! We the best. The key to more success is to get a massage once a week, very important, major key, cloth talk. The first of the month is coming, we have to get money, we have no choice. It cost money to eat and they don’t want you to eat.</p>\r\n<p> Another one. It’s important to use cocoa butter. It’s the key to more success, why not live smooth? Why live rough? Another one. Give thanks to the most high. They don’t want us to win. The ladies always say Khaled you smell good, I use no cologne. Cocoa butter is the key. Congratulations, you played yourself. In life you have to take the trash out, if you have trash in your life, take it out, throw it away, get rid of it, major key. You should never complain, complaining is a weak emotion, you got life, we breathing, we blessed.</p>\r\n<p>The other day the grass was brown, now it’s green because I ain’t give up. Never surrender. Cloth talk. Find peace, life is like a water fall, you’ve gotta flow. Mogul talk. The first of the month is coming, we have to get money, we have no choice. It cost money to eat and they don’t want you to eat. You should never complain, complaining is a weak emotion, you got life, we breathing, we blessed. The first of the month is coming, we have to get money, we have no choice. It cost money to eat and they don’t want you to eat.</p>'),(30,76,0,6,'<p>Lorem Khaled Ipsum is a major key to success. Eliptical talk. The key to more success is to get a massage once a week, very important, major key, cloth talk. Mogul talk. Cloth talk. I’m giving you cloth talk, cloth...</p>'),(31,75,0,7,'<p>Lorem ipsum dolor sit amet, consectetur adipiscing elit, sed do eiusmod tempor incididunt ut labore et dolore magna aliqua. Ut enim ad minim veniam, quis nostrud exercitation ullamco laboris nisi ut aliquip ex ea commodo consequat. Duis aute irure dolor in reprehenderit in voluptate velit esse cillum dolore eu fugiat nulla pariatur. Excepteur sint occaecat cupidatat non proident, sunt in culpa qui officia deserunt mollit anim id est laborum.</p>\r\n<p>Sed ut perspiciatis unde omnis iste natus error sit voluptatem accusantium doloremque laudantium, totam rem aperiam, eaque ipsa quae ab illo inventore veritatis et quasi architecto beatae vitae dicta sunt explicabo. Nemo enim ipsam voluptatem quia voluptas sit aspernatur aut odit aut fugit, sed quia consequuntur magni dolores eos qui ratione voluptatem sequi nesciunt. Neque porro quisquam est, qui dolorem ipsum quia dolor sit amet, consectetur, adipisci velit, sed quia non numquam eius modi tempora incidunt ut labore et dolore magnam aliquam quaerat voluptatem. Ut enim ad minima veniam, quis nostrum exercitationem ullam corporis suscipit laboriosam, nisi ut aliquid ex ea commodi consequatur? Quis autem vel eum iure reprehenderit qui in ea voluptate velit esse quam nihil molestiae consequatur, vel illum qui dolorem eum fugiat quo voluptas nulla pariatur.</p>\r\n<p>Nemo enim ipsam voluptatem quia natus error sit voluptatem accusantium doloremque laudantium, totam rem aperiam, eaque ipsa quae ab illo inventore veritatis et quasi architecto beatae vitae dicta sunt explicabo. Nemo enim ipsam voluptatem quia voluptas sit aspernatur aut odit aut fugit, sed quia consequuntur magni dolores eos qui ratione voluptatem sequi nesciunt. Neque porro quisquam est, qui dolorem ipsum quia dolor sit amet, consectetur, adipisci velit, sed quia non numquam eius modi tempora incidunt ut labore et dolore magnam aliquam quaerat voluptatem.</p>'),(32,76,0,7,'<p>Lorem Khaled Ipsum is a major key to success. Eliptical talk. The key to more success is to get a massage once a week, very important, major key, cloth talk. Mogul talk. Cloth talk. I’m giving you cloth talk, cloth...</p>'),(33,75,0,8,'<p>Lorem Khaled Ipsum is a major key to success. Eliptical talk. The key to more success is to get a massage once a week, very important, major key, cloth talk. Mogul talk. Cloth talk. I’m giving you cloth talk, cloth. Special cloth alert, cut from a special cloth. In life you have to take the trash out, if you have trash in your life, take it out, throw it away, get rid of it, major key. Surround yourself with angels. The key to more success is to have a lot of pillows. Life is what you make it, so let’s make it.</p>\r\n<p>They key is to have every key, the key to open every door. We don’t see them, we will never see them. To be successful you’ve got to work hard, to make history, simple, you’ve got to make it. They never said winning was easy. Some people can’t handle success, I can. I’m giving you cloth talk, cloth. Special cloth alert, cut from a special cloth. How’s business? Boomin. Egg whites, turkey sausage, wheat toast, water. Of course they don’t want us to eat our breakfast, so we are going to enjoy our breakfast.</p>\r\n<ul>\r\n<li>They key is to have every key, the key to open every door.</li>\r\n<li>We don’t see them, we will never see them.</li>\r\n<li>To be successful you’ve got to work hard</li>\r\n<li>Some people can’t handle success, I can. I’m giving you cloth talk, cloth.</li>\r\n<li>Special cloth alert, cut from a special cloth.</li>\r\n</ul>\r\n<p>Lorem khaled ipsum is a major key to success. It’s on you how you want to live your life. Everyone has a choice. I pick my choice, squeaky clean. Always remember in the jungle there’s a lot of they in there, after you overcome they, you will make it to paradise. Wraith talk. Surround yourself with angels, positive energy, beautiful people, beautiful souls, clean heart, angel. They don’t want us to eat. Life is what you make it, so let’s make it. The key is to enjoy life, because they don’t want you to enjoy life. I promise you, they don’t want you to jetski, they don’t want you to smile.</p>\r\n<p>Let’s see what Chef Dee got that they don’t want us to eat. The weather is amazing, walk with me through the pathway of more success. Take this journey with me, Lion! We the best. The key to more success is to get a massage once a week, very important, major key, cloth talk. The first of the month is coming, we have to get money, we have no choice. It cost money to eat and they don’t want you to eat.</p>\r\n<p> Another one. It’s important to use cocoa butter. It’s the key to more success, why not live smooth? Why live rough? Another one. Give thanks to the most high. They don’t want us to win. The ladies always say Khaled you smell good, I use no cologne. Cocoa butter is the key. Congratulations, you played yourself. In life you have to take the trash out, if you have trash in your life, take it out, throw it away, get rid of it, major key. You should never complain, complaining is a weak emotion, you got life, we breathing, we blessed.</p>\r\n<p>The other day the grass was brown, now it’s green because I ain’t give up. Never surrender. Cloth talk. Find peace, life is like a water fall, you’ve gotta flow. Mogul talk. The first of the month is coming, we have to get money, we have no choice. It cost money to eat and they don’t want you to eat. You should never complain, complaining is a weak emotion, you got life, we breathing, we blessed. The first of the month is coming, we have to get money, we have no choice. It cost money to eat and they don’t want you to eat.</p>'),(34,76,0,8,'<p>Lorem Khaled Ipsum is a major key to success. Eliptical talk. The key to more success is to get a massage once a week, very important, major key, cloth talk. Mogul talk. Cloth talk. I’m giving you cloth talk, cloth...</p>'),(35,75,0,9,'<p>Lorem Khaled Ipsum is a major key to success. Eliptical talk. The key to more success is to get a massage once a week, very important, major key, cloth talk. Mogul talk. Cloth talk. I’m giving you cloth talk, cloth. Special cloth alert, cut from a special cloth. In life you have to take the trash out, if you have trash in your life, take it out, throw it away, get rid of it, major key. Surround yourself with angels. The key to more success is to have a lot of pillows. Life is what you make it, so let’s make it.</p>\r\n<p>They key is to have every key, the key to open every door. We don’t see them, we will never see them. To be successful you’ve got to work hard, to make history, simple, you’ve got to make it. They never said winning was easy. Some people can’t handle success, I can. I’m giving you cloth talk, cloth. Special cloth alert, cut from a special cloth. How’s business? Boomin. Egg whites, turkey sausage, wheat toast, water. Of course they don’t want us to eat our breakfast, so we are going to enjoy our breakfast.</p>\r\n<ul>\r\n<li>They key is to have every key, the key to open every door.</li>\r\n<li>We don’t see them, we will never see them.</li>\r\n<li>To be successful you’ve got to work hard</li>\r\n<li>Some people can’t handle success, I can. I’m giving you cloth talk, cloth.</li>\r\n<li>Special cloth alert, cut from a special cloth.</li>\r\n</ul>\r\n<p>Lorem khaled ipsum is a major key to success. It’s on you how you want to live your life. Everyone has a choice. I pick my choice, squeaky clean. Always remember in the jungle there’s a lot of they in there, after you overcome they, you will make it to paradise. Wraith talk. Surround yourself with angels, positive energy, beautiful people, beautiful souls, clean heart, angel. They don’t want us to eat. Life is what you make it, so let’s make it. The key is to enjoy life, because they don’t want you to enjoy life. I promise you, they don’t want you to jetski, they don’t want you to smile.</p>\r\n<p>Let’s see what Chef Dee got that they don’t want us to eat. The weather is amazing, walk with me through the pathway of more success. Take this journey with me, Lion! We the best. The key to more success is to get a massage once a week, very important, major key, cloth talk. The first of the month is coming, we have to get money, we have no choice. It cost money to eat and they don’t want you to eat.</p>\r\n<p> Another one. It’s important to use cocoa butter. It’s the key to more success, why not live smooth? Why live rough? Another one. Give thanks to the most high. They don’t want us to win. The ladies always say Khaled you smell good, I use no cologne. Cocoa butter is the key. Congratulations, you played yourself. In life you have to take the trash out, if you have trash in your life, take it out, throw it away, get rid of it, major key. You should never complain, complaining is a weak emotion, you got life, we breathing, we blessed.</p>\r\n<p>The other day the grass was brown, now it’s green because I ain’t give up. Never surrender. Cloth talk. Find peace, life is like a water fall, you’ve gotta flow. Mogul talk. The first of the month is coming, we have to get money, we have no choice. It cost money to eat and they don’t want you to eat. You should never complain, complaining is a weak emotion, you got life, we breathing, we blessed. The first of the month is coming, we have to get money, we have no choice. It cost money to eat and they don’t want you to eat.</p>'),(36,76,0,9,'<p>Lorem Khaled Ipsum is a major key to success. Eliptical talk. The key to more success is to get a massage once a week, very important, major key, cloth talk. Mogul talk. Cloth talk. I’m giving you cloth talk, cloth...</p>'),(37,75,0,10,'<p>Lorem Khaled Ipsum is a major key to success. Eliptical talk. The key to more success is to get a massage once a week, very important, major key, cloth talk. Mogul talk. Cloth talk. I’m giving you cloth talk, cloth. Special cloth alert, cut from a special cloth. In life you have to take the trash out, if you have trash in your life, take it out, throw it away, get rid of it, major key. Surround yourself with angels. The key to more success is to have a lot of pillows. Life is what you make it, so let’s make it.</p>\r\n<p>They key is to have every key, the key to open every door. We don’t see them, we will never see them. To be successful you’ve got to work hard, to make history, simple, you’ve got to make it. They never said winning was easy. Some people can’t handle success, I can. I’m giving you cloth talk, cloth. Special cloth alert, cut from a special cloth. How’s business? Boomin. Egg whites, turkey sausage, wheat toast, water. Of course they don’t want us to eat our breakfast, so we are going to enjoy our breakfast.</p>\r\n<ul>\r\n<li>They key is to have every key, the key to open every door.</li>\r\n<li>We don’t see them, we will never see them.</li>\r\n<li>To be successful you’ve got to work hard</li>\r\n<li>Some people can’t handle success, I can. I’m giving you cloth talk, cloth.</li>\r\n<li>Special cloth alert, cut from a special cloth.</li>\r\n</ul>\r\n<p>Lorem khaled ipsum is a major key to success. It’s on you how you want to live your life. Everyone has a choice. I pick my choice, squeaky clean. Always remember in the jungle there’s a lot of they in there, after you overcome they, you will make it to paradise. Wraith talk. Surround yourself with angels, positive energy, beautiful people, beautiful souls, clean heart, angel. They don’t want us to eat. Life is what you make it, so let’s make it. The key is to enjoy life, because they don’t want you to enjoy life. I promise you, they don’t want you to jetski, they don’t want you to smile.</p>\r\n<p>Let’s see what Chef Dee got that they don’t want us to eat. The weather is amazing, walk with me through the pathway of more success. Take this journey with me, Lion! We the best. The key to more success is to get a massage once a week, very important, major key, cloth talk. The first of the month is coming, we have to get money, we have no choice. It cost money to eat and they don’t want you to eat.</p>\r\n<p> Another one. It’s important to use cocoa butter. It’s the key to more success, why not live smooth? Why live rough? Another one. Give thanks to the most high. They don’t want us to win. The ladies always say Khaled you smell good, I use no cologne. Cocoa butter is the key. Congratulations, you played yourself. In life you have to take the trash out, if you have trash in your life, take it out, throw it away, get rid of it, major key. You should never complain, complaining is a weak emotion, you got life, we breathing, we blessed.</p>\r\n<p>The other day the grass was brown, now it’s green because I ain’t give up. Never surrender. Cloth talk. Find peace, life is like a water fall, you’ve gotta flow. Mogul talk. The first of the month is coming, we have to get money, we have no choice. It cost money to eat and they don’t want you to eat. You should never complain, complaining is a weak emotion, you got life, we breathing, we blessed. The first of the month is coming, we have to get money, we have no choice. It cost money to eat and they don’t want you to eat.</p>'),(38,76,0,10,'<p>Lorem Khaled Ipsum is a major key to success. Eliptical talk. The key to more success is to get a massage once a week, very important, major key, cloth talk. Mogul talk. Cloth talk. I’m giving you cloth talk, cloth...</p>'),(39,75,0,11,'<p>Lorem Khaled Ipsum is a major key to success. Eliptical talk. The key to more success is to get a massage once a week, very important, major key, cloth talk. Mogul talk. Cloth talk. I’m giving you cloth talk, cloth. Special cloth alert, cut from a special cloth. In life you have to take the trash out, if you have trash in your life, take it out, throw it away, get rid of it, major key. Surround yourself with angels. The key to more success is to have a lot of pillows. Life is what you make it, so let’s make it.</p>\r\n<p>They key is to have every key, the key to open every door. We don’t see them, we will never see them. To be successful you’ve got to work hard, to make history, simple, you’ve got to make it. They never said winning was easy. Some people can’t handle success, I can. I’m giving you cloth talk, cloth. Special cloth alert, cut from a special cloth. How’s business? Boomin. Egg whites, turkey sausage, wheat toast, water. Of course they don’t want us to eat our breakfast, so we are going to enjoy our breakfast.</p>\r\n<ul>\r\n<li>They key is to have every key, the key to open every door.</li>\r\n<li>We don’t see them, we will never see them.</li>\r\n<li>To be successful you’ve got to work hard</li>\r\n<li>Some people can’t handle success, I can. I’m giving you cloth talk, cloth.</li>\r\n<li>Special cloth alert, cut from a special cloth.</li>\r\n</ul>\r\n<p>Lorem khaled ipsum is a major key to success. It’s on you how you want to live your life. Everyone has a choice. I pick my choice, squeaky clean. Always remember in the jungle there’s a lot of they in there, after you overcome they, you will make it to paradise. Wraith talk. Surround yourself with angels, positive energy, beautiful people, beautiful souls, clean heart, angel. They don’t want us to eat. Life is what you make it, so let’s make it. The key is to enjoy life, because they don’t want you to enjoy life. I promise you, they don’t want you to jetski, they don’t want you to smile.</p>\r\n<p>Let’s see what Chef Dee got that they don’t want us to eat. The weather is amazing, walk with me through the pathway of more success. Take this journey with me, Lion! We the best. The key to more success is to get a massage once a week, very important, major key, cloth talk. The first of the month is coming, we have to get money, we have no choice. It cost money to eat and they don’t want you to eat.</p>\r\n<p> Another one. It’s important to use cocoa butter. It’s the key to more success, why not live smooth? Why live rough? Another one. Give thanks to the most high. They don’t want us to win. The ladies always say Khaled you smell good, I use no cologne. Cocoa butter is the key. Congratulations, you played yourself. In life you have to take the trash out, if you have trash in your life, take it out, throw it away, get rid of it, major key. You should never complain, complaining is a weak emotion, you got life, we breathing, we blessed.</p>\r\n<p>The other day the grass was brown, now it’s green because I ain’t give up. Never surrender. Cloth talk. Find peace, life is like a water fall, you’ve gotta flow. Mogul talk. The first of the month is coming, we have to get money, we have no choice. It cost money to eat and they don’t want you to eat. You should never complain, complaining is a weak emotion, you got life, we breathing, we blessed. The first of the month is coming, we have to get money, we have no choice. It cost money to eat and they don’t want you to eat.</p>'),(40,76,0,11,'<p>Lorem Khaled Ipsum is a major key to success. Eliptical talk. The key to more success is to get a massage once a week, very important, major key, cloth talk. Mogul talk. Cloth talk. I’m giving you cloth talk, cloth...</p>'),(41,75,0,12,'<p>Lorem Khaled Ipsum is a major key to success. Eliptical talk. The key to more success is to get a massage once a week, very important, major key, cloth talk. Mogul talk. Cloth talk. I’m giving you cloth talk, cloth. Special cloth alert, cut from a special cloth. In life you have to take the trash out, if you have trash in your life, take it out, throw it away, get rid of it, major key. Surround yourself with angels. The key to more success is to have a lot of pillows. Life is what you make it, so let’s make it.</p>\r\n<p>They key is to have every key, the key to open every door. We don’t see them, we will never see them. To be successful you’ve got to work hard, to make history, simple, you’ve got to make it. They never said winning was easy. Some people can’t handle success, I can. I’m giving you cloth talk, cloth. Special cloth alert, cut from a special cloth. How’s business? Boomin. Egg whites, turkey sausage, wheat toast, water. Of course they don’t want us to eat our breakfast, so we are going to enjoy our breakfast.</p>\r\n<ul>\r\n<li>They key is to have every key, the key to open every door.</li>\r\n<li>We don’t see them, we will never see them.</li>\r\n<li>To be successful you’ve got to work hard</li>\r\n<li>Some people can’t handle success, I can. I’m giving you cloth talk, cloth.</li>\r\n<li>Special cloth alert, cut from a special cloth.</li>\r\n</ul>\r\n<p>Lorem khaled ipsum is a major key to success. It’s on you how you want to live your life. Everyone has a choice. I pick my choice, squeaky clean. Always remember in the jungle there’s a lot of they in there, after you overcome they, you will make it to paradise. Wraith talk. Surround yourself with angels, positive energy, beautiful people, beautiful souls, clean heart, angel. They don’t want us to eat. Life is what you make it, so let’s make it. The key is to enjoy life, because they don’t want you to enjoy life. I promise you, they don’t want you to jetski, they don’t want you to smile.</p>\r\n<p>Let’s see what Chef Dee got that they don’t want us to eat. The weather is amazing, walk with me through the pathway of more success. Take this journey with me, Lion! We the best. The key to more success is to get a massage once a week, very important, major key, cloth talk. The first of the month is coming, we have to get money, we have no choice. It cost money to eat and they don’t want you to eat.</p>\r\n<p> Another one. It’s important to use cocoa butter. It’s the key to more success, why not live smooth? Why live rough? Another one. Give thanks to the most high. They don’t want us to win. The ladies always say Khaled you smell good, I use no cologne. Cocoa butter is the key. Congratulations, you played yourself. In life you have to take the trash out, if you have trash in your life, take it out, throw it away, get rid of it, major key. You should never complain, complaining is a weak emotion, you got life, we breathing, we blessed.</p>\r\n<p>The other day the grass was brown, now it’s green because I ain’t give up. Never surrender. Cloth talk. Find peace, life is like a water fall, you’ve gotta flow. Mogul talk. The first of the month is coming, we have to get money, we have no choice. It cost money to eat and they don’t want you to eat. You should never complain, complaining is a weak emotion, you got life, we breathing, we blessed. The first of the month is coming, we have to get money, we have no choice. It cost money to eat and they don’t want you to eat.</p>'),(42,76,0,12,'<p>Lorem Khaled Ipsum is a major key to success. Eliptical talk. The key to more success is to get a massage once a week, very important, major key, cloth talk. Mogul talk. Cloth talk. I’m giving you cloth talk, cloth...</p>'),(43,75,0,13,'<p>Lorem Khaled Ipsum is a major key to success. Eliptical talk. The key to more success is to get a massage once a week, very important, major key, cloth talk. Mogul talk. Cloth talk. I’m giving you cloth talk, cloth. Special cloth alert, cut from a special cloth. In life you have to take the trash out, if you have trash in your life, take it out, throw it away, get rid of it, major key. Surround yourself with angels. The key to more success is to have a lot of pillows. Life is what you make it, so let’s make it.</p>\r\n<p>They key is to have every key, the key to open every door. We don’t see them, we will never see them. To be successful you’ve got to work hard, to make history, simple, you’ve got to make it. They never said winning was easy. Some people can’t handle success, I can. I’m giving you cloth talk, cloth. Special cloth alert, cut from a special cloth. How’s business? Boomin. Egg whites, turkey sausage, wheat toast, water. Of course they don’t want us to eat our breakfast, so we are going to enjoy our breakfast.</p>\r\n<ul>\r\n<li>They key is to have every key, the key to open every door.</li>\r\n<li>We don’t see them, we will never see them.</li>\r\n<li>To be successful you’ve got to work hard</li>\r\n<li>Some people can’t handle success, I can. I’m giving you cloth talk, cloth.</li>\r\n<li>Special cloth alert, cut from a special cloth.</li>\r\n</ul>\r\n<p>Lorem khaled ipsum is a major key to success. It’s on you how you want to live your life. Everyone has a choice. I pick my choice, squeaky clean. Always remember in the jungle there’s a lot of they in there, after you overcome they, you will make it to paradise. Wraith talk. Surround yourself with angels, positive energy, beautiful people, beautiful souls, clean heart, angel. They don’t want us to eat. Life is what you make it, so let’s make it. The key is to enjoy life, because they don’t want you to enjoy life. I promise you, they don’t want you to jetski, they don’t want you to smile.</p>\r\n<p>Let’s see what Chef Dee got that they don’t want us to eat. The weather is amazing, walk with me through the pathway of more success. Take this journey with me, Lion! We the best. The key to more success is to get a massage once a week, very important, major key, cloth talk. The first of the month is coming, we have to get money, we have no choice. It cost money to eat and they don’t want you to eat.</p>\r\n<p> Another one. It’s important to use cocoa butter. It’s the key to more success, why not live smooth? Why live rough? Another one. Give thanks to the most high. They don’t want us to win. The ladies always say Khaled you smell good, I use no cologne. Cocoa butter is the key. Congratulations, you played yourself. In life you have to take the trash out, if you have trash in your life, take it out, throw it away, get rid of it, major key. You should never complain, complaining is a weak emotion, you got life, we breathing, we blessed.</p>\r\n<p>The other day the grass was brown, now it’s green because I ain’t give up. Never surrender. Cloth talk. Find peace, life is like a water fall, you’ve gotta flow. Mogul talk. The first of the month is coming, we have to get money, we have no choice. It cost money to eat and they don’t want you to eat. You should never complain, complaining is a weak emotion, you got life, we breathing, we blessed. The first of the month is coming, we have to get money, we have no choice. It cost money to eat and they don’t want you to eat.</p>'),(44,76,0,13,'<p>Lorem Khaled Ipsum is a major key to success. Eliptical talk. The key to more success is to get a massage once a week, very important, major key, cloth talk. Mogul talk. Cloth talk. I’m giving you cloth talk, cloth...</p>'),(45,75,0,14,'<p>Lorem Khaled Ipsum is a major key to success. Eliptical talk. The key to more success is to get a massage once a week, very important, major key, cloth talk. Mogul talk. Cloth talk. I’m giving you cloth talk, cloth. Special cloth alert, cut from a special cloth. In life you have to take the trash out, if you have trash in your life, take it out, throw it away, get rid of it, major key. Surround yourself with angels. The key to more success is to have a lot of pillows. Life is what you make it, so let’s make it.</p>\r\n<p>They key is to have every key, the key to open every door. We don’t see them, we will never see them. To be successful you’ve got to work hard, to make history, simple, you’ve got to make it. They never said winning was easy. Some people can’t handle success, I can. I’m giving you cloth talk, cloth. Special cloth alert, cut from a special cloth. How’s business? Boomin. Egg whites, turkey sausage, wheat toast, water. Of course they don’t want us to eat our breakfast, so we are going to enjoy our breakfast.</p>\r\n<ul>\r\n<li>They key is to have every key, the key to open every door.</li>\r\n<li>We don’t see them, we will never see them.</li>\r\n<li>To be successful you’ve got to work hard</li>\r\n<li>Some people can’t handle success, I can. I’m giving you cloth talk, cloth.</li>\r\n<li>Special cloth alert, cut from a special cloth.</li>\r\n</ul>\r\n<p>Lorem khaled ipsum is a major key to success. It’s on you how you want to live your life. Everyone has a choice. I pick my choice, squeaky clean. Always remember in the jungle there’s a lot of they in there, after you overcome they, you will make it to paradise. Wraith talk. Surround yourself with angels, positive energy, beautiful people, beautiful souls, clean heart, angel. They don’t want us to eat. Life is what you make it, so let’s make it. The key is to enjoy life, because they don’t want you to enjoy life. I promise you, they don’t want you to jetski, they don’t want you to smile.</p>\r\n<p>Let’s see what Chef Dee got that they don’t want us to eat. The weather is amazing, walk with me through the pathway of more success. Take this journey with me, Lion! We the best. The key to more success is to get a massage once a week, very important, major key, cloth talk. The first of the month is coming, we have to get money, we have no choice. It cost money to eat and they don’t want you to eat.</p>\r\n<p> Another one. It’s important to use cocoa butter. It’s the key to more success, why not live smooth? Why live rough? Another one. Give thanks to the most high. They don’t want us to win. The ladies always say Khaled you smell good, I use no cologne. Cocoa butter is the key. Congratulations, you played yourself. In life you have to take the trash out, if you have trash in your life, take it out, throw it away, get rid of it, major key. You should never complain, complaining is a weak emotion, you got life, we breathing, we blessed.</p>\r\n<p>The other day the grass was brown, now it’s green because I ain’t give up. Never surrender. Cloth talk. Find peace, life is like a water fall, you’ve gotta flow. Mogul talk. The first of the month is coming, we have to get money, we have no choice. It cost money to eat and they don’t want you to eat. You should never complain, complaining is a weak emotion, you got life, we breathing, we blessed. The first of the month is coming, we have to get money, we have no choice. It cost money to eat and they don’t want you to eat.</p>'),(46,76,0,14,'<p>Lorem Khaled Ipsum is a major key to success. Eliptical talk. The key to more success is to get a massage once a week, very important, major key, cloth talk. Mogul talk. Cloth talk. I’m giving you cloth talk, cloth...</p>'),(47,75,0,15,'<p>Lorem Khaled Ipsum is a major key to success. Eliptical talk. The key to more success is to get a massage once a week, very important, major key, cloth talk. Mogul talk. Cloth talk. I’m giving you cloth talk, cloth. Special cloth alert, cut from a special cloth. In life you have to take the trash out, if you have trash in your life, take it out, throw it away, get rid of it, major key. Surround yourself with angels. The key to more success is to have a lot of pillows. Life is what you make it, so let’s make it.</p>\r\n<p>They key is to have every key, the key to open every door. We don’t see them, we will never see them. To be successful you’ve got to work hard, to make history, simple, you’ve got to make it. They never said winning was easy. Some people can’t handle success, I can. I’m giving you cloth talk, cloth. Special cloth alert, cut from a special cloth. How’s business? Boomin. Egg whites, turkey sausage, wheat toast, water. Of course they don’t want us to eat our breakfast, so we are going to enjoy our breakfast.</p>\r\n<ul>\r\n<li>They key is to have every key, the key to open every door.</li>\r\n<li>We don’t see them, we will never see them.</li>\r\n<li>To be successful you’ve got to work hard</li>\r\n<li>Some people can’t handle success, I can. I’m giving you cloth talk, cloth.</li>\r\n<li>Special cloth alert, cut from a special cloth.</li>\r\n</ul>\r\n<p>Lorem khaled ipsum is a major key to success. It’s on you how you want to live your life. Everyone has a choice. I pick my choice, squeaky clean. Always remember in the jungle there’s a lot of they in there, after you overcome they, you will make it to paradise. Wraith talk. Surround yourself with angels, positive energy, beautiful people, beautiful souls, clean heart, angel. They don’t want us to eat. Life is what you make it, so let’s make it. The key is to enjoy life, because they don’t want you to enjoy life. I promise you, they don’t want you to jetski, they don’t want you to smile.</p>\r\n<p>Let’s see what Chef Dee got that they don’t want us to eat. The weather is amazing, walk with me through the pathway of more success. Take this journey with me, Lion! We the best. The key to more success is to get a massage once a week, very important, major key, cloth talk. The first of the month is coming, we have to get money, we have no choice. It cost money to eat and they don’t want you to eat.</p>\r\n<p> Another one. It’s important to use cocoa butter. It’s the key to more success, why not live smooth? Why live rough? Another one. Give thanks to the most high. They don’t want us to win. The ladies always say Khaled you smell good, I use no cologne. Cocoa butter is the key. Congratulations, you played yourself. In life you have to take the trash out, if you have trash in your life, take it out, throw it away, get rid of it, major key. You should never complain, complaining is a weak emotion, you got life, we breathing, we blessed.</p>\r\n<p>The other day the grass was brown, now it’s green because I ain’t give up. Never surrender. Cloth talk. Find peace, life is like a water fall, you’ve gotta flow. Mogul talk. The first of the month is coming, we have to get money, we have no choice. It cost money to eat and they don’t want you to eat. You should never complain, complaining is a weak emotion, you got life, we breathing, we blessed. The first of the month is coming, we have to get money, we have no choice. It cost money to eat and they don’t want you to eat.</p>'),(48,76,0,15,'<p>Lorem Khaled Ipsum is a major key to success. Eliptical talk. The key to more success is to get a massage once a week, very important, major key, cloth talk. Mogul talk. Cloth talk. I’m giving you cloth talk, cloth...</p>'),(49,75,0,16,'<p>Lorem Khaled Ipsum is a major key to success. Eliptical talk. The key to more success is to get a massage once a week, very important, major key, cloth talk. Mogul talk. Cloth talk. I’m giving you cloth talk, cloth. Special cloth alert, cut from a special cloth. In life you have to take the trash out, if you have trash in your life, take it out, throw it away, get rid of it, major key. Surround yourself with angels. The key to more success is to have a lot of pillows. Life is what you make it, so let’s make it.</p>\r\n<p>They key is to have every key, the key to open every door. We don’t see them, we will never see them. To be successful you’ve got to work hard, to make history, simple, you’ve got to make it. They never said winning was easy. Some people can’t handle success, I can. I’m giving you cloth talk, cloth. Special cloth alert, cut from a special cloth. How’s business? Boomin. Egg whites, turkey sausage, wheat toast, water. Of course they don’t want us to eat our breakfast, so we are going to enjoy our breakfast.</p>\r\n<ul>\r\n<li>They key is to have every key, the key to open every door.</li>\r\n<li>We don’t see them, we will never see them.</li>\r\n<li>To be successful you’ve got to work hard</li>\r\n<li>Some people can’t handle success, I can. I’m giving you cloth talk, cloth.</li>\r\n<li>Special cloth alert, cut from a special cloth.</li>\r\n</ul>\r\n<p>Lorem khaled ipsum is a major key to success. It’s on you how you want to live your life. Everyone has a choice. I pick my choice, squeaky clean. Always remember in the jungle there’s a lot of they in there, after you overcome they, you will make it to paradise. Wraith talk. Surround yourself with angels, positive energy, beautiful people, beautiful souls, clean heart, angel. They don’t want us to eat. Life is what you make it, so let’s make it. The key is to enjoy life, because they don’t want you to enjoy life. I promise you, they don’t want you to jetski, they don’t want you to smile.</p>\r\n<p>Let’s see what Chef Dee got that they don’t want us to eat. The weather is amazing, walk with me through the pathway of more success. Take this journey with me, Lion! We the best. The key to more success is to get a massage once a week, very important, major key, cloth talk. The first of the month is coming, we have to get money, we have no choice. It cost money to eat and they don’t want you to eat.</p>\r\n<p> Another one. It’s important to use cocoa butter. It’s the key to more success, why not live smooth? Why live rough? Another one. Give thanks to the most high. They don’t want us to win. The ladies always say Khaled you smell good, I use no cologne. Cocoa butter is the key. Congratulations, you played yourself. In life you have to take the trash out, if you have trash in your life, take it out, throw it away, get rid of it, major key. You should never complain, complaining is a weak emotion, you got life, we breathing, we blessed.</p>\r\n<p>The other day the grass was brown, now it’s green because I ain’t give up. Never surrender. Cloth talk. Find peace, life is like a water fall, you’ve gotta flow. Mogul talk. The first of the month is coming, we have to get money, we have no choice. It cost money to eat and they don’t want you to eat. You should never complain, complaining is a weak emotion, you got life, we breathing, we blessed. The first of the month is coming, we have to get money, we have no choice. It cost money to eat and they don’t want you to eat.</p>'),(50,76,0,16,'<p>Lorem Khaled Ipsum is a major key to success. Eliptical talk. The key to more success is to get a massage once a week, very important, major key, cloth talk. Mogul talk. Cloth talk. I’m giving you cloth talk, cloth...</p>'),(51,75,0,17,'<p>Lorem Khaled Ipsum is a major key to success. Eliptical talk. The key to more success is to get a massage once a week, very important, major key, cloth talk. Mogul talk. Cloth talk. I’m giving you cloth talk, cloth. Special cloth alert, cut from a special cloth. In life you have to take the trash out, if you have trash in your life, take it out, throw it away, get rid of it, major key. Surround yourself with angels. The key to more success is to have a lot of pillows. Life is what you make it, so let’s make it.</p>\r\n<p>They key is to have every key, the key to open every door. We don’t see them, we will never see them. To be successful you’ve got to work hard, to make history, simple, you’ve got to make it. They never said winning was easy. Some people can’t handle success, I can. I’m giving you cloth talk, cloth. Special cloth alert, cut from a special cloth. How’s business? Boomin. Egg whites, turkey sausage, wheat toast, water. Of course they don’t want us to eat our breakfast, so we are going to enjoy our breakfast.</p>\r\n<ul>\r\n<li>They key is to have every key, the key to open every door.</li>\r\n<li>We don’t see them, we will never see them.</li>\r\n<li>To be successful you’ve got to work hard</li>\r\n<li>Some people can’t handle success, I can. I’m giving you cloth talk, cloth.</li>\r\n<li>Special cloth alert, cut from a special cloth.</li>\r\n</ul>\r\n<p>Lorem khaled ipsum is a major key to success. It’s on you how you want to live your life. Everyone has a choice. I pick my choice, squeaky clean. Always remember in the jungle there’s a lot of they in there, after you overcome they, you will make it to paradise. Wraith talk. Surround yourself with angels, positive energy, beautiful people, beautiful souls, clean heart, angel. They don’t want us to eat. Life is what you make it, so let’s make it. The key is to enjoy life, because they don’t want you to enjoy life. I promise you, they don’t want you to jetski, they don’t want you to smile.</p>\r\n<p>Let’s see what Chef Dee got that they don’t want us to eat. The weather is amazing, walk with me through the pathway of more success. Take this journey with me, Lion! We the best. The key to more success is to get a massage once a week, very important, major key, cloth talk. The first of the month is coming, we have to get money, we have no choice. It cost money to eat and they don’t want you to eat.</p>\r\n<p> Another one. It’s important to use cocoa butter. It’s the key to more success, why not live smooth? Why live rough? Another one. Give thanks to the most high. They don’t want us to win. The ladies always say Khaled you smell good, I use no cologne. Cocoa butter is the key. Congratulations, you played yourself. In life you have to take the trash out, if you have trash in your life, take it out, throw it away, get rid of it, major key. You should never complain, complaining is a weak emotion, you got life, we breathing, we blessed.</p>\r\n<p>The other day the grass was brown, now it’s green because I ain’t give up. Never surrender. Cloth talk. Find peace, life is like a water fall, you’ve gotta flow. Mogul talk. The first of the month is coming, we have to get money, we have no choice. It cost money to eat and they don’t want you to eat. You should never complain, complaining is a weak emotion, you got life, we breathing, we blessed. The first of the month is coming, we have to get money, we have no choice. It cost money to eat and they don’t want you to eat.</p>'),(52,76,0,17,'<p>Lorem Khaled Ipsum is a major key to success. Eliptical talk. The key to more success is to get a massage once a week, very important, major key, cloth talk. Mogul talk. Cloth talk. I’m giving you cloth talk, cloth...</p>'),(53,75,0,18,'<p>Lorem Khaled Ipsum is a major key to success. Eliptical talk. The key to more success is to get a massage once a week, very important, major key, cloth talk. Mogul talk. Cloth talk. I’m giving you cloth talk, cloth. Special cloth alert, cut from a special cloth. In life you have to take the trash out, if you have trash in your life, take it out, throw it away, get rid of it, major key. Surround yourself with angels. The key to more success is to have a lot of pillows. Life is what you make it, so let’s make it.</p>\r\n<p>They key is to have every key, the key to open every door. We don’t see them, we will never see them. To be successful you’ve got to work hard, to make history, simple, you’ve got to make it. They never said winning was easy. Some people can’t handle success, I can. I’m giving you cloth talk, cloth. Special cloth alert, cut from a special cloth. How’s business? Boomin. Egg whites, turkey sausage, wheat toast, water. Of course they don’t want us to eat our breakfast, so we are going to enjoy our breakfast.</p>\r\n<ul>\r\n<li>They key is to have every key, the key to open every door.</li>\r\n<li>We don’t see them, we will never see them.</li>\r\n<li>To be successful you’ve got to work hard</li>\r\n<li>Some people can’t handle success, I can. I’m giving you cloth talk, cloth.</li>\r\n<li>Special cloth alert, cut from a special cloth.</li>\r\n</ul>\r\n<p>Lorem khaled ipsum is a major key to success. It’s on you how you want to live your life. Everyone has a choice. I pick my choice, squeaky clean. Always remember in the jungle there’s a lot of they in there, after you overcome they, you will make it to paradise. Wraith talk. Surround yourself with angels, positive energy, beautiful people, beautiful souls, clean heart, angel. They don’t want us to eat. Life is what you make it, so let’s make it. The key is to enjoy life, because they don’t want you to enjoy life. I promise you, they don’t want you to jetski, they don’t want you to smile.</p>\r\n<p>Let’s see what Chef Dee got that they don’t want us to eat. The weather is amazing, walk with me through the pathway of more success. Take this journey with me, Lion! We the best. The key to more success is to get a massage once a week, very important, major key, cloth talk. The first of the month is coming, we have to get money, we have no choice. It cost money to eat and they don’t want you to eat.</p>\r\n<p> Another one. It’s important to use cocoa butter. It’s the key to more success, why not live smooth? Why live rough? Another one. Give thanks to the most high. They don’t want us to win. The ladies always say Khaled you smell good, I use no cologne. Cocoa butter is the key. Congratulations, you played yourself. In life you have to take the trash out, if you have trash in your life, take it out, throw it away, get rid of it, major key. You should never complain, complaining is a weak emotion, you got life, we breathing, we blessed.</p>\r\n<p>The other day the grass was brown, now it’s green because I ain’t give up. Never surrender. Cloth talk. Find peace, life is like a water fall, you’ve gotta flow. Mogul talk. The first of the month is coming, we have to get money, we have no choice. It cost money to eat and they don’t want you to eat. You should never complain, complaining is a weak emotion, you got life, we breathing, we blessed. The first of the month is coming, we have to get money, we have no choice. It cost money to eat and they don’t want you to eat.</p>'),(54,76,0,18,'<p>Lorem Khaled Ipsum is a major key to success. Eliptical talk. The key to more success is to get a massage once a week, very important, major key, cloth talk. Mogul talk. Cloth talk. I’m giving you cloth talk, cloth...</p>'),(55,75,0,19,'<p>Lorem ipsum dolor sit amet, consectetur adipiscing elit, sed do eiusmod tempor incididunt ut labore et dolore magna aliqua. Ut enim ad minim veniam, quis nostrud exercitation ullamco laboris nisi ut aliquip ex ea commodo consequat. Duis aute irure dolor in reprehenderit in voluptate velit esse cillum dolore eu fugiat nulla pariatur. Excepteur sint occaecat cupidatat non proident, sunt in culpa qui officia deserunt mollit anim id est laborum.</p>\r\n<p>Sed ut perspiciatis unde omnis iste natus error sit voluptatem accusantium doloremque laudantium, totam rem aperiam, eaque ipsa quae ab illo inventore veritatis et quasi architecto beatae vitae dicta sunt explicabo. Nemo enim ipsam voluptatem quia voluptas sit aspernatur aut odit aut fugit, sed quia consequuntur magni dolores eos qui ratione voluptatem sequi nesciunt. Neque porro quisquam est, qui dolorem ipsum quia dolor sit amet, consectetur, adipisci velit, sed quia non numquam eius modi tempora incidunt ut labore et dolore magnam aliquam quaerat voluptatem. Ut enim ad minima veniam, quis nostrum exercitationem ullam corporis suscipit laboriosam, nisi ut aliquid ex ea commodi consequatur? Quis autem vel eum iure reprehenderit qui in ea voluptate velit esse quam nihil molestiae consequatur, vel illum qui dolorem eum fugiat quo voluptas nulla pariatur.</p>\r\n<p>Nemo enim ipsam voluptatem quia natus error sit voluptatem accusantium doloremque laudantium, totam rem aperiam, eaque ipsa quae ab illo inventore veritatis et quasi architecto beatae vitae dicta sunt explicabo. Nemo enim ipsam voluptatem quia voluptas sit aspernatur aut odit aut fugit, sed quia consequuntur magni dolores eos qui ratione voluptatem sequi nesciunt. Neque porro quisquam est, qui dolorem ipsum quia dolor sit amet, consectetur, adipisci velit, sed quia non numquam eius modi tempora incidunt ut labore et dolore magnam aliquam quaerat voluptatem.</p>'),(56,76,0,19,'<p>Lorem ipsum dolor sit amet, consectetur adipiscing elit, sed do eiusmod tempor incididunt ut labore a lomdo aliqua. Ut enim ad minim veniam, quis nostrud exercitation ullamco laboris nisi ut aliquip kotex commodon consequat. Duis aute irure dolor in esse cillum dolore eu fugiat nulla pariatur.</p>'),(57,85,0,19,'Simple Product'),(58,75,0,20,'<p>Lorem ipsum dolor sit amet, consectetur adipiscing elit, sed do eiusmod tempor incididunt ut labore et dolore magna aliqua. Ut enim ad minim veniam, quis nostrud exercitation ullamco laboris nisi ut aliquip ex ea commodo consequat. Duis aute irure dolor in reprehenderit in voluptate velit esse cillum dolore eu fugiat nulla pariatur. Excepteur sint occaecat cupidatat non proident, sunt in culpa qui officia deserunt mollit anim id est laborum.</p>\r\n<p>Sed ut perspiciatis unde omnis iste natus error sit voluptatem accusantium doloremque laudantium, totam rem aperiam, eaque ipsa quae ab illo inventore veritatis et quasi architecto beatae vitae dicta sunt explicabo. Nemo enim ipsam voluptatem quia voluptas sit aspernatur aut odit aut fugit, sed quia consequuntur magni dolores eos qui ratione voluptatem sequi nesciunt. Neque porro quisquam est, qui dolorem ipsum quia dolor sit amet, consectetur, adipisci velit, sed quia non numquam eius modi tempora incidunt ut labore et dolore magnam aliquam quaerat voluptatem. Ut enim ad minima veniam, quis nostrum exercitationem ullam corporis suscipit laboriosam, nisi ut aliquid ex ea commodi consequatur? Quis autem vel eum iure reprehenderit qui in ea voluptate velit esse quam nihil molestiae consequatur, vel illum qui dolorem eum fugiat quo voluptas nulla pariatur.</p>\r\n<p>Nemo enim ipsam voluptatem quia natus error sit voluptatem accusantium doloremque laudantium, totam rem aperiam, eaque ipsa quae ab illo inventore veritatis et quasi architecto beatae vitae dicta sunt explicabo. Nemo enim ipsam voluptatem quia voluptas sit aspernatur aut odit aut fugit, sed quia consequuntur magni dolores eos qui ratione voluptatem sequi nesciunt. Neque porro quisquam est, qui dolorem ipsum quia dolor sit amet, consectetur, adipisci velit, sed quia non numquam eius modi tempora incidunt ut labore et dolore magnam aliquam quaerat voluptatem.</p>'),(59,76,0,20,'<p>Lorem Khaled Ipsum is a major key to success. Eliptical talk. The key to more success is to get a massage once a week, very important, major key, cloth talk. Mogul talk. Cloth talk. I’m giving you cloth talk, cloth...</p>'),(60,85,0,20,'Downloadable Product'),(61,75,0,21,'<p>Lorem ipsum dolor sit amet, consectetur adipiscing elit, sed do eiusmod tempor incididunt ut labore et dolore magna aliqua. Ut enim ad minim veniam, quis nostrud exercitation ullamco laboris nisi ut aliquip ex ea commodo consequat. Duis aute irure dolor in reprehenderit in voluptate velit esse cillum dolore eu fugiat nulla pariatur. Excepteur sint occaecat cupidatat non proident, sunt in culpa qui officia deserunt mollit anim id est laborum.</p>\r\n<p>Sed ut perspiciatis unde omnis iste natus error sit voluptatem accusantium doloremque laudantium, totam rem aperiam, eaque ipsa quae ab illo inventore veritatis et quasi architecto beatae vitae dicta sunt explicabo. Nemo enim ipsam voluptatem quia voluptas sit aspernatur aut odit aut fugit, sed quia consequuntur magni dolores eos qui ratione voluptatem sequi nesciunt. Neque porro quisquam est, qui dolorem ipsum quia dolor sit amet, consectetur, adipisci velit, sed quia non numquam eius modi tempora incidunt ut labore et dolore magnam aliquam quaerat voluptatem. Ut enim ad minima veniam, quis nostrum exercitationem ullam corporis suscipit laboriosam, nisi ut aliquid ex ea commodi consequatur? Quis autem vel eum iure reprehenderit qui in ea voluptate velit esse quam nihil molestiae consequatur, vel illum qui dolorem eum fugiat quo voluptas nulla pariatur.</p>\r\n<p>Nemo enim ipsam voluptatem quia natus error sit voluptatem accusantium doloremque laudantium, totam rem aperiam, eaque ipsa quae ab illo inventore veritatis et quasi architecto beatae vitae dicta sunt explicabo. Nemo enim ipsam voluptatem quia voluptas sit aspernatur aut odit aut fugit, sed quia consequuntur magni dolores eos qui ratione voluptatem sequi nesciunt. Neque porro quisquam est, qui dolorem ipsum quia dolor sit amet, consectetur, adipisci velit, sed quia non numquam eius modi tempora incidunt ut labore et dolore magnam aliquam quaerat voluptatem.</p>'),(62,76,0,21,'<p>Lorem Khaled Ipsum is a major key to success. Eliptical talk. The key to more success is to get a massage once a week, very important, major key, cloth talk. Mogul talk. Cloth talk. I’m giving you cloth talk, cloth...</p>'),(63,85,0,21,'Grouped Product '),(64,75,0,22,'<p>Lorem ipsum dolor sit amet, consectetur adipiscing elit, sed do eiusmod tempor incididunt ut labore et dolore magna aliqua. Ut enim ad minim veniam, quis nostrud exercitation ullamco laboris nisi ut aliquip ex ea commodo consequat. Duis aute irure dolor in reprehenderit in voluptate velit esse cillum dolore eu fugiat nulla pariatur. Excepteur sint occaecat cupidatat non proident, sunt in culpa qui officia deserunt mollit anim id est laborum.</p>\r\n<p>Sed ut perspiciatis unde omnis iste natus error sit voluptatem accusantium doloremque laudantium, totam rem aperiam, eaque ipsa quae ab illo inventore veritatis et quasi architecto beatae vitae dicta sunt explicabo. Nemo enim ipsam voluptatem quia voluptas sit aspernatur aut odit aut fugit, sed quia consequuntur magni dolores eos qui ratione voluptatem sequi nesciunt. Neque porro quisquam est, qui dolorem ipsum quia dolor sit amet, consectetur, adipisci velit, sed quia non numquam eius modi tempora incidunt ut labore et dolore magnam aliquam quaerat voluptatem. Ut enim ad minima veniam, quis nostrum exercitationem ullam corporis suscipit laboriosam, nisi ut aliquid ex ea commodi consequatur? Quis autem vel eum iure reprehenderit qui in ea voluptate velit esse quam nihil molestiae consequatur, vel illum qui dolorem eum fugiat quo voluptas nulla pariatur.</p>\r\n<p>Nemo enim ipsam voluptatem quia natus error sit voluptatem accusantium doloremque laudantium, totam rem aperiam, eaque ipsa quae ab illo inventore veritatis et quasi architecto beatae vitae dicta sunt explicabo. Nemo enim ipsam voluptatem quia voluptas sit aspernatur aut odit aut fugit, sed quia consequuntur magni dolores eos qui ratione voluptatem sequi nesciunt. Neque porro quisquam est, qui dolorem ipsum quia dolor sit amet, consectetur, adipisci velit, sed quia non numquam eius modi tempora incidunt ut labore et dolore magnam aliquam quaerat voluptatem.</p>'),(65,76,0,22,'<p>Lorem Khaled Ipsum is a major key to success. Eliptical talk. The key to more success is to get a massage once a week, very important, major key, cloth talk. Mogul talk. Cloth talk. I’m giving you cloth talk, cloth...</p>'),(66,85,0,22,'Virtual Product '),(67,75,0,23,'<p>Lorem ipsum dolor sit amet, consectetur adipiscing elit, sed do eiusmod tempor incididunt ut labore et dolore magna aliqua. Ut enim ad minim veniam, quis nostrud exercitation ullamco laboris nisi ut aliquip ex ea commodo consequat. Duis aute irure dolor in reprehenderit in voluptate velit esse cillum dolore eu fugiat nulla pariatur. Excepteur sint occaecat cupidatat non proident, sunt in culpa qui officia deserunt mollit anim id est laborum.</p>\r\n<p>Sed ut perspiciatis unde omnis iste natus error sit voluptatem accusantium doloremque laudantium, totam rem aperiam, eaque ipsa quae ab illo inventore veritatis et quasi architecto beatae vitae dicta sunt explicabo. Nemo enim ipsam voluptatem quia voluptas sit aspernatur aut odit aut fugit, sed quia consequuntur magni dolores eos qui ratione voluptatem sequi nesciunt. Neque porro quisquam est, qui dolorem ipsum quia dolor sit amet, consectetur, adipisci velit, sed quia non numquam eius modi tempora incidunt ut labore et dolore magnam aliquam quaerat voluptatem. Ut enim ad minima veniam, quis nostrum exercitationem ullam corporis suscipit laboriosam, nisi ut aliquid ex ea commodi consequatur? Quis autem vel eum iure reprehenderit qui in ea voluptate velit esse quam nihil molestiae consequatur, vel illum qui dolorem eum fugiat quo voluptas nulla pariatur.</p>\r\n<p>Nemo enim ipsam voluptatem quia natus error sit voluptatem accusantium doloremque laudantium, totam rem aperiam, eaque ipsa quae ab illo inventore veritatis et quasi architecto beatae vitae dicta sunt explicabo. Nemo enim ipsam voluptatem quia voluptas sit aspernatur aut odit aut fugit, sed quia consequuntur magni dolores eos qui ratione voluptatem sequi nesciunt. Neque porro quisquam est, qui dolorem ipsum quia dolor sit amet, consectetur, adipisci velit, sed quia non numquam eius modi tempora incidunt ut labore et dolore magnam aliquam quaerat voluptatem.</p>'),(68,76,0,23,'<p>Lorem ipsum dolor sit amet, consectetur adipiscing elit, sed do eiusmod tempor incididunt ut labore a lomdo aliqua. Ut enim ad minim veniam, quis nostrud exercitation ullamco laboris nisi ut aliquip kotex commodon consequat. Duis aute irure dolor in esse cillum dolore eu fugiat nulla pariatur.</p>'),(69,85,0,23,'Bundle Product '),(70,85,0,24,'Configurable Product '),(71,85,0,25,'Configurable Product '),(72,85,0,26,'Configurable Product '),(73,85,0,27,'Configurable Product '),(74,85,0,28,'Configurable Product '),(75,85,0,29,'Configurable Product '),(76,85,0,30,'Configurable Product '),(77,75,0,30,'<p>Lorem ipsum dolor sit amet, consectetur adipiscing elit, sed do eiusmod tempor incididunt ut labore et dolore magna aliqua. Ut enim ad minim veniam, quis nostrud exercitation ullamco laboris nisi ut aliquip ex ea commodo consequat. Duis aute irure dolor in reprehenderit in voluptate velit esse cillum dolore eu fugiat nulla pariatur. Excepteur sint occaecat cupidatat non proident, sunt in culpa qui officia deserunt mollit anim id est laborum.</p>\r\n<p>Sed ut perspiciatis unde omnis iste natus error sit voluptatem accusantium doloremque laudantium, totam rem aperiam, eaque ipsa quae ab illo inventore veritatis et quasi architecto beatae vitae dicta sunt explicabo. Nemo enim ipsam voluptatem quia voluptas sit aspernatur aut odit aut fugit, sed quia consequuntur magni dolores eos qui ratione voluptatem sequi nesciunt. Neque porro quisquam est, qui dolorem ipsum quia dolor sit amet, consectetur, adipisci velit, sed quia non numquam eius modi tempora incidunt ut labore et dolore magnam aliquam quaerat voluptatem. Ut enim ad minima veniam, quis nostrum exercitationem ullam corporis suscipit laboriosam, nisi ut aliquid ex ea commodi consequatur? Quis autem vel eum iure reprehenderit qui in ea voluptate velit esse quam nihil molestiae consequatur, vel illum qui dolorem eum fugiat quo voluptas nulla pariatur.</p>\r\n<p>Nemo enim ipsam voluptatem quia natus error sit voluptatem accusantium doloremque laudantium, totam rem aperiam, eaque ipsa quae ab illo inventore veritatis et quasi architecto beatae vitae dicta sunt explicabo. Nemo enim ipsam voluptatem quia voluptas sit aspernatur aut odit aut fugit, sed quia consequuntur magni dolores eos qui ratione voluptatem sequi nesciunt. Neque porro quisquam est, qui dolorem ipsum quia dolor sit amet, consectetur, adipisci velit, sed quia non numquam eius modi tempora incidunt ut labore et dolore magnam aliquam quaerat voluptatem.</p>'),(78,76,0,30,'<p>Lorem Khaled Ipsum is a major key to success. Eliptical talk. The key to more success is to get a massage once a week, very important, major key, cloth talk. Mogul talk. Cloth talk. I’m giving you cloth talk, cloth...</p>'),(79,75,0,31,'<p>Lorem Khaled Ipsum is a major key to success. Eliptical talk. The key to more success is to get a massage once a week, very important, major key, cloth talk. Mogul talk. Cloth talk. I’m giving you cloth talk, cloth. Special cloth alert, cut from a special cloth. In life you have to take the trash out, if you have trash in your life, take it out, throw it away, get rid of it, major key. Surround yourself with angels. The key to more success is to have a lot of pillows. Life is what you make it, so let’s make it.</p>\r\n<p>They key is to have every key, the key to open every door. We don’t see them, we will never see them. To be successful you’ve got to work hard, to make history, simple, you’ve got to make it. They never said winning was easy. Some people can’t handle success, I can. I’m giving you cloth talk, cloth. Special cloth alert, cut from a special cloth. How’s business? Boomin. Egg whites, turkey sausage, wheat toast, water. Of course they don’t want us to eat our breakfast, so we are going to enjoy our breakfast.</p>\r\n<ul>\r\n<li>They key is to have every key, the key to open every door.</li>\r\n<li>We don’t see them, we will never see them.</li>\r\n<li>To be successful you’ve got to work hard</li>\r\n<li>Some people can’t handle success, I can. I’m giving you cloth talk, cloth.</li>\r\n<li>Special cloth alert, cut from a special cloth.</li>\r\n</ul>\r\n<p>Lorem khaled ipsum is a major key to success. It’s on you how you want to live your life. Everyone has a choice. I pick my choice, squeaky clean. Always remember in the jungle there’s a lot of they in there, after you overcome they, you will make it to paradise. Wraith talk. Surround yourself with angels, positive energy, beautiful people, beautiful souls, clean heart, angel. They don’t want us to eat. Life is what you make it, so let’s make it. The key is to enjoy life, because they don’t want you to enjoy life. I promise you, they don’t want you to jetski, they don’t want you to smile.</p>\r\n<p>Let’s see what Chef Dee got that they don’t want us to eat. The weather is amazing, walk with me through the pathway of more success. Take this journey with me, Lion! We the best. The key to more success is to get a massage once a week, very important, major key, cloth talk. The first of the month is coming, we have to get money, we have no choice. It cost money to eat and they don’t want you to eat.</p>\r\n<p> Another one. It’s important to use cocoa butter. It’s the key to more success, why not live smooth? Why live rough? Another one. Give thanks to the most high. They don’t want us to win. The ladies always say Khaled you smell good, I use no cologne. Cocoa butter is the key. Congratulations, you played yourself. In life you have to take the trash out, if you have trash in your life, take it out, throw it away, get rid of it, major key. You should never complain, complaining is a weak emotion, you got life, we breathing, we blessed.</p>\r\n<p>The other day the grass was brown, now it’s green because I ain’t give up. Never surrender. Cloth talk. Find peace, life is like a water fall, you’ve gotta flow. Mogul talk. The first of the month is coming, we have to get money, we have no choice. It cost money to eat and they don’t want you to eat. You should never complain, complaining is a weak emotion, you got life, we breathing, we blessed. The first of the month is coming, we have to get money, we have no choice. It cost money to eat and they don’t want you to eat.</p>'),(80,76,0,31,'<p>Lorem Khaled Ipsum is a major key to success. Eliptical talk. The key to more success is to get a massage once a week, very important, major key, cloth talk. Mogul talk. Cloth talk. I’m giving you cloth talk, cloth...</p>'),(81,85,0,31,'Green Apple Sorrel'),(82,75,0,32,'<p>Lorem Khaled Ipsum is a major key to success. Eliptical talk. The key to more success is to get a massage once a week, very important, major key, cloth talk. Mogul talk. Cloth talk. I’m giving you cloth talk, cloth. Special cloth alert, cut from a special cloth. In life you have to take the trash out, if you have trash in your life, take it out, throw it away, get rid of it, major key. Surround yourself with angels. The key to more success is to have a lot of pillows. Life is what you make it, so let’s make it.</p>\r\n<p>They key is to have every key, the key to open every door. We don’t see them, we will never see them. To be successful you’ve got to work hard, to make history, simple, you’ve got to make it. They never said winning was easy. Some people can’t handle success, I can. I’m giving you cloth talk, cloth. Special cloth alert, cut from a special cloth. How’s business? Boomin. Egg whites, turkey sausage, wheat toast, water. Of course they don’t want us to eat our breakfast, so we are going to enjoy our breakfast.</p>\r\n<ul>\r\n<li>They key is to have every key, the key to open every door.</li>\r\n<li>We don’t see them, we will never see them.</li>\r\n<li>To be successful you’ve got to work hard</li>\r\n<li>Some people can’t handle success, I can. I’m giving you cloth talk, cloth.</li>\r\n<li>Special cloth alert, cut from a special cloth.</li>\r\n</ul>\r\n<p>Lorem khaled ipsum is a major key to success. It’s on you how you want to live your life. Everyone has a choice. I pick my choice, squeaky clean. Always remember in the jungle there’s a lot of they in there, after you overcome they, you will make it to paradise. Wraith talk. Surround yourself with angels, positive energy, beautiful people, beautiful souls, clean heart, angel. They don’t want us to eat. Life is what you make it, so let’s make it. The key is to enjoy life, because they don’t want you to enjoy life. I promise you, they don’t want you to jetski, they don’t want you to smile.</p>\r\n<p>Let’s see what Chef Dee got that they don’t want us to eat. The weather is amazing, walk with me through the pathway of more success. Take this journey with me, Lion! We the best. The key to more success is to get a massage once a week, very important, major key, cloth talk. The first of the month is coming, we have to get money, we have no choice. It cost money to eat and they don’t want you to eat.</p>\r\n<p> Another one. It’s important to use cocoa butter. It’s the key to more success, why not live smooth? Why live rough? Another one. Give thanks to the most high. They don’t want us to win. The ladies always say Khaled you smell good, I use no cologne. Cocoa butter is the key. Congratulations, you played yourself. In life you have to take the trash out, if you have trash in your life, take it out, throw it away, get rid of it, major key. You should never complain, complaining is a weak emotion, you got life, we breathing, we blessed.</p>\r\n<p>The other day the grass was brown, now it’s green because I ain’t give up. Never surrender. Cloth talk. Find peace, life is like a water fall, you’ve gotta flow. Mogul talk. The first of the month is coming, we have to get money, we have no choice. It cost money to eat and they don’t want you to eat. You should never complain, complaining is a weak emotion, you got life, we breathing, we blessed. The first of the month is coming, we have to get money, we have no choice. It cost money to eat and they don’t want you to eat.</p>'),(83,76,0,32,'<p>Lorem Khaled Ipsum is a major key to success. Eliptical talk. The key to more success is to get a massage once a week, very important, major key, cloth talk. Mogul talk. Cloth talk. I’m giving you cloth talk, cloth...</p>'),(84,85,0,32,'Brown Butter Sage'),(85,75,0,33,'<p>Lorem Khaled Ipsum is a major key to success. Eliptical talk. The key to more success is to get a massage once a week, very important, major key, cloth talk. Mogul talk. Cloth talk. I’m giving you cloth talk, cloth. Special cloth alert, cut from a special cloth. In life you have to take the trash out, if you have trash in your life, take it out, throw it away, get rid of it, major key. Surround yourself with angels. The key to more success is to have a lot of pillows. Life is what you make it, so let’s make it.</p>\r\n<p>They key is to have every key, the key to open every door. We don’t see them, we will never see them. To be successful you’ve got to work hard, to make history, simple, you’ve got to make it. They never said winning was easy. Some people can’t handle success, I can. I’m giving you cloth talk, cloth. Special cloth alert, cut from a special cloth. How’s business? Boomin. Egg whites, turkey sausage, wheat toast, water. Of course they don’t want us to eat our breakfast, so we are going to enjoy our breakfast.</p>\r\n<ul>\r\n<li>They key is to have every key, the key to open every door.</li>\r\n<li>We don’t see them, we will never see them.</li>\r\n<li>To be successful you’ve got to work hard</li>\r\n<li>Some people can’t handle success, I can. I’m giving you cloth talk, cloth.</li>\r\n<li>Special cloth alert, cut from a special cloth.</li>\r\n</ul>\r\n<p>Lorem khaled ipsum is a major key to success. It’s on you how you want to live your life. Everyone has a choice. I pick my choice, squeaky clean. Always remember in the jungle there’s a lot of they in there, after you overcome they, you will make it to paradise. Wraith talk. Surround yourself with angels, positive energy, beautiful people, beautiful souls, clean heart, angel. They don’t want us to eat. Life is what you make it, so let’s make it. The key is to enjoy life, because they don’t want you to enjoy life. I promise you, they don’t want you to jetski, they don’t want you to smile.</p>\r\n<p>Let’s see what Chef Dee got that they don’t want us to eat. The weather is amazing, walk with me through the pathway of more success. Take this journey with me, Lion! We the best. The key to more success is to get a massage once a week, very important, major key, cloth talk. The first of the month is coming, we have to get money, we have no choice. It cost money to eat and they don’t want you to eat.</p>\r\n<p> Another one. It’s important to use cocoa butter. It’s the key to more success, why not live smooth? Why live rough? Another one. Give thanks to the most high. They don’t want us to win. The ladies always say Khaled you smell good, I use no cologne. Cocoa butter is the key. Congratulations, you played yourself. In life you have to take the trash out, if you have trash in your life, take it out, throw it away, get rid of it, major key. You should never complain, complaining is a weak emotion, you got life, we breathing, we blessed.</p>\r\n<p>The other day the grass was brown, now it’s green because I ain’t give up. Never surrender. Cloth talk. Find peace, life is like a water fall, you’ve gotta flow. Mogul talk. The first of the month is coming, we have to get money, we have no choice. It cost money to eat and they don’t want you to eat. You should never complain, complaining is a weak emotion, you got life, we breathing, we blessed. The first of the month is coming, we have to get money, we have no choice. It cost money to eat and they don’t want you to eat.</p>'),(86,76,0,33,'<p>Lorem Khaled Ipsum is a major key to success. Eliptical talk. The key to more success is to get a massage once a week, very important, major key, cloth talk. Mogul talk. Cloth talk. I’m giving you cloth talk, cloth...</p>'),(87,85,0,33,'Concord Grape Jam'),(88,75,0,34,'<p>Lorem Khaled Ipsum is a major key to success. Eliptical talk. The key to more success is to get a massage once a week, very important, major key, cloth talk. Mogul talk. Cloth talk. I’m giving you cloth talk, cloth. Special cloth alert, cut from a special cloth. In life you have to take the trash out, if you have trash in your life, take it out, throw it away, get rid of it, major key. Surround yourself with angels. The key to more success is to have a lot of pillows. Life is what you make it, so let’s make it.</p>\r\n<p>They key is to have every key, the key to open every door. We don’t see them, we will never see them. To be successful you’ve got to work hard, to make history, simple, you’ve got to make it. They never said winning was easy. Some people can’t handle success, I can. I’m giving you cloth talk, cloth. Special cloth alert, cut from a special cloth. How’s business? Boomin. Egg whites, turkey sausage, wheat toast, water. Of course they don’t want us to eat our breakfast, so we are going to enjoy our breakfast.</p>\r\n<ul>\r\n<li>They key is to have every key, the key to open every door.</li>\r\n<li>We don’t see them, we will never see them.</li>\r\n<li>To be successful you’ve got to work hard</li>\r\n<li>Some people can’t handle success, I can. I’m giving you cloth talk, cloth.</li>\r\n<li>Special cloth alert, cut from a special cloth.</li>\r\n</ul>\r\n<p>Lorem khaled ipsum is a major key to success. It’s on you how you want to live your life. Everyone has a choice. I pick my choice, squeaky clean. Always remember in the jungle there’s a lot of they in there, after you overcome they, you will make it to paradise. Wraith talk. Surround yourself with angels, positive energy, beautiful people, beautiful souls, clean heart, angel. They don’t want us to eat. Life is what you make it, so let’s make it. The key is to enjoy life, because they don’t want you to enjoy life. I promise you, they don’t want you to jetski, they don’t want you to smile.</p>\r\n<p>Let’s see what Chef Dee got that they don’t want us to eat. The weather is amazing, walk with me through the pathway of more success. Take this journey with me, Lion! We the best. The key to more success is to get a massage once a week, very important, major key, cloth talk. The first of the month is coming, we have to get money, we have no choice. It cost money to eat and they don’t want you to eat.</p>\r\n<p> Another one. It’s important to use cocoa butter. It’s the key to more success, why not live smooth? Why live rough? Another one. Give thanks to the most high. They don’t want us to win. The ladies always say Khaled you smell good, I use no cologne. Cocoa butter is the key. Congratulations, you played yourself. In life you have to take the trash out, if you have trash in your life, take it out, throw it away, get rid of it, major key. You should never complain, complaining is a weak emotion, you got life, we breathing, we blessed.</p>\r\n<p>The other day the grass was brown, now it’s green because I ain’t give up. Never surrender. Cloth talk. Find peace, life is like a water fall, you’ve gotta flow. Mogul talk. The first of the month is coming, we have to get money, we have no choice. It cost money to eat and they don’t want you to eat. You should never complain, complaining is a weak emotion, you got life, we breathing, we blessed. The first of the month is coming, we have to get money, we have no choice. It cost money to eat and they don’t want you to eat.</p>'),(89,76,0,34,'<p>Lorem Khaled Ipsum is a major key to success. Eliptical talk. The key to more success is to get a massage once a week, very important, major key, cloth talk. Mogul talk. Cloth talk. I’m giving you cloth talk, cloth...</p>'),(90,85,0,34,'Heirloom Beets'),(91,75,0,35,'<p>Lorem Khaled Ipsum is a major key to success. Eliptical talk. The key to more success is to get a massage once a week, very important, major key, cloth talk. Mogul talk. Cloth talk. I’m giving you cloth talk, cloth. Special cloth alert, cut from a special cloth. In life you have to take the trash out, if you have trash in your life, take it out, throw it away, get rid of it, major key. Surround yourself with angels. The key to more success is to have a lot of pillows. Life is what you make it, so let’s make it.</p>\r\n<p>They key is to have every key, the key to open every door. We don’t see them, we will never see them. To be successful you’ve got to work hard, to make history, simple, you’ve got to make it. They never said winning was easy. Some people can’t handle success, I can. I’m giving you cloth talk, cloth. Special cloth alert, cut from a special cloth. How’s business? Boomin. Egg whites, turkey sausage, wheat toast, water. Of course they don’t want us to eat our breakfast, so we are going to enjoy our breakfast.</p>\r\n<ul>\r\n<li>They key is to have every key, the key to open every door.</li>\r\n<li>We don’t see them, we will never see them.</li>\r\n<li>To be successful you’ve got to work hard</li>\r\n<li>Some people can’t handle success, I can. I’m giving you cloth talk, cloth.</li>\r\n<li>Special cloth alert, cut from a special cloth.</li>\r\n</ul>\r\n<p>Lorem khaled ipsum is a major key to success. It’s on you how you want to live your life. Everyone has a choice. I pick my choice, squeaky clean. Always remember in the jungle there’s a lot of they in there, after you overcome they, you will make it to paradise. Wraith talk. Surround yourself with angels, positive energy, beautiful people, beautiful souls, clean heart, angel. They don’t want us to eat. Life is what you make it, so let’s make it. The key is to enjoy life, because they don’t want you to enjoy life. I promise you, they don’t want you to jetski, they don’t want you to smile.</p>\r\n<p>Let’s see what Chef Dee got that they don’t want us to eat. The weather is amazing, walk with me through the pathway of more success. Take this journey with me, Lion! We the best. The key to more success is to get a massage once a week, very important, major key, cloth talk. The first of the month is coming, we have to get money, we have no choice. It cost money to eat and they don’t want you to eat.</p>\r\n<p> Another one. It’s important to use cocoa butter. It’s the key to more success, why not live smooth? Why live rough? Another one. Give thanks to the most high. They don’t want us to win. The ladies always say Khaled you smell good, I use no cologne. Cocoa butter is the key. Congratulations, you played yourself. In life you have to take the trash out, if you have trash in your life, take it out, throw it away, get rid of it, major key. You should never complain, complaining is a weak emotion, you got life, we breathing, we blessed.</p>\r\n<p>The other day the grass was brown, now it’s green because I ain’t give up. Never surrender. Cloth talk. Find peace, life is like a water fall, you’ve gotta flow. Mogul talk. The first of the month is coming, we have to get money, we have no choice. It cost money to eat and they don’t want you to eat. You should never complain, complaining is a weak emotion, you got life, we breathing, we blessed. The first of the month is coming, we have to get money, we have no choice. It cost money to eat and they don’t want you to eat.</p>'),(92,76,0,35,'<p>Lorem Khaled Ipsum is a major key to success. Eliptical talk. The key to more success is to get a massage once a week, very important, major key, cloth talk. Mogul talk. Cloth talk. I’m giving you cloth talk, cloth...</p>'),(93,85,0,35,'Italian Meringue Sesame Snap'),(94,75,0,36,'<p>Lorem Khaled Ipsum is a major key to success. Eliptical talk. The key to more success is to get a massage once a week, very important, major key, cloth talk. Mogul talk. Cloth talk. I’m giving you cloth talk, cloth. Special cloth alert, cut from a special cloth. In life you have to take the trash out, if you have trash in your life, take it out, throw it away, get rid of it, major key. Surround yourself with angels. The key to more success is to have a lot of pillows. Life is what you make it, so let’s make it.</p>\r\n<p>They key is to have every key, the key to open every door. We don’t see them, we will never see them. To be successful you’ve got to work hard, to make history, simple, you’ve got to make it. They never said winning was easy. Some people can’t handle success, I can. I’m giving you cloth talk, cloth. Special cloth alert, cut from a special cloth. How’s business? Boomin. Egg whites, turkey sausage, wheat toast, water. Of course they don’t want us to eat our breakfast, so we are going to enjoy our breakfast.</p>\r\n<ul>\r\n<li>They key is to have every key, the key to open every door.</li>\r\n<li>We don’t see them, we will never see them.</li>\r\n<li>To be successful you’ve got to work hard</li>\r\n<li>Some people can’t handle success, I can. I’m giving you cloth talk, cloth.</li>\r\n<li>Special cloth alert, cut from a special cloth.</li>\r\n</ul>\r\n<p>Lorem khaled ipsum is a major key to success. It’s on you how you want to live your life. Everyone has a choice. I pick my choice, squeaky clean. Always remember in the jungle there’s a lot of they in there, after you overcome they, you will make it to paradise. Wraith talk. Surround yourself with angels, positive energy, beautiful people, beautiful souls, clean heart, angel. They don’t want us to eat. Life is what you make it, so let’s make it. The key is to enjoy life, because they don’t want you to enjoy life. I promise you, they don’t want you to jetski, they don’t want you to smile.</p>\r\n<p>Let’s see what Chef Dee got that they don’t want us to eat. The weather is amazing, walk with me through the pathway of more success. Take this journey with me, Lion! We the best. The key to more success is to get a massage once a week, very important, major key, cloth talk. The first of the month is coming, we have to get money, we have no choice. It cost money to eat and they don’t want you to eat.</p>\r\n<p> Another one. It’s important to use cocoa butter. It’s the key to more success, why not live smooth? Why live rough? Another one. Give thanks to the most high. They don’t want us to win. The ladies always say Khaled you smell good, I use no cologne. Cocoa butter is the key. Congratulations, you played yourself. In life you have to take the trash out, if you have trash in your life, take it out, throw it away, get rid of it, major key. You should never complain, complaining is a weak emotion, you got life, we breathing, we blessed.</p>\r\n<p>The other day the grass was brown, now it’s green because I ain’t give up. Never surrender. Cloth talk. Find peace, life is like a water fall, you’ve gotta flow. Mogul talk. The first of the month is coming, we have to get money, we have no choice. It cost money to eat and they don’t want you to eat. You should never complain, complaining is a weak emotion, you got life, we breathing, we blessed. The first of the month is coming, we have to get money, we have no choice. It cost money to eat and they don’t want you to eat.</p>'),(95,76,0,36,'<p>Lorem Khaled Ipsum is a major key to success. Eliptical talk. The key to more success is to get a massage once a week, very important, major key, cloth talk. Mogul talk. Cloth talk. I’m giving you cloth talk, cloth...</p>'),(96,85,0,36,'Pork Belly Rapini'),(97,75,2,1,'<p>Lorem ipsum dolor sit amet, consectetur adipiscing elit, sed do eiusmod tempor incididunt ut labore et dolore magna aliqua. Ut enim ad minim veniam, quis nostrud exercitation ullamco laboris nisi ut aliquip ex ea commodo consequat. Duis aute irure dolor in reprehenderit in voluptate velit esse cillum dolore eu fugiat nulla pariatur. Excepteur sint occaecat cupidatat non proident, sunt in culpa qui officia deserunt mollit anim id est laborum.</p>\r\n<p>Sed ut perspiciatis unde omnis iste natus error sit voluptatem accusantium doloremque laudantium, totam rem aperiam, eaque ipsa quae ab illo inventore veritatis et quasi architecto beatae vitae dicta sunt explicabo. Nemo enim ipsam voluptatem quia voluptas sit aspernatur aut odit aut fugit, sed quia consequuntur magni dolores eos qui ratione voluptatem sequi nesciunt. Neque porro quisquam est, qui dolorem ipsum quia dolor sit amet, consectetur, adipisci velit, sed quia non numquam eius modi tempora incidunt ut labore et dolore magnam aliquam quaerat voluptatem. Ut enim ad minima veniam, quis nostrum exercitationem ullam corporis suscipit laboriosam, nisi ut aliquid ex ea commodi consequatur? Quis autem vel eum iure reprehenderit qui in ea voluptate velit esse quam nihil molestiae consequatur, vel illum qui dolorem eum fugiat quo voluptas nulla pariatur.</p>\r\n<p>Nemo enim ipsam voluptatem quia natus error sit voluptatem accusantium doloremque laudantium, totam rem aperiam, eaque ipsa quae ab illo inventore veritatis et quasi architecto beatae vitae dicta sunt explicabo. Nemo enim ipsam voluptatem quia voluptas sit aspernatur aut odit aut fugit, sed quia consequuntur magni dolores eos qui ratione voluptatem sequi nesciunt. Neque porro quisquam est, qui dolorem ipsum quia dolor sit amet, consectetur, adipisci velit, sed quia non numquam eius modi tempora incidunt ut labore et dolore magnam aliquam quaerat voluptatem.</p>'),(98,76,2,1,'<p>Lorem ipsum dolor sit amet, consectetur adipiscing elit, sed do eiusmod tempor incididunt ut labore a lomdo aliqua. Ut enim ad minim veniam, quis nostrud exercitation ullamco laboris nisi ut aliquip kotex commodon consequat. Duis aute irure dolor in esse cillum dolore eu fugiat nulla pariatur.</p>'),(99,85,2,1,'Apple Iphone 7 Plus 128Gb');

--
