-- Table structure for table `quote_payment`
--

CREATE TABLE `quote_payment` (
  `payment_id` int unsigned NOT NULL AUTO_INCREMENT COMMENT 'Payment ID',
  `quote_id` int unsigned NOT NULL DEFAULT '0' COMMENT 'Quote ID',
  `created_at` timestamp NOT NULL DEFAULT CURRENT_TIMESTAMP COMMENT 'Created At',
  `updated_at` timestamp NOT NULL DEFAULT CURRENT_TIMESTAMP ON UPDATE CURRENT_TIMESTAMP COMMENT 'Updated At',
  `method` varchar(255) DEFAULT NULL COMMENT 'Method',
  `cc_type` varchar(255) DEFAULT NULL COMMENT 'Cc Type',
  `cc_number_enc` varchar(255) DEFAULT NULL COMMENT 'Cc Number Enc',
  `cc_last_4` varchar(255) DEFAULT NULL COMMENT 'Cc Last 4',
  `cc_cid_enc` varchar(255) DEFAULT NULL COMMENT 'Cc Cid Enc',
  `cc_owner` varchar(255) DEFAULT NULL COMMENT 'Cc Owner',
  `cc_exp_month` varchar(255) DEFAULT NULL COMMENT 'Cc Exp Month',
  `cc_exp_year` smallint unsigned DEFAULT '0' COMMENT 'Cc Exp Year',
  `cc_ss_owner` varchar(255) DEFAULT NULL COMMENT 'Cc Ss Owner',
  `cc_ss_start_month` smallint unsigned DEFAULT '0' COMMENT 'Cc Ss Start Month',
  `cc_ss_start_year` smallint unsigned DEFAULT '0' COMMENT 'Cc Ss Start Year',
  `po_number` varchar(255) DEFAULT NULL COMMENT 'Po Number',
  `additional_data` text COMMENT 'Additional Data',
  `cc_ss_issue` varchar(255) DEFAULT NULL COMMENT 'Cc Ss Issue',
  `additional_information` text COMMENT 'Additional Information',
  `paypal_payer_id` varchar(255) DEFAULT NULL COMMENT 'Paypal Payer ID',
  `paypal_payer_status` varchar(255) DEFAULT NULL COMMENT 'Paypal Payer Status',
  `paypal_correlation_id` varchar(255) DEFAULT NULL COMMENT 'Paypal Correlation ID',
  PRIMARY KEY (`payment_id`),
  KEY `QUOTE_PAYMENT_QUOTE_ID` (`quote_id`),
  CONSTRAINT `QUOTE_PAYMENT_QUOTE_ID_QUOTE_ENTITY_ID` FOREIGN KEY (`quote_id`) REFERENCES `quote` (`entity_id`) ON DELETE CASCADE
) ENGINE=InnoDB AUTO_INCREMENT=30 DEFAULT CHARSET=utf8 COMMENT='Sales Flat Quote Payment';

--
-- Dumping data for table `quote_payment`
--

INSERT INTO `quote_payment` VALUES (1,2,'2017-10-16 03:25:28','0000-00-00 00:00:00','checkmo',NULL,NULL,NULL,NULL,NULL,NULL,0,NULL,0,0,NULL,NULL,NULL,'null',NULL,NULL,NULL),(2,6,'2017-10-17 09:35:09','0000-00-00 00:00:00','checkmo',NULL,NULL,NULL,NULL,NULL,NULL,0,NULL,0,0,NULL,NULL,NULL,'null',NULL,NULL,NULL),(3,21,'2017-11-09 08:23:29','0000-00-00 00:00:00','checkmo',NULL,NULL,NULL,NULL,NULL,NULL,0,NULL,0,0,NULL,NULL,NULL,'null',NULL,NULL,NULL),(4,35,'2017-11-27 03:12:17','0000-00-00 00:00:00','checkmo',NULL,NULL,NULL,NULL,NULL,NULL,0,NULL,0,0,NULL,NULL,NULL,'null',NULL,NULL,NULL),(5,45,'2017-12-26 04:04:44','0000-00-00 00:00:00','checkmo',NULL,NULL,NULL,NULL,NULL,NULL,0,NULL,0,0,NULL,NULL,NULL,'null',NULL,NULL,NULL),(6,53,'2017-12-26 04:10:00','0000-00-00 00:00:00','checkmo',NULL,NULL,NULL,NULL,NULL,NULL,0,NULL,0,0,NULL,NULL,NULL,'null',NULL,NULL,NULL),(7,54,'2017-12-28 02:34:37','0000-00-00 00:00:00','checkmo',NULL,NULL,NULL,NULL,NULL,NULL,0,NULL,0,0,NULL,NULL,NULL,'null',NULL,NULL,NULL),(8,67,'2018-10-11 04:52:23','0000-00-00 00:00:00','checkmo',NULL,NULL,NULL,NULL,NULL,NULL,0,NULL,0,0,NULL,NULL,NULL,'null',NULL,NULL,NULL),(9,68,'2018-10-11 04:54:41','0000-00-00 00:00:00','checkmo',NULL,NULL,NULL,NULL,NULL,NULL,0,NULL,0,0,NULL,NULL,NULL,'null',NULL,NULL,NULL),(10,69,'2018-10-11 04:57:05','0000-00-00 00:00:00','checkmo',NULL,NULL,NULL,NULL,NULL,NULL,0,NULL,0,0,NULL,NULL,NULL,'null',NULL,NULL,NULL),(11,70,'2018-10-11 05:02:33','0000-00-00 00:00:00','checkmo',NULL,NULL,NULL,NULL,NULL,NULL,0,NULL,0,0,NULL,NULL,NULL,'null',NULL,NULL,NULL),(12,71,'2018-10-11 06:43:18','0000-00-00 00:00:00','checkmo',NULL,NULL,NULL,NULL,NULL,NULL,0,NULL,0,0,NULL,NULL,NULL,'null',NULL,NULL,NULL),(13,72,'2018-10-11 06:47:12','0000-00-00 00:00:00','checkmo',NULL,NULL,NULL,NULL,NULL,NULL,0,NULL,0,0,NULL,NULL,NULL,'null',NULL,NULL,NULL),(14,73,'2018-10-11 06:54:50','0000-00-00 00:00:00','checkmo',NULL,NULL,NULL,NULL,NULL,NULL,0,NULL,0,0,NULL,NULL,NULL,'null',NULL,NULL,NULL),(15,74,'2018-10-11 07:44:46','0000-00-00 00:00:00','checkmo',NULL,NULL,NULL,NULL,NULL,NULL,0,NULL,0,0,NULL,NULL,NULL,'null',NULL,NULL,NULL),(16,75,'2018-10-12 02:58:59','0000-00-00 00:00:00','checkmo',NULL,NULL,NULL,NULL,NULL,NULL,0,NULL,0,0,NULL,NULL,NULL,'null',NULL,NULL,NULL),(17,77,'2018-10-12 04:38:58','0000-00-00 00:00:00','checkmo',NULL,NULL,NULL,NULL,NULL,NULL,0,NULL,0,0,NULL,NULL,NULL,'null',NULL,NULL,NULL),(18,78,'2018-10-12 04:44:55','0000-00-00 00:00:00','checkmo',NULL,NULL,NULL,NULL,NULL,NULL,0,NULL,0,0,NULL,NULL,NULL,'null',NULL,NULL,NULL),(19,79,'2018-10-12 07:53:36','0000-00-00 00:00:00','checkmo',NULL,NULL,NULL,NULL,NULL,NULL,0,NULL,0,0,NULL,NULL,NULL,'null',NULL,NULL,NULL),(20,80,'2018-10-12 08:00:31','0000-00-00 00:00:00','checkmo',NULL,NULL,NULL,NULL,NULL,NULL,0,NULL,0,0,NULL,NULL,NULL,'null',NULL,NULL,NULL),(21,119,'2020-11-12 02:28:26','2020-11-12 02:28:26','checkmo',NULL,NULL,NULL,NULL,NULL,NULL,0,NULL,0,0,NULL,NULL,NULL,'null',NULL,NULL,NULL),(22,132,'2020-12-09 21:19:14','2020-12-09 21:19:14','checkmo',NULL,NULL,NULL,NULL,NULL,NULL,0,NULL,0,0,NULL,NULL,NULL,'null',NULL,NULL,NULL),(23,175,'2021-04-29 01:02:08','2021-04-29 01:02:08','checkmo',NULL,NULL,NULL,NULL,NULL,NULL,0,NULL,0,0,NULL,NULL,NULL,'null',NULL,NULL,NULL),(24,194,'2021-08-03 04:45:15','2021-08-03 04:45:15','checkmo',NULL,NULL,NULL,NULL,NULL,NULL,0,NULL,0,0,NULL,NULL,NULL,'null',NULL,NULL,NULL),(25,205,'2021-10-13 01:56:45','2021-10-13 01:56:45','checkmo',NULL,NULL,NULL,NULL,NULL,NULL,0,NULL,0,0,NULL,NULL,NULL,'null',NULL,NULL,NULL),(26,211,'2021-11-24 10:51:56','2021-11-24 10:51:56','checkmo',NULL,NULL,NULL,NULL,NULL,NULL,0,NULL,0,0,NULL,NULL,NULL,'null',NULL,NULL,NULL),(27,241,'2022-08-16 07:07:45','2022-08-16 07:07:45','checkmo',NULL,NULL,NULL,NULL,NULL,NULL,0,NULL,0,0,NULL,NULL,NULL,'null',NULL,NULL,NULL),(28,244,'2022-10-05 05:13:39','2022-10-05 05:13:39','checkmo',NULL,NULL,NULL,NULL,NULL,NULL,0,NULL,0,0,NULL,NULL,NULL,'null',NULL,NULL,NULL),(29,257,'2023-03-23 18:24:15','2023-03-23 18:24:15','checkmo',NULL,NULL,NULL,NULL,NULL,NULL,0,NULL,0,0,NULL,NULL,NULL,'null',NULL,NULL,NULL);

--
-- Table structure for table `quote_shipping_rate`
--

CREATE TABLE `quote_shipping_rate` (
  `rate_id` int unsigned NOT NULL AUTO_INCREMENT COMMENT 'Rate ID',
  `address_id` int unsigned NOT NULL DEFAULT '0' COMMENT 'Address ID',
  `created_at` timestamp NOT NULL DEFAULT CURRENT_TIMESTAMP COMMENT 'Created At',
  `updated_at` timestamp NOT NULL DEFAULT CURRENT_TIMESTAMP ON UPDATE CURRENT_TIMESTAMP COMMENT 'Updated At',
  `carrier` varchar(255) DEFAULT NULL COMMENT 'Carrier',
  `carrier_title` varchar(255) DEFAULT NULL COMMENT 'Carrier Title',
  `code` varchar(255) DEFAULT NULL COMMENT 'Code',
  `method` varchar(255) DEFAULT NULL COMMENT 'Method',
  `method_description` text COMMENT 'Method Description',
  `price` decimal(20,4) NOT NULL DEFAULT '0.0000' COMMENT 'Price',
  `error_message` text COMMENT 'Error Message',
  `method_title` text COMMENT 'Method Title',
  PRIMARY KEY (`rate_id`),
  KEY `QUOTE_SHIPPING_RATE_ADDRESS_ID` (`address_id`),
  CONSTRAINT `QUOTE_SHIPPING_RATE_ADDRESS_ID_QUOTE_ADDRESS_ADDRESS_ID` FOREIGN KEY (`address_id`) REFERENCES `quote_address` (`address_id`) ON DELETE CASCADE
) ENGINE=InnoDB AUTO_INCREMENT=90 DEFAULT CHARSET=utf8 COMMENT='Sales Flat Quote Shipping Rate';

--
-- Dumping data for table `quote_shipping_rate`
--

INSERT INTO `quote_shipping_rate` VALUES (3,4,'2017-10-16 03:25:28','0000-00-00 00:00:00','flatrate','Flat Rate','flatrate_flatrate','flatrate',NULL,150.0000,NULL,'Fixed'),(5,13,'2017-10-17 09:35:09','0000-00-00 00:00:00','flatrate','Flat Rate','flatrate_flatrate','flatrate',NULL,30.0000,NULL,'Fixed'),(8,44,'2017-11-09 08:23:29','0000-00-00 00:00:00','flatrate','Flat Rate','flatrate_flatrate','flatrate',NULL,35.0000,NULL,'Fixed'),(10,73,'2017-11-27 03:12:17','0000-00-00 00:00:00','flatrate','Flat Rate','flatrate_flatrate','flatrate',NULL,40.0000,NULL,'Fixed'),(12,109,'2017-12-26 04:04:44','0000-00-00 00:00:00','flatrate','Flat Rate','flatrate_flatrate','flatrate',NULL,25.0000,NULL,'Fixed'),(14,113,'2017-12-26 04:10:00','0000-00-00 00:00:00','flatrate','Flat Rate','flatrate_flatrate','flatrate',NULL,5.0000,NULL,'Fixed'),(19,116,'2017-12-28 02:34:37','0000-00-00 00:00:00','flatrate','Flat Rate','flatrate_flatrate','flatrate',NULL,20.0000,NULL,'Fixed'),(33,2,'2017-12-28 08:41:56','0000-00-00 00:00:00','flatrate','Flat Rate','flatrate_flatrate','flatrate',NULL,30.0000,NULL,'Fixed'),(35,143,'2018-10-11 04:52:23','0000-00-00 00:00:00','flatrate','Flat Rate','flatrate_flatrate','flatrate',NULL,5.0000,NULL,'Fixed'),(37,146,'2018-10-11 04:54:41','0000-00-00 00:00:00','flatrate','Flat Rate','flatrate_flatrate','flatrate',NULL,10.0000,NULL,'Fixed'),(40,149,'2018-10-11 04:57:05','0000-00-00 00:00:00','flatrate','Flat Rate','flatrate_flatrate','flatrate',NULL,5.0000,NULL,'Fixed'),(42,152,'2018-10-11 05:02:33','0000-00-00 00:00:00','flatrate','Flat Rate','flatrate_flatrate','flatrate',NULL,25.0000,NULL,'Fixed'),(44,155,'2018-10-11 06:43:18','0000-00-00 00:00:00','flatrate','Flat Rate','flatrate_flatrate','flatrate',NULL,10.0000,NULL,'Fixed'),(46,158,'2018-10-11 06:47:12','0000-00-00 00:00:00','flatrate','Flat Rate','flatrate_flatrate','flatrate',NULL,10.0000,NULL,'Fixed'),(48,161,'2018-10-11 06:54:50','0000-00-00 00:00:00','flatrate','Flat Rate','flatrate_flatrate','flatrate',NULL,5.0000,NULL,'Fixed'),(50,164,'2018-10-11 07:44:46','0000-00-00 00:00:00','flatrate','Flat Rate','flatrate_flatrate','flatrate',NULL,10.0000,NULL,'Fixed'),(52,167,'2018-10-12 02:58:59','0000-00-00 00:00:00','flatrate','Flat Rate','flatrate_flatrate','flatrate',NULL,35.0000,NULL,'Fixed'),(54,172,'2018-10-12 04:38:58','0000-00-00 00:00:00','flatrate','Flat Rate','flatrate_flatrate','flatrate',NULL,10.0000,NULL,'Fixed'),(56,175,'2018-10-12 04:44:54','0000-00-00 00:00:00','flatrate','Flat Rate','flatrate_flatrate','flatrate',NULL,5.0000,NULL,'Fixed'),(58,178,'2018-10-12 07:53:36','0000-00-00 00:00:00','flatrate','Flat Rate','flatrate_flatrate','flatrate',NULL,5.0000,NULL,'Fixed'),(60,181,'2018-10-12 08:00:31','0000-00-00 00:00:00','flatrate','Flat Rate','flatrate_flatrate','flatrate',NULL,5.0000,NULL,'Fixed'),(63,260,'2020-11-12 02:28:40','2020-11-12 02:28:40','flatrate','Flat Rate','flatrate_flatrate','flatrate',NULL,5.0000,NULL,'Fixed'),(66,287,'2020-12-09 21:19:21','2020-12-09 21:19:21','flatrate','Flat Rate','flatrate_flatrate','flatrate',NULL,5.0000,NULL,'Fixed'),(69,376,'2021-04-29 01:02:20','2021-04-29 01:02:20','flatrate','Flat Rate','flatrate_flatrate','flatrate',NULL,10.0000,NULL,'Fixed'),(71,415,'2021-08-03 04:45:15','2021-08-03 04:45:15','flatrate','Flat Rate','flatrate_flatrate','flatrate',NULL,5.0000,NULL,'Fixed'),(75,437,'2021-10-13 01:57:00','2021-10-13 01:57:00','flatrate','Flat Rate','flatrate_flatrate','flatrate',NULL,5.0000,NULL,'Fixed'),(78,450,'2021-11-24 10:52:10','2021-11-24 10:52:10','flatrate','Flat Rate','flatrate_flatrate','flatrate',NULL,5.0000,NULL,'Fixed'),(81,511,'2022-08-16 07:07:58','2022-08-16 07:07:58','flatrate','Flat Rate','flatrate_flatrate','flatrate',NULL,10.0000,NULL,'Fixed'),(86,518,'2022-10-05 05:14:08','2022-10-05 05:14:08','flatrate','Flat Rate','flatrate_flatrate','flatrate',NULL,5.0000,NULL,'Fixed'),(89,545,'2023-03-23 18:24:27','2023-03-23 18:24:27','flatrate','Flat Rate','flatrate_flatrate','flatrate',NULL,10.0000,NULL,'Fixed');

--
-- Table structure for table `rating`
--

CREATE TABLE `rating` (
  `rating_id` smallint unsigned NOT NULL AUTO_INCREMENT COMMENT 'Rating ID',
  `entity_id` smallint unsigned NOT NULL DEFAULT '0' COMMENT 'Entity ID',
  `rating_code` varchar(64) NOT NULL COMMENT 'Rating Code',
  `position` smallint unsigned NOT NULL DEFAULT '0' COMMENT 'Rating Position On Storefront',
  `is_active` smallint NOT NULL DEFAULT '1' COMMENT 'Rating is active.',
  PRIMARY KEY (`rating_id`),
  UNIQUE KEY `RATING_RATING_CODE` (`rating_code`),
  KEY `RATING_ENTITY_ID` (`entity_id`),
  CONSTRAINT `RATING_ENTITY_ID_RATING_ENTITY_ENTITY_ID` FOREIGN KEY (`entity_id`) REFERENCES `rating_entity` (`entity_id`) ON DELETE CASCADE
) ENGINE=InnoDB AUTO_INCREMENT=4 DEFAULT CHARSET=utf8 COMMENT='Ratings';

--
-- Dumping data for table `rating`
--

INSERT INTO `rating` VALUES (1,1,'Quality',0,1),(2,1,'Value',0,1),(3,1,'Price',0,1);

--
-- Table structure for table `rating_entity`
--

CREATE TABLE `rating_entity` (
  `entity_id` smallint unsigned NOT NULL AUTO_INCREMENT COMMENT 'Entity ID',
  `entity_code` varchar(64) NOT NULL COMMENT 'Entity Code',
  PRIMARY KEY (`entity_id`),
  UNIQUE KEY `RATING_ENTITY_ENTITY_CODE` (`entity_code`)
) ENGINE=InnoDB AUTO_INCREMENT=4 DEFAULT CHARSET=utf8 COMMENT='Rating entities';

--
-- Dumping data for table `rating_entity`
--

INSERT INTO `rating_entity` VALUES (1,'product'),(2,'product_review'),(3,'review');

--
-- Table structure for table `rating_option`
--

CREATE TABLE `rating_option` (
  `option_id` int unsigned NOT NULL AUTO_INCREMENT COMMENT 'Rating Option ID',
  `rating_id` smallint unsigned NOT NULL DEFAULT '0' COMMENT 'Rating ID',
  `code` varchar(32) NOT NULL COMMENT 'Rating Option Code',
  `value` smallint unsigned NOT NULL DEFAULT '0' COMMENT 'Rating Option Value',
  `position` smallint unsigned NOT NULL DEFAULT '0' COMMENT 'Ration option position on Storefront',
  PRIMARY KEY (`option_id`),
  KEY `RATING_OPTION_RATING_ID` (`rating_id`),
  CONSTRAINT `RATING_OPTION_RATING_ID_RATING_RATING_ID` FOREIGN KEY (`rating_id`) REFERENCES `rating` (`rating_id`) ON DELETE CASCADE
) ENGINE=InnoDB AUTO_INCREMENT=16 DEFAULT CHARSET=utf8 COMMENT='Rating options';

--
-- Dumping data for table `rating_option`
--

INSERT INTO `rating_option` VALUES (1,1,'1',1,1),(2,1,'2',2,2),(3,1,'3',3,3),(4,1,'4',4,4),(5,1,'5',5,5),(6,2,'1',1,1),(7,2,'2',2,2),(8,2,'3',3,3),(9,2,'4',4,4),(10,2,'5',5,5),(11,3,'1',1,1),(12,3,'2',2,2),(13,3,'3',3,3),(14,3,'4',4,4),(15,3,'5',5,5);

--
-- Table structure for table `rating_option_vote`
--

CREATE TABLE `rating_option_vote` (
  `vote_id` bigint unsigned NOT NULL AUTO_INCREMENT COMMENT 'Vote ID',
  `option_id` int unsigned NOT NULL DEFAULT '0' COMMENT 'Vote option ID',
  `remote_ip` varchar(16) NOT NULL COMMENT 'Customer IP',
  `remote_ip_long` bigint NOT NULL DEFAULT '0' COMMENT 'Customer IP converted to long integer format',
  `customer_id` int unsigned DEFAULT '0' COMMENT 'Customer ID',
  `entity_pk_value` bigint unsigned NOT NULL DEFAULT '0' COMMENT 'Product ID',
  `rating_id` smallint unsigned NOT NULL DEFAULT '0' COMMENT 'Rating ID',
  `review_id` bigint unsigned DEFAULT NULL COMMENT 'Review ID',
  `percent` smallint NOT NULL DEFAULT '0' COMMENT 'Percent amount',
  `value` smallint NOT NULL DEFAULT '0' COMMENT 'Vote option value',
  PRIMARY KEY (`vote_id`),
  KEY `RATING_OPTION_VOTE_OPTION_ID` (`option_id`),
  KEY `RATING_OPTION_VOTE_REVIEW_ID_REVIEW_REVIEW_ID` (`review_id`),
  CONSTRAINT `RATING_OPTION_VOTE_OPTION_ID_RATING_OPTION_OPTION_ID` FOREIGN KEY (`option_id`) REFERENCES `rating_option` (`option_id`) ON DELETE CASCADE,
  CONSTRAINT `RATING_OPTION_VOTE_REVIEW_ID_REVIEW_REVIEW_ID` FOREIGN KEY (`review_id`) REFERENCES `review` (`review_id`) ON DELETE CASCADE
) ENGINE=InnoDB AUTO_INCREMENT=58 DEFAULT CHARSET=utf8 COMMENT='Rating option values';

--
-- Dumping data for table `rating_option_vote`
--

INSERT INTO `rating_option_vote` VALUES (1,15,'127.0.0.1',2130706433,NULL,18,3,1,100,5),(2,9,'127.0.0.1',2130706433,NULL,18,2,1,80,4),(3,5,'127.0.0.1',2130706433,NULL,18,1,1,100,5),(4,13,'127.0.0.1',2130706433,NULL,17,3,2,60,3),(5,9,'127.0.0.1',2130706433,NULL,17,2,2,80,4),(6,5,'127.0.0.1',2130706433,NULL,17,1,2,100,5),(7,15,'127.0.0.1',2130706433,NULL,16,3,3,100,5),(8,9,'127.0.0.1',2130706433,NULL,16,2,3,80,4),(9,3,'127.0.0.1',2130706433,NULL,16,1,3,60,3),(10,13,'127.0.0.1',2130706433,NULL,15,3,4,60,3),(11,8,'127.0.0.1',2130706433,NULL,15,2,4,60,3),(12,5,'127.0.0.1',2130706433,NULL,15,1,4,100,5),(13,15,'127.0.0.1',2130706433,NULL,14,3,5,100,5),(14,8,'127.0.0.1',2130706433,NULL,14,2,5,60,3),(15,5,'127.0.0.1',2130706433,NULL,14,1,5,100,5),(16,15,'127.0.0.1',2130706433,NULL,13,3,6,100,5),(17,9,'127.0.0.1',2130706433,NULL,13,2,6,80,4),(18,5,'127.0.0.1',2130706433,NULL,13,1,6,100,5),(19,13,'127.0.0.1',2130706433,NULL,12,3,7,60,3),(20,8,'127.0.0.1',2130706433,NULL,12,2,7,60,3),(21,3,'127.0.0.1',2130706433,NULL,12,1,7,60,3),(22,13,'127.0.0.1',2130706433,NULL,11,3,8,60,3),(23,7,'127.0.0.1',2130706433,NULL,11,2,8,40,2),(24,3,'127.0.0.1',2130706433,NULL,11,1,8,60,3),(25,13,'127.0.0.1',2130706433,NULL,10,3,9,60,3),(26,9,'127.0.0.1',2130706433,NULL,10,2,9,80,4),(27,2,'127.0.0.1',2130706433,NULL,10,1,9,40,2),(28,14,'127.0.0.1',2130706433,NULL,9,3,10,80,4),(29,8,'127.0.0.1',2130706433,NULL,9,2,10,60,3),(30,5,'127.0.0.1',2130706433,NULL,9,1,10,100,5),(31,13,'127.0.0.1',2130706433,NULL,8,3,11,60,3),(32,9,'127.0.0.1',2130706433,NULL,8,2,11,80,4),(33,3,'127.0.0.1',2130706433,NULL,8,1,11,60,3),(34,13,'127.0.0.1',2130706433,NULL,7,3,12,60,3),(35,8,'127.0.0.1',2130706433,NULL,7,2,12,60,3),(36,5,'127.0.0.1',2130706433,NULL,7,1,12,100,5),(37,14,'127.0.0.1',2130706433,NULL,6,3,13,80,4),(38,8,'127.0.0.1',2130706433,NULL,6,2,13,60,3),(39,5,'127.0.0.1',2130706433,NULL,6,1,13,100,5),(40,13,'127.0.0.1',2130706433,NULL,5,3,14,60,3),(41,8,'127.0.0.1',2130706433,NULL,5,2,14,60,3),(42,3,'127.0.0.1',2130706433,NULL,5,1,14,60,3),(43,14,'127.0.0.1',2130706433,NULL,4,3,15,80,4),(44,6,'127.0.0.1',2130706433,NULL,4,2,15,20,1),(45,4,'127.0.0.1',2130706433,NULL,4,1,15,80,4),(46,15,'127.0.0.1',2130706433,NULL,3,3,16,100,5),(47,8,'127.0.0.1',2130706433,NULL,3,2,16,60,3),(48,3,'127.0.0.1',2130706433,NULL,3,1,16,60,3),(49,13,'127.0.0.1',2130706433,NULL,2,3,17,60,3),(50,8,'127.0.0.1',2130706433,NULL,2,2,17,60,3),(51,2,'127.0.0.1',2130706433,NULL,2,1,17,40,2),(52,13,'127.0.0.1',2130706433,NULL,1,3,18,60,3),(53,7,'127.0.0.1',2130706433,NULL,1,2,18,40,2),(54,3,'127.0.0.1',2130706433,NULL,1,1,18,60,3),(55,10,'192.168.1.96',-1062731424,NULL,4,2,19,100,5),(56,5,'192.168.1.96',-1062731424,NULL,4,1,19,100,5),(57,14,'192.168.1.96',-1062731424,NULL,4,3,19,80,4);

--
-- Table structure for table `rating_option_vote_aggregated`
--

CREATE TABLE `rating_option_vote_aggregated` (
  `primary_id` int NOT NULL AUTO_INCREMENT COMMENT 'Vote aggregation ID',
  `rating_id` smallint unsigned NOT NULL DEFAULT '0' COMMENT 'Rating ID',
  `entity_pk_value` bigint unsigned NOT NULL DEFAULT '0' COMMENT 'Product ID',
  `vote_count` int unsigned NOT NULL DEFAULT '0' COMMENT 'Vote dty',
  `vote_value_sum` int unsigned NOT NULL DEFAULT '0' COMMENT 'General vote sum',
  `percent` smallint NOT NULL DEFAULT '0' COMMENT 'Vote percent',
  `percent_approved` smallint DEFAULT '0' COMMENT 'Vote percent approved by admin',
  `store_id` smallint unsigned NOT NULL DEFAULT '0' COMMENT 'Store ID',
  PRIMARY KEY (`primary_id`),
  KEY `RATING_OPTION_VOTE_AGGREGATED_RATING_ID` (`rating_id`),
  KEY `RATING_OPTION_VOTE_AGGREGATED_STORE_ID` (`store_id`),
  CONSTRAINT `RATING_OPTION_VOTE_AGGREGATED_RATING_ID_RATING_RATING_ID` FOREIGN KEY (`rating_id`) REFERENCES `rating` (`rating_id`) ON DELETE CASCADE,
  CONSTRAINT `RATING_OPTION_VOTE_AGGREGATED_STORE_ID_STORE_STORE_ID` FOREIGN KEY (`store_id`) REFERENCES `store` (`store_id`) ON DELETE CASCADE
) ENGINE=InnoDB AUTO_INCREMENT=217 DEFAULT CHARSET=utf8 COMMENT='Rating vote aggregated';

--
-- Dumping data for table `rating_option_vote_aggregated`
--

INSERT INTO `rating_option_vote_aggregated` VALUES (1,3,18,1,5,100,100,0),(2,3,18,1,5,100,100,1),(3,2,18,1,4,80,80,0),(4,2,18,1,4,80,80,1),(5,1,18,1,5,100,100,0),(6,1,18,1,5,100,100,1),(7,3,17,1,3,60,60,0),(8,3,17,1,3,60,60,1),(9,2,17,1,4,80,80,0),(10,2,17,1,4,80,80,1),(11,1,17,1,5,100,100,0),(12,1,17,1,5,100,100,1),(13,3,16,1,5,100,100,0),(14,3,16,1,5,100,100,1),(15,2,16,1,4,80,80,0),(16,2,16,1,4,80,80,1),(17,1,16,1,3,60,60,0),(18,1,16,1,3,60,60,1),(19,3,15,1,3,60,60,0),(20,3,15,1,3,60,60,1),(21,2,15,1,3,60,60,0),(22,2,15,1,3,60,60,1),(23,1,15,1,5,100,100,0),(24,1,15,1,5,100,100,1),(25,3,14,1,5,100,100,0),(26,3,14,1,5,100,100,1),(27,2,14,1,3,60,60,0),(28,2,14,1,3,60,60,1),(29,1,14,1,5,100,100,0),(30,1,14,1,5,100,100,1),(31,3,13,1,5,100,100,0),(32,3,13,1,5,100,100,1),(33,2,13,1,4,80,80,0),(34,2,13,1,4,80,80,1),(35,1,13,1,5,100,100,0),(36,1,13,1,5,100,100,1),(37,1,13,1,5,100,100,2),(38,1,13,1,5,100,100,3),(39,2,13,1,4,80,80,2),(40,2,13,1,4,80,80,3),(41,3,13,1,5,100,100,2),(42,3,13,1,5,100,100,3),(43,1,14,1,5,100,100,2),(44,1,14,1,5,100,100,3),(45,2,14,1,3,60,60,2),(46,2,14,1,3,60,60,3),(47,3,14,1,5,100,100,2),(48,3,14,1,5,100,100,3),(49,1,15,1,5,100,100,2),(50,1,15,1,5,100,100,3),(51,2,15,1,3,60,60,2),(52,2,15,1,3,60,60,3),(53,3,15,1,3,60,60,2),(54,3,15,1,3,60,60,3),(55,1,16,1,3,60,60,2),(56,1,16,1,3,60,60,3),(57,2,16,1,4,80,80,2),(58,2,16,1,4,80,80,3),(59,3,16,1,5,100,100,2),(60,3,16,1,5,100,100,3),(61,1,17,1,5,100,100,2),(62,1,17,1,5,100,100,3),(63,2,17,1,4,80,80,2),(64,2,17,1,4,80,80,3),(65,3,17,1,3,60,60,2),(66,3,17,1,3,60,60,3),(67,1,18,1,5,100,100,2),(68,1,18,1,5,100,100,3),(69,2,18,1,4,80,80,2),(70,2,18,1,4,80,80,3),(71,3,18,1,5,100,100,2),(72,3,18,1,5,100,100,3),(73,3,12,1,3,60,60,0),(74,3,12,1,3,60,60,1),(75,2,12,1,3,60,60,0),(76,2,12,1,3,60,60,1),(77,1,12,1,3,60,60,0),(78,1,12,1,3,60,60,1),(79,3,11,1,3,60,60,0),(80,3,11,1,3,60,60,1),(81,2,11,1,2,40,40,0),(82,2,11,1,2,40,40,1),(83,1,11,1,3,60,60,0),(84,1,11,1,3,60,60,1),(85,3,10,1,3,60,60,0),(86,3,10,1,3,60,60,1),(87,2,10,1,4,80,80,0),(88,2,10,1,4,80,80,1),(89,1,10,1,2,40,40,0),(90,1,10,1,2,40,40,1),(91,3,9,1,4,80,80,0),(92,3,9,1,4,80,80,1),(93,2,9,1,3,60,60,0),(94,2,9,1,3,60,60,1),(95,1,9,1,5,100,100,0),(96,1,9,1,5,100,100,1),(97,3,8,1,3,60,60,0),(98,3,8,1,3,60,60,1),(99,2,8,1,4,80,80,0),(100,2,8,1,4,80,80,1),(101,1,8,1,3,60,60,0),(102,1,8,1,3,60,60,1),(103,3,7,1,3,60,60,0),(104,3,7,1,3,60,60,1),(105,2,7,1,3,60,60,0),(106,2,7,1,3,60,60,1),(107,1,7,1,5,100,100,0),(108,1,7,1,5,100,100,1),(109,1,7,1,5,100,100,2),(110,1,7,1,5,100,100,3),(111,2,7,1,3,60,60,2),(112,2,7,1,3,60,60,3),(113,3,7,1,3,60,60,2),(114,3,7,1,3,60,60,3),(115,1,8,1,3,60,60,2),(116,1,8,1,3,60,60,3),(117,2,8,1,4,80,80,2),(118,2,8,1,4,80,80,3),(119,3,8,1,3,60,60,2),(120,3,8,1,3,60,60,3),(121,1,9,1,5,100,100,2),(122,1,9,1,5,100,100,3),(123,2,9,1,3,60,60,2),(124,2,9,1,3,60,60,3),(125,3,9,1,4,80,80,2),(126,3,9,1,4,80,80,3),(127,1,10,1,2,40,40,2),(128,1,10,1,2,40,40,3),(129,2,10,1,4,80,80,2),(130,2,10,1,4,80,80,3),(131,3,10,1,3,60,60,2),(132,3,10,1,3,60,60,3),(133,1,11,1,3,60,60,2),(134,1,11,1,3,60,60,3),(135,2,11,1,2,40,40,2),(136,2,11,1,2,40,40,3),(137,3,11,1,3,60,60,2),(138,3,11,1,3,60,60,3),(139,1,12,1,3,60,60,2),(140,1,12,1,3,60,60,3),(141,2,12,1,3,60,60,2),(142,2,12,1,3,60,60,3),(143,3,12,1,3,60,60,2),(144,3,12,1,3,60,60,3),(145,3,6,1,4,80,80,0),(146,3,6,1,4,80,80,1),(147,2,6,1,3,60,60,0),(148,2,6,1,3,60,60,1),(149,1,6,1,5,100,100,0),(150,1,6,1,5,100,100,1),(151,3,5,1,3,60,60,0),(152,3,5,1,3,60,60,1),(153,2,5,1,3,60,60,0),(154,2,5,1,3,60,60,1),(155,1,5,1,3,60,60,0),(156,1,5,1,3,60,60,1),(157,3,4,2,8,80,80,0),(158,3,4,2,8,80,80,1),(159,2,4,2,6,60,60,0),(160,2,4,2,6,60,60,1),(161,1,4,2,9,90,90,0),(162,1,4,2,9,90,90,1),(163,3,3,1,5,100,100,0),(164,3,3,1,5,100,100,1),(165,2,3,1,3,60,60,0),(166,2,3,1,3,60,60,1),(167,1,3,1,3,60,60,0),(168,1,3,1,3,60,60,1),(169,3,2,1,3,60,60,0),(170,3,2,1,3,60,60,1),(171,2,2,1,3,60,60,0),(172,2,2,1,3,60,60,1),(173,1,2,1,2,40,40,0),(174,1,2,1,2,40,40,1),(175,3,1,1,3,60,60,0),(176,3,1,1,3,60,60,1),(177,2,1,1,2,40,40,0),(178,2,1,1,2,40,40,1),(179,1,1,1,3,60,60,0),(180,1,1,1,3,60,60,1),(181,1,1,1,3,60,60,2),(182,1,1,1,3,60,60,3),(183,2,1,1,2,40,40,2),(184,2,1,1,2,40,40,3),(185,3,1,1,3,60,60,2),(186,3,1,1,3,60,60,3),(187,1,2,1,2,40,40,2),(188,1,2,1,2,40,40,3),(189,2,2,1,3,60,60,2),(190,2,2,1,3,60,60,3),(191,3,2,1,3,60,60,2),(192,3,2,1,3,60,60,3),(193,1,3,1,3,60,60,2),(194,1,3,1,3,60,60,3),(195,2,3,1,3,60,60,2),(196,2,3,1,3,60,60,3),(197,3,3,1,5,100,100,2),(198,3,3,1,5,100,100,3),(199,1,4,2,9,90,90,2),(200,1,4,2,9,90,90,3),(201,2,4,2,6,60,60,2),(202,2,4,2,6,60,60,3),(203,3,4,2,8,80,80,2),(204,3,4,2,8,80,80,3),(205,1,5,1,3,60,60,2),(206,1,5,1,3,60,60,3),(207,2,5,1,3,60,60,2),(208,2,5,1,3,60,60,3),(209,3,5,1,3,60,60,2),(210,3,5,1,3,60,60,3),(211,1,6,1,5,100,100,2),(212,1,6,1,5,100,100,3),(213,2,6,1,3,60,60,2),(214,2,6,1,3,60,60,3),(215,3,6,1,4,80,80,2),(216,3,6,1,4,80,80,3);

--
-- Table structure for table `rating_store`
--

CREATE TABLE `rating_store` (
  `rating_id` smallint unsigned NOT NULL DEFAULT '0' COMMENT 'Rating ID',
  `store_id` smallint unsigned NOT NULL DEFAULT '0' COMMENT 'Store ID',
  PRIMARY KEY (`rating_id`,`store_id`),
  KEY `RATING_STORE_STORE_ID` (`store_id`),
  CONSTRAINT `RATING_STORE_RATING_ID_RATING_RATING_ID` FOREIGN KEY (`rating_id`) REFERENCES `rating` (`rating_id`) ON DELETE CASCADE,
  CONSTRAINT `RATING_STORE_STORE_ID_STORE_STORE_ID` FOREIGN KEY (`store_id`) REFERENCES `store` (`store_id`) ON DELETE CASCADE
) ENGINE=InnoDB DEFAULT CHARSET=utf8 COMMENT='Rating Store';

--
-- Dumping data for table `rating_store`
--

INSERT INTO `rating_store` VALUES (1,0),(2,0),(3,0),(1,1),(2,1),(3,1),(1,2),(2,2),(3,2),(1,3),(2,3),(3,3);

--
-- Table structure for table `rating_title`
--

CREATE TABLE `rating_title` (
  `rating_id` smallint unsigned NOT NULL DEFAULT '0' COMMENT 'Rating ID',
  `store_id` smallint unsigned NOT NULL DEFAULT '0' COMMENT 'Store ID',
  `value` varchar(255) NOT NULL COMMENT 'Rating Label',
  PRIMARY KEY (`rating_id`,`store_id`),
  KEY `RATING_TITLE_STORE_ID` (`store_id`),
  CONSTRAINT `RATING_TITLE_RATING_ID_RATING_RATING_ID` FOREIGN KEY (`rating_id`) REFERENCES `rating` (`rating_id`) ON DELETE CASCADE,
  CONSTRAINT `RATING_TITLE_STORE_ID_STORE_STORE_ID` FOREIGN KEY (`store_id`) REFERENCES `store` (`store_id`) ON DELETE CASCADE
) ENGINE=InnoDB DEFAULT CHARSET=utf8 COMMENT='Rating Title';

--
-- Dumping data for table `rating_title`
--


--
-- Table structure for table `release_notification_viewer_log`
--

CREATE TABLE `release_notification_viewer_log` (
  `id` int unsigned NOT NULL AUTO_INCREMENT COMMENT 'Log ID',
  `viewer_id` int unsigned NOT NULL COMMENT 'Viewer admin user ID',
  `last_view_version` varchar(16) NOT NULL COMMENT 'Viewer last view on product version',
  PRIMARY KEY (`id`),
  UNIQUE KEY `RELEASE_NOTIFICATION_VIEWER_LOG_VIEWER_ID` (`viewer_id`),
  CONSTRAINT `RELEASE_NOTIFICATION_VIEWER_LOG_VIEWER_ID_ADMIN_USER_USER_ID` FOREIGN KEY (`viewer_id`) REFERENCES `admin_user` (`user_id`) ON DELETE CASCADE
) ENGINE=InnoDB AUTO_INCREMENT=2 DEFAULT CHARSET=utf8 COMMENT='Release Notification Viewer Log Table';

--
-- Dumping data for table `release_notification_viewer_log`
--

INSERT INTO `release_notification_viewer_log` VALUES (1,5,'2.2.2');

--
-- Table structure for table `report_compared_product_index`
--

CREATE TABLE `report_compared_product_index` (
  `index_id` bigint unsigned NOT NULL AUTO_INCREMENT COMMENT 'Index ID',
  `visitor_id` int unsigned DEFAULT NULL COMMENT 'Visitor ID',
  `customer_id` int unsigned DEFAULT NULL COMMENT 'Customer ID',
  `product_id` int unsigned NOT NULL COMMENT 'Product ID',
  `store_id` smallint unsigned DEFAULT NULL COMMENT 'Store ID',
  `added_at` timestamp NOT NULL DEFAULT CURRENT_TIMESTAMP COMMENT 'Added At',
  PRIMARY KEY (`index_id`),
  UNIQUE KEY `REPORT_COMPARED_PRODUCT_INDEX_VISITOR_ID_PRODUCT_ID` (`visitor_id`,`product_id`),
  UNIQUE KEY `REPORT_COMPARED_PRODUCT_INDEX_CUSTOMER_ID_PRODUCT_ID` (`customer_id`,`product_id`),
  KEY `REPORT_COMPARED_PRODUCT_INDEX_STORE_ID` (`store_id`),
  KEY `REPORT_COMPARED_PRODUCT_INDEX_ADDED_AT` (`added_at`),
  KEY `REPORT_COMPARED_PRODUCT_INDEX_PRODUCT_ID` (`product_id`),
  CONSTRAINT `REPORT_CMPD_PRD_IDX_CSTR_ID_CSTR_ENTT_ENTT_ID` FOREIGN KEY (`customer_id`) REFERENCES `customer_entity` (`entity_id`) ON DELETE CASCADE,
  CONSTRAINT `REPORT_CMPD_PRD_IDX_PRD_ID_CAT_PRD_ENTT_ENTT_ID` FOREIGN KEY (`product_id`) REFERENCES `catalog_product_entity` (`entity_id`) ON DELETE CASCADE,
  CONSTRAINT `REPORT_COMPARED_PRODUCT_INDEX_STORE_ID_STORE_STORE_ID` FOREIGN KEY (`store_id`) REFERENCES `store` (`store_id`) ON DELETE SET NULL
) ENGINE=InnoDB AUTO_INCREMENT=97 DEFAULT CHARSET=utf8 COMMENT='Reports Compared Product Index Table';

--
-- Dumping data for table `report_compared_product_index`
--

INSERT INTO `report_compared_product_index` VALUES (1,NULL,2,3,1,'2017-10-17 08:46:50'),(2,NULL,2,4,1,'2017-10-17 08:49:11'),(3,NULL,2,6,1,'2017-10-17 08:49:28'),(4,NULL,2,18,1,'2017-10-17 08:50:34'),(5,NULL,2,1,NULL,'2017-10-17 09:42:02'),(6,NULL,2,13,NULL,'2017-10-17 09:42:11'),(7,NULL,2,14,NULL,'2017-10-17 09:42:16'),(8,NULL,2,16,NULL,'2017-10-17 09:42:19'),(9,NULL,2,9,NULL,'2017-10-17 09:42:22'),(10,NULL,2,12,NULL,'2017-10-17 09:42:28'),(11,NULL,2,10,NULL,'2017-10-17 09:42:31'),(13,56,NULL,18,NULL,'2017-10-17 09:59:40'),(14,56,NULL,12,NULL,'2017-10-17 09:59:50'),(15,56,NULL,13,NULL,'2017-10-17 10:02:47'),(16,73,NULL,1,NULL,'2017-10-18 02:05:41'),(19,115,NULL,3,NULL,'2017-10-18 07:44:03'),(20,NULL,2,17,NULL,'2017-10-19 04:43:16'),(22,NULL,2,15,NULL,'2017-10-19 04:43:24'),(23,209,NULL,1,NULL,'2017-11-09 08:18:04'),(25,209,NULL,3,NULL,'2017-11-09 08:37:14'),(27,209,NULL,14,NULL,'2017-11-09 10:02:36'),(28,258,NULL,1,NULL,'2017-11-10 04:51:08'),(29,NULL,1,13,NULL,'2017-11-20 04:05:49'),(30,NULL,1,17,NULL,'2017-11-20 04:06:23'),(31,326,NULL,13,NULL,'2017-11-20 05:02:15'),(32,NULL,1,5,1,'2017-11-20 06:36:48'),(33,335,NULL,16,NULL,'2017-11-20 08:16:49'),(34,348,NULL,18,NULL,'2017-11-22 07:33:55'),(35,347,NULL,10,NULL,'2017-11-22 07:35:18'),(36,348,NULL,10,NULL,'2017-11-22 07:35:20'),(37,347,NULL,13,NULL,'2017-11-22 07:35:25'),(38,348,NULL,13,NULL,'2017-11-22 07:36:45'),(40,378,NULL,10,NULL,'2017-11-23 06:54:46'),(41,397,3,10,1,'2017-11-27 02:31:40'),(42,397,3,6,1,'2017-11-27 02:50:43'),(44,NULL,3,9,NULL,'2017-11-27 02:55:20'),(45,NULL,3,13,NULL,'2017-11-27 02:55:32'),(46,NULL,3,2,NULL,'2017-11-27 03:06:03'),(48,NULL,3,4,NULL,'2017-11-27 03:47:26'),(51,390,NULL,5,NULL,'2017-11-27 04:53:16'),(52,393,NULL,10,NULL,'2017-11-27 08:08:39'),(53,393,NULL,8,NULL,'2017-11-27 08:15:41'),(54,NULL,1,10,1,'2017-11-28 01:34:03'),(55,NULL,1,15,NULL,'2017-11-28 01:47:21'),(56,NULL,1,12,NULL,'2017-11-28 01:47:25'),(57,397,3,3,1,'2017-11-28 01:48:04'),(59,397,3,7,1,'2017-11-28 01:48:13'),(61,NULL,1,18,NULL,'2017-11-28 03:06:21'),(62,NULL,1,16,NULL,'2017-11-28 03:10:47'),(64,420,NULL,33,NULL,'2017-12-21 04:17:31'),(65,451,4,11,1,'2017-12-26 03:41:06'),(66,451,4,13,1,'2017-12-26 03:41:12'),(67,451,4,10,1,'2017-12-26 03:41:16'),(68,451,4,1,1,'2017-12-26 03:41:24'),(70,NULL,4,4,NULL,'2017-12-26 04:01:06'),(71,NULL,4,3,NULL,'2017-12-26 04:01:13'),(73,NULL,4,30,NULL,'2017-12-26 04:21:36'),(76,NULL,4,5,NULL,'2017-12-26 04:53:13'),(79,458,NULL,8,NULL,'2017-12-26 06:45:11'),(80,458,NULL,33,NULL,'2017-12-26 06:49:03'),(81,458,NULL,36,NULL,'2017-12-26 06:49:11'),(82,458,NULL,7,NULL,'2017-12-26 06:57:46'),(83,458,NULL,5,NULL,'2017-12-26 06:58:39'),(84,NULL,1,1,NULL,'2017-12-27 07:39:06'),(86,NULL,1,11,NULL,'2017-12-27 07:39:20'),(93,NULL,4,33,NULL,'2017-12-28 03:10:07'),(94,509,5,14,1,'2018-10-11 07:04:31'),(95,510,6,11,1,'2018-10-12 02:53:29'),(96,NULL,6,7,NULL,'2018-10-12 03:15:24');

--
-- Table structure for table `report_event`
--

CREATE TABLE `report_event` (
  `event_id` bigint unsigned NOT NULL AUTO_INCREMENT COMMENT 'Event ID',
  `logged_at` timestamp NOT NULL DEFAULT CURRENT_TIMESTAMP COMMENT 'Logged At',
  `event_type_id` smallint unsigned NOT NULL DEFAULT '0' COMMENT 'Event Type ID',
  `object_id` int unsigned NOT NULL DEFAULT '0' COMMENT 'Object ID',
  `subject_id` int unsigned NOT NULL DEFAULT '0' COMMENT 'Subject ID',
  `subtype` smallint unsigned NOT NULL DEFAULT '0' COMMENT 'Subtype',
  `store_id` smallint unsigned NOT NULL COMMENT 'Store ID',
  PRIMARY KEY (`event_id`),
  KEY `REPORT_EVENT_EVENT_TYPE_ID` (`event_type_id`),
  KEY `REPORT_EVENT_SUBJECT_ID` (`subject_id`),
  KEY `REPORT_EVENT_OBJECT_ID` (`object_id`),
  KEY `REPORT_EVENT_SUBTYPE` (`subtype`),
  KEY `REPORT_EVENT_STORE_ID` (`store_id`),
  CONSTRAINT `REPORT_EVENT_EVENT_TYPE_ID_REPORT_EVENT_TYPES_EVENT_TYPE_ID` FOREIGN KEY (`event_type_id`) REFERENCES `report_event_types` (`event_type_id`) ON DELETE CASCADE,
  CONSTRAINT `REPORT_EVENT_STORE_ID_STORE_STORE_ID` FOREIGN KEY (`store_id`) REFERENCES `store` (`store_id`) ON DELETE CASCADE
) ENGINE=InnoDB AUTO_INCREMENT=1211 DEFAULT CHARSET=utf8 COMMENT='Reports Event Table';

--
-- Dumping data for table `report_event`
--

INSERT INTO `report_event` VALUES (1,'2017-10-12 08:34:39',1,17,15,1,1),(2,'2017-10-12 09:52:57',1,1,15,1,1),(3,'2017-10-12 09:55:36',1,1,15,1,1),(4,'2017-10-14 03:15:42',1,14,27,1,1),(5,'2017-10-14 03:15:50',1,14,27,1,1),(6,'2017-10-16 03:23:46',4,1,29,1,1),(7,'2017-10-16 03:23:51',4,6,29,1,1),(8,'2017-10-16 03:23:55',4,3,29,1,1),(9,'2017-10-16 03:27:58',1,1,29,1,1),(10,'2017-10-16 03:32:59',1,1,29,1,1),(11,'2017-10-16 03:36:04',1,1,29,1,1),(12,'2017-10-16 03:37:30',1,1,29,1,1),(13,'2017-10-16 03:38:44',1,1,29,1,1),(14,'2017-10-16 03:42:52',1,1,29,1,1),(15,'2017-10-16 03:44:08',1,1,29,1,1),(16,'2017-10-16 03:45:52',1,1,29,1,1),(17,'2017-10-16 03:47:25',1,1,29,1,1),(18,'2017-10-16 03:49:25',1,1,29,1,1),(19,'2017-10-16 03:53:16',1,1,29,1,1),(20,'2017-10-16 03:54:18',1,1,29,1,1),(21,'2017-10-16 03:54:54',1,1,29,1,1),(22,'2017-10-16 03:55:39',1,1,29,1,1),(23,'2017-10-16 03:56:58',1,1,29,1,1),(24,'2017-10-16 03:58:40',1,1,29,1,1),(25,'2017-10-16 04:01:35',1,1,29,1,1),(26,'2017-10-16 04:05:09',1,1,29,1,1),(27,'2017-10-16 04:07:49',1,1,29,1,1),(28,'2017-10-16 04:08:52',1,1,29,1,1),(29,'2017-10-16 04:12:03',1,1,29,1,1),(30,'2017-10-16 04:14:09',1,1,29,1,1),(31,'2017-10-16 04:16:05',1,1,29,1,1),(32,'2017-10-16 04:17:24',1,1,29,1,1),(33,'2017-10-16 04:18:18',1,1,29,1,1),(34,'2017-10-16 04:19:09',1,1,29,1,1),(35,'2017-10-16 04:21:20',1,1,29,1,1),(36,'2017-10-16 04:22:55',1,1,29,1,1),(37,'2017-10-16 04:25:14',1,1,29,1,1),(38,'2017-10-16 04:25:27',4,1,29,1,1),(39,'2017-10-16 04:27:15',1,1,29,1,1),(40,'2017-10-16 04:29:24',1,1,29,1,1),(41,'2017-10-16 04:31:10',1,1,29,1,1),(42,'2017-10-16 04:39:55',1,1,29,1,1),(43,'2017-10-16 04:41:40',1,1,29,1,1),(44,'2017-10-16 04:42:38',1,1,29,1,1),(45,'2017-10-16 04:44:15',1,1,29,1,1),(46,'2017-10-16 04:47:17',1,1,29,1,1),(47,'2017-10-16 04:49:19',1,1,29,1,1),(48,'2017-10-16 04:49:37',1,1,29,1,1),(49,'2017-10-16 04:50:09',1,1,29,1,1),(50,'2017-10-16 04:51:20',1,1,29,1,1),(51,'2017-10-16 04:52:29',1,1,29,1,1),(52,'2017-10-16 04:53:01',1,1,29,1,1),(53,'2017-10-16 04:54:13',1,1,29,1,1),(54,'2017-10-16 04:54:47',1,1,29,1,1),(55,'2017-10-16 04:56:14',1,1,29,1,1),(56,'2017-10-16 04:57:03',1,1,29,1,1),(57,'2017-10-16 04:58:45',1,1,29,1,1),(58,'2017-10-16 05:03:18',1,1,29,1,1),(59,'2017-10-16 05:09:33',1,1,29,1,1),(60,'2017-10-16 06:40:33',1,1,31,1,1),(61,'2017-10-16 06:40:47',4,1,33,1,1),(62,'2017-10-16 06:41:31',1,1,33,1,1),(63,'2017-10-16 06:42:04',1,1,33,1,1),(64,'2017-10-16 06:44:03',1,1,33,1,1),(65,'2017-10-16 08:57:49',1,18,35,1,1),(66,'2017-10-16 08:57:50',1,17,35,1,1),(67,'2017-10-16 08:57:50',1,16,35,1,1),(68,'2017-10-16 08:57:51',1,15,35,1,1),(69,'2017-10-16 08:57:52',1,14,35,1,1),(70,'2017-10-16 08:57:59',1,13,35,1,1),(71,'2017-10-16 08:57:59',1,12,35,1,1),(72,'2017-10-16 08:58:03',1,10,35,1,1),(73,'2017-10-16 08:58:04',1,11,35,1,1),(74,'2017-10-16 09:00:44',1,18,35,1,1),(75,'2017-10-16 09:00:45',1,17,35,1,1),(76,'2017-10-16 09:00:45',1,16,35,1,1),(77,'2017-10-16 09:00:48',1,15,35,1,1),(78,'2017-10-16 09:00:50',1,14,35,1,1),(79,'2017-10-16 09:00:51',1,13,35,1,1),(80,'2017-10-16 09:01:24',1,18,35,1,1),(81,'2017-10-16 09:01:47',1,17,35,1,1),(82,'2017-10-16 09:02:01',1,16,35,1,1),(83,'2017-10-16 09:02:09',1,15,35,1,1),(84,'2017-10-16 09:02:20',1,14,35,1,1),(85,'2017-10-16 09:02:34',1,13,35,1,1),(86,'2017-10-16 09:04:06',1,12,35,1,1),(87,'2017-10-16 09:04:07',1,11,35,1,1),(88,'2017-10-16 09:04:09',1,10,35,1,1),(89,'2017-10-16 09:04:15',1,9,35,1,1),(90,'2017-10-16 09:04:17',1,8,35,1,1),(91,'2017-10-16 09:04:18',1,7,35,1,1),(92,'2017-10-16 09:04:49',1,12,35,1,1),(93,'2017-10-16 09:04:58',1,11,35,1,1),(94,'2017-10-16 09:05:09',1,10,35,1,1),(95,'2017-10-16 09:05:23',1,9,35,1,1),(96,'2017-10-16 09:05:29',1,8,35,1,1),(97,'2017-10-16 09:05:39',1,7,35,1,1),(98,'2017-10-16 09:07:25',1,12,35,1,1),(99,'2017-10-16 09:07:28',1,10,35,1,1),(100,'2017-10-16 09:08:16',1,6,35,1,1),(101,'2017-10-16 09:08:17',1,5,35,1,1),(102,'2017-10-16 09:08:18',1,4,35,1,1),(103,'2017-10-16 09:08:22',1,3,35,1,1),(104,'2017-10-16 09:08:22',1,2,35,1,1),(105,'2017-10-16 09:08:24',1,1,35,1,1),(106,'2017-10-16 09:08:47',1,6,35,1,1),(107,'2017-10-16 09:08:53',1,5,35,1,1),(108,'2017-10-16 09:09:02',1,4,35,1,1),(109,'2017-10-16 09:09:15',1,3,35,1,1),(110,'2017-10-16 09:09:23',1,2,35,1,1),(111,'2017-10-16 09:09:32',1,1,35,1,1),(112,'2017-10-16 10:16:24',1,13,35,1,1),(113,'2017-10-16 10:17:03',1,2,35,1,1),(114,'2017-10-16 10:18:10',1,2,35,1,1),(115,'2017-10-16 10:19:26',1,2,35,1,1),(116,'2017-10-16 10:20:01',1,2,35,1,1),(117,'2017-10-16 10:21:40',1,2,35,1,1),(118,'2017-10-16 10:23:15',1,2,35,1,1),(119,'2017-10-16 10:27:39',1,2,35,1,1),(120,'2017-10-16 10:28:55',1,2,35,1,1),(121,'2017-10-16 10:30:25',1,2,35,1,2),(122,'2017-10-16 10:31:38',1,2,35,1,2),(123,'2017-10-16 10:33:07',1,2,35,1,2),(124,'2017-10-16 10:33:51',1,2,35,1,2),(125,'2017-10-16 10:35:22',1,2,35,1,2),(126,'2017-10-17 06:34:16',1,3,36,1,2),(127,'2017-10-17 06:34:35',1,1,36,1,2),(128,'2017-10-17 06:34:49',1,11,36,1,2),(129,'2017-10-17 07:45:19',1,1,36,1,1),(130,'2017-10-17 07:48:09',1,1,36,1,1),(131,'2017-10-17 07:49:20',1,1,36,1,1),(132,'2017-10-17 07:55:57',1,13,36,1,1),(133,'2017-10-17 08:14:17',1,2,49,1,1),(134,'2017-10-17 08:15:23',1,5,48,1,1),(135,'2017-10-17 08:19:29',1,3,40,1,1),(136,'2017-10-17 08:21:37',1,8,51,1,1),(137,'2017-10-17 08:22:04',4,8,51,1,1),(138,'2017-10-17 08:43:52',1,13,53,1,1),(139,'2017-10-17 08:44:02',1,3,53,1,1),(140,'2017-10-17 08:44:12',1,3,53,1,1),(141,'2017-10-17 08:44:15',1,3,53,1,1),(142,'2017-10-17 08:44:22',1,3,53,1,1),(143,'2017-10-17 08:45:12',4,3,53,1,1),(144,'2017-10-17 08:46:50',3,3,53,1,1),(145,'2017-10-17 08:48:58',4,4,53,1,1),(146,'2017-10-17 08:49:03',1,4,53,1,1),(147,'2017-10-17 08:49:11',3,4,53,1,1),(148,'2017-10-17 08:49:19',4,14,53,1,1),(149,'2017-10-17 08:49:28',3,6,53,1,1),(150,'2017-10-17 08:49:35',4,1,53,1,1),(151,'2017-10-17 08:50:26',4,8,53,1,1),(152,'2017-10-17 08:50:34',3,18,53,1,1),(153,'2017-10-17 08:50:37',4,12,53,1,1),(154,'2017-10-17 09:25:54',1,4,53,1,1),(155,'2017-10-17 09:36:16',4,4,2,0,1),(156,'2017-10-17 09:36:17',4,14,2,0,1),(157,'2017-10-17 09:36:17',4,8,2,0,1),(158,'2017-10-17 09:40:41',5,3,2,0,1),(159,'2017-10-17 09:40:45',5,5,2,0,1),(160,'2017-10-17 09:40:51',5,6,2,0,1),(161,'2017-10-17 09:40:54',5,4,2,0,1),(162,'2017-10-17 09:40:57',5,1,2,0,1),(163,'2017-10-17 09:41:24',4,3,2,0,1),(164,'2017-10-17 09:41:39',4,5,2,0,1),(165,'2017-10-17 09:41:40',4,1,2,0,1),(166,'2017-10-17 09:42:02',3,1,2,0,1),(167,'2017-10-17 09:42:05',5,1,2,0,1),(168,'2017-10-17 09:42:11',3,13,2,0,1),(169,'2017-10-17 09:42:16',3,14,2,0,1),(170,'2017-10-17 09:42:19',3,16,2,0,1),(171,'2017-10-17 09:42:22',3,9,2,0,1),(172,'2017-10-17 09:42:28',3,12,2,0,1),(173,'2017-10-17 09:42:31',3,10,2,0,1),(174,'2017-10-17 09:42:33',3,13,2,0,1),(175,'2017-10-17 09:42:56',4,10,2,0,1),(176,'2017-10-17 09:43:01',5,10,2,0,1),(177,'2017-10-17 09:55:52',1,18,56,1,1),(178,'2017-10-17 09:58:41',4,18,56,1,1),(179,'2017-10-17 09:59:40',3,18,56,1,1),(180,'2017-10-17 09:59:50',3,12,56,1,1),(181,'2017-10-17 10:00:52',4,10,56,1,1),(182,'2017-10-17 10:00:55',1,10,56,1,1),(183,'2017-10-17 10:02:47',3,13,56,1,1),(184,'2017-10-17 10:02:51',1,13,56,1,1),(185,'2017-10-17 10:02:54',4,13,56,1,1),(186,'2017-10-17 10:05:09',4,7,56,1,1),(187,'2017-10-17 10:05:14',4,15,56,1,1),(188,'2017-10-17 10:05:17',3,18,56,1,1),(189,'2017-10-17 10:05:22',1,16,56,1,1),(190,'2017-10-17 10:05:26',4,16,56,1,1),(191,'2017-10-17 10:05:53',4,1,56,1,1),(192,'2017-10-17 10:23:50',1,4,56,1,1),(193,'2017-10-17 10:25:52',1,4,56,1,1),(194,'2017-10-17 10:28:43',1,4,56,1,1),(195,'2017-10-17 10:29:22',1,4,56,1,1),(196,'2017-10-17 10:32:11',1,4,56,1,1),(197,'2017-10-18 01:49:34',4,18,65,1,1),(198,'2017-10-18 01:49:46',4,16,65,1,1),(199,'2017-10-18 01:49:57',4,14,65,1,1),(200,'2017-10-18 01:51:30',4,17,65,1,1),(201,'2017-10-18 01:51:49',1,18,65,1,1),(202,'2017-10-18 01:51:52',1,5,67,1,1),(203,'2017-10-18 01:52:27',4,3,70,1,1),(204,'2017-10-18 01:52:32',1,13,65,1,1),(205,'2017-10-18 01:54:37',1,14,65,1,1),(206,'2017-10-18 01:54:37',1,14,65,1,1),(207,'2017-10-18 01:57:27',4,5,65,1,1),(208,'2017-10-18 01:57:45',4,5,71,1,1),(209,'2017-10-18 02:00:17',4,4,70,1,1),(210,'2017-10-18 02:02:34',4,13,73,1,1),(211,'2017-10-18 02:03:01',4,18,73,1,1),(212,'2017-10-18 02:03:12',4,16,71,1,1),(213,'2017-10-18 02:04:04',1,18,73,1,1),(214,'2017-10-18 02:04:33',4,12,73,1,1),(215,'2017-10-18 02:05:42',3,1,73,1,1),(216,'2017-10-18 02:05:47',1,1,73,1,1),(217,'2017-10-18 02:06:47',4,1,73,1,1),(218,'2017-10-18 02:07:18',4,1,71,1,1),(219,'2017-10-18 02:13:56',4,13,70,1,1),(220,'2017-10-18 02:20:44',4,16,2,0,1),(221,'2017-10-18 02:49:32',1,17,78,1,1),(222,'2017-10-18 04:28:29',1,3,105,1,1),(223,'2017-10-18 04:30:23',1,2,105,1,1),(224,'2017-10-18 04:36:38',4,3,105,1,1),(225,'2017-10-18 04:36:54',1,3,105,1,1),(226,'2017-10-18 04:39:46',1,3,105,1,1),(227,'2017-10-18 04:41:26',4,3,2,0,1),(228,'2017-10-18 04:46:48',3,3,2,0,1),(229,'2017-10-18 04:46:51',3,4,2,0,1),(230,'2017-10-18 04:53:11',1,18,2,0,1),(231,'2017-10-18 04:55:20',1,18,2,0,1),(232,'2017-10-18 06:34:11',4,3,110,1,1),(233,'2017-10-18 06:37:26',4,4,110,1,1),(234,'2017-10-18 06:49:08',4,5,110,1,1),(235,'2017-10-18 07:36:04',1,3,115,1,1),(236,'2017-10-18 07:37:07',4,3,115,1,1),(237,'2017-10-18 07:44:03',3,3,115,1,1),(238,'2017-10-18 07:57:40',1,1,115,1,1),(239,'2017-10-18 07:57:45',4,1,115,1,1),(240,'2017-10-18 08:01:26',4,16,120,1,1),(241,'2017-10-18 08:45:02',1,30,110,1,1),(242,'2017-10-18 08:58:24',1,30,110,1,1),(243,'2017-10-18 08:59:33',1,30,110,1,1),(244,'2017-10-18 09:06:10',1,15,110,1,1),(245,'2017-10-18 09:07:09',1,15,110,1,1),(246,'2017-10-18 09:08:29',1,15,110,1,1),(247,'2017-10-18 09:08:54',1,15,110,1,1),(248,'2017-10-18 09:09:15',1,15,110,1,1),(249,'2017-10-18 09:14:48',4,16,110,1,1),(250,'2017-10-18 09:15:08',4,15,110,1,1),(251,'2017-10-18 09:15:24',4,14,110,1,1),(252,'2017-10-18 09:15:38',4,17,110,1,1),(253,'2017-10-18 09:16:46',4,18,110,1,1),(254,'2017-10-18 09:21:12',1,18,110,1,1),(255,'2017-10-19 04:17:26',1,14,129,1,1),(256,'2017-10-19 04:22:15',1,14,129,1,1),(257,'2017-10-19 04:23:16',1,15,137,1,1),(258,'2017-10-19 04:25:46',1,15,137,1,1),(259,'2017-10-19 04:25:58',1,15,137,1,2),(260,'2017-10-19 04:31:47',1,16,132,1,1),(261,'2017-10-19 04:33:10',1,14,129,1,2),(262,'2017-10-19 04:34:17',1,13,129,1,2),(263,'2017-10-19 04:36:24',1,15,137,1,2),(264,'2017-10-19 04:36:42',1,15,137,1,1),(265,'2017-10-19 04:37:22',4,15,126,1,1),(266,'2017-10-19 04:37:25',4,16,126,1,1),(267,'2017-10-19 04:37:28',4,17,126,1,1),(268,'2017-10-19 04:38:02',1,15,126,1,1),(269,'2017-10-19 04:39:35',4,15,132,1,1),(270,'2017-10-19 04:39:38',4,16,132,1,1),(271,'2017-10-19 04:39:41',4,17,132,1,1),(272,'2017-10-19 04:39:51',1,15,137,1,1),(273,'2017-10-19 04:42:14',4,15,2,0,1),(274,'2017-10-19 04:42:15',4,17,2,0,1),(275,'2017-10-19 04:42:50',5,17,2,0,1),(276,'2017-10-19 04:42:53',5,16,2,0,1),(277,'2017-10-19 04:42:56',5,15,2,0,1),(278,'2017-10-19 04:43:00',5,14,2,0,1),(279,'2017-10-19 04:43:16',3,17,2,0,1),(280,'2017-10-19 04:43:19',1,13,129,1,1),(281,'2017-10-19 04:43:21',3,16,2,0,1),(282,'2017-10-19 04:43:24',3,15,2,0,1),(283,'2017-10-19 04:43:35',5,13,2,0,1),(284,'2017-10-19 04:45:01',1,13,129,1,1),(285,'2017-10-19 04:45:37',1,14,129,1,1),(286,'2017-10-19 04:46:18',1,15,137,1,1),(287,'2017-10-19 04:47:24',1,17,2,0,1),(288,'2017-10-19 04:47:24',1,15,137,1,1),(289,'2017-10-19 04:57:55',1,1,129,1,1),(290,'2017-10-19 05:01:32',1,1,129,1,1),(291,'2017-10-19 05:02:14',1,14,2,0,1),(292,'2017-10-19 07:44:59',1,30,142,1,1),(293,'2017-10-19 07:47:38',1,30,142,1,1),(294,'2017-10-19 07:47:51',1,30,142,1,1),(295,'2017-10-19 07:48:04',4,30,142,1,1),(296,'2017-10-30 04:08:14',4,18,146,1,1),(297,'2017-10-30 04:14:17',1,1,146,1,1),(298,'2017-10-30 04:17:41',1,1,146,1,1),(299,'2017-11-01 07:10:09',1,1,155,1,1),(300,'2017-11-01 07:10:24',4,1,155,1,1),(301,'2017-11-01 08:30:44',1,1,155,1,1),(302,'2017-11-01 08:31:00',1,3,155,1,1),(303,'2017-11-03 07:00:10',1,13,164,1,1),(304,'2017-11-08 10:11:05',1,12,194,1,3),(305,'2017-11-09 07:25:03',1,1,202,1,1),(306,'2017-11-09 07:25:38',1,3,202,1,1),(307,'2017-11-09 07:26:18',1,11,202,1,1),(308,'2017-11-09 07:29:05',1,1,202,1,1),(309,'2017-11-09 07:30:01',1,1,202,1,1),(310,'2017-11-09 07:30:11',1,3,202,1,1),(311,'2017-11-09 07:31:34',1,3,202,1,2),(312,'2017-11-09 07:32:58',1,19,202,1,2),(313,'2017-11-09 07:34:19',1,23,202,1,2),(314,'2017-11-09 07:34:36',1,19,202,1,2),(315,'2017-11-09 07:34:42',1,30,202,1,2),(316,'2017-11-09 07:34:51',1,21,202,1,2),(317,'2017-11-09 07:35:13',1,20,202,1,2),(318,'2017-11-09 07:35:26',1,22,202,1,2),(319,'2017-11-09 07:37:23',1,23,202,1,2),(320,'2017-11-09 07:39:16',1,23,202,1,2),(321,'2017-11-09 07:40:09',1,23,202,1,2),(322,'2017-11-09 07:40:52',1,23,202,1,3),(323,'2017-11-09 07:41:19',1,23,202,1,1),(324,'2017-11-09 08:16:48',1,15,209,1,1),(325,'2017-11-09 08:17:34',4,15,209,1,1),(326,'2017-11-09 08:17:42',1,1,209,1,1),(327,'2017-11-09 08:17:59',1,1,209,1,1),(328,'2017-11-09 08:18:02',3,1,209,1,1),(329,'2017-11-09 08:20:13',3,1,209,1,1),(330,'2017-11-09 08:20:39',4,11,209,1,1),(331,'2017-11-09 08:20:42',4,17,209,1,1),(332,'2017-11-09 08:20:45',4,9,209,1,1),(333,'2017-11-09 08:20:48',4,12,209,1,1),(334,'2017-11-09 08:20:51',4,16,209,1,1),(335,'2017-11-09 08:22:11',1,16,209,1,1),(336,'2017-11-09 08:26:03',4,1,209,1,1),(337,'2017-11-09 08:29:30',4,4,209,1,1),(338,'2017-11-09 08:29:33',4,5,209,1,1),(339,'2017-11-09 08:34:11',1,17,213,1,1),(340,'2017-11-09 08:34:34',4,17,213,1,1),(341,'2017-11-09 08:35:02',1,30,209,1,1),(342,'2017-11-09 08:35:56',4,30,209,1,1),(343,'2017-11-09 08:36:52',1,3,209,1,1),(344,'2017-11-09 08:37:09',4,3,209,1,1),(345,'2017-11-09 08:37:12',3,3,209,1,1),(346,'2017-11-09 08:43:16',1,3,213,1,1),(347,'2017-11-09 09:00:18',1,23,209,1,1),(348,'2017-11-09 09:00:35',4,23,209,1,1),(349,'2017-11-09 09:01:22',1,11,209,1,1),(350,'2017-11-09 09:01:38',1,1,209,1,1),(351,'2017-11-09 09:01:58',1,3,209,1,1),(352,'2017-11-09 09:02:32',1,1,209,1,1),(353,'2017-11-09 09:02:52',1,1,209,1,2),(354,'2017-11-09 09:05:02',4,8,209,1,1),(355,'2017-11-09 09:05:30',4,16,209,1,1),(356,'2017-11-09 09:06:22',4,9,209,1,1),(357,'2017-11-09 09:48:55',1,3,209,1,2),(358,'2017-11-09 09:49:01',3,3,209,1,2),(359,'2017-11-09 09:49:55',4,10,209,1,2),(360,'2017-11-09 09:50:02',4,13,209,1,2),(361,'2017-11-09 09:50:05',4,11,209,1,2),(362,'2017-11-09 09:50:09',4,7,209,1,2),(363,'2017-11-09 09:50:16',1,6,209,1,2),(364,'2017-11-09 09:50:21',4,6,209,1,2),(365,'2017-11-09 09:50:34',4,18,209,1,2),(366,'2017-11-09 09:58:07',4,2,209,1,3),(367,'2017-11-09 09:58:10',1,2,209,1,3),(368,'2017-11-09 10:02:34',3,14,209,1,3),(369,'2017-11-09 10:02:37',4,17,209,1,3),(370,'2017-11-09 10:16:18',1,18,219,1,1),(371,'2017-11-09 10:20:19',4,36,219,1,3),(372,'2017-11-09 10:23:27',4,2,219,1,2),(373,'2017-11-09 10:25:19',1,13,219,1,2),(374,'2017-11-09 10:25:31',4,13,219,1,2),(375,'2017-11-09 10:25:43',4,7,219,1,2),(376,'2017-11-10 01:54:04',1,1,224,1,2),(377,'2017-11-10 02:13:28',4,1,224,1,2),(378,'2017-11-10 02:26:15',4,5,224,1,3),(379,'2017-11-10 02:29:50',4,18,224,1,1),(380,'2017-11-10 02:31:04',4,16,224,1,1),(381,'2017-11-10 02:31:36',4,3,224,1,2),(382,'2017-11-10 02:32:21',4,2,224,1,3),(383,'2017-11-10 02:36:50',4,13,224,1,3),(384,'2017-11-10 02:53:24',1,1,228,1,3),(385,'2017-11-10 04:01:45',4,9,224,1,2),(386,'2017-11-10 04:11:39',4,11,224,1,2),(387,'2017-11-10 04:44:53',4,14,258,1,1),(388,'2017-11-10 04:44:58',4,17,258,1,1),(389,'2017-11-10 04:45:10',4,4,258,1,1),(390,'2017-11-10 04:45:55',1,1,258,1,2),(391,'2017-11-10 04:51:00',4,3,258,1,2),(392,'2017-11-10 04:51:05',3,1,258,1,2),(393,'2017-11-10 04:53:18',4,13,258,1,3),(394,'2017-11-10 04:53:50',4,15,258,1,3),(395,'2017-11-10 06:50:59',1,30,266,1,2),(396,'2017-11-10 06:51:07',4,30,266,1,2),(397,'2017-11-10 08:16:50',4,1,268,1,1),(398,'2017-11-10 09:47:57',4,1,279,1,1),(399,'2017-11-16 01:38:52',1,1,288,1,1),(400,'2017-11-16 02:57:26',1,1,288,1,2),(401,'2017-11-16 02:57:42',1,1,288,1,2),(402,'2017-11-16 03:17:14',1,4,288,1,3),(403,'2017-11-16 03:17:42',1,3,288,1,1),(404,'2017-11-16 03:18:52',1,3,288,1,1),(405,'2017-11-16 03:21:45',1,3,288,1,1),(406,'2017-11-16 03:24:07',1,3,288,1,1),(407,'2017-11-16 03:24:46',1,3,288,1,1),(408,'2017-11-16 03:26:55',1,3,288,1,1),(409,'2017-11-16 03:28:05',1,3,288,1,1),(410,'2017-11-16 03:28:29',1,3,288,1,1),(411,'2017-11-16 03:29:00',1,3,288,1,1),(412,'2017-11-16 03:29:52',1,3,288,1,1),(413,'2017-11-16 03:30:58',1,13,288,1,2),(414,'2017-11-16 03:31:45',1,13,288,1,2),(415,'2017-11-16 03:32:30',1,13,288,1,2),(416,'2017-11-16 03:34:08',1,13,288,1,2),(417,'2017-11-16 03:38:53',1,13,288,1,2),(418,'2017-11-16 03:39:29',1,13,288,1,2),(419,'2017-11-16 03:40:24',1,12,288,1,3),(420,'2017-11-16 03:41:21',1,12,288,1,3),(421,'2017-11-16 03:42:04',1,1,288,1,3),(422,'2017-11-16 03:43:26',1,1,288,1,3),(423,'2017-11-16 03:44:24',1,1,288,1,3),(424,'2017-11-16 03:46:14',1,1,288,1,3),(425,'2017-11-16 03:47:08',1,1,288,1,3),(426,'2017-11-16 04:02:55',1,2,288,1,1),(427,'2017-11-16 04:33:54',1,2,291,1,1),(428,'2017-11-16 04:34:11',1,2,292,1,1),(429,'2017-11-16 04:34:33',1,2,292,1,1),(430,'2017-11-16 04:36:06',1,4,294,1,1),(431,'2017-11-16 04:36:46',1,4,296,1,1),(432,'2017-11-16 04:37:16',1,12,292,1,2),(433,'2017-11-16 04:38:33',1,4,296,1,1),(434,'2017-11-16 04:39:34',1,13,296,1,2),(435,'2017-11-16 04:42:13',1,3,296,1,1),(436,'2017-11-16 04:42:20',1,2,288,1,1),(437,'2017-11-16 06:37:02',1,1,297,1,1),(438,'2017-11-16 06:37:07',1,1,297,1,1),(439,'2017-11-16 06:39:07',1,14,297,1,1),(440,'2017-11-16 06:43:32',1,14,297,1,1),(441,'2017-11-16 06:43:53',1,14,297,1,1),(442,'2017-11-16 07:16:27',1,1,297,1,1),(443,'2017-11-16 07:17:43',1,1,304,1,1),(444,'2017-11-20 04:05:50',3,13,1,0,1),(445,'2017-11-20 04:06:23',3,17,1,0,1),(446,'2017-11-20 05:02:15',3,13,326,1,1),(447,'2017-11-20 06:36:49',3,5,330,1,1),(448,'2017-11-20 08:16:50',3,16,335,1,1),(449,'2017-11-21 09:51:26',1,14,340,1,1),(450,'2017-11-21 09:52:21',1,14,340,1,1),(451,'2017-11-22 07:33:52',3,18,348,1,1),(452,'2017-11-22 07:35:16',3,10,347,1,1),(453,'2017-11-22 07:35:17',3,10,348,1,1),(454,'2017-11-22 07:35:23',3,13,347,1,1),(455,'2017-11-22 07:36:40',4,13,347,1,1),(456,'2017-11-22 07:36:42',3,13,348,1,1),(457,'2017-11-22 07:37:15',3,13,348,1,1),(458,'2017-11-22 07:53:33',1,6,350,1,1),(459,'2017-11-23 03:53:45',1,13,360,1,1),(460,'2017-11-23 04:07:09',1,13,366,1,1),(461,'2017-11-23 04:44:02',1,14,367,1,1),(462,'2017-11-23 04:47:18',1,18,360,1,1),(463,'2017-11-23 04:47:39',1,11,360,1,1),(464,'2017-11-23 04:47:48',1,13,360,1,1),(465,'2017-11-23 04:47:57',1,12,360,1,1),(466,'2017-11-23 04:48:09',1,14,360,1,1),(467,'2017-11-23 04:48:20',1,3,360,1,1),(468,'2017-11-23 04:48:24',1,6,360,1,1),(469,'2017-11-23 06:46:12',1,13,368,1,1),(470,'2017-11-23 06:47:46',1,13,368,1,1),(471,'2017-11-23 06:49:28',1,13,368,1,1),(472,'2017-11-23 06:50:50',4,13,368,1,1),(473,'2017-11-23 06:54:38',4,13,378,1,1),(474,'2017-11-23 06:54:42',3,10,378,1,1),(475,'2017-11-23 06:54:45',1,6,378,1,1),(476,'2017-11-23 06:58:11',1,13,368,1,1),(477,'2017-11-23 07:01:36',1,13,368,1,1),(478,'2017-11-23 07:05:08',1,13,368,1,1),(479,'2017-11-23 07:06:36',1,13,368,1,1),(480,'2017-11-23 07:06:50',4,17,378,1,1),(481,'2017-11-23 08:01:11',1,10,368,1,1),(482,'2017-11-23 08:02:25',1,10,368,1,1),(483,'2017-11-23 08:03:19',1,10,368,1,1),(484,'2017-11-23 08:08:00',1,13,368,1,1),(485,'2017-11-23 10:13:59',1,11,381,1,1),(486,'2017-11-27 02:15:05',4,3,382,1,1),(487,'2017-11-27 02:17:53',4,10,384,1,1),(488,'2017-11-27 02:18:00',4,3,384,1,1),(489,'2017-11-27 02:18:09',4,3,383,1,1),(490,'2017-11-27 02:18:12',4,6,383,1,1),(491,'2017-11-27 02:18:17',4,13,384,1,1),(492,'2017-11-27 02:30:25',1,10,383,1,1),(493,'2017-11-27 02:31:40',3,10,383,1,1),(498,'2017-11-27 02:50:44',3,6,3,0,1),(500,'2017-11-27 02:50:50',4,10,3,0,1),(506,'2017-11-27 02:51:38',3,10,3,0,1),(509,'2017-11-27 02:51:57',4,11,3,0,1),(511,'2017-11-27 02:52:04',5,11,3,0,1),(516,'2017-11-27 02:54:10',5,6,3,0,1),(517,'2017-11-27 02:54:52',4,7,3,0,1),(518,'2017-11-27 02:54:56',4,15,3,0,1),(520,'2017-11-27 02:55:14',4,9,3,0,1),(521,'2017-11-27 02:55:20',3,9,3,0,1),(522,'2017-11-27 02:55:29',5,13,3,0,1),(523,'2017-11-27 02:55:32',3,13,3,0,1),(524,'2017-11-27 02:55:35',4,13,3,0,1),(525,'2017-11-27 03:03:54',4,8,3,0,1),(526,'2017-11-27 03:05:47',4,4,3,0,1),(528,'2017-11-27 03:06:00',4,2,3,0,1),(529,'2017-11-27 03:06:04',3,2,3,0,1),(531,'2017-11-27 03:20:15',5,3,3,0,1),(532,'2017-11-27 03:20:18',5,11,3,0,1),(533,'2017-11-27 03:20:20',5,6,3,0,1),(534,'2017-11-27 03:20:23',5,13,3,0,1),(535,'2017-11-27 03:20:28',5,10,3,0,1),(536,'2017-11-27 03:20:35',5,10,3,0,1),(537,'2017-11-27 03:20:39',5,18,3,0,1),(538,'2017-11-27 03:22:24',4,10,3,0,1),(539,'2017-11-27 03:25:10',5,10,3,0,1),(540,'2017-11-27 03:26:06',4,2,3,0,1),(542,'2017-11-27 03:30:32',4,30,3,0,1),(544,'2017-11-27 03:31:52',4,30,3,0,1),(546,'2017-11-27 03:32:15',4,23,3,0,1),(549,'2017-11-27 03:32:30',4,22,3,0,1),(551,'2017-11-27 03:32:46',4,10,3,0,1),(552,'2017-11-27 03:32:46',4,12,3,0,1),(554,'2017-11-27 03:34:20',4,20,3,0,1),(561,'2017-11-27 03:39:25',5,10,3,0,1),(564,'2017-11-27 03:45:04',4,13,3,0,1),(565,'2017-11-27 03:46:29',3,13,3,0,1),(566,'2017-11-27 03:47:24',5,4,3,0,1),(567,'2017-11-27 03:47:26',3,4,3,0,1),(568,'2017-11-27 03:47:30',4,14,3,0,1),(569,'2017-11-27 03:48:30',4,1,3,0,1),(570,'2017-11-27 03:50:53',3,9,3,0,1),(571,'2017-11-27 03:51:24',4,15,3,0,1),(572,'2017-11-27 03:54:57',3,13,3,0,1),(582,'2017-11-27 04:19:19',1,14,386,1,1),(583,'2017-11-27 04:19:24',4,14,386,1,1),(584,'2017-11-27 04:19:27',4,2,386,1,1),(585,'2017-11-27 04:19:37',1,13,386,1,1),(586,'2017-11-27 04:21:54',4,13,387,1,1),(587,'2017-11-27 04:22:13',4,10,387,1,1),(588,'2017-11-27 04:22:19',4,2,387,1,1),(589,'2017-11-27 04:29:26',4,13,388,1,1),(590,'2017-11-27 04:29:39',4,10,388,1,1),(591,'2017-11-27 04:30:56',4,4,388,1,1),(593,'2017-11-27 04:31:43',4,30,388,1,1),(595,'2017-11-27 04:33:21',1,11,388,1,1),(596,'2017-11-27 04:34:05',4,11,388,1,1),(597,'2017-11-27 04:35:47',4,1,388,1,1),(598,'2017-11-27 04:36:44',4,6,388,1,1),(599,'2017-11-27 04:52:56',4,3,390,1,1),(600,'2017-11-27 04:53:16',3,5,390,1,1),(601,'2017-11-27 04:56:30',4,5,390,1,1),(602,'2017-11-27 06:49:14',1,10,391,1,1),(603,'2017-11-27 06:49:53',4,10,391,1,1),(604,'2017-11-27 06:51:18',4,4,391,1,1),(605,'2017-11-27 08:05:02',4,13,393,1,1),(606,'2017-11-27 08:06:13',4,8,393,1,1),(607,'2017-11-27 08:08:39',3,10,393,1,1),(608,'2017-11-27 08:08:48',1,11,393,1,1),(609,'2017-11-27 08:10:09',4,1,393,1,1),(610,'2017-11-27 08:12:49',4,6,393,1,1),(611,'2017-11-27 08:14:36',1,7,393,1,1),(612,'2017-11-27 08:14:50',1,7,393,1,1),(613,'2017-11-27 08:14:53',1,7,393,1,1),(614,'2017-11-27 08:14:56',1,7,393,1,1),(615,'2017-11-27 08:15:05',1,9,393,1,1),(616,'2017-11-27 08:15:20',1,9,393,1,1),(617,'2017-11-27 08:15:34',1,7,393,1,1),(618,'2017-11-27 08:15:41',3,8,393,1,1),(619,'2017-11-27 08:15:44',1,8,393,1,1),(620,'2017-11-27 08:15:55',1,7,393,1,1),(621,'2017-11-27 08:16:06',1,12,393,1,1),(622,'2017-11-27 08:16:28',1,11,394,1,1),(623,'2017-11-27 08:18:04',1,7,393,1,1),(624,'2017-11-28 01:34:01',3,10,395,1,1),(625,'2017-11-28 01:40:32',1,30,399,1,1),(626,'2017-11-28 01:41:07',1,23,399,1,1),(627,'2017-11-28 01:41:17',1,30,399,1,1),(628,'2017-11-28 01:42:42',5,18,1,0,1),(629,'2017-11-28 01:42:46',5,17,1,0,1),(630,'2017-11-28 01:42:49',5,16,1,0,1),(631,'2017-11-28 01:42:53',5,15,1,0,1),(632,'2017-11-28 01:42:56',5,14,1,0,1),(633,'2017-11-28 01:47:19',3,15,1,0,1),(634,'2017-11-28 01:47:23',3,12,1,0,1),(635,'2017-11-28 01:48:02',3,3,397,1,1),(636,'2017-11-28 01:48:08',3,10,397,1,1),(637,'2017-11-28 01:48:11',3,7,397,1,1),(638,'2017-11-28 01:48:14',3,6,397,1,1),(639,'2017-11-28 02:01:46',1,14,1,0,1),(640,'2017-11-28 02:02:02',1,23,1,0,1),(641,'2017-11-28 02:02:25',1,7,397,1,1),(642,'2017-11-28 02:04:29',1,9,1,0,1),(643,'2017-11-28 02:05:15',1,9,1,0,1),(644,'2017-11-28 02:06:52',1,9,1,0,1),(645,'2017-11-28 02:07:08',1,9,1,0,1),(646,'2017-11-28 02:07:17',1,7,397,1,1),(647,'2017-11-28 02:15:02',1,7,397,1,1),(648,'2017-11-28 02:15:14',1,9,397,1,1),(649,'2017-11-28 02:15:21',1,3,1,0,1),(650,'2017-11-28 02:15:34',1,10,397,1,1),(651,'2017-11-28 02:16:10',1,11,397,1,1),(652,'2017-11-28 02:24:23',1,18,398,1,1),(653,'2017-11-28 02:50:40',1,18,1,0,1),(654,'2017-11-28 02:51:22',1,18,1,0,1),(655,'2017-11-28 03:06:19',3,18,1,0,1),(656,'2017-11-28 03:10:45',3,16,1,0,1),(657,'2017-11-28 03:10:57',3,13,1,0,1),(658,'2017-11-28 03:24:34',1,7,397,1,1),(659,'2017-11-28 03:24:56',4,7,397,1,1),(660,'2017-11-28 03:25:16',1,30,397,1,1),(661,'2017-11-28 03:25:21',1,30,397,1,1),(662,'2017-11-28 03:25:33',4,30,397,1,1),(663,'2017-11-28 03:27:29',4,7,3,0,1),(664,'2017-11-28 03:30:24',5,3,3,0,1),(665,'2017-11-28 03:31:12',5,3,3,0,1),(666,'2017-11-28 03:31:15',5,13,3,0,1),(667,'2017-11-28 03:31:18',5,11,3,0,1),(668,'2017-11-28 03:49:26',1,1,405,1,1),(669,'2017-11-28 03:52:22',1,18,3,0,1),(670,'2017-11-28 08:19:28',1,11,408,1,1),(671,'2017-12-20 04:55:56',1,10,418,1,1),(672,'2017-12-20 07:56:15',1,13,419,1,1),(673,'2017-12-21 01:31:50',1,1,420,1,1),(674,'2017-12-21 01:50:39',1,1,420,1,1),(675,'2017-12-21 02:17:55',1,1,420,1,1),(676,'2017-12-21 02:20:01',1,1,420,1,1),(677,'2017-12-21 02:22:21',1,1,420,1,1),(678,'2017-12-21 02:24:34',1,1,420,1,1),(679,'2017-12-21 02:24:41',1,1,420,1,1),(680,'2017-12-21 02:50:28',1,1,420,1,1),(681,'2017-12-21 03:00:17',1,1,420,1,1),(682,'2017-12-21 03:29:27',1,1,420,1,1),(683,'2017-12-21 03:33:44',1,1,420,1,1),(684,'2017-12-21 03:36:40',1,1,420,1,1),(685,'2017-12-21 03:48:18',1,1,420,1,1),(686,'2017-12-21 03:49:58',1,1,420,1,1),(687,'2017-12-21 03:51:31',1,1,420,1,1),(688,'2017-12-21 03:52:41',1,1,420,1,1),(689,'2017-12-21 03:53:24',1,1,420,1,1),(690,'2017-12-21 03:53:32',1,1,420,1,1),(691,'2017-12-21 03:54:21',1,1,420,1,1),(692,'2017-12-21 03:57:23',1,1,420,1,1),(693,'2017-12-21 03:58:02',1,1,420,1,1),(694,'2017-12-21 04:01:23',1,1,420,1,1),(695,'2017-12-21 04:02:32',1,1,420,1,1),(696,'2017-12-21 04:03:34',1,1,420,1,1),(697,'2017-12-21 04:04:12',1,1,420,1,1),(698,'2017-12-21 04:04:43',1,1,420,1,1),(699,'2017-12-21 04:06:25',1,1,420,1,1),(700,'2017-12-21 04:07:16',1,1,420,1,1),(701,'2017-12-21 04:10:39',1,1,420,1,1),(702,'2017-12-21 04:12:44',1,1,420,1,1),(703,'2017-12-21 04:17:29',3,33,420,1,1),(704,'2017-12-21 06:42:11',1,11,421,1,1),(705,'2017-12-21 06:57:37',1,11,421,1,1),(706,'2017-12-21 07:03:56',1,11,421,1,1),(707,'2017-12-21 07:05:12',1,11,421,1,1),(708,'2017-12-21 07:06:18',1,11,421,1,1),(709,'2017-12-21 07:07:04',1,11,421,1,1),(710,'2017-12-21 07:08:48',1,11,421,1,1),(711,'2017-12-21 07:10:25',1,11,421,1,1),(712,'2017-12-21 07:11:18',1,11,421,1,1),(713,'2017-12-21 07:12:43',1,11,421,1,1),(714,'2017-12-21 07:13:26',1,11,421,1,1),(715,'2017-12-21 07:14:49',1,11,421,1,1),(716,'2017-12-21 07:15:47',1,11,421,1,1),(717,'2017-12-21 07:17:07',1,11,421,1,1),(718,'2017-12-21 07:19:01',1,11,421,1,1),(719,'2017-12-21 07:26:34',1,11,421,1,1),(720,'2017-12-21 07:30:17',1,11,421,1,1),(721,'2017-12-21 07:32:04',1,11,421,1,1),(722,'2017-12-21 07:32:55',1,11,421,1,1),(723,'2017-12-21 07:34:09',1,11,421,1,1),(724,'2017-12-21 07:35:06',1,11,421,1,1),(725,'2017-12-21 07:35:58',1,11,421,1,1),(726,'2017-12-21 07:40:40',1,11,421,1,1),(727,'2017-12-21 07:40:51',1,4,421,1,1),(728,'2017-12-21 07:41:56',1,4,421,1,1),(729,'2017-12-21 07:42:25',1,2,421,1,1),(730,'2017-12-21 07:42:36',1,23,421,1,1),(731,'2017-12-21 07:42:45',1,1,421,1,1),(732,'2017-12-21 07:44:12',1,1,421,1,1),(733,'2017-12-21 07:44:58',1,1,421,1,1),(734,'2017-12-21 07:46:54',1,1,421,1,1),(735,'2017-12-21 07:47:10',1,5,421,1,1),(736,'2017-12-21 07:49:20',1,5,421,1,1),(737,'2017-12-21 08:35:16',4,1,421,1,1),(738,'2017-12-21 09:49:34',1,1,421,1,1),(739,'2017-12-21 10:20:27',1,1,421,1,1),(740,'2017-12-21 10:23:25',1,1,421,1,1),(741,'2017-12-22 08:55:14',1,10,424,1,1),(742,'2017-12-22 10:20:44',1,36,424,1,1),(743,'2017-12-25 01:46:37',4,1,432,1,1),(744,'2017-12-25 01:46:44',4,11,432,1,1),(745,'2017-12-25 03:31:43',1,13,434,1,2),(746,'2017-12-25 03:34:03',1,13,434,1,1),(747,'2017-12-25 03:35:14',1,1,434,1,2),(748,'2017-12-25 03:38:20',1,1,434,1,2),(749,'2017-12-25 03:39:31',1,1,434,1,2),(750,'2017-12-25 03:41:30',1,1,434,1,2),(751,'2017-12-25 03:41:58',1,13,434,1,2),(752,'2017-12-25 03:42:58',1,13,434,1,2),(753,'2017-12-25 03:44:08',1,13,434,1,2),(754,'2017-12-25 03:44:48',1,13,434,1,2),(755,'2017-12-25 03:45:14',1,13,434,1,2),(756,'2017-12-25 03:46:07',1,13,434,1,2),(757,'2017-12-25 03:47:15',1,13,434,1,2),(758,'2017-12-25 06:56:47',1,1,435,1,4),(759,'2017-12-25 06:58:12',1,1,435,1,4),(760,'2017-12-25 06:59:21',1,1,435,1,4),(761,'2017-12-25 08:24:53',1,11,435,1,1),(762,'2017-12-25 08:24:58',1,1,435,1,1),(763,'2017-12-25 08:31:05',1,13,435,1,1),(764,'2017-12-25 08:32:14',1,11,436,1,1),(765,'2017-12-25 10:34:56',1,11,439,1,1),(766,'2017-12-25 10:44:33',1,1,439,1,1),(768,'2017-12-26 03:34:16',1,10,4,0,1),(769,'2017-12-26 03:34:32',1,11,4,0,1),(770,'2017-12-26 03:34:42',1,11,4,0,1),(771,'2017-12-26 03:34:56',1,1,4,0,1),(772,'2017-12-26 03:36:04',4,13,448,1,1),(773,'2017-12-26 03:36:34',4,1,449,1,1),(774,'2017-12-26 03:36:58',4,13,450,1,1),(775,'2017-12-26 03:37:06',1,13,450,1,1),(776,'2017-12-26 03:37:35',4,11,451,1,1),(777,'2017-12-26 03:37:40',4,13,451,1,1),(778,'2017-12-26 03:37:45',4,1,451,1,1),(779,'2017-12-26 03:37:56',4,10,451,1,1),(780,'2017-12-26 03:39:47',4,13,454,1,1),(781,'2017-12-26 03:41:04',3,11,451,1,1),(782,'2017-12-26 03:41:10',3,13,451,1,1),(783,'2017-12-26 03:41:15',3,10,451,1,1),(784,'2017-12-26 03:41:22',3,1,451,1,1),(785,'2017-12-26 03:41:31',3,1,451,1,1),(786,'2017-12-26 03:47:27',4,11,4,0,1),(787,'2017-12-26 03:47:27',4,13,4,0,1),(788,'2017-12-26 03:47:27',4,1,4,0,1),(789,'2017-12-26 03:47:27',4,10,4,0,1),(790,'2017-12-26 03:48:22',5,11,4,0,1),(791,'2017-12-26 03:48:34',5,1,4,0,1),(792,'2017-12-26 03:48:39',5,13,4,0,1),(793,'2017-12-26 03:48:47',5,11,4,0,1),(794,'2017-12-26 03:49:41',5,33,4,0,1),(795,'2017-12-26 03:49:51',5,31,4,0,1),(796,'2017-12-26 03:50:18',4,1,446,1,1),(797,'2017-12-26 03:50:23',4,13,446,1,1),(798,'2017-12-26 03:50:32',5,18,4,0,1),(799,'2017-12-26 03:50:40',4,31,4,0,1),(800,'2017-12-26 03:51:58',4,33,4,0,1),(801,'2017-12-26 03:52:01',4,32,4,0,1),(802,'2017-12-26 03:52:05',4,31,4,0,1),(803,'2017-12-26 03:52:09',4,18,4,0,1),(804,'2017-12-26 03:52:12',4,17,4,0,1),(805,'2017-12-26 03:52:16',4,15,4,0,1),(806,'2017-12-26 03:53:14',4,13,441,1,1),(807,'2017-12-26 03:55:24',1,18,4,0,1),(808,'2017-12-26 04:00:03',1,33,446,1,1),(809,'2017-12-26 04:00:49',1,2,4,0,1),(810,'2017-12-26 04:00:59',4,2,4,0,1),(811,'2017-12-26 04:01:04',3,4,4,0,1),(812,'2017-12-26 04:01:07',5,4,4,0,1),(813,'2017-12-26 04:01:11',3,3,4,0,1),(814,'2017-12-26 04:05:23',4,13,4,0,1),(815,'2017-12-26 04:14:16',4,1,4,0,1),(816,'2017-12-26 04:14:24',3,1,4,0,1),(817,'2017-12-26 04:17:12',1,30,4,0,1),(818,'2017-12-26 04:17:25',1,36,4,0,1),(819,'2017-12-26 04:17:31',1,30,4,0,1),(820,'2017-12-26 04:17:37',1,23,4,0,1),(821,'2017-12-26 04:17:42',1,22,4,0,1),(822,'2017-12-26 04:17:58',1,30,4,0,1),(823,'2017-12-26 04:20:43',4,30,4,0,1),(824,'2017-12-26 04:20:55',1,30,4,0,1),(825,'2017-12-26 04:21:34',3,30,4,0,1),(826,'2017-12-26 04:21:41',1,23,4,0,1),(827,'2017-12-26 04:21:55',1,33,446,1,1),(828,'2017-12-26 04:22:09',4,23,4,0,1),(829,'2017-12-26 04:22:28',1,23,4,0,1),(830,'2017-12-26 04:22:58',1,23,4,0,1),(831,'2017-12-26 04:23:05',1,22,4,0,1),(832,'2017-12-26 04:23:26',1,30,4,0,1),(833,'2017-12-26 04:23:38',1,30,4,0,1),(834,'2017-12-26 04:23:43',1,21,4,0,1),(835,'2017-12-26 04:24:01',1,20,4,0,1),(836,'2017-12-26 04:24:10',1,19,4,0,1),(837,'2017-12-26 04:26:29',4,19,4,0,1),(838,'2017-12-26 04:26:34',1,22,4,0,1),(839,'2017-12-26 04:26:41',4,22,4,0,1),(840,'2017-12-26 04:26:48',1,22,4,0,1),(841,'2017-12-26 04:26:54',4,22,4,0,1),(842,'2017-12-26 04:27:05',1,21,4,0,1),(843,'2017-12-26 04:27:17',4,10,4,0,1),(844,'2017-12-26 04:27:18',4,12,4,0,1),(845,'2017-12-26 04:27:33',1,21,4,0,1),(846,'2017-12-26 04:27:44',4,20,4,0,1),(847,'2017-12-26 04:27:47',1,20,4,0,1),(848,'2017-12-26 04:29:14',1,30,4,0,1),(849,'2017-12-26 04:29:18',1,23,4,0,1),(850,'2017-12-26 04:29:20',1,22,4,0,1),(851,'2017-12-26 04:29:23',1,21,4,0,1),(852,'2017-12-26 04:29:25',1,20,4,0,1),(853,'2017-12-26 04:29:28',1,19,4,0,1),(854,'2017-12-26 04:30:34',1,23,4,0,1),(855,'2017-12-26 04:31:59',4,23,4,0,1),(856,'2017-12-26 04:37:16',1,10,4,0,1),(857,'2017-12-26 04:47:46',1,1,4,0,1),(858,'2017-12-26 04:47:50',1,1,4,0,1),(859,'2017-12-26 04:49:48',5,1,4,0,1),(860,'2017-12-26 04:49:51',3,1,4,0,1),(861,'2017-12-26 04:52:02',3,1,4,0,1),(862,'2017-12-26 04:53:11',3,5,4,0,1),(863,'2017-12-26 04:53:15',3,4,4,0,1),(864,'2017-12-26 04:53:18',3,3,4,0,1),(865,'2017-12-26 04:53:23',4,3,4,0,1),(866,'2017-12-26 04:53:29',5,6,4,0,1),(867,'2017-12-26 04:53:32',1,6,4,0,1),(868,'2017-12-26 04:54:28',1,5,4,0,1),(869,'2017-12-26 04:54:36',4,4,4,0,1),(870,'2017-12-26 04:54:41',5,5,4,0,1),(871,'2017-12-26 04:55:11',1,4,4,0,1),(875,'2017-12-26 06:44:57',4,34,458,1,1),(876,'2017-12-26 06:45:04',4,7,458,1,1),(877,'2017-12-26 06:45:09',3,8,458,1,1),(878,'2017-12-26 06:45:36',1,18,456,1,1),(879,'2017-12-26 06:48:40',4,1,458,1,1),(880,'2017-12-26 06:49:01',3,33,458,1,1),(881,'2017-12-26 06:49:09',3,36,458,1,1),(882,'2017-12-26 06:57:45',3,7,458,1,1),(883,'2017-12-26 06:58:37',3,5,458,1,1),(884,'2017-12-26 07:06:02',1,10,458,1,2),(885,'2017-12-26 07:06:42',4,10,458,1,2),(886,'2017-12-26 07:07:33',1,10,458,1,2),(887,'2017-12-26 07:07:53',4,5,458,1,2),(888,'2017-12-26 07:24:17',1,8,458,1,4),(889,'2017-12-26 07:24:44',1,8,458,1,4),(890,'2017-12-26 07:25:32',1,8,458,1,4),(891,'2017-12-26 07:29:24',1,8,458,1,4),(892,'2017-12-26 07:34:10',1,8,458,1,4),(893,'2017-12-26 07:47:22',4,36,463,1,1),(894,'2017-12-26 07:48:06',4,33,463,1,1),(895,'2017-12-26 07:49:31',4,36,4,0,1),(896,'2017-12-26 07:52:07',1,7,4,0,1),(897,'2017-12-26 07:53:19',4,14,4,0,1),(898,'2017-12-26 07:54:35',4,7,4,0,1),(899,'2017-12-26 07:55:25',4,13,4,0,1),(900,'2017-12-26 07:55:31',1,13,4,0,1),(901,'2017-12-26 07:56:48',1,1,4,0,1),(902,'2017-12-26 07:57:37',1,1,4,0,1),(903,'2017-12-26 07:58:33',1,13,460,1,1),(904,'2017-12-26 08:00:08',4,2,4,0,1),(905,'2017-12-26 09:36:14',4,1,467,1,1),(906,'2017-12-26 09:52:04',1,1,467,1,1),(907,'2017-12-27 03:12:57',1,1,470,1,2),(908,'2017-12-27 03:13:56',1,1,470,1,2),(909,'2017-12-27 03:14:07',1,1,470,1,1),(910,'2017-12-27 03:15:18',1,1,470,1,1),(911,'2017-12-27 03:16:58',1,1,470,1,1),(912,'2017-12-27 03:17:43',1,1,470,1,1),(913,'2017-12-27 03:36:02',1,1,470,1,1),(914,'2017-12-27 03:36:51',1,1,470,1,2),(915,'2017-12-27 04:13:43',1,1,470,1,1),(916,'2017-12-27 04:16:57',1,1,470,1,1),(917,'2017-12-27 04:17:20',1,4,470,1,1),(918,'2017-12-27 04:18:12',1,4,470,1,1),(919,'2017-12-27 04:18:45',1,3,470,1,1),(920,'2017-12-27 04:21:59',1,1,470,1,1),(921,'2017-12-27 04:22:07',1,1,470,1,5),(922,'2017-12-27 04:22:31',1,1,470,1,1),(923,'2017-12-27 04:25:36',1,1,470,1,1),(924,'2017-12-27 04:25:46',1,1,470,1,5),(925,'2017-12-27 04:26:29',1,1,470,1,1),(926,'2017-12-27 04:26:38',1,1,470,1,5),(927,'2017-12-27 04:29:19',1,1,470,1,5),(928,'2017-12-27 04:29:29',1,1,470,1,1),(929,'2017-12-27 04:46:14',1,1,470,1,2),(930,'2017-12-27 04:48:55',1,1,470,1,5),(931,'2017-12-27 04:49:06',1,1,470,1,1),(932,'2017-12-27 04:53:58',1,1,470,1,1),(933,'2017-12-27 06:44:17',1,19,477,1,1),(934,'2017-12-27 06:44:29',1,22,477,1,1),(935,'2017-12-27 06:44:42',1,30,477,1,1),(936,'2017-12-27 06:45:16',1,21,477,1,1),(937,'2017-12-27 06:45:30',1,23,477,1,1),(938,'2017-12-27 06:45:59',1,20,477,1,1),(939,'2017-12-27 06:47:02',1,20,477,1,1),(940,'2017-12-27 06:47:26',1,30,477,1,1),(941,'2017-12-27 06:52:25',1,1,477,1,6),(942,'2017-12-27 06:53:14',1,1,477,1,1),(943,'2017-12-27 06:54:32',1,1,477,1,6),(944,'2017-12-27 06:54:55',1,1,477,1,7),(945,'2017-12-27 06:55:40',1,1,477,1,7),(946,'2017-12-27 06:56:19',1,1,477,1,1),(947,'2017-12-27 06:56:28',1,1,477,1,6),(948,'2017-12-27 07:01:36',1,1,477,1,6),(949,'2017-12-27 07:03:18',1,1,477,1,6),(950,'2017-12-27 07:33:53',1,13,1,0,1),(951,'2017-12-27 07:36:21',1,1,1,0,1),(952,'2017-12-27 07:36:30',1,13,1,0,1),(953,'2017-12-27 07:36:39',1,11,1,0,1),(954,'2017-12-27 07:39:04',3,1,1,0,1),(955,'2017-12-27 07:39:07',1,13,1,0,1),(956,'2017-12-27 07:39:14',3,13,1,0,1),(957,'2017-12-27 07:39:18',3,11,1,0,1),(958,'2017-12-27 07:53:44',4,1,1,0,1),(959,'2017-12-27 07:55:00',1,1,1,0,1),(960,'2017-12-27 07:56:33',1,1,1,0,1),(961,'2017-12-27 07:58:23',1,1,1,0,1),(962,'2017-12-27 07:59:16',4,13,1,0,1),(963,'2017-12-27 07:59:19',4,11,1,0,1),(964,'2017-12-27 07:59:23',4,10,1,0,1),(965,'2017-12-27 08:00:55',1,2,1,0,1),(966,'2017-12-27 08:13:54',4,33,478,1,1),(967,'2017-12-27 08:14:19',4,33,1,0,1),(968,'2017-12-27 08:22:52',1,30,1,0,1),(969,'2017-12-27 08:25:10',1,30,1,0,1),(970,'2017-12-27 08:26:23',1,30,1,0,1),(971,'2017-12-27 08:26:36',1,30,1,0,1),(972,'2017-12-27 08:27:19',1,30,1,0,1),(973,'2017-12-27 08:29:12',1,19,1,0,1),(974,'2017-12-27 08:29:18',1,22,1,0,1),(975,'2017-12-27 08:29:22',1,23,1,0,1),(976,'2017-12-27 08:29:31',1,30,1,0,1),(977,'2017-12-27 08:29:35',1,21,1,0,1),(978,'2017-12-27 08:29:40',1,20,1,0,1),(979,'2017-12-27 08:29:45',1,19,1,0,1),(980,'2017-12-27 08:29:52',1,30,1,0,1),(981,'2017-12-27 08:32:18',1,23,1,0,1),(982,'2017-12-27 08:33:31',1,23,1,0,1),(983,'2017-12-27 08:35:20',1,23,1,0,1),(984,'2017-12-27 09:22:37',1,1,1,0,5),(985,'2017-12-27 09:22:58',1,1,480,1,1),(986,'2017-12-27 09:23:11',1,1,480,1,5),(987,'2017-12-27 09:29:30',1,1,480,1,5),(988,'2017-12-27 09:29:53',1,1,1,0,5),(989,'2017-12-27 09:30:09',1,1,1,0,1),(990,'2017-12-27 09:35:04',1,1,1,0,1),(991,'2017-12-27 09:35:40',1,1,480,1,5),(992,'2017-12-28 01:46:50',4,1,481,1,1),(993,'2017-12-28 02:16:00',4,13,481,1,1),(994,'2017-12-28 02:19:07',1,13,482,1,1),(995,'2017-12-28 02:23:11',4,33,4,0,1),(996,'2017-12-28 02:23:59',4,5,4,0,1),(997,'2017-12-28 02:24:26',4,11,4,0,1),(998,'2017-12-28 02:24:54',1,13,4,0,1),(999,'2017-12-28 02:28:33',4,18,4,0,1),(1000,'2017-12-28 02:31:12',4,31,4,0,1),(1001,'2017-12-28 02:33:01',4,1,4,0,1),(1002,'2017-12-28 02:33:06',4,13,4,0,1),(1003,'2017-12-28 02:33:12',4,10,4,0,1),(1004,'2017-12-28 02:35:26',1,13,4,0,1),(1005,'2017-12-28 02:35:46',4,13,4,0,1),(1006,'2017-12-28 02:35:52',1,1,4,0,1),(1007,'2017-12-28 02:36:04',4,1,4,0,1),(1008,'2017-12-28 02:37:31',4,1,481,1,4),(1009,'2017-12-28 02:37:34',4,13,481,1,4),(1010,'2017-12-28 02:37:42',4,11,481,1,4),(1011,'2017-12-28 02:40:51',1,10,4,0,1),(1012,'2017-12-28 02:41:10',3,10,4,0,1),(1013,'2017-12-28 02:41:15',3,11,4,0,1),(1014,'2017-12-28 02:41:18',3,10,4,0,1),(1015,'2017-12-28 02:41:22',3,13,4,0,1),(1016,'2017-12-28 02:41:25',3,1,4,0,1),(1017,'2017-12-28 02:41:54',5,13,4,0,1),(1018,'2017-12-28 02:43:08',1,13,4,0,1),(1019,'2017-12-28 02:44:34',1,4,4,0,1),(1020,'2017-12-28 02:44:52',1,1,4,0,1),(1021,'2017-12-28 02:44:58',1,2,4,0,1),(1022,'2017-12-28 02:45:03',1,4,4,0,1),(1023,'2017-12-28 02:45:09',4,4,4,0,1),(1024,'2017-12-28 02:45:12',3,3,4,0,1),(1025,'2017-12-28 02:45:17',5,3,4,0,1),(1026,'2017-12-28 02:47:28',1,13,481,1,4),(1027,'2017-12-28 02:47:28',1,30,4,0,1),(1028,'2017-12-28 02:48:14',5,30,4,0,1),(1029,'2017-12-28 02:48:18',1,30,4,0,1),(1030,'2017-12-28 02:48:27',4,30,4,0,1),(1031,'2017-12-28 02:49:31',1,23,4,0,1),(1032,'2017-12-28 02:50:28',1,13,481,1,4),(1033,'2017-12-28 02:50:44',1,1,481,1,4),(1034,'2017-12-28 02:51:06',1,1,4,0,1),(1035,'2017-12-28 03:02:31',1,1,4,0,5),(1036,'2017-12-28 03:06:27',4,10,487,1,1),(1037,'2017-12-28 03:07:19',1,1,487,1,1),(1038,'2017-12-28 03:09:04',4,33,4,0,1),(1039,'2017-12-28 03:10:03',3,33,4,0,1),(1040,'2017-12-28 03:11:27',1,1,4,0,1),(1041,'2017-12-28 03:11:44',1,4,4,0,1),(1042,'2017-12-28 03:11:59',1,3,4,0,1),(1043,'2017-12-28 03:12:21',1,1,4,0,1),(1044,'2017-12-28 03:12:29',1,1,4,0,5),(1045,'2017-12-28 03:12:40',1,19,4,0,5),(1046,'2017-12-28 03:12:44',1,22,4,0,5),(1047,'2017-12-28 03:12:46',1,30,4,0,5),(1048,'2017-12-28 03:12:48',1,21,4,0,5),(1049,'2017-12-28 03:12:50',1,23,4,0,5),(1050,'2017-12-28 03:12:53',1,20,4,0,5),(1051,'2017-12-28 03:13:36',1,1,4,0,6),(1052,'2017-12-28 03:13:40',1,1,4,0,1),(1053,'2017-12-28 03:13:42',1,1,4,0,7),(1054,'2017-12-28 03:15:00',1,13,4,0,7),(1055,'2017-12-28 03:15:11',1,1,4,0,7),(1056,'2017-12-28 03:15:24',1,13,4,0,7),(1057,'2017-12-28 03:21:22',1,13,481,1,1),(1058,'2017-12-28 03:21:27',1,13,481,1,1),(1059,'2017-12-28 03:21:45',1,30,4,0,7),(1060,'2017-12-28 03:21:51',1,23,4,0,7),(1061,'2017-12-28 03:21:58',1,22,4,0,7),(1062,'2017-12-28 03:22:13',1,11,481,1,1),(1063,'2017-12-28 03:22:20',1,13,481,1,1),(1064,'2017-12-28 03:22:25',1,1,481,1,1),(1065,'2017-12-28 03:22:30',1,10,481,1,1),(1066,'2017-12-28 03:22:31',1,21,4,0,7),(1067,'2017-12-28 03:22:37',1,20,4,0,7),(1068,'2017-12-28 03:22:43',1,19,4,0,7),(1069,'2017-12-28 03:22:50',1,22,4,0,7),(1070,'2017-12-28 03:22:51',1,30,481,1,1),(1071,'2017-12-28 03:22:57',1,23,481,1,1),(1072,'2017-12-28 03:23:02',1,23,4,0,7),(1073,'2017-12-28 03:23:23',1,19,481,1,1),(1074,'2017-12-28 03:23:28',1,20,481,1,1),(1075,'2017-12-28 03:24:43',1,23,481,1,1),(1076,'2017-12-28 03:26:38',1,23,481,1,1),(1077,'2017-12-28 03:27:30',1,23,481,1,1),(1078,'2017-12-28 03:27:40',1,23,4,0,7),(1079,'2017-12-28 03:31:24',1,13,489,1,1),(1080,'2017-12-28 03:37:55',4,13,490,1,1),(1081,'2017-12-28 03:38:04',4,11,490,1,1),(1082,'2017-12-28 03:38:41',4,10,490,1,1),(1083,'2017-12-28 03:38:49',4,13,4,0,4),(1084,'2017-12-28 03:50:04',4,16,1,0,1),(1085,'2017-12-28 03:54:32',4,18,1,0,1),(1086,'2017-12-28 03:57:44',4,17,1,0,1),(1087,'2017-12-28 04:04:11',4,14,1,0,1),(1088,'2017-12-28 04:10:05',4,15,1,0,1),(1089,'2017-12-28 04:10:36',5,36,1,0,1),(1090,'2017-12-28 04:10:39',5,35,1,0,1),(1091,'2017-12-28 04:10:42',5,34,1,0,1),(1092,'2017-12-28 04:10:46',5,33,1,0,1),(1093,'2017-12-28 04:10:49',5,32,1,0,1),(1094,'2017-12-28 04:10:52',5,31,1,0,1),(1095,'2017-12-28 04:10:56',5,18,1,0,1),(1096,'2017-12-28 04:11:00',5,17,1,0,1),(1097,'2017-12-28 04:11:03',5,15,1,0,1),(1098,'2017-12-28 04:12:34',4,36,1,0,1),(1099,'2017-12-28 04:12:48',4,34,1,0,1),(1100,'2017-12-28 04:19:15',4,33,1,0,1),(1101,'2017-12-28 07:25:40',1,13,492,1,1),(1102,'2017-12-28 08:38:27',4,13,493,1,1),(1103,'2017-12-28 08:38:43',4,13,1,0,1),(1104,'2017-12-28 08:38:55',5,1,1,0,1),(1105,'2017-12-28 08:39:05',4,32,1,0,1),(1106,'2017-12-28 08:39:21',4,18,1,0,1),(1107,'2017-12-28 08:40:44',4,31,1,0,1),(1108,'2017-12-28 08:41:54',4,17,1,0,1),(1109,'2017-12-29 03:33:48',4,36,497,1,1),(1110,'2017-12-29 03:34:28',4,34,497,1,1),(1111,'2017-12-29 03:40:12',1,36,497,1,1),(1112,'2017-12-29 03:41:31',1,1,500,1,1),(1113,'2017-12-29 04:16:49',4,13,499,1,1),(1114,'2018-10-11 04:02:20',4,13,503,1,1),(1115,'2018-10-11 04:02:24',1,13,503,1,1),(1116,'2018-10-11 04:02:43',1,14,503,1,1),(1117,'2018-10-11 04:03:09',4,5,503,1,1),(1118,'2018-10-11 04:03:13',4,4,503,1,1),(1119,'2018-10-11 04:44:35',1,1,504,1,1),(1120,'2018-10-11 04:44:36',1,4,504,1,1),(1121,'2018-10-11 04:44:39',1,3,504,1,1),(1122,'2018-10-11 04:50:00',1,1,504,1,1),(1123,'2018-10-11 04:50:41',4,1,504,1,1),(1124,'2018-10-11 04:53:53',1,13,5,0,1),(1125,'2018-10-11 04:54:03',4,13,5,0,1),(1126,'2018-10-11 04:56:00',4,11,5,0,1),(1127,'2018-10-11 04:59:03',1,11,505,1,1),(1128,'2018-10-11 05:01:09',4,11,507,1,1),(1129,'2018-10-11 05:01:13',1,11,507,1,1),(1130,'2018-10-11 06:41:37',4,11,508,1,1),(1131,'2018-10-11 06:41:41',4,13,508,1,1),(1132,'2018-10-11 06:44:58',4,11,5,0,1),(1133,'2018-10-11 06:46:14',4,13,5,0,1),(1134,'2018-10-11 06:54:14',4,11,5,0,1),(1135,'2018-10-11 07:04:21',4,33,509,1,1),(1136,'2018-10-11 07:04:25',4,14,509,1,1),(1137,'2018-10-11 07:04:31',3,14,509,1,1),(1138,'2018-10-11 07:04:52',1,6,509,1,1),(1139,'2018-10-11 07:05:25',1,4,509,1,1),(1140,'2018-10-11 07:05:28',1,3,509,1,1),(1141,'2018-10-11 07:05:29',1,1,509,1,1),(1142,'2018-10-11 07:08:11',1,4,509,1,1),(1143,'2018-10-11 07:13:18',1,1,0,1,1),(1144,'2018-10-12 02:52:23',1,10,0,1,1),(1145,'2018-10-12 02:53:09',4,10,510,1,1),(1146,'2018-10-12 02:53:25',4,11,510,1,1),(1147,'2018-10-12 02:53:29',3,11,510,1,1),(1148,'2018-10-12 02:54:12',1,10,510,1,1),(1149,'2018-10-12 02:55:16',4,3,510,1,1),(1150,'2018-10-12 02:55:19',4,5,510,1,1),(1151,'2018-10-12 03:00:57',4,10,6,0,1),(1152,'2018-10-12 03:00:57',4,11,6,0,1),(1153,'2018-10-12 03:00:57',4,3,6,0,1),(1154,'2018-10-12 03:00:57',4,5,6,0,1),(1155,'2018-10-12 03:13:23',1,13,6,0,1),(1156,'2018-10-12 03:15:24',3,7,6,0,1),(1157,'2018-10-12 03:15:27',4,7,6,0,1),(1158,'2018-10-12 03:17:12',1,33,6,0,1),(1159,'2018-10-12 03:17:20',4,33,6,0,1),(1160,'2018-10-12 03:26:08',4,1,6,0,1),(1161,'2018-10-12 03:30:53',1,1,6,0,1),(1162,'2018-10-12 03:30:55',1,4,6,0,1),(1163,'2018-10-12 03:30:56',1,3,6,0,1),(1164,'2018-10-12 03:59:13',1,1,0,1,1),(1165,'2018-10-12 03:59:39',1,4,0,1,1),(1166,'2018-10-12 03:59:42',1,3,0,1,1),(1167,'2018-10-12 04:06:27',1,1,0,1,1),(1168,'2018-10-12 04:20:57',1,1,0,1,1),(1169,'2018-10-12 04:22:12',1,1,511,1,5),(1170,'2018-10-12 04:33:02',1,1,511,1,5),(1171,'2018-10-12 04:33:37',1,3,511,1,1),(1172,'2018-10-12 04:33:52',1,1,511,1,1),(1173,'2018-10-12 04:34:05',1,1,511,1,5),(1174,'2018-10-12 04:35:32',1,1,511,1,5),(1175,'2018-10-12 04:36:05',1,1,511,1,6),(1176,'2018-10-12 04:36:14',1,1,511,1,1),(1177,'2018-10-12 04:36:22',1,1,511,1,7),(1178,'2018-10-12 04:36:31',4,1,511,1,1),(1179,'2018-10-12 04:43:52',4,11,7,0,1),(1180,'2018-10-12 07:52:23',4,11,512,1,1),(1181,'2018-10-12 07:56:14',4,11,513,1,1),(1182,'2019-07-03 07:55:27',1,11,529,1,1),(1183,'2019-10-22 08:00:58',1,10,0,1,1),(1184,'2019-10-22 08:01:12',1,10,0,1,1),(1185,'2019-10-22 08:01:12',1,10,0,1,1),(1186,'2019-10-22 08:01:14',1,10,0,1,1),(1187,'2019-10-22 08:09:19',1,11,0,1,1),(1188,'2019-10-22 08:10:22',1,3,0,1,1),(1189,'2019-10-22 08:10:27',1,3,0,1,1),(1190,'2019-10-22 08:11:56',1,11,0,1,1),(1191,'2019-10-22 08:12:37',1,1,0,1,1),(1192,'2019-10-22 08:19:58',1,11,0,1,1),(1193,'2019-10-22 08:20:48',1,2,0,1,1),(1194,'2019-10-22 08:25:36',1,11,0,1,1),(1195,'2019-10-22 08:26:18',1,2,0,1,1),(1196,'2019-10-24 03:40:53',1,11,0,1,1),(1197,'2019-10-24 04:01:11',1,10,0,1,1),(1198,'2019-10-24 04:01:25',4,10,530,1,1),(1199,'2019-10-24 04:04:46',1,11,0,1,1),(1200,'2019-10-24 07:18:13',4,13,531,1,1),(1201,'2019-10-24 07:22:31',1,35,531,1,1),(1202,'2019-10-24 07:23:23',4,35,531,1,1),(1203,'2019-10-24 07:24:35',1,35,531,1,1),(1204,'2019-10-24 07:27:08',1,1,531,1,1),(1205,'2019-10-24 07:27:14',1,4,531,1,1),(1206,'2019-10-24 07:27:16',1,1,531,1,1),(1207,'2019-10-24 07:27:18',1,1,531,1,5),(1208,'2019-10-24 07:27:24',1,3,531,1,1),(1209,'2019-10-24 07:30:20',4,6,531,1,1),(1210,'2019-10-24 07:31:53',4,2,531,1,1);

--
-- Table structure for table `report_event_types`
--

CREATE TABLE `report_event_types` (
  `event_type_id` smallint unsigned NOT NULL AUTO_INCREMENT COMMENT 'Event Type ID',
  `event_name` varchar(64) NOT NULL COMMENT 'Event Name',
  `customer_login` smallint unsigned NOT NULL DEFAULT '0' COMMENT 'Customer Login',
  PRIMARY KEY (`event_type_id`)
) ENGINE=InnoDB AUTO_INCREMENT=7 DEFAULT CHARSET=utf8 COMMENT='Reports Event Type Table';

--
-- Dumping data for table `report_event_types`
--

INSERT INTO `report_event_types` VALUES (1,'catalog_product_view',0),(2,'sendfriend_product',0),(3,'catalog_product_compare_add_product',0),(4,'checkout_cart_add_product',0),(5,'wishlist_add_product',0),(6,'wishlist_share',0);

--
-- Table structure for table `report_viewed_product_aggregated_daily`
--

CREATE TABLE `report_viewed_product_aggregated_daily` (
  `id` int unsigned NOT NULL AUTO_INCREMENT COMMENT 'ID',
  `period` date DEFAULT NULL COMMENT 'Period',
  `store_id` smallint unsigned DEFAULT NULL COMMENT 'Store ID',
  `product_id` int unsigned DEFAULT NULL COMMENT 'Product ID',
  `product_name` varchar(255) DEFAULT NULL COMMENT 'Product Name',
  `product_price` decimal(12,4) NOT NULL DEFAULT '0.0000' COMMENT 'Product Price',
  `views_num` int NOT NULL DEFAULT '0' COMMENT 'Number of Views',
  `rating_pos` smallint unsigned NOT NULL DEFAULT '0' COMMENT 'Rating Pos',
  PRIMARY KEY (`id`),
  UNIQUE KEY `REPORT_VIEWED_PRD_AGGRED_DAILY_PERIOD_STORE_ID_PRD_ID` (`period`,`store_id`,`product_id`),
  KEY `REPORT_VIEWED_PRODUCT_AGGREGATED_DAILY_STORE_ID` (`store_id`),
  KEY `REPORT_VIEWED_PRODUCT_AGGREGATED_DAILY_PRODUCT_ID` (`product_id`),
  CONSTRAINT `REPORT_VIEWED_PRD_AGGRED_DAILY_PRD_ID_CAT_PRD_ENTT_ENTT_ID` FOREIGN KEY (`product_id`) REFERENCES `catalog_product_entity` (`entity_id`) ON DELETE CASCADE,
  CONSTRAINT `REPORT_VIEWED_PRODUCT_AGGREGATED_DAILY_STORE_ID_STORE_STORE_ID` FOREIGN KEY (`store_id`) REFERENCES `store` (`store_id`) ON DELETE CASCADE
) ENGINE=InnoDB DEFAULT CHARSET=utf8 COMMENT='Most Viewed Products Aggregated Daily';

--
-- Dumping data for table `report_viewed_product_aggregated_daily`
--


--
-- Table structure for table `report_viewed_product_aggregated_monthly`
--

CREATE TABLE `report_viewed_product_aggregated_monthly` (
  `id` int unsigned NOT NULL AUTO_INCREMENT COMMENT 'ID',
  `period` date DEFAULT NULL COMMENT 'Period',
  `store_id` smallint unsigned DEFAULT NULL COMMENT 'Store ID',
  `product_id` int unsigned DEFAULT NULL COMMENT 'Product ID',
  `product_name` varchar(255) DEFAULT NULL COMMENT 'Product Name',
  `product_price` decimal(12,4) NOT NULL DEFAULT '0.0000' COMMENT 'Product Price',
  `views_num` int NOT NULL DEFAULT '0' COMMENT 'Number of Views',
  `rating_pos` smallint unsigned NOT NULL DEFAULT '0' COMMENT 'Rating Pos',
  PRIMARY KEY (`id`),
  UNIQUE KEY `REPORT_VIEWED_PRD_AGGRED_MONTHLY_PERIOD_STORE_ID_PRD_ID` (`period`,`store_id`,`product_id`),
  KEY `REPORT_VIEWED_PRODUCT_AGGREGATED_MONTHLY_STORE_ID` (`store_id`),
  KEY `REPORT_VIEWED_PRODUCT_AGGREGATED_MONTHLY_PRODUCT_ID` (`product_id`),
  CONSTRAINT `REPORT_VIEWED_PRD_AGGRED_MONTHLY_PRD_ID_CAT_PRD_ENTT_ENTT_ID` FOREIGN KEY (`product_id`) REFERENCES `catalog_product_entity` (`entity_id`) ON DELETE CASCADE,
  CONSTRAINT `REPORT_VIEWED_PRODUCT_AGGREGATED_MONTHLY_STORE_ID_STORE_STORE_ID` FOREIGN KEY (`store_id`) REFERENCES `store` (`store_id`) ON DELETE CASCADE
) ENGINE=InnoDB DEFAULT CHARSET=utf8 COMMENT='Most Viewed Products Aggregated Monthly';

--
-- Dumping data for table `report_viewed_product_aggregated_monthly`
--


--
-- Table structure for table `report_viewed_product_aggregated_yearly`
--

CREATE TABLE `report_viewed_product_aggregated_yearly` (
  `id` int unsigned NOT NULL AUTO_INCREMENT COMMENT 'ID',
  `period` date DEFAULT NULL COMMENT 'Period',
  `store_id` smallint unsigned DEFAULT NULL COMMENT 'Store ID',
  `product_id` int unsigned DEFAULT NULL COMMENT 'Product ID',
  `product_name` varchar(255) DEFAULT NULL COMMENT 'Product Name',
  `product_price` decimal(12,4) NOT NULL DEFAULT '0.0000' COMMENT 'Product Price',
  `views_num` int NOT NULL DEFAULT '0' COMMENT 'Number of Views',
  `rating_pos` smallint unsigned NOT NULL DEFAULT '0' COMMENT 'Rating Pos',
  PRIMARY KEY (`id`),
  UNIQUE KEY `REPORT_VIEWED_PRD_AGGRED_YEARLY_PERIOD_STORE_ID_PRD_ID` (`period`,`store_id`,`product_id`),
  KEY `REPORT_VIEWED_PRODUCT_AGGREGATED_YEARLY_STORE_ID` (`store_id`),
  KEY `REPORT_VIEWED_PRODUCT_AGGREGATED_YEARLY_PRODUCT_ID` (`product_id`),
  CONSTRAINT `REPORT_VIEWED_PRD_AGGRED_YEARLY_PRD_ID_CAT_PRD_ENTT_ENTT_ID` FOREIGN KEY (`product_id`) REFERENCES `catalog_product_entity` (`entity_id`) ON DELETE CASCADE,
  CONSTRAINT `REPORT_VIEWED_PRODUCT_AGGREGATED_YEARLY_STORE_ID_STORE_STORE_ID` FOREIGN KEY (`store_id`) REFERENCES `store` (`store_id`) ON DELETE CASCADE
) ENGINE=InnoDB DEFAULT CHARSET=utf8 COMMENT='Most Viewed Products Aggregated Yearly';

--
-- Dumping data for table `report_viewed_product_aggregated_yearly`
--


--
-- Table structure for table `report_viewed_product_index`
--

CREATE TABLE `report_viewed_product_index` (
  `index_id` bigint unsigned NOT NULL AUTO_INCREMENT COMMENT 'Index ID',
  `visitor_id` int unsigned DEFAULT NULL COMMENT 'Visitor ID',
  `customer_id` int unsigned DEFAULT NULL COMMENT 'Customer ID',
  `product_id` int unsigned NOT NULL COMMENT 'Product ID',
  `store_id` smallint unsigned DEFAULT NULL COMMENT 'Store ID',
  `added_at` timestamp NOT NULL DEFAULT CURRENT_TIMESTAMP COMMENT 'Added At',
  PRIMARY KEY (`index_id`),
  UNIQUE KEY `REPORT_VIEWED_PRODUCT_INDEX_VISITOR_ID_PRODUCT_ID` (`visitor_id`,`product_id`),
  UNIQUE KEY `REPORT_VIEWED_PRODUCT_INDEX_CUSTOMER_ID_PRODUCT_ID` (`customer_id`,`product_id`),
  KEY `REPORT_VIEWED_PRODUCT_INDEX_STORE_ID` (`store_id`),
  KEY `REPORT_VIEWED_PRODUCT_INDEX_ADDED_AT` (`added_at`),
  KEY `REPORT_VIEWED_PRODUCT_INDEX_PRODUCT_ID` (`product_id`),
  CONSTRAINT `REPORT_VIEWED_PRD_IDX_CSTR_ID_CSTR_ENTT_ENTT_ID` FOREIGN KEY (`customer_id`) REFERENCES `customer_entity` (`entity_id`) ON DELETE CASCADE,
  CONSTRAINT `REPORT_VIEWED_PRD_IDX_PRD_ID_CAT_PRD_ENTT_ENTT_ID` FOREIGN KEY (`product_id`) REFERENCES `catalog_product_entity` (`entity_id`) ON DELETE CASCADE,
  CONSTRAINT `REPORT_VIEWED_PRODUCT_INDEX_STORE_ID_STORE_STORE_ID` FOREIGN KEY (`store_id`) REFERENCES `store` (`store_id`) ON DELETE SET NULL
) ENGINE=InnoDB AUTO_INCREMENT=699 DEFAULT CHARSET=utf8 COMMENT='Reports Viewed Product Index Table';

--
-- Dumping data for table `report_viewed_product_index`
--

INSERT INTO `report_viewed_product_index` VALUES (1,15,NULL,17,1,'2017-10-12 08:34:38'),(2,15,NULL,1,1,'2017-10-12 09:52:57'),(3,27,NULL,14,1,'2017-10-14 03:15:42'),(4,29,NULL,1,1,'2017-10-16 03:27:58'),(54,31,NULL,1,1,'2017-10-16 06:40:33'),(55,33,NULL,1,1,'2017-10-16 06:41:30'),(58,35,NULL,18,1,'2017-10-16 08:57:48'),(59,35,NULL,17,1,'2017-10-16 08:57:50'),(60,35,NULL,16,1,'2017-10-16 08:57:50'),(61,35,NULL,15,1,'2017-10-16 08:57:51'),(62,35,NULL,14,1,'2017-10-16 08:57:52'),(63,35,NULL,13,1,'2017-10-16 08:57:58'),(64,35,NULL,12,1,'2017-10-16 08:57:59'),(65,35,NULL,10,1,'2017-10-16 08:58:03'),(66,35,NULL,11,1,'2017-10-16 08:58:04'),(82,35,NULL,9,1,'2017-10-16 09:04:14'),(83,35,NULL,8,1,'2017-10-16 09:04:17'),(84,35,NULL,7,1,'2017-10-16 09:04:18'),(93,35,NULL,6,1,'2017-10-16 09:08:16'),(94,35,NULL,5,1,'2017-10-16 09:08:17'),(95,35,NULL,4,1,'2017-10-16 09:08:17'),(96,35,NULL,3,1,'2017-10-16 09:08:22'),(97,35,NULL,2,2,'2017-10-16 09:08:22'),(98,35,NULL,1,1,'2017-10-16 09:08:24'),(99,36,NULL,3,2,'2017-10-17 06:34:15'),(100,36,NULL,1,1,'2017-10-17 06:34:35'),(101,36,NULL,11,2,'2017-10-17 06:34:49'),(105,36,NULL,13,1,'2017-10-17 07:55:57'),(106,49,NULL,2,1,'2017-10-17 08:14:17'),(107,48,NULL,5,1,'2017-10-17 08:15:23'),(108,40,NULL,3,1,'2017-10-17 08:19:29'),(109,51,NULL,8,1,'2017-10-17 08:21:37'),(110,NULL,2,13,1,'2017-10-17 08:43:52'),(111,105,2,3,1,'2017-10-17 08:44:01'),(115,NULL,2,4,1,'2017-10-17 08:49:03'),(117,56,NULL,18,1,'2017-10-17 09:55:52'),(118,56,NULL,10,1,'2017-10-17 10:00:55'),(119,56,NULL,13,1,'2017-10-17 10:02:51'),(120,56,NULL,16,1,'2017-10-17 10:05:21'),(121,56,NULL,4,1,'2017-10-17 10:23:50'),(122,65,NULL,18,1,'2017-10-18 01:51:49'),(123,67,NULL,5,1,'2017-10-18 01:51:52'),(124,65,NULL,13,1,'2017-10-18 01:52:32'),(125,65,NULL,14,1,'2017-10-18 01:54:36'),(127,73,NULL,18,1,'2017-10-18 02:04:03'),(128,73,NULL,1,1,'2017-10-18 02:05:47'),(129,78,NULL,17,1,'2017-10-18 02:49:32'),(131,105,2,2,1,'2017-10-18 04:30:23'),(134,NULL,2,18,1,'2017-10-18 04:53:10'),(136,115,NULL,3,1,'2017-10-18 07:36:04'),(137,115,NULL,1,1,'2017-10-18 07:57:39'),(138,110,NULL,30,1,'2017-10-18 08:45:02'),(141,110,NULL,15,1,'2017-10-18 09:06:09'),(146,110,NULL,18,1,'2017-10-18 09:21:12'),(147,129,NULL,14,1,'2017-10-19 04:17:26'),(149,137,NULL,15,1,'2017-10-19 04:23:16'),(152,132,2,16,1,'2017-10-19 04:31:47'),(154,129,NULL,13,1,'2017-10-19 04:34:17'),(157,126,NULL,15,1,'2017-10-19 04:38:02'),(163,NULL,2,17,1,'2017-10-19 04:47:23'),(165,129,NULL,1,1,'2017-10-19 04:57:55'),(167,NULL,2,14,1,'2017-10-19 05:02:13'),(168,142,NULL,30,1,'2017-10-19 07:44:58'),(169,146,NULL,1,1,'2017-10-30 04:14:17'),(170,155,NULL,1,1,'2017-11-01 07:10:10'),(172,155,NULL,3,1,'2017-11-01 08:31:00'),(173,164,NULL,13,1,'2017-11-03 07:00:12'),(174,194,NULL,12,3,'2017-11-08 10:11:06'),(175,202,NULL,1,1,'2017-11-09 07:25:05'),(176,202,NULL,3,2,'2017-11-09 07:25:41'),(177,202,NULL,11,1,'2017-11-09 07:26:21'),(182,202,NULL,19,2,'2017-11-09 07:33:00'),(183,202,NULL,23,1,'2017-11-09 07:34:21'),(185,202,NULL,30,2,'2017-11-09 07:34:45'),(186,202,NULL,21,2,'2017-11-09 07:34:53'),(187,202,NULL,20,2,'2017-11-09 07:35:15'),(188,202,NULL,22,2,'2017-11-09 07:35:29'),(194,209,NULL,15,1,'2017-11-09 08:16:50'),(195,209,NULL,1,2,'2017-11-09 08:17:44'),(197,209,NULL,16,1,'2017-11-09 08:22:13'),(198,213,NULL,17,1,'2017-11-09 08:34:13'),(199,209,NULL,30,1,'2017-11-09 08:35:05'),(200,209,NULL,3,2,'2017-11-09 08:36:54'),(201,213,NULL,3,1,'2017-11-09 08:43:18'),(202,209,NULL,23,1,'2017-11-09 09:00:20'),(203,209,NULL,11,1,'2017-11-09 09:01:24'),(209,209,NULL,6,2,'2017-11-09 09:50:18'),(210,209,NULL,2,3,'2017-11-09 09:58:12'),(211,219,NULL,18,1,'2017-11-09 10:16:20'),(212,219,NULL,13,2,'2017-11-09 10:25:21'),(213,224,NULL,1,2,'2017-11-10 01:54:08'),(214,228,NULL,1,3,'2017-11-10 02:53:28'),(215,258,NULL,1,2,'2017-11-10 04:45:59'),(216,266,NULL,30,2,'2017-11-10 06:51:03'),(217,288,NULL,1,3,'2017-11-16 01:38:54'),(220,288,NULL,4,3,'2017-11-16 03:17:16'),(221,288,NULL,3,1,'2017-11-16 03:17:44'),(231,288,NULL,13,2,'2017-11-16 03:31:00'),(237,288,NULL,12,3,'2017-11-16 03:40:26'),(244,288,NULL,2,1,'2017-11-16 04:02:57'),(245,291,NULL,2,1,'2017-11-16 04:33:56'),(246,292,NULL,2,1,'2017-11-16 04:34:13'),(248,294,NULL,4,1,'2017-11-16 04:36:08'),(249,296,NULL,4,1,'2017-11-16 04:36:48'),(250,292,NULL,12,2,'2017-11-16 04:37:18'),(252,296,NULL,13,2,'2017-11-16 04:39:36'),(253,296,NULL,3,1,'2017-11-16 04:42:15'),(255,297,NULL,1,1,'2017-11-16 06:37:05'),(257,297,NULL,14,1,'2017-11-16 06:39:09'),(261,304,NULL,1,1,'2017-11-16 07:17:46'),(262,340,NULL,14,1,'2017-11-21 09:51:27'),(264,350,NULL,6,1,'2017-11-22 07:53:36'),(265,360,NULL,13,1,'2017-11-23 03:53:50'),(266,366,NULL,13,1,'2017-11-23 04:07:13'),(267,367,NULL,14,1,'2017-11-23 04:44:06'),(268,360,NULL,18,1,'2017-11-23 04:47:23'),(269,360,NULL,11,1,'2017-11-23 04:47:43'),(271,360,NULL,12,1,'2017-11-23 04:48:02'),(272,360,NULL,14,1,'2017-11-23 04:48:14'),(273,360,NULL,3,1,'2017-11-23 04:48:25'),(274,360,NULL,6,1,'2017-11-23 04:48:29'),(275,368,NULL,13,1,'2017-11-23 06:46:16'),(278,378,NULL,6,1,'2017-11-23 06:54:50'),(283,368,NULL,10,1,'2017-11-23 08:01:15'),(287,381,NULL,11,1,'2017-11-23 10:14:06'),(288,397,3,10,1,'2017-11-27 02:30:25'),(289,NULL,3,13,1,'2017-11-27 02:48:20'),(290,397,3,11,1,'2017-11-27 02:48:33'),(292,NULL,3,6,1,'2017-11-27 02:49:32'),(303,397,3,7,1,'2017-11-27 02:52:23'),(306,397,3,9,1,'2017-11-27 02:55:05'),(307,NULL,3,3,1,'2017-11-27 03:05:55'),(309,397,3,30,1,'2017-11-27 03:30:16'),(311,NULL,3,23,1,'2017-11-27 03:31:55'),(313,NULL,3,22,1,'2017-11-27 03:32:26'),(314,NULL,3,21,1,'2017-11-27 03:32:36'),(315,NULL,3,20,1,'2017-11-27 03:32:53'),(321,NULL,3,19,1,'2017-11-27 03:34:45'),(333,386,NULL,14,1,'2017-11-27 04:19:18'),(334,386,NULL,13,1,'2017-11-27 04:19:36'),(335,388,NULL,30,1,'2017-11-27 04:31:32'),(336,388,NULL,10,1,'2017-11-27 04:32:15'),(337,388,NULL,11,1,'2017-11-27 04:33:21'),(338,391,NULL,10,1,'2017-11-27 06:49:14'),(339,393,NULL,11,1,'2017-11-27 08:08:48'),(340,393,NULL,7,1,'2017-11-27 08:14:36'),(344,393,NULL,9,1,'2017-11-27 08:15:05'),(347,393,NULL,8,1,'2017-11-27 08:15:44'),(349,393,NULL,12,1,'2017-11-27 08:16:06'),(350,394,NULL,11,1,'2017-11-27 08:16:28'),(352,481,1,30,1,'2017-11-28 01:40:34'),(353,481,1,23,1,'2017-11-28 01:41:09'),(355,NULL,1,14,1,'2017-11-28 02:01:48'),(358,NULL,1,9,1,'2017-11-28 02:04:31'),(365,NULL,1,3,1,'2017-11-28 02:15:23'),(368,398,NULL,18,1,'2017-11-28 02:24:25'),(369,NULL,1,18,1,'2017-11-28 02:50:42'),(374,405,NULL,1,1,'2017-11-28 03:49:27'),(375,NULL,3,18,1,'2017-11-28 03:52:24'),(376,408,NULL,11,1,'2017-11-28 08:19:27'),(377,418,NULL,10,1,'2017-12-20 04:55:57'),(378,419,NULL,13,1,'2017-12-20 07:56:15'),(379,420,NULL,1,1,'2017-12-21 01:31:52'),(380,421,NULL,11,1,'2017-12-21 06:42:11'),(403,421,NULL,4,1,'2017-12-21 07:40:51'),(405,421,NULL,2,1,'2017-12-21 07:42:25'),(406,421,NULL,23,1,'2017-12-21 07:42:36'),(407,421,NULL,1,1,'2017-12-21 07:42:44'),(411,421,NULL,5,1,'2017-12-21 07:47:10'),(416,424,NULL,10,1,'2017-12-22 08:55:14'),(417,424,NULL,36,1,'2017-12-22 10:20:44'),(418,434,NULL,13,2,'2017-12-25 03:31:43'),(420,434,NULL,1,2,'2017-12-25 03:35:14'),(431,435,NULL,1,1,'2017-12-25 06:56:46'),(434,435,NULL,11,1,'2017-12-25 08:24:54'),(436,435,NULL,13,1,'2017-12-25 08:31:06'),(437,436,NULL,11,1,'2017-12-25 08:32:16'),(438,439,NULL,11,1,'2017-12-25 10:34:57'),(439,439,NULL,1,1,'2017-12-25 10:44:34'),(440,482,4,13,7,'2017-12-26 02:01:00'),(441,NULL,4,10,1,'2017-12-26 03:34:18'),(442,NULL,4,11,1,'2017-12-26 03:34:34'),(444,NULL,4,1,7,'2017-12-26 03:34:58'),(445,450,NULL,13,1,'2017-12-26 03:37:07'),(446,NULL,4,18,1,'2017-12-26 03:55:26'),(447,446,NULL,33,1,'2017-12-26 04:00:05'),(448,NULL,4,2,1,'2017-12-26 04:00:51'),(449,NULL,4,30,7,'2017-12-26 04:17:14'),(450,NULL,4,36,1,'2017-12-26 04:17:27'),(452,NULL,4,23,7,'2017-12-26 04:17:39'),(453,NULL,4,22,7,'2017-12-26 04:17:44'),(463,NULL,4,21,7,'2017-12-26 04:23:45'),(464,NULL,4,20,7,'2017-12-26 04:24:03'),(465,NULL,4,19,7,'2017-12-26 04:24:12'),(481,NULL,4,6,1,'2017-12-26 04:53:34'),(482,NULL,4,5,1,'2017-12-26 04:54:30'),(483,NULL,4,4,1,'2017-12-26 04:55:13'),(484,458,NULL,3,1,'2017-12-26 06:42:01'),(485,458,NULL,4,1,'2017-12-26 06:42:12'),(486,458,NULL,23,1,'2017-12-26 06:42:16'),(487,456,NULL,18,1,'2017-12-26 06:45:38'),(488,458,NULL,10,2,'2017-12-26 07:06:03'),(490,458,NULL,8,4,'2017-12-26 07:24:18'),(495,NULL,4,7,1,'2017-12-26 07:52:09'),(499,460,NULL,13,1,'2017-12-26 07:58:34'),(500,467,NULL,1,1,'2017-12-26 09:52:06'),(501,470,NULL,1,1,'2017-12-27 03:13:00'),(511,470,NULL,4,1,'2017-12-27 04:17:22'),(513,470,NULL,3,1,'2017-12-27 04:18:48'),(527,481,1,19,1,'2017-12-27 06:44:19'),(528,477,1,22,1,'2017-12-27 06:44:32'),(530,477,1,21,1,'2017-12-27 06:45:19'),(532,481,1,20,1,'2017-12-27 06:46:01'),(535,481,1,1,1,'2017-12-27 06:52:28'),(544,481,1,13,1,'2017-12-27 07:33:55'),(547,481,1,11,1,'2017-12-27 07:36:41'),(552,NULL,1,2,1,'2017-12-27 08:00:58'),(570,480,NULL,1,5,'2017-12-27 09:23:01'),(595,487,NULL,1,1,'2017-12-28 03:07:22'),(598,NULL,4,3,1,'2017-12-28 03:12:02'),(621,481,1,10,1,'2017-12-28 03:22:34'),(635,489,NULL,13,1,'2017-12-28 03:31:27'),(636,492,NULL,13,1,'2017-12-28 07:25:43'),(637,497,NULL,36,1,'2017-12-29 03:40:18'),(638,500,NULL,1,1,'2017-12-29 03:41:37'),(639,503,NULL,13,1,'2018-10-11 04:02:24'),(640,503,NULL,14,1,'2018-10-11 04:02:43'),(641,509,5,1,1,'2018-10-11 04:44:35'),(642,509,5,4,1,'2018-10-11 04:44:36'),(643,509,5,3,1,'2018-10-11 04:44:39'),(645,NULL,5,13,1,'2018-10-11 04:53:53'),(646,505,NULL,11,1,'2018-10-11 04:59:03'),(647,NULL,5,11,1,'2018-10-11 05:01:13'),(648,509,5,6,1,'2018-10-11 07:04:52'),(653,NULL,NULL,1,1,'2018-10-11 07:13:18'),(654,NULL,NULL,10,1,'2018-10-12 02:52:23'),(655,510,6,10,1,'2018-10-12 02:54:12'),(656,NULL,6,13,1,'2018-10-12 03:13:23'),(657,NULL,6,33,1,'2018-10-12 03:17:12'),(658,NULL,6,1,1,'2018-10-12 03:30:53'),(659,NULL,6,4,1,'2018-10-12 03:30:55'),(660,NULL,6,3,1,'2018-10-12 03:30:56'),(661,NULL,NULL,1,1,'2018-10-12 03:59:13'),(662,NULL,NULL,4,1,'2018-10-12 03:59:39'),(663,NULL,NULL,3,1,'2018-10-12 03:59:42'),(664,NULL,NULL,1,1,'2018-10-12 04:06:27'),(665,NULL,NULL,1,1,'2018-10-12 04:20:57'),(666,511,7,1,1,'2018-10-12 04:22:12'),(668,511,7,3,1,'2018-10-12 04:33:37'),(675,529,NULL,11,1,'2019-07-03 07:55:30'),(676,NULL,NULL,10,1,'2019-10-22 08:00:58'),(677,NULL,NULL,10,1,'2019-10-22 08:01:12'),(678,NULL,NULL,10,1,'2019-10-22 08:01:12'),(679,NULL,NULL,10,1,'2019-10-22 08:01:14'),(680,NULL,NULL,11,1,'2019-10-22 08:09:19'),(681,NULL,NULL,3,1,'2019-10-22 08:10:22'),(682,NULL,NULL,3,1,'2019-10-22 08:10:27'),(683,NULL,NULL,11,1,'2019-10-22 08:11:56'),(684,NULL,NULL,1,1,'2019-10-22 08:12:38'),(685,NULL,NULL,11,1,'2019-10-22 08:19:58'),(686,NULL,NULL,2,1,'2019-10-22 08:20:48'),(687,NULL,NULL,11,1,'2019-10-22 08:25:36'),(688,NULL,NULL,2,1,'2019-10-22 08:26:18'),(689,NULL,NULL,11,1,'2019-10-24 03:40:56'),(690,NULL,NULL,10,1,'2019-10-24 04:01:14'),(691,NULL,NULL,11,1,'2019-10-24 04:04:49'),(692,531,NULL,35,1,'2019-10-24 07:22:32'),(694,531,NULL,1,5,'2019-10-24 07:27:09'),(695,531,NULL,4,1,'2019-10-24 07:27:16'),(698,531,NULL,3,1,'2019-10-24 07:27:26');

--
-- Table structure for table `reporting_counts`
--

CREATE TABLE `reporting_counts` (
  `entity_id` int unsigned NOT NULL AUTO_INCREMENT COMMENT 'Entity ID',
  `type` varchar(255) DEFAULT NULL COMMENT 'Item Reported',
  `count` int unsigned DEFAULT NULL COMMENT 'Count Value',
  `updated_at` timestamp NOT NULL DEFAULT CURRENT_TIMESTAMP ON UPDATE CURRENT_TIMESTAMP COMMENT 'Updated At',
  PRIMARY KEY (`entity_id`)
) ENGINE=InnoDB DEFAULT CHARSET=utf8 COMMENT='Reporting for all count related events generated via the cron job';

--
-- Dumping data for table `reporting_counts`
--


--
-- Table structure for table `reporting_module_status`
--

CREATE TABLE `reporting_module_status` (
  `entity_id` int unsigned NOT NULL AUTO_INCREMENT COMMENT 'Module ID',
  `name` varchar(255) DEFAULT NULL COMMENT 'Module Name',
  `active` varchar(255) DEFAULT NULL COMMENT 'Module Active Status',
  `setup_version` varchar(255) DEFAULT NULL COMMENT 'Module Version',
  `state` varchar(255) DEFAULT NULL COMMENT 'Module State',
  `updated_at` timestamp NOT NULL DEFAULT CURRENT_TIMESTAMP ON UPDATE CURRENT_TIMESTAMP COMMENT 'Updated At',
  PRIMARY KEY (`entity_id`)
) ENGINE=InnoDB DEFAULT CHARSET=utf8 COMMENT='Module Status Table';

--
-- Dumping data for table `reporting_module_status`
--


--
-- Table structure for table `reporting_orders`
--

CREATE TABLE `reporting_orders` (
  `entity_id` int unsigned NOT NULL AUTO_INCREMENT COMMENT 'Entity ID',
  `customer_id` int unsigned DEFAULT NULL COMMENT 'Customer ID',
  `total` decimal(20,4) unsigned DEFAULT NULL,
  `total_base` decimal(20,4) unsigned DEFAULT NULL,
  `item_count` int unsigned NOT NULL COMMENT 'Line Item Count',
  `updated_at` timestamp NOT NULL DEFAULT CURRENT_TIMESTAMP COMMENT 'Updated At',
  PRIMARY KEY (`entity_id`)
) ENGINE=InnoDB DEFAULT CHARSET=utf8 COMMENT='Reporting for all orders';

--
-- Dumping data for table `reporting_orders`
--


--
-- Table structure for table `reporting_system_updates`
--

CREATE TABLE `reporting_system_updates` (
  `entity_id` int unsigned NOT NULL AUTO_INCREMENT COMMENT 'Entity ID',
  `type` varchar(255) DEFAULT NULL COMMENT 'Update Type',
  `action` varchar(255) DEFAULT NULL COMMENT 'Action Performed',
  `updated_at` timestamp NOT NULL DEFAULT CURRENT_TIMESTAMP COMMENT 'Updated At',
  PRIMARY KEY (`entity_id`)
) ENGINE=InnoDB DEFAULT CHARSET=utf8 COMMENT='Reporting for system updates';

--
-- Dumping data for table `reporting_system_updates`
--


--
-- Table structure for table `reporting_users`
--

CREATE TABLE `reporting_users` (
  `entity_id` int unsigned NOT NULL AUTO_INCREMENT COMMENT 'Entity ID',
  `type` varchar(255) DEFAULT NULL COMMENT 'User Type',
  `action` varchar(255) DEFAULT NULL COMMENT 'Action Performed',
  `updated_at` timestamp NOT NULL DEFAULT CURRENT_TIMESTAMP COMMENT 'Updated At',
  PRIMARY KEY (`entity_id`)
) ENGINE=InnoDB DEFAULT CHARSET=utf8 COMMENT='Reporting for user actions';

--
-- Dumping data for table `reporting_users`
--


--
-- Table structure for table `review`
--

CREATE TABLE `review` (
  `review_id` bigint unsigned NOT NULL AUTO_INCREMENT COMMENT 'Review ID',
  `created_at` timestamp NOT NULL DEFAULT CURRENT_TIMESTAMP COMMENT 'Review create date',
  `entity_id` smallint unsigned NOT NULL DEFAULT '0' COMMENT 'Entity ID',
  `entity_pk_value` int unsigned NOT NULL DEFAULT '0' COMMENT 'Product ID',
  `status_id` smallint unsigned NOT NULL DEFAULT '0' COMMENT 'Status code',
  PRIMARY KEY (`review_id`),
  KEY `REVIEW_ENTITY_ID` (`entity_id`),
  KEY `REVIEW_STATUS_ID` (`status_id`),
  KEY `REVIEW_ENTITY_PK_VALUE` (`entity_pk_value`),
  CONSTRAINT `REVIEW_ENTITY_ID_REVIEW_ENTITY_ENTITY_ID` FOREIGN KEY (`entity_id`) REFERENCES `review_entity` (`entity_id`) ON DELETE CASCADE,
  CONSTRAINT `REVIEW_STATUS_ID_REVIEW_STATUS_STATUS_ID` FOREIGN KEY (`status_id`) REFERENCES `review_status` (`status_id`)
) ENGINE=InnoDB AUTO_INCREMENT=20 DEFAULT CHARSET=utf8 COMMENT='Review base information';

--
-- Dumping data for table `review`
--

INSERT INTO `review` VALUES (1,'2017-10-16 09:01:22',1,18,1),(2,'2017-10-16 09:01:44',1,17,1),(3,'2017-10-16 09:01:59',1,16,1),(4,'2017-10-16 09:02:08',1,15,1),(5,'2017-10-16 09:02:19',1,14,1),(6,'2017-10-16 09:02:32',1,13,1),(7,'2017-10-16 09:04:47',1,12,1),(8,'2017-10-16 09:04:56',1,11,1),(9,'2017-10-16 09:05:08',1,10,1),(10,'2017-10-16 09:05:18',1,9,1),(11,'2017-10-16 09:05:27',1,8,1),(12,'2017-10-16 09:05:37',1,7,1),(13,'2017-10-16 09:08:43',1,6,1),(14,'2017-10-16 09:08:52',1,5,1),(15,'2017-10-16 09:09:00',1,4,1),(16,'2017-10-16 09:09:12',1,3,1),(17,'2017-10-16 09:09:21',1,2,1),(18,'2017-10-16 09:09:31',1,1,1),(19,'2017-11-16 04:36:45',1,4,1);

--
-- Table structure for table `review_detail`
--

CREATE TABLE `review_detail` (
  `detail_id` bigint unsigned NOT NULL AUTO_INCREMENT COMMENT 'Review detail ID',
  `review_id` bigint unsigned NOT NULL DEFAULT '0' COMMENT 'Review ID',
  `store_id` smallint unsigned DEFAULT '0' COMMENT 'Store ID',
  `title` varchar(255) NOT NULL COMMENT 'Title',
  `detail` text NOT NULL COMMENT 'Detail description',
  `nickname` varchar(128) NOT NULL COMMENT 'User nickname',
  `customer_id` int unsigned DEFAULT NULL COMMENT 'Customer ID',
  PRIMARY KEY (`detail_id`),
  KEY `REVIEW_DETAIL_REVIEW_ID` (`review_id`),
  KEY `REVIEW_DETAIL_STORE_ID` (`store_id`),
  KEY `REVIEW_DETAIL_CUSTOMER_ID` (`customer_id`),
  CONSTRAINT `REVIEW_DETAIL_CUSTOMER_ID_CUSTOMER_ENTITY_ENTITY_ID` FOREIGN KEY (`customer_id`) REFERENCES `customer_entity` (`entity_id`) ON DELETE SET NULL,
  CONSTRAINT `REVIEW_DETAIL_REVIEW_ID_REVIEW_REVIEW_ID` FOREIGN KEY (`review_id`) REFERENCES `review` (`review_id`) ON DELETE CASCADE,
  CONSTRAINT `REVIEW_DETAIL_STORE_ID_STORE_STORE_ID` FOREIGN KEY (`store_id`) REFERENCES `store` (`store_id`) ON DELETE SET NULL
) ENGINE=InnoDB AUTO_INCREMENT=20 DEFAULT CHARSET=utf8 COMMENT='Review detail information';

--
-- Dumping data for table `review_detail`
--

INSERT INTO `review_detail` VALUES (1,1,1,'Lorem ipsum dolor sit amet','Nemo enim ipsam voluptatem quia natus error sit voluptatem accusantium doloremque laudantium, totam rem aperiam, eaque ipsa quae ab illo inventore veritatis et quasi architecto beatae vitae dicta sunt explicabo.','Magentech',NULL),(2,2,1,'Lorem ipsum dolor sit amet','Nemo enim ipsam voluptatem quia natus error sit voluptatem accusantium doloremque laudantium, totam rem aperiam, eaque ipsa quae ab illo inventore veritatis et quasi architecto beatae vitae dicta sunt explicabo.','Magentech',NULL),(3,3,1,'Lorem ipsum dolor sit amet','Nemo enim ipsam voluptatem quia natus error sit voluptatem accusantium doloremque laudantium, totam rem aperiam, eaque ipsa quae ab illo inventore veritatis et quasi architecto beatae vitae dicta sunt explicabo.','Magentech',NULL),(4,4,1,'Lorem ipsum dolor sit amet','Nemo enim ipsam voluptatem quia natus error sit voluptatem accusantium doloremque laudantium, totam rem aperiam, eaque ipsa quae ab illo inventore veritatis et quasi architecto beatae vitae dicta sunt explicabo.','Magentech',NULL),(5,5,1,'Lorem ipsum dolor sit amet','Nemo enim ipsam voluptatem quia natus error sit voluptatem accusantium doloremque laudantium, totam rem aperiam, eaque ipsa quae ab illo inventore veritatis et quasi architecto beatae vitae dicta sunt explicabo.','Magentech',NULL),(6,6,1,'Lorem ipsum dolor sit amet','Nemo enim ipsam voluptatem quia natus error sit voluptatem accusantium doloremque laudantium, totam rem aperiam, eaque ipsa quae ab illo inventore veritatis et quasi architecto beatae vitae dicta sunt explicabo.','Magentech',NULL),(7,7,1,'Lorem ipsum dolor sit amet','Nemo enim ipsam voluptatem quia natus error sit voluptatem accusantium doloremque laudantium, totam rem aperiam, eaque ipsa quae ab illo inventore veritatis et quasi architecto beatae vitae dicta sunt explicabo.','Magentech',NULL),(8,8,1,'Lorem ipsum dolor sit amet','Nemo enim ipsam voluptatem quia natus error sit voluptatem accusantium doloremque laudantium, totam rem aperiam, eaque ipsa quae ab illo inventore veritatis et quasi architecto beatae vitae dicta sunt explicabo.','Magentech',NULL),(9,9,1,'Lorem ipsum dolor sit amet','Nemo enim ipsam voluptatem quia natus error sit voluptatem accusantium doloremque laudantium, totam rem aperiam, eaque ipsa quae ab illo inventore veritatis et quasi architecto beatae vitae dicta sunt explicabo.','Magentech',NULL),(10,10,1,'Lorem ipsum dolor sit amet','Nemo enim ipsam voluptatem quia natus error sit voluptatem accusantium doloremque laudantium, totam rem aperiam, eaque ipsa quae ab illo inventore veritatis et quasi architecto beatae vitae dicta sunt explicabo.','Magentech',NULL),(11,11,1,'Lorem ipsum dolor sit amet','Nemo enim ipsam voluptatem quia natus error sit voluptatem accusantium doloremque laudantium, totam rem aperiam, eaque ipsa quae ab illo inventore veritatis et quasi architecto beatae vitae dicta sunt explicabo.','Magentech',NULL),(12,12,1,'Lorem ipsum dolor sit amet','Nemo enim ipsam voluptatem quia natus error sit voluptatem accusantium doloremque laudantium, totam rem aperiam, eaque ipsa quae ab illo inventore veritatis et quasi architecto beatae vitae dicta sunt explicabo.','Magentech',NULL),(13,13,1,'Lorem ipsum dolor sit amet','Nemo enim ipsam voluptatem quia natus error sit voluptatem accusantium doloremque laudantium, totam rem aperiam, eaque ipsa quae ab illo inventore veritatis et quasi architecto beatae vitae dicta sunt explicabo.','Magentech',NULL),(14,14,1,'Lorem ipsum dolor sit amet','Nemo enim ipsam voluptatem quia natus error sit voluptatem accusantium doloremque laudantium, totam rem aperiam, eaque ipsa quae ab illo inventore veritatis et quasi architecto beatae vitae dicta sunt explicabo.','Magentech',NULL),(15,15,1,'Lorem ipsum dolor sit amet','Nemo enim ipsam voluptatem quia natus error sit voluptatem accusantium doloremque laudantium, totam rem aperiam, eaque ipsa quae ab illo inventore veritatis et quasi architecto beatae vitae dicta sunt explicabo.','Magentech',NULL),(16,16,1,'Lorem ipsum dolor sit amet','Nemo enim ipsam voluptatem quia natus error sit voluptatem accusantium doloremque laudantium, totam rem aperiam, eaque ipsa quae ab illo inventore veritatis et quasi architecto beatae vitae dicta sunt explicabo.','Magentech',NULL),(17,17,1,'Lorem ipsum dolor sit amet','Nemo enim ipsam voluptatem quia natus error sit voluptatem accusantium doloremque laudantium, totam rem aperiam, eaque ipsa quae ab illo inventore veritatis et quasi architecto beatae vitae dicta sunt explicabo.','Magentech',NULL),(18,18,1,'Lorem ipsum dolor sit amet','Nemo enim ipsam voluptatem quia natus error sit voluptatem accusantium doloremque laudantium, totam rem aperiam, eaque ipsa quae ab illo inventore veritatis et quasi architecto beatae vitae dicta sunt explicabo.','Magentech',NULL),(19,19,1,'Nemo enim ipsam voluptatem quia','Nemo enim ipsam voluptatem quia natus error sit voluptatem accusantium doloremque laudantium, totam rem aperiam,','Magentech',NULL);

--
-- Table structure for table `review_entity`
--

CREATE TABLE `review_entity` (
  `entity_id` smallint unsigned NOT NULL AUTO_INCREMENT COMMENT 'Review entity ID',
  `entity_code` varchar(32) NOT NULL COMMENT 'Review entity code',
  PRIMARY KEY (`entity_id`)
) ENGINE=InnoDB AUTO_INCREMENT=4 DEFAULT CHARSET=utf8 COMMENT='Review entities';

--
-- Dumping data for table `review_entity`
--

INSERT INTO `review_entity` VALUES (1,'product'),(2,'customer'),(3,'category');

--
-- Table structure for table `review_entity_summary`
--

CREATE TABLE `review_entity_summary` (
  `primary_id` bigint NOT NULL AUTO_INCREMENT COMMENT 'Summary review entity ID',
  `entity_pk_value` bigint NOT NULL DEFAULT '0' COMMENT 'Product ID',
  `entity_type` smallint NOT NULL DEFAULT '0' COMMENT 'Entity type ID',
  `reviews_count` smallint NOT NULL DEFAULT '0' COMMENT 'Qty of reviews',
  `rating_summary` smallint NOT NULL DEFAULT '0' COMMENT 'Summarized rating',
  `store_id` smallint unsigned NOT NULL DEFAULT '0' COMMENT 'Store ID',
  PRIMARY KEY (`primary_id`),
  UNIQUE KEY `REVIEW_ENTITY_SUMMARY_ENTITY_PK_VALUE_STORE_ID_ENTITY_TYPE` (`entity_pk_value`,`store_id`,`entity_type`),
  KEY `REVIEW_ENTITY_SUMMARY_STORE_ID` (`store_id`),
  CONSTRAINT `REVIEW_ENTITY_SUMMARY_STORE_ID_STORE_STORE_ID` FOREIGN KEY (`store_id`) REFERENCES `store` (`store_id`) ON DELETE CASCADE
) ENGINE=InnoDB AUTO_INCREMENT=152 DEFAULT CHARSET=utf8 COMMENT='Review aggregates';

--
-- Dumping data for table `review_entity_summary`
--

INSERT INTO `review_entity_summary` VALUES (1,18,1,1,93,1),(2,18,1,1,93,2),(3,18,1,1,93,3),(4,17,1,1,80,1),(5,17,1,1,80,2),(6,17,1,1,80,3),(7,16,1,1,80,1),(8,16,1,1,80,2),(9,16,1,1,80,3),(10,15,1,1,73,1),(11,15,1,1,73,2),(12,15,1,1,73,3),(13,14,1,1,87,1),(14,14,1,1,87,2),(15,14,1,1,87,3),(16,13,1,1,93,1),(17,13,1,1,93,2),(18,13,1,1,93,3),(19,13,1,1,93,0),(20,14,1,1,87,0),(21,15,1,1,73,0),(22,16,1,1,80,0),(23,17,1,1,80,0),(24,18,1,1,93,0),(25,12,1,1,60,1),(26,12,1,1,60,2),(27,12,1,1,60,3),(28,11,1,1,53,1),(29,11,1,1,53,2),(30,11,1,1,53,3),(31,10,1,1,60,1),(32,10,1,1,60,2),(33,10,1,1,60,3),(34,9,1,1,80,1),(35,9,1,1,80,2),(36,9,1,1,80,3),(37,8,1,1,67,1),(38,8,1,1,67,2),(39,8,1,1,67,3),(40,7,1,1,73,1),(41,7,1,1,73,2),(42,7,1,1,73,3),(43,7,1,1,73,0),(44,8,1,1,67,0),(45,9,1,1,80,0),(46,11,1,1,53,0),(47,10,1,1,60,0),(48,12,1,1,60,0),(49,6,1,1,80,1),(50,6,1,1,80,2),(51,6,1,1,80,3),(52,5,1,1,60,1),(53,5,1,1,60,2),(54,5,1,1,60,3),(55,4,1,2,77,1),(56,4,1,2,77,2),(57,4,1,2,77,3),(58,3,1,1,73,1),(59,3,1,1,73,2),(60,3,1,1,73,3),(61,2,1,1,53,1),(62,2,1,1,53,2),(63,2,1,1,53,3),(64,1,1,1,53,1),(65,1,1,1,53,2),(66,1,1,1,53,3),(67,1,1,1,53,0),(68,2,1,1,53,0),(69,3,1,1,73,0),(70,4,1,2,77,0),(71,5,1,1,60,0),(72,6,1,1,80,0),(73,4,1,2,0,4),(74,13,1,1,0,4),(75,23,1,0,0,1),(76,23,1,0,0,2),(77,23,1,0,0,3),(78,23,1,0,0,4),(79,4,1,2,0,7),(80,4,1,2,0,5),(81,4,1,2,0,6),(82,1,1,1,0,7),(83,1,1,1,0,4),(84,1,1,1,0,5),(85,1,1,1,0,6),(86,2,1,1,0,7),(87,2,1,1,0,4),(88,2,1,1,0,5),(89,2,1,1,0,6),(90,3,1,1,0,7),(91,3,1,1,0,4),(92,3,1,1,0,5),(93,3,1,1,0,6),(94,5,1,1,0,7),(95,5,1,1,0,4),(96,5,1,1,0,5),(97,5,1,1,0,6),(98,6,1,1,0,7),(99,6,1,1,0,4),(100,6,1,1,0,5),(101,6,1,1,0,6),(102,7,1,1,0,7),(103,7,1,1,0,4),(104,7,1,1,0,5),(105,7,1,1,0,6),(106,8,1,1,0,7),(107,8,1,1,0,4),(108,8,1,1,0,5),(109,8,1,1,0,6),(110,9,1,1,0,7),(111,9,1,1,0,4),(112,9,1,1,0,5),(113,9,1,1,0,6),(114,10,1,1,0,7),(115,10,1,1,0,4),(116,10,1,1,0,5),(117,10,1,1,0,6),(118,11,1,1,0,7),(119,11,1,1,0,4),(120,11,1,1,0,5),(121,11,1,1,0,6),(122,12,1,1,0,7),(123,12,1,1,0,4),(124,12,1,1,0,5),(125,12,1,1,0,6),(126,13,1,1,0,7),(127,13,1,1,0,5),(128,13,1,1,0,6),(129,14,1,1,0,7),(130,14,1,1,0,4),(131,14,1,1,0,5),(132,14,1,1,0,6),(133,15,1,1,0,7),(134,15,1,1,0,4),(135,15,1,1,0,5),(136,15,1,1,0,6),(137,16,1,1,0,7),(138,16,1,1,0,4),(139,16,1,1,0,5),(140,16,1,1,0,6),(141,17,1,1,0,7),(142,17,1,1,0,4),(143,17,1,1,0,5),(144,17,1,1,0,6),(145,18,1,1,0,7),(146,18,1,1,0,4),(147,18,1,1,0,5),(148,18,1,1,0,6),(149,23,1,0,0,7),(150,23,1,0,0,5),(151,23,1,0,0,6);

--
-- Table structure for table `review_status`
--

CREATE TABLE `review_status` (
  `status_id` smallint unsigned NOT NULL AUTO_INCREMENT COMMENT 'Status ID',
  `status_code` varchar(32) NOT NULL COMMENT 'Status code',
  PRIMARY KEY (`status_id`)
) ENGINE=InnoDB AUTO_INCREMENT=4 DEFAULT CHARSET=utf8 COMMENT='Review statuses';

--
-- Dumping data for table `review_status`
--

INSERT INTO `review_status` VALUES (1,'Approved'),(2,'Pending'),(3,'Not Approved');

--
-- Table structure for table `review_store`
--

CREATE TABLE `review_store` (
  `review_id` bigint unsigned NOT NULL COMMENT 'Review ID',
  `store_id` smallint unsigned NOT NULL COMMENT 'Store ID',
  PRIMARY KEY (`review_id`,`store_id`),
  KEY `REVIEW_STORE_STORE_ID` (`store_id`),
  CONSTRAINT `REVIEW_STORE_REVIEW_ID_REVIEW_REVIEW_ID` FOREIGN KEY (`review_id`) REFERENCES `review` (`review_id`) ON DELETE CASCADE,
  CONSTRAINT `REVIEW_STORE_STORE_ID_STORE_STORE_ID` FOREIGN KEY (`store_id`) REFERENCES `store` (`store_id`) ON DELETE CASCADE
) ENGINE=InnoDB DEFAULT CHARSET=utf8 COMMENT='Review Store';

--
-- Dumping data for table `review_store`
--

INSERT INTO `review_store` VALUES (1,0),(2,0),(3,0),(4,0),(5,0),(6,0),(7,0),(8,0),(9,0),(10,0),(11,0),(12,0),(13,0),(14,0),(15,0),(16,0),(17,0),(18,0),(19,0),(1,1),(2,1),(3,1),(4,1),(5,1),(6,1),(7,1),(8,1),(9,1),(10,1),(11,1),(12,1),(13,1),(14,1),(15,1),(16,1),(17,1),(18,1),(19,1),(1,2),(2,2),(3,2),(4,2),(5,2),(6,2),(7,2),(8,2),(9,2),(10,2),(11,2),(12,2),(13,2),(14,2),(15,2),(16,2),(17,2),(18,2),(19,2),(1,3),(2,3),(3,3),(4,3),(5,3),(6,3),(7,3),(8,3),(9,3),(10,3),(11,3),(12,3),(13,3),(14,3),(15,3),(16,3),(17,3),(18,3),(19,3),(1,4),(2,4),(3,4),(4,4),(5,4),(6,4),(7,4),(8,4),(9,4),(10,4),(11,4),(12,4),(13,4),(14,4),(15,4),(16,4),(17,4),(18,4),(19,4),(1,5),(2,5),(3,5),(4,5),(5,5),(6,5),(7,5),(8,5),(9,5),(10,5),(11,5),(12,5),(13,5),(14,5),(15,5),(16,5),(17,5),(18,5),(19,5),(1,6),(2,6),(3,6),(4,6),(5,6),(6,6),(7,6),(8,6),(9,6),(10,6),(11,6),(12,6),(13,6),(14,6),(15,6),(16,6),(17,6),(18,6),(19,6),(1,7),(2,7),(3,7),(4,7),(5,7),(6,7),(7,7),(8,7),(9,7),(10,7),(11,7),(12,7),(13,7),(14,7),(15,7),(16,7),(17,7),(18,7),(19,7);

--
-- Table structure for table `sales_bestsellers_aggregated_daily`
--

CREATE TABLE `sales_bestsellers_aggregated_daily` (
  `id` int unsigned NOT NULL AUTO_INCREMENT COMMENT 'ID',
  `period` date DEFAULT NULL COMMENT 'Period',
  `store_id` smallint unsigned DEFAULT NULL COMMENT 'Store ID',
  `product_id` int unsigned DEFAULT NULL COMMENT 'Product ID',
  `product_name` varchar(255) DEFAULT NULL COMMENT 'Product Name',
  `product_price` decimal(12,4) NOT NULL DEFAULT '0.0000' COMMENT 'Product Price',
  `qty_ordered` decimal(12,4) NOT NULL DEFAULT '0.0000' COMMENT 'Qty Ordered',
  `rating_pos` smallint unsigned NOT NULL DEFAULT '0' COMMENT 'Rating Pos',
  PRIMARY KEY (`id`),
  UNIQUE KEY `SALES_BESTSELLERS_AGGREGATED_DAILY_PERIOD_STORE_ID_PRODUCT_ID` (`period`,`store_id`,`product_id`),
  KEY `SALES_BESTSELLERS_AGGREGATED_DAILY_STORE_ID` (`store_id`),
  KEY `SALES_BESTSELLERS_AGGREGATED_DAILY_PRODUCT_ID` (`product_id`),
  CONSTRAINT `SALES_BESTSELLERS_AGGREGATED_DAILY_STORE_ID_STORE_STORE_ID` FOREIGN KEY (`store_id`) REFERENCES `store` (`store_id`) ON DELETE CASCADE
) ENGINE=InnoDB DEFAULT CHARSET=utf8 COMMENT='Sales Bestsellers Aggregated Daily';

--
-- Dumping data for table `sales_bestsellers_aggregated_daily`
--


--
-- Table structure for table `sales_bestsellers_aggregated_monthly`
--

CREATE TABLE `sales_bestsellers_aggregated_monthly` (
  `id` int unsigned NOT NULL AUTO_INCREMENT COMMENT 'ID',
  `period` date DEFAULT NULL COMMENT 'Period',
  `store_id` smallint unsigned DEFAULT NULL COMMENT 'Store ID',
  `product_id` int unsigned DEFAULT NULL COMMENT 'Product ID',
  `product_name` varchar(255) DEFAULT NULL COMMENT 'Product Name',
  `product_price` decimal(12,4) NOT NULL DEFAULT '0.0000' COMMENT 'Product Price',
  `qty_ordered` decimal(12,4) NOT NULL DEFAULT '0.0000' COMMENT 'Qty Ordered',
  `rating_pos` smallint unsigned NOT NULL DEFAULT '0' COMMENT 'Rating Pos',
  PRIMARY KEY (`id`),
  UNIQUE KEY `SALES_BESTSELLERS_AGGREGATED_MONTHLY_PERIOD_STORE_ID_PRODUCT_ID` (`period`,`store_id`,`product_id`),
  KEY `SALES_BESTSELLERS_AGGREGATED_MONTHLY_STORE_ID` (`store_id`),
  KEY `SALES_BESTSELLERS_AGGREGATED_MONTHLY_PRODUCT_ID` (`product_id`),
  CONSTRAINT `SALES_BESTSELLERS_AGGREGATED_MONTHLY_STORE_ID_STORE_STORE_ID` FOREIGN KEY (`store_id`) REFERENCES `store` (`store_id`) ON DELETE CASCADE
) ENGINE=InnoDB DEFAULT CHARSET=utf8 COMMENT='Sales Bestsellers Aggregated Monthly';

--
-- Dumping data for table `sales_bestsellers_aggregated_monthly`
--


--
-- Table structure for table `sales_bestsellers_aggregated_yearly`
--

CREATE TABLE `sales_bestsellers_aggregated_yearly` (
  `id` int unsigned NOT NULL AUTO_INCREMENT COMMENT 'ID',
  `period` date DEFAULT NULL COMMENT 'Period',
  `store_id` smallint unsigned DEFAULT NULL COMMENT 'Store ID',
  `product_id` int unsigned DEFAULT NULL COMMENT 'Product ID',
  `product_name` varchar(255) DEFAULT NULL COMMENT 'Product Name',
  `product_price` decimal(12,4) NOT NULL DEFAULT '0.0000' COMMENT 'Product Price',
  `qty_ordered` decimal(12,4) NOT NULL DEFAULT '0.0000' COMMENT 'Qty Ordered',
  `rating_pos` smallint unsigned NOT NULL DEFAULT '0' COMMENT 'Rating Pos',
  PRIMARY KEY (`id`),
  UNIQUE KEY `SALES_BESTSELLERS_AGGREGATED_YEARLY_PERIOD_STORE_ID_PRODUCT_ID` (`period`,`store_id`,`product_id`),
  KEY `SALES_BESTSELLERS_AGGREGATED_YEARLY_STORE_ID` (`store_id`),
  KEY `SALES_BESTSELLERS_AGGREGATED_YEARLY_PRODUCT_ID` (`product_id`),
  CONSTRAINT `SALES_BESTSELLERS_AGGREGATED_YEARLY_STORE_ID_STORE_STORE_ID` FOREIGN KEY (`store_id`) REFERENCES `store` (`store_id`) ON DELETE CASCADE
) ENGINE=InnoDB DEFAULT CHARSET=utf8 COMMENT='Sales Bestsellers Aggregated Yearly';

--
-- Dumping data for table `sales_bestsellers_aggregated_yearly`
--


--
-- Table structure for table `sales_creditmemo`
--

CREATE TABLE `sales_creditmemo` (
  `entity_id` int unsigned NOT NULL AUTO_INCREMENT COMMENT 'Entity ID',
  `store_id` smallint unsigned DEFAULT NULL COMMENT 'Store ID',
  `adjustment_positive` decimal(20,4) DEFAULT NULL COMMENT 'Adjustment Positive',
  `base_shipping_tax_amount` decimal(20,4) DEFAULT NULL COMMENT 'Base Shipping Tax Amount',
  `store_to_order_rate` decimal(20,4) DEFAULT NULL COMMENT 'Store To Order Rate',
  `base_discount_amount` decimal(20,4) DEFAULT NULL COMMENT 'Base Discount Amount',
  `base_to_order_rate` decimal(20,4) DEFAULT NULL COMMENT 'Base To Order Rate',
  `grand_total` decimal(20,4) DEFAULT NULL COMMENT 'Grand Total',
  `base_adjustment_negative` decimal(20,4) DEFAULT NULL COMMENT 'Base Adjustment Negative',
  `base_subtotal_incl_tax` decimal(20,4) DEFAULT NULL COMMENT 'Base Subtotal Incl Tax',
  `shipping_amount` decimal(20,4) DEFAULT NULL COMMENT 'Shipping Amount',
  `subtotal_incl_tax` decimal(20,4) DEFAULT NULL COMMENT 'Subtotal Incl Tax',
  `adjustment_negative` decimal(20,4) DEFAULT NULL COMMENT 'Adjustment Negative',
  `base_shipping_amount` decimal(20,4) DEFAULT NULL COMMENT 'Base Shipping Amount',
  `store_to_base_rate` decimal(20,4) DEFAULT NULL COMMENT 'Store To Base Rate',
  `base_to_global_rate` decimal(20,4) DEFAULT NULL COMMENT 'Base To Global Rate',
  `base_adjustment` decimal(20,4) DEFAULT NULL COMMENT 'Base Adjustment',
  `base_subtotal` decimal(20,4) DEFAULT NULL COMMENT 'Base Subtotal',
  `discount_amount` decimal(20,4) DEFAULT NULL COMMENT 'Discount Amount',
  `subtotal` decimal(20,4) DEFAULT NULL COMMENT 'Subtotal',
  `adjustment` decimal(20,4) DEFAULT NULL COMMENT 'Adjustment',
  `base_grand_total` decimal(20,4) DEFAULT NULL COMMENT 'Base Grand Total',
  `base_adjustment_positive` decimal(20,4) DEFAULT NULL COMMENT 'Base Adjustment Positive',
  `base_tax_amount` decimal(20,4) DEFAULT NULL COMMENT 'Base Tax Amount',
  `shipping_tax_amount` decimal(20,4) DEFAULT NULL COMMENT 'Shipping Tax Amount',
  `tax_amount` decimal(20,4) DEFAULT NULL COMMENT 'Tax Amount',
  `order_id` int unsigned NOT NULL COMMENT 'Order ID',
  `email_sent` smallint unsigned DEFAULT NULL COMMENT 'Email Sent',
  `send_email` smallint unsigned DEFAULT NULL COMMENT 'Send Email',
  `creditmemo_status` int DEFAULT NULL COMMENT 'Creditmemo Status',
  `state` int DEFAULT NULL COMMENT 'State',
  `shipping_address_id` int DEFAULT NULL COMMENT 'Shipping Address ID',
  `billing_address_id` int DEFAULT NULL COMMENT 'Billing Address ID',
  `invoice_id` int DEFAULT NULL COMMENT 'Invoice ID',
  `store_currency_code` varchar(3) DEFAULT NULL COMMENT 'Store Currency Code',
  `order_currency_code` varchar(3) DEFAULT NULL COMMENT 'Order Currency Code',
  `base_currency_code` varchar(3) DEFAULT NULL COMMENT 'Base Currency Code',
  `global_currency_code` varchar(3) DEFAULT NULL COMMENT 'Global Currency Code',
  `transaction_id` varchar(255) DEFAULT NULL COMMENT 'Transaction ID',
  `increment_id` varchar(50) DEFAULT NULL COMMENT 'Increment ID',
  `created_at` timestamp NOT NULL DEFAULT CURRENT_TIMESTAMP COMMENT 'Created At',
  `updated_at` timestamp NOT NULL DEFAULT CURRENT_TIMESTAMP ON UPDATE CURRENT_TIMESTAMP COMMENT 'Updated At',
  `discount_tax_compensation_amount` decimal(20,4) DEFAULT NULL COMMENT 'Discount Tax Compensation Amount',
  `base_discount_tax_compensation_amount` decimal(20,4) DEFAULT NULL COMMENT 'Base Discount Tax Compensation Amount',
  `shipping_discount_tax_compensation_amount` decimal(20,4) DEFAULT NULL COMMENT 'Shipping Discount Tax Compensation Amount',
  `base_shipping_discount_tax_compensation_amnt` decimal(20,4) DEFAULT NULL COMMENT 'Base Shipping Discount Tax Compensation Amount',
  `shipping_incl_tax` decimal(20,4) DEFAULT NULL COMMENT 'Shipping Incl Tax',
  `base_shipping_incl_tax` decimal(20,4) DEFAULT NULL COMMENT 'Base Shipping Incl Tax',
  `discount_description` varchar(255) DEFAULT NULL COMMENT 'Discount Description',
  `customer_note` text COMMENT 'Customer Note',
  `customer_note_notify` smallint unsigned DEFAULT NULL COMMENT 'Customer Note Notify',
  PRIMARY KEY (`entity_id`),
  UNIQUE KEY `SALES_CREDITMEMO_INCREMENT_ID_STORE_ID` (`increment_id`,`store_id`),
  KEY `SALES_CREDITMEMO_STORE_ID` (`store_id`),
  KEY `SALES_CREDITMEMO_ORDER_ID` (`order_id`),
  KEY `SALES_CREDITMEMO_CREDITMEMO_STATUS` (`creditmemo_status`),
  KEY `SALES_CREDITMEMO_STATE` (`state`),
  KEY `SALES_CREDITMEMO_CREATED_AT` (`created_at`),
  KEY `SALES_CREDITMEMO_UPDATED_AT` (`updated_at`),
  KEY `SALES_CREDITMEMO_SEND_EMAIL` (`send_email`),
  KEY `SALES_CREDITMEMO_EMAIL_SENT` (`email_sent`),
  CONSTRAINT `SALES_CREDITMEMO_ORDER_ID_SALES_ORDER_ENTITY_ID` FOREIGN KEY (`order_id`) REFERENCES `sales_order` (`entity_id`) ON DELETE CASCADE,
  CONSTRAINT `SALES_CREDITMEMO_STORE_ID_STORE_STORE_ID` FOREIGN KEY (`store_id`) REFERENCES `store` (`store_id`) ON DELETE SET NULL
) ENGINE=InnoDB DEFAULT CHARSET=utf8 COMMENT='Sales Flat Creditmemo';

--
-- Dumping data for table `sales_creditmemo`
--


--
-- Table structure for table `sales_creditmemo_comment`
--

CREATE TABLE `sales_creditmemo_comment` (
  `entity_id` int unsigned NOT NULL AUTO_INCREMENT COMMENT 'Entity ID',
  `parent_id` int unsigned NOT NULL COMMENT 'Parent ID',
  `is_customer_notified` int DEFAULT NULL COMMENT 'Is Customer Notified',
  `is_visible_on_front` smallint unsigned NOT NULL DEFAULT '0' COMMENT 'Is Visible On Front',
  `comment` text COMMENT 'Comment',
  `created_at` timestamp NOT NULL DEFAULT CURRENT_TIMESTAMP COMMENT 'Created At',
  PRIMARY KEY (`entity_id`),
  KEY `SALES_CREDITMEMO_COMMENT_CREATED_AT` (`created_at`),
  KEY `SALES_CREDITMEMO_COMMENT_PARENT_ID` (`parent_id`),
  CONSTRAINT `SALES_CREDITMEMO_COMMENT_PARENT_ID_SALES_CREDITMEMO_ENTITY_ID` FOREIGN KEY (`parent_id`) REFERENCES `sales_creditmemo` (`entity_id`) ON DELETE CASCADE
) ENGINE=InnoDB DEFAULT CHARSET=utf8 COMMENT='Sales Flat Creditmemo Comment';

--
-- Dumping data for table `sales_creditmemo_comment`
--


--
-- Table structure for table `sales_creditmemo_grid`
--

CREATE TABLE `sales_creditmemo_grid` (
  `entity_id` int unsigned NOT NULL COMMENT 'Entity ID',
  `increment_id` varchar(50) DEFAULT NULL COMMENT 'Increment ID',
  `created_at` timestamp NULL DEFAULT NULL COMMENT 'Created At',
  `updated_at` timestamp NULL DEFAULT NULL COMMENT 'Updated At',
  `order_id` int unsigned NOT NULL COMMENT 'Order ID',
  `order_increment_id` varchar(50) DEFAULT NULL COMMENT 'Order Increment ID',
  `order_created_at` timestamp NULL DEFAULT NULL COMMENT 'Order Created At',
  `billing_name` varchar(255) DEFAULT NULL COMMENT 'Billing Name',
  `state` int DEFAULT NULL COMMENT 'Status',
  `base_grand_total` decimal(20,4) DEFAULT NULL COMMENT 'Base Grand Total',
  `order_status` varchar(32) DEFAULT NULL COMMENT 'Order Status',
  `store_id` smallint unsigned DEFAULT NULL COMMENT 'Store ID',
  `billing_address` varchar(255) DEFAULT NULL COMMENT 'Billing Address',
  `shipping_address` varchar(255) DEFAULT NULL COMMENT 'Shipping Address',
  `customer_name` varchar(128) NOT NULL COMMENT 'Customer Name',
  `customer_email` varchar(128) DEFAULT NULL COMMENT 'Customer Email',
  `customer_group_id` smallint DEFAULT NULL COMMENT 'Customer Group ID',
  `payment_method` varchar(32) DEFAULT NULL COMMENT 'Payment Method',
  `shipping_information` varchar(255) DEFAULT NULL COMMENT 'Shipping Method Name',
  `subtotal` decimal(20,4) DEFAULT NULL COMMENT 'Subtotal',
  `shipping_and_handling` decimal(20,4) DEFAULT NULL COMMENT 'Shipping and handling amount',
  `adjustment_positive` decimal(20,4) DEFAULT NULL COMMENT 'Adjustment Positive',
  `adjustment_negative` decimal(20,4) DEFAULT NULL COMMENT 'Adjustment Negative',
  `order_base_grand_total` decimal(20,4) DEFAULT NULL COMMENT 'Order Grand Total',
  PRIMARY KEY (`entity_id`),
  UNIQUE KEY `SALES_CREDITMEMO_GRID_INCREMENT_ID_STORE_ID` (`increment_id`,`store_id`),
  KEY `SALES_CREDITMEMO_GRID_ORDER_INCREMENT_ID` (`order_increment_id`),
  KEY `SALES_CREDITMEMO_GRID_CREATED_AT` (`created_at`),
  KEY `SALES_CREDITMEMO_GRID_UPDATED_AT` (`updated_at`),
  KEY `SALES_CREDITMEMO_GRID_ORDER_CREATED_AT` (`order_created_at`),
  KEY `SALES_CREDITMEMO_GRID_STATE` (`state`),
  KEY `SALES_CREDITMEMO_GRID_BILLING_NAME` (`billing_name`),
  KEY `SALES_CREDITMEMO_GRID_ORDER_STATUS` (`order_status`),
  KEY `SALES_CREDITMEMO_GRID_BASE_GRAND_TOTAL` (`base_grand_total`),
  KEY `SALES_CREDITMEMO_GRID_STORE_ID` (`store_id`),
  KEY `SALES_CREDITMEMO_GRID_ORDER_BASE_GRAND_TOTAL` (`order_base_grand_total`),
  KEY `SALES_CREDITMEMO_GRID_ORDER_ID` (`order_id`),
  FULLTEXT KEY `FTI_32B7BA885941A8254EE84AE650ABDC86` (`increment_id`,`order_increment_id`,`billing_name`,`billing_address`,`shipping_address`,`customer_name`,`customer_email`)
) ENGINE=InnoDB DEFAULT CHARSET=utf8 COMMENT='Sales Flat Creditmemo Grid';

--
-- Dumping data for table `sales_creditmemo_grid`
--


--
-- Table structure for table `sales_creditmemo_item`
--

CREATE TABLE `sales_creditmemo_item` (
  `entity_id` int unsigned NOT NULL AUTO_INCREMENT COMMENT 'Entity ID',
  `parent_id` int unsigned NOT NULL COMMENT 'Parent ID',
  `base_price` decimal(12,4) DEFAULT NULL COMMENT 'Base Price',
  `tax_amount` decimal(12,4) DEFAULT NULL COMMENT 'Tax Amount',
  `base_row_total` decimal(12,4) DEFAULT NULL COMMENT 'Base Row Total',
  `discount_amount` decimal(12,4) DEFAULT NULL COMMENT 'Discount Amount',
  `row_total` decimal(12,4) DEFAULT NULL COMMENT 'Row Total',
  `base_discount_amount` decimal(12,4) DEFAULT NULL COMMENT 'Base Discount Amount',
  `price_incl_tax` decimal(12,4) DEFAULT NULL COMMENT 'Price Incl Tax',
  `base_tax_amount` decimal(12,4) DEFAULT NULL COMMENT 'Base Tax Amount',
  `base_price_incl_tax` decimal(12,4) DEFAULT NULL COMMENT 'Base Price Incl Tax',
  `qty` decimal(12,4) DEFAULT NULL COMMENT 'Qty',
  `base_cost` decimal(12,4) DEFAULT NULL COMMENT 'Base Cost',
  `price` decimal(12,4) DEFAULT NULL COMMENT 'Price',
  `base_row_total_incl_tax` decimal(12,4) DEFAULT NULL COMMENT 'Base Row Total Incl Tax',
  `row_total_incl_tax` decimal(12,4) DEFAULT NULL COMMENT 'Row Total Incl Tax',
  `product_id` int DEFAULT NULL COMMENT 'Product ID',
  `order_item_id` int DEFAULT NULL COMMENT 'Order Item ID',
  `additional_data` text COMMENT 'Additional Data',
  `description` text COMMENT 'Description',
  `sku` varchar(255) DEFAULT NULL COMMENT 'Sku',
  `name` varchar(255) DEFAULT NULL COMMENT 'Name',
  `discount_tax_compensation_amount` decimal(12,4) DEFAULT NULL COMMENT 'Discount Tax Compensation Amount',
  `base_discount_tax_compensation_amount` decimal(12,4) DEFAULT NULL COMMENT 'Base Discount Tax Compensation Amount',
  `tax_ratio` text COMMENT 'Ratio of tax in the creditmemo item over tax of the order item',
  `weee_tax_applied` text COMMENT 'Weee Tax Applied',
  `weee_tax_applied_amount` decimal(12,4) DEFAULT NULL COMMENT 'Weee Tax Applied Amount',
  `weee_tax_applied_row_amount` decimal(12,4) DEFAULT NULL COMMENT 'Weee Tax Applied Row Amount',
  `weee_tax_disposition` decimal(12,4) DEFAULT NULL COMMENT 'Weee Tax Disposition',
  `weee_tax_row_disposition` decimal(12,4) DEFAULT NULL COMMENT 'Weee Tax Row Disposition',
  `base_weee_tax_applied_amount` decimal(12,4) DEFAULT NULL COMMENT 'Base Weee Tax Applied Amount',
  `base_weee_tax_applied_row_amnt` decimal(12,4) DEFAULT NULL COMMENT 'Base Weee Tax Applied Row Amnt',
  `base_weee_tax_disposition` decimal(12,4) DEFAULT NULL COMMENT 'Base Weee Tax Disposition',
  `base_weee_tax_row_disposition` decimal(12,4) DEFAULT NULL COMMENT 'Base Weee Tax Row Disposition',
  PRIMARY KEY (`entity_id`),
  KEY `SALES_CREDITMEMO_ITEM_PARENT_ID` (`parent_id`),
  CONSTRAINT `SALES_CREDITMEMO_ITEM_PARENT_ID_SALES_CREDITMEMO_ENTITY_ID` FOREIGN KEY (`parent_id`) REFERENCES `sales_creditmemo` (`entity_id`) ON DELETE CASCADE
) ENGINE=InnoDB DEFAULT CHARSET=utf8 COMMENT='Sales Flat Creditmemo Item';

--
-- Dumping data for table `sales_creditmemo_item`
--


--
-- Table structure for table `sales_invoice`
--

CREATE TABLE `sales_invoice` (
  `entity_id` int unsigned NOT NULL AUTO_INCREMENT COMMENT 'Entity ID',
  `store_id` smallint unsigned DEFAULT NULL COMMENT 'Store ID',
  `base_grand_total` decimal(20,4) DEFAULT NULL COMMENT 'Base Grand Total',
  `shipping_tax_amount` decimal(20,4) DEFAULT NULL COMMENT 'Shipping Tax Amount',
  `tax_amount` decimal(20,4) DEFAULT NULL COMMENT 'Tax Amount',
  `base_tax_amount` decimal(20,4) DEFAULT NULL COMMENT 'Base Tax Amount',
  `store_to_order_rate` decimal(20,4) DEFAULT NULL COMMENT 'Store To Order Rate',
  `base_shipping_tax_amount` decimal(20,4) DEFAULT NULL COMMENT 'Base Shipping Tax Amount',
  `base_discount_amount` decimal(20,4) DEFAULT NULL COMMENT 'Base Discount Amount',
  `base_to_order_rate` decimal(20,4) DEFAULT NULL COMMENT 'Base To Order Rate',
  `grand_total` decimal(20,4) DEFAULT NULL COMMENT 'Grand Total',
  `shipping_amount` decimal(20,4) DEFAULT NULL COMMENT 'Shipping Amount',
  `subtotal_incl_tax` decimal(20,4) DEFAULT NULL COMMENT 'Subtotal Incl Tax',
  `base_subtotal_incl_tax` decimal(20,4) DEFAULT NULL COMMENT 'Base Subtotal Incl Tax',
  `store_to_base_rate` decimal(20,4) DEFAULT NULL COMMENT 'Store To Base Rate',
  `base_shipping_amount` decimal(20,4) DEFAULT NULL COMMENT 'Base Shipping Amount',
  `total_qty` decimal(12,4) DEFAULT NULL COMMENT 'Total Qty',
  `base_to_global_rate` decimal(20,4) DEFAULT NULL COMMENT 'Base To Global Rate',
  `subtotal` decimal(20,4) DEFAULT NULL COMMENT 'Subtotal',
  `base_subtotal` decimal(20,4) DEFAULT NULL COMMENT 'Base Subtotal',
  `discount_amount` decimal(20,4) DEFAULT NULL COMMENT 'Discount Amount',
  `billing_address_id` int DEFAULT NULL COMMENT 'Billing Address ID',
  `is_used_for_refund` smallint unsigned DEFAULT NULL COMMENT 'Is Used For Refund',
  `order_id` int unsigned NOT NULL COMMENT 'Order ID',
  `email_sent` smallint unsigned DEFAULT NULL COMMENT 'Email Sent',
  `send_email` smallint unsigned DEFAULT NULL COMMENT 'Send Email',
  `can_void_flag` smallint unsigned DEFAULT NULL COMMENT 'Can Void Flag',
  `state` int DEFAULT NULL COMMENT 'State',
  `shipping_address_id` int DEFAULT NULL COMMENT 'Shipping Address ID',
  `store_currency_code` varchar(3) DEFAULT NULL COMMENT 'Store Currency Code',
  `transaction_id` varchar(255) DEFAULT NULL COMMENT 'Transaction ID',
  `order_currency_code` varchar(3) DEFAULT NULL COMMENT 'Order Currency Code',
  `base_currency_code` varchar(3) DEFAULT NULL COMMENT 'Base Currency Code',
  `global_currency_code` varchar(3) DEFAULT NULL COMMENT 'Global Currency Code',
  `increment_id` varchar(50) DEFAULT NULL COMMENT 'Increment ID',
  `created_at` timestamp NOT NULL DEFAULT CURRENT_TIMESTAMP COMMENT 'Created At',
  `updated_at` timestamp NOT NULL DEFAULT CURRENT_TIMESTAMP ON UPDATE CURRENT_TIMESTAMP COMMENT 'Updated At',
  `discount_tax_compensation_amount` decimal(20,4) DEFAULT NULL COMMENT 'Discount Tax Compensation Amount',
  `base_discount_tax_compensation_amount` decimal(20,4) DEFAULT NULL COMMENT 'Base Discount Tax Compensation Amount',
  `shipping_discount_tax_compensation_amount` decimal(20,4) DEFAULT NULL COMMENT 'Shipping Discount Tax Compensation Amount',
  `base_shipping_discount_tax_compensation_amnt` decimal(20,4) DEFAULT NULL COMMENT 'Base Shipping Discount Tax Compensation Amount',
  `shipping_incl_tax` decimal(20,4) DEFAULT NULL COMMENT 'Shipping Incl Tax',
  `base_shipping_incl_tax` decimal(20,4) DEFAULT NULL COMMENT 'Base Shipping Incl Tax',
  `base_total_refunded` decimal(20,4) DEFAULT NULL COMMENT 'Base Total Refunded',
  `discount_description` varchar(255) DEFAULT NULL COMMENT 'Discount Description',
  `customer_note` text COMMENT 'Customer Note',
  `customer_note_notify` smallint unsigned DEFAULT NULL COMMENT 'Customer Note Notify',
  PRIMARY KEY (`entity_id`),
  UNIQUE KEY `SALES_INVOICE_INCREMENT_ID_STORE_ID` (`increment_id`,`store_id`),
  KEY `SALES_INVOICE_STORE_ID` (`store_id`),
  KEY `SALES_INVOICE_GRAND_TOTAL` (`grand_total`),
  KEY `SALES_INVOICE_ORDER_ID` (`order_id`),
  KEY `SALES_INVOICE_STATE` (`state`),
  KEY `SALES_INVOICE_CREATED_AT` (`created_at`),
  KEY `SALES_INVOICE_UPDATED_AT` (`updated_at`),
  KEY `SALES_INVOICE_SEND_EMAIL` (`send_email`),
  KEY `SALES_INVOICE_EMAIL_SENT` (`email_sent`),
  CONSTRAINT `SALES_INVOICE_ORDER_ID_SALES_ORDER_ENTITY_ID` FOREIGN KEY (`order_id`) REFERENCES `sales_order` (`entity_id`) ON DELETE CASCADE,
  CONSTRAINT `SALES_INVOICE_STORE_ID_STORE_STORE_ID` FOREIGN KEY (`store_id`) REFERENCES `store` (`store_id`) ON DELETE SET NULL
) ENGINE=InnoDB DEFAULT CHARSET=utf8 COMMENT='Sales Flat Invoice';

--
-- Dumping data for table `sales_invoice`
--


--
-- Table structure for table `sales_invoice_comment`
--

CREATE TABLE `sales_invoice_comment` (
  `entity_id` int unsigned NOT NULL AUTO_INCREMENT COMMENT 'Entity ID',
  `parent_id` int unsigned NOT NULL COMMENT 'Parent ID',
  `is_customer_notified` smallint unsigned DEFAULT NULL COMMENT 'Is Customer Notified',
  `is_visible_on_front` smallint unsigned NOT NULL DEFAULT '0' COMMENT 'Is Visible On Front',
  `comment` text COMMENT 'Comment',
  `created_at` timestamp NOT NULL DEFAULT CURRENT_TIMESTAMP COMMENT 'Created At',
  PRIMARY KEY (`entity_id`),
  KEY `SALES_INVOICE_COMMENT_CREATED_AT` (`created_at`),
  KEY `SALES_INVOICE_COMMENT_PARENT_ID` (`parent_id`),
  CONSTRAINT `SALES_INVOICE_COMMENT_PARENT_ID_SALES_INVOICE_ENTITY_ID` FOREIGN KEY (`parent_id`) REFERENCES `sales_invoice` (`entity_id`) ON DELETE CASCADE
) ENGINE=InnoDB DEFAULT CHARSET=utf8 COMMENT='Sales Flat Invoice Comment';

--
-- Dumping data for table `sales_invoice_comment`
--


--
-- Table structure for table `sales_invoice_grid`
--

CREATE TABLE `sales_invoice_grid` (
  `entity_id` int unsigned NOT NULL COMMENT 'Entity ID',
  `increment_id` varchar(50) DEFAULT NULL COMMENT 'Increment ID',
  `state` int DEFAULT NULL COMMENT 'State',
  `store_id` smallint unsigned DEFAULT NULL COMMENT 'Store ID',
  `store_name` varchar(255) DEFAULT NULL COMMENT 'Store Name',
  `order_id` int unsigned NOT NULL COMMENT 'Order ID',
  `order_increment_id` varchar(50) DEFAULT NULL COMMENT 'Order Increment ID',
  `order_created_at` timestamp NULL DEFAULT NULL COMMENT 'Order Created At',
  `customer_name` varchar(255) DEFAULT NULL COMMENT 'Customer Name',
  `customer_email` varchar(255) DEFAULT NULL COMMENT 'Customer Email',
  `customer_group_id` int DEFAULT NULL,
  `payment_method` varchar(128) DEFAULT NULL COMMENT 'Payment Method',
  `store_currency_code` varchar(3) DEFAULT NULL COMMENT 'Store Currency Code',
  `order_currency_code` varchar(3) DEFAULT NULL COMMENT 'Order Currency Code',
  `base_currency_code` varchar(3) DEFAULT NULL COMMENT 'Base Currency Code',
  `global_currency_code` varchar(3) DEFAULT NULL COMMENT 'Global Currency Code',
  `billing_name` varchar(255) DEFAULT NULL COMMENT 'Billing Name',
  `billing_address` varchar(255) DEFAULT NULL COMMENT 'Billing Address',
  `shipping_address` varchar(255) DEFAULT NULL COMMENT 'Shipping Address',
  `shipping_information` varchar(255) DEFAULT NULL COMMENT 'Shipping Method Name',
  `subtotal` decimal(20,4) DEFAULT NULL COMMENT 'Subtotal',
  `shipping_and_handling` decimal(20,4) DEFAULT NULL COMMENT 'Shipping and handling amount',
  `grand_total` decimal(20,4) DEFAULT NULL COMMENT 'Grand Total',
  `base_grand_total` decimal(20,4) DEFAULT NULL COMMENT 'Base Grand Total',
  `created_at` timestamp NULL DEFAULT NULL COMMENT 'Created At',
  `updated_at` timestamp NULL DEFAULT NULL COMMENT 'Updated At',
  PRIMARY KEY (`entity_id`),
  UNIQUE KEY `SALES_INVOICE_GRID_INCREMENT_ID_STORE_ID` (`increment_id`,`store_id`),
  KEY `SALES_INVOICE_GRID_STORE_ID` (`store_id`),
  KEY `SALES_INVOICE_GRID_GRAND_TOTAL` (`grand_total`),
  KEY `SALES_INVOICE_GRID_ORDER_ID` (`order_id`),
  KEY `SALES_INVOICE_GRID_STATE` (`state`),
  KEY `SALES_INVOICE_GRID_ORDER_INCREMENT_ID` (`order_increment_id`),
  KEY `SALES_INVOICE_GRID_CREATED_AT` (`created_at`),
  KEY `SALES_INVOICE_GRID_UPDATED_AT` (`updated_at`),
  KEY `SALES_INVOICE_GRID_ORDER_CREATED_AT` (`order_created_at`),
  KEY `SALES_INVOICE_GRID_BILLING_NAME` (`billing_name`),
  KEY `SALES_INVOICE_GRID_BASE_GRAND_TOTAL` (`base_grand_total`),
  FULLTEXT KEY `FTI_95D9C924DD6A8734EB8B5D01D60F90DE` (`increment_id`,`order_increment_id`,`billing_name`,`billing_address`,`shipping_address`,`customer_name`,`customer_email`)
) ENGINE=InnoDB DEFAULT CHARSET=utf8 COMMENT='Sales Flat Invoice Grid';

--
-- Dumping data for table `sales_invoice_grid`
--


--
-- Table structure for table `sales_invoice_item`
--

CREATE TABLE `sales_invoice_item` (
  `entity_id` int unsigned NOT NULL AUTO_INCREMENT COMMENT 'Entity ID',
  `parent_id` int unsigned NOT NULL COMMENT 'Parent ID',
  `base_price` decimal(12,4) DEFAULT NULL COMMENT 'Base Price',
  `tax_amount` decimal(12,4) DEFAULT NULL COMMENT 'Tax Amount',
  `base_row_total` decimal(20,4) DEFAULT NULL COMMENT 'Base Row Total',
  `discount_amount` decimal(12,4) DEFAULT NULL COMMENT 'Discount Amount',
  `row_total` decimal(20,4) DEFAULT NULL COMMENT 'Row Total',
  `base_discount_amount` decimal(12,4) DEFAULT NULL COMMENT 'Base Discount Amount',
  `price_incl_tax` decimal(12,4) DEFAULT NULL COMMENT 'Price Incl Tax',
  `base_tax_amount` decimal(12,4) DEFAULT NULL COMMENT 'Base Tax Amount',
  `base_price_incl_tax` decimal(12,4) DEFAULT NULL COMMENT 'Base Price Incl Tax',
  `qty` decimal(12,4) DEFAULT NULL COMMENT 'Qty',
  `base_cost` decimal(12,4) DEFAULT NULL COMMENT 'Base Cost',
  `price` decimal(12,4) DEFAULT NULL COMMENT 'Price',
  `base_row_total_incl_tax` decimal(12,4) DEFAULT NULL COMMENT 'Base Row Total Incl Tax',
  `row_total_incl_tax` decimal(12,4) DEFAULT NULL COMMENT 'Row Total Incl Tax',
  `product_id` int DEFAULT NULL COMMENT 'Product ID',
  `order_item_id` int DEFAULT NULL COMMENT 'Order Item ID',
  `additional_data` text COMMENT 'Additional Data',
  `description` text COMMENT 'Description',
  `sku` varchar(255) DEFAULT NULL COMMENT 'Sku',
  `name` varchar(255) DEFAULT NULL COMMENT 'Name',
  `discount_tax_compensation_amount` decimal(12,4) DEFAULT NULL COMMENT 'Discount Tax Compensation Amount',
  `base_discount_tax_compensation_amount` decimal(12,4) DEFAULT NULL COMMENT 'Base Discount Tax Compensation Amount',
  `tax_ratio` text COMMENT 'Ratio of tax invoiced over tax of the order item',
  `weee_tax_applied` text COMMENT 'Weee Tax Applied',
  `weee_tax_applied_amount` decimal(12,4) DEFAULT NULL COMMENT 'Weee Tax Applied Amount',
  `weee_tax_applied_row_amount` decimal(12,4) DEFAULT NULL COMMENT 'Weee Tax Applied Row Amount',
  `weee_tax_disposition` decimal(12,4) DEFAULT NULL COMMENT 'Weee Tax Disposition',
  `weee_tax_row_disposition` decimal(12,4) DEFAULT NULL COMMENT 'Weee Tax Row Disposition',
  `base_weee_tax_applied_amount` decimal(12,4) DEFAULT NULL COMMENT 'Base Weee Tax Applied Amount',
  `base_weee_tax_applied_row_amnt` decimal(12,4) DEFAULT NULL COMMENT 'Base Weee Tax Applied Row Amnt',
  `base_weee_tax_disposition` decimal(12,4) DEFAULT NULL COMMENT 'Base Weee Tax Disposition',
  `base_weee_tax_row_disposition` decimal(12,4) DEFAULT NULL COMMENT 'Base Weee Tax Row Disposition',
  PRIMARY KEY (`entity_id`),
  KEY `SALES_INVOICE_ITEM_PARENT_ID` (`parent_id`),
  CONSTRAINT `SALES_INVOICE_ITEM_PARENT_ID_SALES_INVOICE_ENTITY_ID` FOREIGN KEY (`parent_id`) REFERENCES `sales_invoice` (`entity_id`) ON DELETE CASCADE
) ENGINE=InnoDB DEFAULT CHARSET=utf8 COMMENT='Sales Flat Invoice Item';

--
-- Dumping data for table `sales_invoice_item`
--


--
-- Table structure for table `sales_invoiced_aggregated`
--

CREATE TABLE `sales_invoiced_aggregated` (
  `id` int unsigned NOT NULL AUTO_INCREMENT COMMENT 'ID',
  `period` date DEFAULT NULL COMMENT 'Period',
  `store_id` smallint unsigned DEFAULT NULL COMMENT 'Store ID',
  `order_status` varchar(50) DEFAULT NULL COMMENT 'Order Status',
  `orders_count` int NOT NULL DEFAULT '0' COMMENT 'Orders Count',
  `orders_invoiced` decimal(12,4) DEFAULT NULL COMMENT 'Orders Invoiced',
  `invoiced` decimal(12,4) DEFAULT NULL COMMENT 'Invoiced',
  `invoiced_captured` decimal(12,4) DEFAULT NULL COMMENT 'Invoiced Captured',
  `invoiced_not_captured` decimal(12,4) DEFAULT NULL COMMENT 'Invoiced Not Captured',
  PRIMARY KEY (`id`),
  UNIQUE KEY `SALES_INVOICED_AGGREGATED_PERIOD_STORE_ID_ORDER_STATUS` (`period`,`store_id`,`order_status`),
  KEY `SALES_INVOICED_AGGREGATED_STORE_ID` (`store_id`),
  CONSTRAINT `SALES_INVOICED_AGGREGATED_STORE_ID_STORE_STORE_ID` FOREIGN KEY (`store_id`) REFERENCES `store` (`store_id`) ON DELETE SET NULL
) ENGINE=InnoDB DEFAULT CHARSET=utf8 COMMENT='Sales Invoiced Aggregated';

--
-- Dumping data for table `sales_invoiced_aggregated`
--


--
-- Table structure for table `sales_invoiced_aggregated_order`
--

CREATE TABLE `sales_invoiced_aggregated_order` (
  `id` int unsigned NOT NULL AUTO_INCREMENT COMMENT 'ID',
  `period` date DEFAULT NULL COMMENT 'Period',
  `store_id` smallint unsigned DEFAULT NULL COMMENT 'Store ID',
  `order_status` varchar(50) NOT NULL COMMENT 'Order Status',
  `orders_count` int NOT NULL DEFAULT '0' COMMENT 'Orders Count',
  `orders_invoiced` decimal(12,4) DEFAULT NULL COMMENT 'Orders Invoiced',
  `invoiced` decimal(12,4) DEFAULT NULL COMMENT 'Invoiced',
  `invoiced_captured` decimal(12,4) DEFAULT NULL COMMENT 'Invoiced Captured',
  `invoiced_not_captured` decimal(12,4) DEFAULT NULL COMMENT 'Invoiced Not Captured',
  PRIMARY KEY (`id`),
  UNIQUE KEY `SALES_INVOICED_AGGREGATED_ORDER_PERIOD_STORE_ID_ORDER_STATUS` (`period`,`store_id`,`order_status`),
  KEY `SALES_INVOICED_AGGREGATED_ORDER_STORE_ID` (`store_id`),
  CONSTRAINT `SALES_INVOICED_AGGREGATED_ORDER_STORE_ID_STORE_STORE_ID` FOREIGN KEY (`store_id`) REFERENCES `store` (`store_id`) ON DELETE SET NULL
) ENGINE=InnoDB DEFAULT CHARSET=utf8 COMMENT='Sales Invoiced Aggregated Order';

--
-- Dumping data for table `sales_invoiced_aggregated_order`
--


--
-- Table structure for table `sales_order`
--

CREATE TABLE `sales_order` (
  `entity_id` int unsigned NOT NULL AUTO_INCREMENT COMMENT 'Entity ID',
  `state` varchar(32) DEFAULT NULL COMMENT 'State',
  `status` varchar(32) DEFAULT NULL COMMENT 'Status',
  `coupon_code` varchar(255) DEFAULT NULL COMMENT 'Coupon Code',
  `protect_code` varchar(255) DEFAULT NULL COMMENT 'Protect Code',
  `shipping_description` varchar(255) DEFAULT NULL COMMENT 'Shipping Description',
  `is_virtual` smallint unsigned DEFAULT NULL COMMENT 'Is Virtual',
  `store_id` smallint unsigned DEFAULT NULL COMMENT 'Store ID',
  `customer_id` int unsigned DEFAULT NULL COMMENT 'Customer ID',
  `base_discount_amount` decimal(20,4) DEFAULT NULL COMMENT 'Base Discount Amount',
  `base_discount_canceled` decimal(20,4) DEFAULT NULL COMMENT 'Base Discount Canceled',
  `base_discount_invoiced` decimal(20,4) DEFAULT NULL COMMENT 'Base Discount Invoiced',
  `base_discount_refunded` decimal(20,4) DEFAULT NULL COMMENT 'Base Discount Refunded',
  `base_grand_total` decimal(20,4) DEFAULT NULL COMMENT 'Base Grand Total',
  `base_shipping_amount` decimal(20,4) DEFAULT NULL COMMENT 'Base Shipping Amount',
  `base_shipping_canceled` decimal(20,4) DEFAULT NULL COMMENT 'Base Shipping Canceled',
  `base_shipping_invoiced` decimal(20,4) DEFAULT NULL COMMENT 'Base Shipping Invoiced',
  `base_shipping_refunded` decimal(20,4) DEFAULT NULL COMMENT 'Base Shipping Refunded',
  `base_shipping_tax_amount` decimal(20,4) DEFAULT NULL COMMENT 'Base Shipping Tax Amount',
  `base_shipping_tax_refunded` decimal(20,4) DEFAULT NULL COMMENT 'Base Shipping Tax Refunded',
  `base_subtotal` decimal(20,4) DEFAULT NULL COMMENT 'Base Subtotal',
  `base_subtotal_canceled` decimal(20,4) DEFAULT NULL COMMENT 'Base Subtotal Canceled',
  `base_subtotal_invoiced` decimal(20,4) DEFAULT NULL COMMENT 'Base Subtotal Invoiced',
  `base_subtotal_refunded` decimal(20,4) DEFAULT NULL COMMENT 'Base Subtotal Refunded',
  `base_tax_amount` decimal(20,4) DEFAULT NULL COMMENT 'Base Tax Amount',
  `base_tax_canceled` decimal(20,4) DEFAULT NULL COMMENT 'Base Tax Canceled',
  `base_tax_invoiced` decimal(20,4) DEFAULT NULL COMMENT 'Base Tax Invoiced',
  `base_tax_refunded` decimal(20,4) DEFAULT NULL COMMENT 'Base Tax Refunded',
  `base_to_global_rate` decimal(20,4) DEFAULT NULL COMMENT 'Base To Global Rate',
  `base_to_order_rate` decimal(20,4) DEFAULT NULL COMMENT 'Base To Order Rate',
  `base_total_canceled` decimal(20,4) DEFAULT NULL COMMENT 'Base Total Canceled',
  `base_total_invoiced` decimal(20,4) DEFAULT NULL COMMENT 'Base Total Invoiced',
  `base_total_invoiced_cost` decimal(20,4) DEFAULT NULL COMMENT 'Base Total Invoiced Cost',
  `base_total_offline_refunded` decimal(20,4) DEFAULT NULL COMMENT 'Base Total Offline Refunded',
  `base_total_online_refunded` decimal(20,4) DEFAULT NULL COMMENT 'Base Total Online Refunded',
  `base_total_paid` decimal(20,4) DEFAULT NULL COMMENT 'Base Total Paid',
  `base_total_qty_ordered` decimal(12,4) DEFAULT NULL COMMENT 'Base Total Qty Ordered',
  `base_total_refunded` decimal(20,4) DEFAULT NULL COMMENT 'Base Total Refunded',
  `discount_amount` decimal(20,4) DEFAULT NULL COMMENT 'Discount Amount',
  `discount_canceled` decimal(20,4) DEFAULT NULL COMMENT 'Discount Canceled',
  `discount_invoiced` decimal(20,4) DEFAULT NULL COMMENT 'Discount Invoiced',
  `discount_refunded` decimal(20,4) DEFAULT NULL COMMENT 'Discount Refunded',
  `grand_total` decimal(20,4) DEFAULT NULL COMMENT 'Grand Total',
  `shipping_amount` decimal(20,4) DEFAULT NULL COMMENT 'Shipping Amount',
  `shipping_canceled` decimal(20,4) DEFAULT NULL COMMENT 'Shipping Canceled',
  `shipping_invoiced` decimal(20,4) DEFAULT NULL COMMENT 'Shipping Invoiced',
  `shipping_refunded` decimal(20,4) DEFAULT NULL COMMENT 'Shipping Refunded',
  `shipping_tax_amount` decimal(20,4) DEFAULT NULL COMMENT 'Shipping Tax Amount',
  `shipping_tax_refunded` decimal(20,4) DEFAULT NULL COMMENT 'Shipping Tax Refunded',
  `store_to_base_rate` decimal(12,4) DEFAULT NULL COMMENT 'Store To Base Rate',
  `store_to_order_rate` decimal(12,4) DEFAULT NULL COMMENT 'Store To Order Rate',
  `subtotal` decimal(20,4) DEFAULT NULL COMMENT 'Subtotal',
  `subtotal_canceled` decimal(20,4) DEFAULT NULL COMMENT 'Subtotal Canceled',
  `subtotal_invoiced` decimal(20,4) DEFAULT NULL COMMENT 'Subtotal Invoiced',
  `subtotal_refunded` decimal(20,4) DEFAULT NULL COMMENT 'Subtotal Refunded',
  `tax_amount` decimal(20,4) DEFAULT NULL COMMENT 'Tax Amount',
  `tax_canceled` decimal(20,4) DEFAULT NULL COMMENT 'Tax Canceled',
  `tax_invoiced` decimal(20,4) DEFAULT NULL COMMENT 'Tax Invoiced',
  `tax_refunded` decimal(20,4) DEFAULT NULL COMMENT 'Tax Refunded',
  `total_canceled` decimal(20,4) DEFAULT NULL COMMENT 'Total Canceled',
  `total_invoiced` decimal(20,4) DEFAULT NULL COMMENT 'Total Invoiced',
  `total_offline_refunded` decimal(20,4) DEFAULT NULL COMMENT 'Total Offline Refunded',
  `total_online_refunded` decimal(20,4) DEFAULT NULL COMMENT 'Total Online Refunded',
  `total_paid` decimal(20,4) DEFAULT NULL COMMENT 'Total Paid',
  `total_qty_ordered` decimal(12,4) DEFAULT NULL COMMENT 'Total Qty Ordered',
  `total_refunded` decimal(20,4) DEFAULT NULL COMMENT 'Total Refunded',
  `can_ship_partially` smallint unsigned DEFAULT NULL COMMENT 'Can Ship Partially',
  `can_ship_partially_item` smallint unsigned DEFAULT NULL COMMENT 'Can Ship Partially Item',
  `customer_is_guest` smallint unsigned DEFAULT NULL COMMENT 'Customer Is Guest',
  `customer_note_notify` smallint unsigned DEFAULT NULL COMMENT 'Customer Note Notify',
  `billing_address_id` int DEFAULT NULL COMMENT 'Billing Address ID',
  `customer_group_id` int DEFAULT NULL,
  `edit_increment` int DEFAULT NULL COMMENT 'Edit Increment',
  `email_sent` smallint unsigned DEFAULT NULL COMMENT 'Email Sent',
  `send_email` smallint unsigned DEFAULT NULL COMMENT 'Send Email',
  `forced_shipment_with_invoice` smallint unsigned DEFAULT NULL COMMENT 'Forced Do Shipment With Invoice',
  `payment_auth_expiration` int DEFAULT NULL COMMENT 'Payment Authorization Expiration',
  `quote_address_id` int DEFAULT NULL COMMENT 'Quote Address ID',
  `quote_id` int DEFAULT NULL COMMENT 'Quote ID',
  `shipping_address_id` int DEFAULT NULL COMMENT 'Shipping Address ID',
  `adjustment_negative` decimal(20,4) DEFAULT NULL COMMENT 'Adjustment Negative',
  `adjustment_positive` decimal(20,4) DEFAULT NULL COMMENT 'Adjustment Positive',
  `base_adjustment_negative` decimal(20,4) DEFAULT NULL COMMENT 'Base Adjustment Negative',
  `base_adjustment_positive` decimal(20,4) DEFAULT NULL COMMENT 'Base Adjustment Positive',
  `base_shipping_discount_amount` decimal(20,4) DEFAULT NULL COMMENT 'Base Shipping Discount Amount',
  `base_subtotal_incl_tax` decimal(20,4) DEFAULT NULL COMMENT 'Base Subtotal Incl Tax',
  `base_total_due` decimal(20,4) DEFAULT NULL COMMENT 'Base Total Due',
  `payment_authorization_amount` decimal(20,4) DEFAULT NULL COMMENT 'Payment Authorization Amount',
  `shipping_discount_amount` decimal(20,4) DEFAULT NULL COMMENT 'Shipping Discount Amount',
  `subtotal_incl_tax` decimal(20,4) DEFAULT NULL COMMENT 'Subtotal Incl Tax',
  `total_due` decimal(20,4) DEFAULT NULL COMMENT 'Total Due',
  `weight` decimal(12,4) DEFAULT NULL COMMENT 'Weight',
  `customer_dob` datetime DEFAULT NULL COMMENT 'Customer Dob',
  `increment_id` varchar(50) DEFAULT NULL COMMENT 'Increment ID',
  `applied_rule_ids` varchar(128) DEFAULT NULL COMMENT 'Applied Rule Ids',
  `base_currency_code` varchar(3) DEFAULT NULL COMMENT 'Base Currency Code',
  `customer_email` varchar(128) DEFAULT NULL COMMENT 'Customer Email',
  `customer_firstname` varchar(128) DEFAULT NULL COMMENT 'Customer Firstname',
  `customer_lastname` varchar(128) DEFAULT NULL COMMENT 'Customer Lastname',
  `customer_middlename` varchar(128) DEFAULT NULL COMMENT 'Customer Middlename',
  `customer_prefix` varchar(32) DEFAULT NULL COMMENT 'Customer Prefix',
  `customer_suffix` varchar(32) DEFAULT NULL COMMENT 'Customer Suffix',
  `customer_taxvat` varchar(32) DEFAULT NULL COMMENT 'Customer Taxvat',
  `discount_description` varchar(255) DEFAULT NULL COMMENT 'Discount Description',
  `ext_customer_id` varchar(32) DEFAULT NULL COMMENT 'Ext Customer ID',
  `ext_order_id` varchar(32) DEFAULT NULL COMMENT 'Ext Order ID',
  `global_currency_code` varchar(3) DEFAULT NULL COMMENT 'Global Currency Code',
  `hold_before_state` varchar(32) DEFAULT NULL COMMENT 'Hold Before State',
  `hold_before_status` varchar(32) DEFAULT NULL COMMENT 'Hold Before Status',
  `order_currency_code` varchar(3) DEFAULT NULL COMMENT 'Order Currency Code',
  `original_increment_id` varchar(50) DEFAULT NULL COMMENT 'Original Increment ID',
  `relation_child_id` varchar(32) DEFAULT NULL COMMENT 'Relation Child ID',
  `relation_child_real_id` varchar(32) DEFAULT NULL COMMENT 'Relation Child Real ID',
  `relation_parent_id` varchar(32) DEFAULT NULL COMMENT 'Relation Parent ID',
  `relation_parent_real_id` varchar(32) DEFAULT NULL COMMENT 'Relation Parent Real ID',
  `remote_ip` varchar(45) DEFAULT NULL COMMENT 'Remote Ip',
  `shipping_method` varchar(120) DEFAULT NULL,
  `store_currency_code` varchar(3) DEFAULT NULL COMMENT 'Store Currency Code',
  `store_name` varchar(255) DEFAULT NULL COMMENT 'Store Name',
  `x_forwarded_for` varchar(255) DEFAULT NULL COMMENT 'X Forwarded For',
  `customer_note` text COMMENT 'Customer Note',
  `created_at` timestamp NOT NULL DEFAULT CURRENT_TIMESTAMP COMMENT 'Created At',
  `updated_at` timestamp NOT NULL DEFAULT CURRENT_TIMESTAMP ON UPDATE CURRENT_TIMESTAMP COMMENT 'Updated At',
  `total_item_count` smallint unsigned NOT NULL DEFAULT '0' COMMENT 'Total Item Count',
  `customer_gender` int DEFAULT NULL COMMENT 'Customer Gender',
  `discount_tax_compensation_amount` decimal(20,4) DEFAULT NULL COMMENT 'Discount Tax Compensation Amount',
  `base_discount_tax_compensation_amount` decimal(20,4) DEFAULT NULL COMMENT 'Base Discount Tax Compensation Amount',
  `shipping_discount_tax_compensation_amount` decimal(20,4) DEFAULT NULL COMMENT 'Shipping Discount Tax Compensation Amount',
  `base_shipping_discount_tax_compensation_amnt` decimal(20,4) DEFAULT NULL COMMENT 'Base Shipping Discount Tax Compensation Amount',
  `discount_tax_compensation_invoiced` decimal(20,4) DEFAULT NULL COMMENT 'Discount Tax Compensation Invoiced',
  `base_discount_tax_compensation_invoiced` decimal(20,4) DEFAULT NULL COMMENT 'Base Discount Tax Compensation Invoiced',
  `discount_tax_compensation_refunded` decimal(20,4) DEFAULT NULL COMMENT 'Discount Tax Compensation Refunded',
  `base_discount_tax_compensation_refunded` decimal(20,4) DEFAULT NULL COMMENT 'Base Discount Tax Compensation Refunded',
  `shipping_incl_tax` decimal(20,4) DEFAULT NULL COMMENT 'Shipping Incl Tax',
  `base_shipping_incl_tax` decimal(20,4) DEFAULT NULL COMMENT 'Base Shipping Incl Tax',
  `coupon_rule_name` varchar(255) DEFAULT NULL COMMENT 'Coupon Sales Rule Name',
  `gift_message_id` int DEFAULT NULL COMMENT 'Gift Message ID',
  `paypal_ipn_customer_notified` int DEFAULT '0' COMMENT 'Paypal Ipn Customer Notified',
  PRIMARY KEY (`entity_id`),
  UNIQUE KEY `SALES_ORDER_INCREMENT_ID_STORE_ID` (`increment_id`,`store_id`),
  KEY `SALES_ORDER_STATUS` (`status`),
  KEY `SALES_ORDER_STATE` (`state`),
  KEY `SALES_ORDER_STORE_ID` (`store_id`),
  KEY `SALES_ORDER_CREATED_AT` (`created_at`),
  KEY `SALES_ORDER_CUSTOMER_ID` (`customer_id`),
  KEY `SALES_ORDER_EXT_ORDER_ID` (`ext_order_id`),
  KEY `SALES_ORDER_QUOTE_ID` (`quote_id`),
  KEY `SALES_ORDER_UPDATED_AT` (`updated_at`),
  KEY `SALES_ORDER_SEND_EMAIL` (`send_email`),
  KEY `SALES_ORDER_EMAIL_SENT` (`email_sent`),
  CONSTRAINT `SALES_ORDER_CUSTOMER_ID_CUSTOMER_ENTITY_ENTITY_ID` FOREIGN KEY (`customer_id`) REFERENCES `customer_entity` (`entity_id`) ON DELETE SET NULL,
  CONSTRAINT `SALES_ORDER_STORE_ID_STORE_STORE_ID` FOREIGN KEY (`store_id`) REFERENCES `store` (`store_id`) ON DELETE SET NULL
) ENGINE=InnoDB AUTO_INCREMENT=29 DEFAULT CHARSET=utf8 COMMENT='Sales Flat Order';

--
-- Dumping data for table `sales_order`
--

INSERT INTO `sales_order` VALUES (1,'new','pending',NULL,'a11b6672b5d8e3ba481631d1f6eb8234','Flat Rate - Fixed',0,1,NULL,0.0000,NULL,NULL,NULL,10150.0000,150.0000,NULL,NULL,NULL,0.0000,NULL,10000.0000,NULL,NULL,NULL,0.0000,NULL,NULL,NULL,1.0000,1.0000,NULL,NULL,NULL,NULL,NULL,NULL,NULL,NULL,0.0000,NULL,NULL,NULL,10150.0000,150.0000,NULL,NULL,NULL,0.0000,NULL,0.0000,0.0000,10000.0000,NULL,NULL,NULL,0.0000,NULL,NULL,NULL,NULL,NULL,NULL,NULL,NULL,30.0000,NULL,NULL,NULL,1,1,2,0,NULL,1,1,NULL,NULL,NULL,2,1,NULL,NULL,NULL,NULL,0.0000,10000.0000,10150.0000,NULL,0.0000,10000.0000,10150.0000,0.0000,NULL,'000000001',NULL,'USD','magentech@magentech.com',NULL,NULL,NULL,NULL,NULL,NULL,NULL,NULL,NULL,'USD',NULL,NULL,'USD',NULL,NULL,NULL,NULL,NULL,'127.0.0.1','flatrate_flatrate','USD','Main Website\r\nMain Website Store',NULL,NULL,'2017-10-16 03:25:29','2017-10-16 03:25:33',3,NULL,0.0000,0.0000,0.0000,NULL,NULL,NULL,NULL,NULL,150.0000,150.0000,NULL,NULL,0),(2,'new','pending',NULL,'251bbb321ee612089f2e3f0464d801bc','Flat Rate - Fixed',0,1,2,0.0000,NULL,NULL,NULL,1950.0000,30.0000,NULL,NULL,NULL,0.0000,NULL,1920.0000,NULL,NULL,NULL,0.0000,NULL,NULL,NULL,1.0000,1.0000,NULL,NULL,NULL,NULL,NULL,NULL,NULL,NULL,0.0000,NULL,NULL,NULL,1950.0000,30.0000,NULL,NULL,NULL,0.0000,NULL,0.0000,0.0000,1920.0000,NULL,NULL,NULL,0.0000,NULL,NULL,NULL,NULL,NULL,NULL,NULL,NULL,6.0000,NULL,NULL,NULL,0,1,4,1,NULL,1,1,NULL,NULL,NULL,6,3,NULL,NULL,NULL,NULL,0.0000,1920.0000,1950.0000,NULL,0.0000,1920.0000,1950.0000,0.0000,NULL,'000000002',NULL,'USD','admin@gmail.com','admin','admin',NULL,NULL,NULL,NULL,NULL,NULL,NULL,'USD',NULL,NULL,'USD',NULL,NULL,NULL,NULL,NULL,'192.168.1.96','flatrate_flatrate','USD','Main Website\r\nMain Website Store',NULL,NULL,'2017-10-17 09:35:11','2017-10-17 09:35:16',3,NULL,0.0000,0.0000,0.0000,NULL,NULL,NULL,NULL,NULL,30.0000,30.0000,NULL,NULL,0),(3,'new','pending',NULL,'71f83276919c8d3c1d71093fb52652bc','Flat Rate - Fixed',0,1,NULL,0.0000,NULL,NULL,NULL,2874.0000,35.0000,NULL,NULL,NULL,0.0000,NULL,2839.0000,NULL,NULL,NULL,0.0000,NULL,NULL,NULL,1.0000,1.0000,NULL,NULL,NULL,NULL,NULL,NULL,NULL,NULL,0.0000,NULL,NULL,NULL,2874.0000,35.0000,NULL,NULL,NULL,0.0000,NULL,0.0000,0.0000,2839.0000,NULL,NULL,NULL,0.0000,NULL,NULL,NULL,NULL,NULL,NULL,NULL,NULL,7.0000,NULL,NULL,NULL,1,1,6,0,NULL,1,1,NULL,NULL,NULL,21,5,NULL,NULL,NULL,NULL,0.0000,2839.0000,2874.0000,NULL,0.0000,2839.0000,2874.0000,0.0000,NULL,'000000003',NULL,'USD','admin@gmail.com',NULL,NULL,NULL,NULL,NULL,NULL,NULL,NULL,NULL,'USD',NULL,NULL,'USD',NULL,NULL,NULL,NULL,NULL,'192.168.1.96','flatrate_flatrate','USD','Main Website\r\nMain Website Store',NULL,NULL,'2017-11-09 08:23:30','2017-11-09 08:23:32',5,NULL,0.0000,0.0000,0.0000,NULL,NULL,NULL,NULL,NULL,35.0000,35.0000,NULL,NULL,0),(4,'new','pending',NULL,'03afc82622557a1cbd9164c073f385d1','Flat Rate - Fixed',0,1,3,0.0000,NULL,NULL,NULL,2500.0000,40.0000,NULL,NULL,NULL,0.0000,NULL,2460.0000,NULL,NULL,NULL,0.0000,NULL,NULL,NULL,1.0000,1.0000,NULL,NULL,NULL,NULL,NULL,NULL,NULL,NULL,0.0000,NULL,NULL,NULL,2500.0000,40.0000,NULL,NULL,NULL,0.0000,NULL,0.0000,0.0000,2460.0000,NULL,NULL,NULL,0.0000,NULL,NULL,NULL,NULL,NULL,NULL,NULL,NULL,8.0000,NULL,NULL,NULL,0,1,8,1,NULL,1,1,NULL,NULL,NULL,35,7,NULL,NULL,NULL,NULL,0.0000,2460.0000,2500.0000,NULL,0.0000,2460.0000,2500.0000,0.0000,NULL,'000000004',NULL,'USD','admin0@gmail.com','admin','admin',NULL,NULL,NULL,NULL,NULL,NULL,NULL,'USD',NULL,NULL,'USD',NULL,NULL,NULL,NULL,NULL,'192.168.1.96','flatrate_flatrate','USD','Main Website\r\nMain Website Store',NULL,NULL,'2017-11-27 03:12:20','2017-11-27 03:12:23',6,NULL,0.0000,0.0000,0.0000,NULL,NULL,NULL,NULL,NULL,40.0000,40.0000,NULL,NULL,0),(5,'new','pending',NULL,'12d224c1a22f0a7be2b874194fc5320d','Flat Rate - Fixed',0,1,4,0.0000,NULL,NULL,NULL,1705.0000,25.0000,NULL,NULL,NULL,0.0000,NULL,1680.0000,NULL,NULL,NULL,0.0000,NULL,NULL,NULL,1.0000,1.0000,NULL,NULL,NULL,NULL,NULL,NULL,NULL,NULL,0.0000,NULL,NULL,NULL,1705.0000,25.0000,NULL,NULL,NULL,0.0000,NULL,0.0000,0.0000,1680.0000,NULL,NULL,NULL,0.0000,NULL,NULL,NULL,NULL,NULL,NULL,NULL,NULL,5.0000,NULL,NULL,NULL,0,1,10,1,NULL,1,1,NULL,NULL,NULL,45,9,NULL,NULL,NULL,NULL,0.0000,1680.0000,1705.0000,NULL,0.0000,1680.0000,1705.0000,0.0000,NULL,'000000005',NULL,'USD','admin3@gmail.com','admin','admin',NULL,NULL,NULL,NULL,NULL,NULL,NULL,'USD',NULL,NULL,'USD',NULL,NULL,NULL,NULL,NULL,'192.168.1.3','flatrate_flatrate','USD','Main Website\r\nMain Website Store',NULL,NULL,'2017-12-26 04:04:46','2017-12-26 04:04:50',5,NULL,0.0000,0.0000,0.0000,0.0000,NULL,NULL,NULL,NULL,25.0000,25.0000,NULL,NULL,0),(6,'new','pending',NULL,'8eea216cf87eaa02904ff93c822e7f55','Flat Rate - Fixed',0,1,4,0.0000,NULL,NULL,NULL,305.0000,5.0000,NULL,NULL,NULL,0.0000,NULL,300.0000,NULL,NULL,NULL,0.0000,NULL,NULL,NULL,1.0000,1.0000,NULL,NULL,NULL,NULL,NULL,NULL,NULL,NULL,0.0000,NULL,NULL,NULL,305.0000,5.0000,NULL,NULL,NULL,0.0000,NULL,0.0000,0.0000,300.0000,NULL,NULL,NULL,0.0000,NULL,NULL,NULL,NULL,NULL,NULL,NULL,NULL,1.0000,NULL,NULL,NULL,0,1,12,1,NULL,1,1,NULL,NULL,NULL,53,11,NULL,NULL,NULL,NULL,0.0000,300.0000,305.0000,NULL,0.0000,300.0000,305.0000,0.0000,NULL,'000000006',NULL,'USD','admin3@gmail.com','admin','admin',NULL,NULL,NULL,NULL,NULL,NULL,NULL,'USD',NULL,NULL,'USD',NULL,NULL,NULL,NULL,NULL,'192.168.1.3','flatrate_flatrate','USD','Main Website\r\nMain Website Store',NULL,NULL,'2017-12-26 04:10:01','2017-12-26 04:10:03',1,NULL,0.0000,0.0000,0.0000,0.0000,NULL,NULL,NULL,NULL,5.0000,5.0000,NULL,NULL,0),(7,'new','pending',NULL,'ada97ee365ca9f018c48a4c67d6b0598','Flat Rate - Fixed',0,1,4,0.0000,NULL,NULL,NULL,1540.0000,20.0000,NULL,NULL,NULL,0.0000,NULL,1520.0000,NULL,NULL,NULL,0.0000,NULL,NULL,NULL,1.0000,1.0000,NULL,NULL,NULL,NULL,NULL,NULL,NULL,NULL,0.0000,NULL,NULL,NULL,1540.0000,20.0000,NULL,NULL,NULL,0.0000,NULL,0.0000,0.0000,1520.0000,NULL,NULL,NULL,0.0000,NULL,NULL,NULL,NULL,NULL,NULL,NULL,NULL,5.0000,NULL,NULL,NULL,0,1,14,1,NULL,1,1,NULL,NULL,NULL,54,13,NULL,NULL,NULL,NULL,0.0000,1520.0000,1540.0000,NULL,0.0000,1520.0000,1540.0000,0.0000,NULL,'000000007',NULL,'USD','admin3@gmail.com','admin','admin',NULL,NULL,NULL,NULL,NULL,NULL,NULL,'USD',NULL,NULL,'USD',NULL,NULL,NULL,NULL,NULL,'192.168.1.3','flatrate_flatrate','USD','Main Website\r\nMain Website Store',NULL,NULL,'2017-12-28 02:34:38','2017-12-28 02:34:42',5,NULL,0.0000,0.0000,0.0000,0.0000,NULL,NULL,NULL,NULL,20.0000,20.0000,NULL,NULL,0),(8,'new','pending',NULL,'2102ae26a609669e3ec0126ace883ea0','Flat Rate - Fixed',0,1,5,0.0000,NULL,NULL,NULL,255.0000,5.0000,NULL,NULL,NULL,0.0000,NULL,250.0000,NULL,NULL,NULL,0.0000,NULL,NULL,NULL,1.0000,1.0000,NULL,NULL,NULL,NULL,NULL,NULL,NULL,NULL,0.0000,NULL,NULL,NULL,255.0000,5.0000,NULL,NULL,NULL,0.0000,NULL,0.0000,0.0000,250.0000,NULL,NULL,NULL,0.0000,NULL,NULL,NULL,NULL,NULL,NULL,NULL,NULL,1.0000,NULL,NULL,NULL,0,1,16,1,NULL,NULL,1,NULL,NULL,NULL,67,15,NULL,NULL,NULL,NULL,0.0000,250.0000,255.0000,NULL,0.0000,250.0000,255.0000,0.0000,NULL,'000000008',NULL,'USD','abc@gmail.com','abc','abc',NULL,NULL,NULL,NULL,NULL,NULL,NULL,'USD',NULL,NULL,'USD',NULL,NULL,NULL,NULL,NULL,'::1','flatrate_flatrate','USD','Main Website\nMain Website Store\n',NULL,NULL,'2018-10-11 04:52:23','2018-10-11 04:52:25',1,NULL,0.0000,0.0000,0.0000,0.0000,NULL,NULL,NULL,NULL,5.0000,5.0000,NULL,NULL,0),(9,'new','pending',NULL,'6aa75f109a75a76a2cd0f3e4a84b29e2','Flat Rate - Fixed',0,1,5,0.0000,NULL,NULL,NULL,610.0000,10.0000,NULL,NULL,NULL,0.0000,NULL,600.0000,NULL,NULL,NULL,0.0000,NULL,NULL,NULL,1.0000,1.0000,NULL,NULL,NULL,NULL,NULL,NULL,NULL,NULL,0.0000,NULL,NULL,NULL,610.0000,10.0000,NULL,NULL,NULL,0.0000,NULL,0.0000,0.0000,600.0000,NULL,NULL,NULL,0.0000,NULL,NULL,NULL,NULL,NULL,NULL,NULL,NULL,2.0000,NULL,NULL,NULL,0,1,18,1,NULL,NULL,1,NULL,NULL,NULL,68,17,NULL,NULL,NULL,NULL,0.0000,600.0000,610.0000,NULL,0.0000,600.0000,610.0000,0.0000,NULL,'000000009',NULL,'USD','abc@gmail.com','abc','abc',NULL,NULL,NULL,NULL,NULL,NULL,NULL,'USD',NULL,NULL,'USD',NULL,NULL,NULL,NULL,NULL,'::1','flatrate_flatrate','USD','Main Website\nMain Website Store\n',NULL,NULL,'2018-10-11 04:54:41','2018-10-11 04:54:42',1,NULL,0.0000,0.0000,0.0000,0.0000,NULL,NULL,NULL,NULL,10.0000,10.0000,NULL,NULL,0),(10,'new','pending',NULL,'60cd1b009e65b7de8782187180ee44d7','Flat Rate - Fixed',0,1,5,0.0000,NULL,NULL,NULL,525.0000,5.0000,NULL,NULL,NULL,0.0000,NULL,520.0000,NULL,NULL,NULL,0.0000,NULL,NULL,NULL,1.0000,1.0000,NULL,NULL,NULL,NULL,NULL,NULL,NULL,NULL,0.0000,NULL,NULL,NULL,525.0000,5.0000,NULL,NULL,NULL,0.0000,NULL,0.0000,0.0000,520.0000,NULL,NULL,NULL,0.0000,NULL,NULL,NULL,NULL,NULL,NULL,NULL,NULL,1.0000,NULL,NULL,NULL,0,1,20,1,NULL,NULL,1,NULL,NULL,NULL,69,19,NULL,NULL,NULL,NULL,0.0000,520.0000,525.0000,NULL,0.0000,520.0000,525.0000,0.0000,NULL,'000000010',NULL,'USD','abc@gmail.com','abc','abc',NULL,NULL,NULL,NULL,NULL,NULL,NULL,'USD',NULL,NULL,'USD',NULL,NULL,NULL,NULL,NULL,'::1','flatrate_flatrate','USD','Main Website\nMain Website Store\n',NULL,NULL,'2018-10-11 04:57:05','2018-10-11 04:57:06',1,NULL,0.0000,0.0000,0.0000,0.0000,NULL,NULL,NULL,NULL,5.0000,5.0000,NULL,NULL,0),(11,'new','pending',NULL,'c3870479d6493cec0bec7757b1f213f9','Flat Rate - Fixed',0,1,5,0.0000,NULL,NULL,NULL,2625.0000,25.0000,NULL,NULL,NULL,0.0000,NULL,2600.0000,NULL,NULL,NULL,0.0000,NULL,NULL,NULL,1.0000,1.0000,NULL,NULL,NULL,NULL,NULL,NULL,NULL,NULL,0.0000,NULL,NULL,NULL,2625.0000,25.0000,NULL,NULL,NULL,0.0000,NULL,0.0000,0.0000,2600.0000,NULL,NULL,NULL,0.0000,NULL,NULL,NULL,NULL,NULL,NULL,NULL,NULL,5.0000,NULL,NULL,NULL,0,1,22,1,NULL,NULL,1,NULL,NULL,NULL,70,21,NULL,NULL,NULL,NULL,0.0000,2600.0000,2625.0000,NULL,0.0000,2600.0000,2625.0000,0.0000,NULL,'000000011',NULL,'USD','abc@gmail.com','abc','abc',NULL,NULL,NULL,NULL,NULL,NULL,NULL,'USD',NULL,NULL,'USD',NULL,NULL,NULL,NULL,NULL,'127.0.0.1','flatrate_flatrate','USD','Main Website\nMain Website Store\n',NULL,NULL,'2018-10-11 05:02:33','2018-10-11 05:02:34',1,NULL,0.0000,0.0000,0.0000,0.0000,NULL,NULL,NULL,NULL,25.0000,25.0000,NULL,NULL,0),(12,'new','pending',NULL,'c149a684eb6cd0b6525954ad81bb0c65','Flat Rate - Fixed',0,1,5,0.0000,NULL,NULL,NULL,830.0000,10.0000,NULL,NULL,NULL,0.0000,NULL,820.0000,NULL,NULL,NULL,0.0000,NULL,NULL,NULL,1.0000,1.0000,NULL,NULL,NULL,NULL,NULL,NULL,NULL,NULL,0.0000,NULL,NULL,NULL,830.0000,10.0000,NULL,NULL,NULL,0.0000,NULL,0.0000,0.0000,820.0000,NULL,NULL,NULL,0.0000,NULL,NULL,NULL,NULL,NULL,NULL,NULL,NULL,2.0000,NULL,NULL,NULL,0,1,24,1,NULL,NULL,1,NULL,NULL,NULL,71,23,NULL,NULL,NULL,NULL,0.0000,820.0000,830.0000,NULL,0.0000,820.0000,830.0000,0.0000,NULL,'000000012',NULL,'USD','abc@gmail.com','abc','abc',NULL,NULL,NULL,NULL,NULL,NULL,NULL,'USD',NULL,NULL,'USD',NULL,NULL,NULL,NULL,NULL,'::1','flatrate_flatrate','USD','Main Website\nMain Website Store\n',NULL,NULL,'2018-10-11 06:43:18','2018-10-11 06:43:19',2,NULL,0.0000,0.0000,0.0000,0.0000,NULL,NULL,NULL,NULL,10.0000,10.0000,NULL,NULL,0),(13,'new','pending',NULL,'2f0f536b0d6f04569085fcf9a2c607b9','Flat Rate - Fixed',0,1,5,0.0000,NULL,NULL,NULL,830.0000,10.0000,NULL,NULL,NULL,0.0000,NULL,820.0000,NULL,NULL,NULL,0.0000,NULL,NULL,NULL,1.0000,1.0000,NULL,NULL,NULL,NULL,NULL,NULL,NULL,NULL,0.0000,NULL,NULL,NULL,830.0000,10.0000,NULL,NULL,NULL,0.0000,NULL,0.0000,0.0000,820.0000,NULL,NULL,NULL,0.0000,NULL,NULL,NULL,NULL,NULL,NULL,NULL,NULL,2.0000,NULL,NULL,NULL,0,1,26,1,NULL,NULL,1,NULL,NULL,NULL,72,25,NULL,NULL,NULL,NULL,0.0000,820.0000,830.0000,NULL,0.0000,820.0000,830.0000,0.0000,NULL,'000000013',NULL,'USD','abc@gmail.com','abc','abc',NULL,NULL,NULL,NULL,NULL,NULL,NULL,'USD',NULL,NULL,'USD',NULL,NULL,NULL,NULL,NULL,'::1','flatrate_flatrate','USD','Main Website\nMain Website Store\n',NULL,NULL,'2018-10-11 06:47:12','2018-10-11 06:47:14',2,NULL,0.0000,0.0000,0.0000,0.0000,NULL,NULL,NULL,NULL,10.0000,10.0000,NULL,NULL,0),(14,'new','pending',NULL,'9a0e4cc515a1284147d88e10eec4adb2','Flat Rate - Fixed',0,1,5,0.0000,NULL,NULL,NULL,525.0000,5.0000,NULL,NULL,NULL,0.0000,NULL,520.0000,NULL,NULL,NULL,0.0000,NULL,NULL,NULL,1.0000,1.0000,NULL,NULL,NULL,NULL,NULL,NULL,NULL,NULL,0.0000,NULL,NULL,NULL,525.0000,5.0000,NULL,NULL,NULL,0.0000,NULL,0.0000,0.0000,520.0000,NULL,NULL,NULL,0.0000,NULL,NULL,NULL,NULL,NULL,NULL,NULL,NULL,1.0000,NULL,NULL,NULL,0,1,28,1,NULL,NULL,1,NULL,NULL,NULL,73,27,NULL,NULL,NULL,NULL,0.0000,520.0000,525.0000,NULL,0.0000,520.0000,525.0000,0.0000,NULL,'000000014',NULL,'USD','abc@gmail.com','abc','abc',NULL,NULL,NULL,NULL,NULL,NULL,NULL,'USD',NULL,NULL,'USD',NULL,NULL,NULL,NULL,NULL,'::1','flatrate_flatrate','USD','Main Website\nMain Website Store\n',NULL,NULL,'2018-10-11 06:54:50','2018-10-11 06:54:51',1,NULL,0.0000,0.0000,0.0000,0.0000,NULL,NULL,NULL,NULL,5.0000,5.0000,NULL,NULL,0),(15,'new','pending',NULL,'63fb282c42dde04979182c3b8dba3d0e','Flat Rate - Fixed',0,1,5,0.0000,NULL,NULL,NULL,570.0000,10.0000,NULL,NULL,NULL,0.0000,NULL,560.0000,NULL,NULL,NULL,0.0000,NULL,NULL,NULL,1.0000,1.0000,NULL,NULL,NULL,NULL,NULL,NULL,NULL,NULL,0.0000,NULL,NULL,NULL,570.0000,10.0000,NULL,NULL,NULL,0.0000,NULL,0.0000,0.0000,560.0000,NULL,NULL,NULL,0.0000,NULL,NULL,NULL,NULL,NULL,NULL,NULL,NULL,2.0000,NULL,NULL,NULL,0,1,30,1,NULL,NULL,1,NULL,NULL,NULL,74,29,NULL,NULL,NULL,NULL,0.0000,560.0000,570.0000,NULL,0.0000,560.0000,570.0000,0.0000,NULL,'000000015',NULL,'USD','abc@gmail.com','abc','abc',NULL,NULL,NULL,NULL,NULL,NULL,NULL,'USD',NULL,NULL,'USD',NULL,NULL,NULL,NULL,NULL,'::1','flatrate_flatrate','USD','Main Website\nMain Website Store\n',NULL,NULL,'2018-10-11 07:44:46','2018-10-11 07:44:47',2,NULL,0.0000,0.0000,0.0000,0.0000,NULL,NULL,NULL,NULL,10.0000,10.0000,NULL,NULL,0),(16,'new','pending',NULL,'a4de2d5ca0d2973db0ee05b54b1cf92b','Flat Rate - Fixed',0,1,6,0.0000,NULL,NULL,NULL,2551.0000,35.0000,NULL,NULL,NULL,0.0000,NULL,2516.0000,NULL,NULL,NULL,0.0000,NULL,NULL,NULL,1.0000,1.0000,NULL,NULL,NULL,NULL,NULL,NULL,NULL,NULL,0.0000,NULL,NULL,NULL,2551.0000,35.0000,NULL,NULL,NULL,0.0000,NULL,0.0000,0.0000,2516.0000,NULL,NULL,NULL,0.0000,NULL,NULL,NULL,NULL,NULL,NULL,NULL,NULL,7.0000,NULL,NULL,NULL,0,1,32,1,NULL,NULL,1,NULL,NULL,NULL,75,31,NULL,NULL,NULL,NULL,0.0000,2516.0000,2551.0000,NULL,0.0000,2516.0000,2551.0000,0.0000,NULL,'000000016',NULL,'USD','admin34@gmail.com','admin','admin',NULL,NULL,NULL,NULL,NULL,NULL,NULL,'USD',NULL,NULL,'USD',NULL,NULL,NULL,NULL,NULL,'192.168.1.58','flatrate_flatrate','USD','Main Website\nMain Website Store\n',NULL,NULL,'2018-10-12 02:58:59','2018-10-12 02:59:01',4,NULL,0.0000,0.0000,0.0000,0.0000,NULL,NULL,NULL,NULL,35.0000,35.0000,NULL,NULL,0),(17,'new','pending',NULL,'12e9955dd7a939de74bbe1e0330c20e3','Flat Rate - Fixed',0,1,7,0.0000,NULL,NULL,NULL,510.0000,10.0000,NULL,NULL,NULL,0.0000,NULL,500.0000,NULL,NULL,NULL,0.0000,NULL,NULL,NULL,1.0000,1.0000,NULL,NULL,NULL,NULL,NULL,NULL,NULL,NULL,0.0000,NULL,NULL,NULL,510.0000,10.0000,NULL,NULL,NULL,0.0000,NULL,0.0000,0.0000,500.0000,NULL,NULL,NULL,0.0000,NULL,NULL,NULL,NULL,NULL,NULL,NULL,NULL,2.0000,NULL,NULL,NULL,0,1,34,1,NULL,NULL,1,NULL,NULL,NULL,77,33,NULL,NULL,NULL,NULL,0.0000,500.0000,510.0000,NULL,0.0000,500.0000,510.0000,0.0000,NULL,'000000017',NULL,'USD','tiennv@gmail.com','tiennv','tiennv',NULL,NULL,NULL,NULL,NULL,NULL,NULL,'USD',NULL,NULL,'USD',NULL,NULL,NULL,NULL,NULL,'192.168.1.21','flatrate_flatrate','USD','Main Website\nMain Website Store\n',NULL,NULL,'2018-10-12 04:38:58','2018-10-12 04:38:59',1,NULL,0.0000,0.0000,0.0000,0.0000,NULL,NULL,NULL,NULL,10.0000,10.0000,NULL,NULL,0),(18,'new','pending',NULL,'c167dfd68f054e2fd5b76a062d750fd9','Flat Rate - Fixed',0,1,7,0.0000,NULL,NULL,NULL,525.0000,5.0000,NULL,NULL,NULL,0.0000,NULL,520.0000,NULL,NULL,NULL,0.0000,NULL,NULL,NULL,1.0000,1.0000,NULL,NULL,NULL,NULL,NULL,NULL,NULL,NULL,0.0000,NULL,NULL,NULL,525.0000,5.0000,NULL,NULL,NULL,0.0000,NULL,0.0000,0.0000,520.0000,NULL,NULL,NULL,0.0000,NULL,NULL,NULL,NULL,NULL,NULL,NULL,NULL,1.0000,NULL,NULL,NULL,0,1,36,1,NULL,NULL,1,NULL,NULL,NULL,78,35,NULL,NULL,NULL,NULL,0.0000,520.0000,525.0000,NULL,0.0000,520.0000,525.0000,0.0000,NULL,'000000018',NULL,'USD','tiennv@gmail.com','tiennv','tiennv',NULL,NULL,NULL,NULL,NULL,NULL,NULL,'USD',NULL,NULL,'USD',NULL,NULL,NULL,NULL,NULL,'192.168.1.21','flatrate_flatrate','USD','Main Website\nMain Website Store\n',NULL,NULL,'2018-10-12 04:44:55','2018-10-12 04:44:56',1,NULL,0.0000,0.0000,0.0000,0.0000,NULL,NULL,NULL,NULL,5.0000,5.0000,NULL,NULL,0),(19,'new','pending',NULL,'8ee0d3e69c518e36bb4b0176a4390b0d','Flat Rate - Fixed',0,1,7,0.0000,NULL,NULL,NULL,525.0000,5.0000,NULL,NULL,NULL,0.0000,NULL,520.0000,NULL,NULL,NULL,0.0000,NULL,NULL,NULL,1.0000,1.0000,NULL,NULL,NULL,NULL,NULL,NULL,NULL,NULL,0.0000,NULL,NULL,NULL,525.0000,5.0000,NULL,NULL,NULL,0.0000,NULL,0.0000,0.0000,520.0000,NULL,NULL,NULL,0.0000,NULL,NULL,NULL,NULL,NULL,NULL,NULL,NULL,1.0000,NULL,NULL,NULL,0,1,38,1,NULL,NULL,1,NULL,NULL,NULL,79,37,NULL,NULL,NULL,NULL,0.0000,520.0000,525.0000,NULL,0.0000,520.0000,525.0000,0.0000,NULL,'000000019',NULL,'USD','tiennv@gmail.com','tiennv','tiennv',NULL,NULL,NULL,NULL,NULL,NULL,NULL,'USD',NULL,NULL,'USD',NULL,NULL,NULL,NULL,NULL,'192.168.1.21','flatrate_flatrate','USD','Main Website\nMain Website Store\n',NULL,NULL,'2018-10-12 07:53:36','2018-10-12 07:53:38',1,NULL,0.0000,0.0000,0.0000,0.0000,NULL,NULL,NULL,NULL,5.0000,5.0000,NULL,NULL,0),(20,'new','pending',NULL,'0227f6df71c55aaa9cdcd6f57f93ecd2','Flat Rate - Fixed',0,1,7,0.0000,NULL,NULL,NULL,525.0000,5.0000,NULL,NULL,NULL,0.0000,NULL,520.0000,NULL,NULL,NULL,0.0000,NULL,NULL,NULL,1.0000,1.0000,NULL,NULL,NULL,NULL,NULL,NULL,NULL,NULL,0.0000,NULL,NULL,NULL,525.0000,5.0000,NULL,NULL,NULL,0.0000,NULL,0.0000,0.0000,520.0000,NULL,NULL,NULL,0.0000,NULL,NULL,NULL,NULL,NULL,NULL,NULL,NULL,1.0000,NULL,NULL,NULL,0,1,40,1,NULL,NULL,1,NULL,NULL,NULL,80,39,NULL,NULL,NULL,NULL,0.0000,520.0000,525.0000,NULL,0.0000,520.0000,525.0000,0.0000,NULL,'000000020',NULL,'USD','tiennv@gmail.com','tiennv','tiennv',NULL,NULL,NULL,NULL,NULL,NULL,NULL,'USD',NULL,NULL,'USD',NULL,NULL,NULL,NULL,NULL,'192.168.1.21','flatrate_flatrate','USD','Main Website\nMain Website Store\n',NULL,NULL,'2018-10-12 08:00:31','2018-10-12 08:00:32',1,NULL,0.0000,0.0000,0.0000,0.0000,NULL,NULL,NULL,NULL,5.0000,5.0000,NULL,NULL,0),(21,'new','pending',NULL,'cc8fcd478b5292feb5ef2e884138e9a8','Flat Rate - Fixed',0,1,NULL,0.0000,NULL,NULL,NULL,555.0000,5.0000,NULL,NULL,NULL,0.0000,NULL,550.0000,NULL,NULL,NULL,0.0000,NULL,NULL,NULL,1.0000,1.0000,NULL,NULL,NULL,NULL,NULL,NULL,NULL,NULL,0.0000,NULL,NULL,NULL,555.0000,5.0000,NULL,NULL,NULL,0.0000,NULL,0.0000,0.0000,550.0000,NULL,NULL,NULL,0.0000,NULL,NULL,NULL,NULL,NULL,NULL,NULL,NULL,1.0000,NULL,NULL,NULL,1,1,42,0,NULL,1,1,NULL,NULL,NULL,119,41,NULL,NULL,NULL,NULL,0.0000,550.0000,555.0000,NULL,0.0000,550.0000,555.0000,0.0000,NULL,'000000021',NULL,'USD','Frabb83@gmail.com','Francesco','Abballe',NULL,NULL,NULL,NULL,NULL,NULL,NULL,'USD',NULL,NULL,'USD',NULL,NULL,NULL,NULL,NULL,'95.245.203.61','flatrate_flatrate','USD','Main Website\nMain Website Store\nEnglish',NULL,NULL,'2020-11-12 02:28:43','2020-11-12 02:28:52',1,NULL,0.0000,0.0000,0.0000,0.0000,NULL,NULL,NULL,NULL,5.0000,5.0000,NULL,NULL,0),(22,'new','pending',NULL,'2d7243c66d302db427e2bde4b8f1548c','Flat Rate - Fixed',0,1,NULL,0.0000,NULL,NULL,NULL,445.0000,5.0000,NULL,NULL,NULL,0.0000,NULL,440.0000,NULL,NULL,NULL,0.0000,NULL,NULL,NULL,1.0000,1.0000,NULL,NULL,NULL,NULL,NULL,NULL,NULL,NULL,0.0000,NULL,NULL,NULL,445.0000,5.0000,NULL,NULL,NULL,0.0000,NULL,0.0000,0.0000,440.0000,NULL,NULL,NULL,0.0000,NULL,NULL,NULL,NULL,NULL,NULL,NULL,NULL,1.0000,NULL,NULL,NULL,1,1,44,0,NULL,1,1,NULL,NULL,NULL,132,43,NULL,NULL,NULL,NULL,0.0000,440.0000,445.0000,NULL,0.0000,440.0000,445.0000,0.0000,NULL,'000000022',NULL,'USD','teste@ksdjvks.com','teste','teste',NULL,NULL,NULL,NULL,NULL,NULL,NULL,'USD',NULL,NULL,'USD',NULL,NULL,NULL,NULL,NULL,'94.63.169.175','flatrate_flatrate','USD','Main Website\nMain Website Store\nEnglish',NULL,NULL,'2020-12-09 21:19:24','2020-12-09 21:19:33',1,NULL,0.0000,0.0000,0.0000,0.0000,NULL,NULL,NULL,NULL,5.0000,5.0000,NULL,NULL,0),(23,'new','pending',NULL,'b73e9e6be073d198ca4e074ad802ed4a','Flat Rate - Fixed',0,1,NULL,0.0000,NULL,NULL,NULL,750.0000,10.0000,NULL,NULL,NULL,0.0000,NULL,740.0000,NULL,NULL,NULL,0.0000,NULL,NULL,NULL,1.0000,1.0000,NULL,NULL,NULL,NULL,NULL,NULL,NULL,NULL,0.0000,NULL,NULL,NULL,750.0000,10.0000,NULL,NULL,NULL,0.0000,NULL,0.0000,0.0000,740.0000,NULL,NULL,NULL,0.0000,NULL,NULL,NULL,NULL,NULL,NULL,NULL,NULL,2.0000,NULL,NULL,NULL,1,1,46,0,NULL,1,1,NULL,NULL,NULL,175,45,NULL,NULL,NULL,NULL,0.0000,740.0000,750.0000,NULL,0.0000,740.0000,750.0000,0.0000,NULL,'000000023',NULL,'USD','someone@example.com','Someone','Example',NULL,NULL,NULL,NULL,NULL,NULL,NULL,'USD',NULL,NULL,'USD',NULL,NULL,NULL,NULL,NULL,'2.86.180.184','flatrate_flatrate','USD','Main Website\nMain Website Store\nEnglish',NULL,NULL,'2021-04-29 01:02:25','2021-04-29 01:02:34',2,NULL,0.0000,0.0000,0.0000,0.0000,NULL,NULL,NULL,NULL,10.0000,10.0000,NULL,NULL,0),(24,'new','pending',NULL,'76c2647c50f0715e2e27ec56e9101f8f','Flat Rate - Fixed',0,1,NULL,0.0000,NULL,NULL,NULL,555.0000,5.0000,NULL,NULL,NULL,0.0000,NULL,550.0000,NULL,NULL,NULL,0.0000,NULL,NULL,NULL,1.0000,1.0000,NULL,NULL,NULL,NULL,NULL,NULL,NULL,NULL,0.0000,NULL,NULL,NULL,555.0000,5.0000,NULL,NULL,NULL,0.0000,NULL,0.0000,0.0000,550.0000,NULL,NULL,NULL,0.0000,NULL,NULL,NULL,NULL,NULL,NULL,NULL,NULL,1.0000,NULL,NULL,NULL,1,1,48,0,NULL,1,1,NULL,NULL,NULL,205,47,NULL,NULL,NULL,NULL,0.0000,550.0000,555.0000,NULL,0.0000,550.0000,555.0000,0.0000,NULL,'000000024',NULL,'USD','serv-royale@live.fr','test','test',NULL,NULL,NULL,NULL,NULL,NULL,NULL,'USD',NULL,NULL,'USD',NULL,NULL,NULL,NULL,NULL,'89.157.98.221','flatrate_flatrate','USD','Main Website\nMain Website Store\nEnglish',NULL,NULL,'2021-10-13 01:57:04','2021-10-13 01:57:19',1,NULL,0.0000,0.0000,0.0000,0.0000,NULL,NULL,NULL,NULL,5.0000,5.0000,NULL,NULL,0),(25,'new','pending',NULL,'53664e8cbea24e4335625ff4bb9dab4f','Flat Rate - Fixed',0,2,NULL,0.0000,NULL,NULL,NULL,445.0000,5.0000,NULL,NULL,NULL,0.0000,NULL,440.0000,NULL,NULL,NULL,0.0000,NULL,NULL,NULL,1.0000,1.0000,NULL,NULL,NULL,NULL,NULL,NULL,NULL,NULL,0.0000,NULL,NULL,NULL,445.0000,5.0000,NULL,NULL,NULL,0.0000,NULL,0.0000,0.0000,440.0000,NULL,NULL,NULL,0.0000,NULL,NULL,NULL,NULL,NULL,NULL,NULL,NULL,1.0000,NULL,NULL,NULL,1,1,50,0,NULL,1,1,NULL,NULL,NULL,211,49,NULL,NULL,NULL,NULL,0.0000,440.0000,445.0000,NULL,0.0000,440.0000,445.0000,0.0000,NULL,'2000000001',NULL,'USD','ashraful388@gmail.com','Dr. Md. Ashraful','Babu',NULL,NULL,NULL,NULL,NULL,NULL,NULL,'USD',NULL,NULL,'USD',NULL,NULL,NULL,NULL,NULL,'103.28.120.42','flatrate_flatrate','USD','Main Website\nMain Website Store\nFrench',NULL,NULL,'2021-11-24 10:52:15','2021-11-24 10:52:28',1,NULL,0.0000,0.0000,0.0000,0.0000,NULL,NULL,NULL,NULL,5.0000,5.0000,NULL,NULL,0),(26,'new','pending',NULL,'68f802eda7483c9860624804b1bf2907','Flat Rate - Fixed',0,6,NULL,0.0000,NULL,NULL,NULL,700.0000,10.0000,NULL,NULL,NULL,0.0000,NULL,690.0000,NULL,NULL,NULL,0.0000,NULL,NULL,NULL,1.0000,1.0000,NULL,NULL,NULL,NULL,NULL,NULL,NULL,NULL,0.0000,NULL,NULL,NULL,700.0000,10.0000,NULL,NULL,NULL,0.0000,NULL,0.0000,0.0000,690.0000,NULL,NULL,NULL,0.0000,NULL,NULL,NULL,NULL,NULL,NULL,NULL,NULL,2.0000,NULL,NULL,NULL,1,1,52,0,NULL,1,1,NULL,NULL,NULL,241,51,NULL,NULL,NULL,NULL,0.0000,690.0000,700.0000,NULL,0.0000,690.0000,700.0000,0.0000,NULL,'6000000001',NULL,'USD','asdf@asdf.com','sdfads','asdfad',NULL,NULL,NULL,NULL,NULL,NULL,NULL,'USD',NULL,NULL,'USD',NULL,NULL,NULL,NULL,NULL,'159.0.218.56','flatrate_flatrate','USD','Main Website\nMain Website Store\nBolivia',NULL,NULL,'2022-08-16 07:08:07','2022-08-16 07:08:32',2,NULL,0.0000,0.0000,0.0000,0.0000,NULL,NULL,NULL,NULL,10.0000,10.0000,NULL,NULL,0),(27,'new','pending',NULL,'f794dee6e8e062dc67b07b692a67a465','Flat Rate - Fixed',0,1,9,0.0000,NULL,NULL,NULL,265.0000,5.0000,NULL,NULL,NULL,0.0000,NULL,260.0000,NULL,NULL,NULL,0.0000,NULL,NULL,NULL,1.0000,1.0000,NULL,NULL,NULL,NULL,NULL,NULL,NULL,NULL,0.0000,NULL,NULL,NULL,265.0000,5.0000,NULL,NULL,NULL,0.0000,NULL,0.0000,0.0000,260.0000,NULL,NULL,NULL,0.0000,NULL,NULL,NULL,NULL,NULL,NULL,NULL,NULL,1.0000,NULL,NULL,NULL,0,1,54,1,NULL,1,1,NULL,NULL,NULL,244,53,NULL,NULL,NULL,NULL,0.0000,260.0000,265.0000,NULL,0.0000,260.0000,265.0000,0.0000,NULL,'000000025',NULL,'USD','johnhenryantona@gmail.com','Henry','Antona',NULL,NULL,NULL,NULL,NULL,NULL,NULL,'USD',NULL,NULL,'USD',NULL,NULL,NULL,NULL,NULL,'120.29.77.1','flatrate_flatrate','USD','Main Website\nMain Website Store\nEnglish',NULL,NULL,'2022-10-05 05:14:12','2022-10-05 05:16:50',1,NULL,0.0000,0.0000,0.0000,0.0000,NULL,NULL,NULL,NULL,5.0000,5.0000,NULL,NULL,0),(28,'new','pending',NULL,'95183fb8219a1c24d251a6cdf937c731','Flat Rate - Fixed',0,4,NULL,0.0000,NULL,NULL,NULL,386.0000,10.0000,NULL,NULL,NULL,0.0000,NULL,376.0000,NULL,NULL,NULL,0.0000,NULL,NULL,NULL,1.0000,1.0000,NULL,NULL,NULL,NULL,NULL,NULL,NULL,NULL,0.0000,NULL,NULL,NULL,386.0000,10.0000,NULL,NULL,NULL,0.0000,NULL,0.0000,0.0000,376.0000,NULL,NULL,NULL,0.0000,NULL,NULL,NULL,NULL,NULL,NULL,NULL,NULL,2.0000,NULL,NULL,NULL,1,1,56,NULL,NULL,1,1,NULL,NULL,NULL,257,55,NULL,NULL,NULL,NULL,0.0000,376.0000,386.0000,NULL,0.0000,376.0000,386.0000,0.0000,NULL,'4000000001',NULL,'USD','robertliberty24@ttu.com','Robert','Lebeda',NULL,NULL,NULL,NULL,NULL,NULL,NULL,'USD',NULL,NULL,'USD',NULL,NULL,NULL,NULL,NULL,'178.143.72.37','flatrate_flatrate','USD','Main Website\nMain Website Store\nSomaliland',NULL,NULL,'2023-03-23 18:24:30','2023-03-23 18:24:50',2,NULL,0.0000,0.0000,0.0000,0.0000,NULL,NULL,NULL,NULL,10.0000,10.0000,NULL,NULL,0);

--
-- Table structure for table `sales_order_address`
--

CREATE TABLE `sales_order_address` (
  `entity_id` int unsigned NOT NULL AUTO_INCREMENT COMMENT 'Entity ID',
  `parent_id` int unsigned DEFAULT NULL COMMENT 'Parent ID',
  `customer_address_id` int DEFAULT NULL COMMENT 'Customer Address ID',
  `quote_address_id` int DEFAULT NULL COMMENT 'Quote Address ID',
  `region_id` int DEFAULT NULL COMMENT 'Region ID',
  `customer_id` int DEFAULT NULL COMMENT 'Customer ID',
  `fax` varchar(255) DEFAULT NULL COMMENT 'Fax',
  `region` varchar(255) DEFAULT NULL COMMENT 'Region',
  `postcode` varchar(255) DEFAULT NULL COMMENT 'Postcode',
  `lastname` varchar(255) DEFAULT NULL COMMENT 'Lastname',
  `street` varchar(255) DEFAULT NULL COMMENT 'Street',
  `city` varchar(255) DEFAULT NULL COMMENT 'City',
  `email` varchar(255) DEFAULT NULL COMMENT 'Email',
  `telephone` varchar(255) DEFAULT NULL COMMENT 'Phone Number',
  `country_id` varchar(2) DEFAULT NULL COMMENT 'Country ID',
  `firstname` varchar(255) DEFAULT NULL COMMENT 'Firstname',
  `address_type` varchar(255) DEFAULT NULL COMMENT 'Address Type',
  `prefix` varchar(255) DEFAULT NULL COMMENT 'Prefix',
  `middlename` varchar(255) DEFAULT NULL COMMENT 'Middlename',
  `suffix` varchar(255) DEFAULT NULL COMMENT 'Suffix',
  `company` varchar(255) DEFAULT NULL COMMENT 'Company',
  `vat_id` text COMMENT 'Vat ID',
  `vat_is_valid` smallint DEFAULT NULL COMMENT 'Vat Is Valid',
  `vat_request_id` text COMMENT 'Vat Request ID',
  `vat_request_date` text COMMENT 'Vat Request Date',
  `vat_request_success` smallint DEFAULT NULL COMMENT 'Vat Request Success',
  PRIMARY KEY (`entity_id`),
  KEY `SALES_ORDER_ADDRESS_PARENT_ID` (`parent_id`),
  CONSTRAINT `SALES_ORDER_ADDRESS_PARENT_ID_SALES_ORDER_ENTITY_ID` FOREIGN KEY (`parent_id`) REFERENCES `sales_order` (`entity_id`) ON DELETE CASCADE
) ENGINE=InnoDB AUTO_INCREMENT=57 DEFAULT CHARSET=utf8 COMMENT='Sales Flat Order Address';

--
-- Dumping data for table `sales_order_address`
--

INSERT INTO `sales_order_address` VALUES (1,1,NULL,4,NULL,NULL,NULL,NULL,'123456','magentech','Thai Ha - Ha Noi - Viet Nam','Ha Noi','magentech@magentech.com','123456','VN','magentech','shipping',NULL,NULL,NULL,'magentech',NULL,NULL,NULL,NULL,NULL),(2,1,NULL,5,NULL,NULL,NULL,NULL,'123456','magentech','Thai Ha - Ha Noi - Viet Nam','Ha Noi','magentech@magentech.com','123456','VN','magentech','billing',NULL,NULL,NULL,'magentech',NULL,NULL,NULL,NULL,NULL),(3,2,1,13,12,NULL,NULL,'California','92126','admin','hanoi','noi','admin@gmail.com','123','US','admin','shipping',NULL,NULL,NULL,NULL,NULL,NULL,NULL,NULL,NULL),(4,2,NULL,14,12,NULL,NULL,'California','92126','admin','hanoi','noi','admin@gmail.com','123','US','admin','billing',NULL,NULL,NULL,NULL,NULL,NULL,NULL,NULL,NULL),(5,3,NULL,44,NULL,NULL,NULL,NULL,'92126','admin','ad','dsf','admin@gmail.com','345','TN','admin','shipping',NULL,NULL,NULL,'sf',NULL,NULL,NULL,NULL,NULL),(6,3,NULL,45,NULL,NULL,NULL,NULL,'92126','admin','ad','dsf','admin@gmail.com','345','TN','admin','billing',NULL,NULL,NULL,'sf',NULL,NULL,NULL,NULL,NULL),(7,4,2,73,12,NULL,NULL,'California','92126','admin','sdad','ád','admin0@gmail.com','345345','US','admin','shipping',NULL,NULL,NULL,NULL,NULL,NULL,NULL,NULL,NULL),(8,4,NULL,74,12,NULL,NULL,'California','92126','admin','sdad','ád','admin0@gmail.com','345345','US','admin','billing',NULL,NULL,NULL,NULL,NULL,NULL,NULL,NULL,NULL),(9,5,3,109,NULL,NULL,NULL,NULL,'92126','admin','sfsf','sfsf','admin3@gmail.com','234234','VI','admin','shipping',NULL,NULL,NULL,NULL,NULL,NULL,NULL,NULL,NULL),(10,5,NULL,111,NULL,NULL,NULL,NULL,'92126','admin','sfsf','sfsf','admin3@gmail.com','234234','VI','admin','billing',NULL,NULL,NULL,NULL,NULL,NULL,NULL,NULL,NULL),(11,6,3,113,NULL,NULL,NULL,NULL,'92126','admin','sfsf','sfsf','admin3@gmail.com','234234','VI','admin','shipping',NULL,NULL,NULL,NULL,NULL,NULL,NULL,NULL,NULL),(12,6,3,114,NULL,NULL,NULL,NULL,'92126','admin','sfsf','sfsf','admin3@gmail.com','234234','VI','admin','billing',NULL,NULL,NULL,NULL,NULL,NULL,NULL,NULL,NULL),(13,7,3,116,NULL,NULL,NULL,NULL,'92126','admin','sfsf','sfsf','admin3@gmail.com','234234','VI','admin','shipping',NULL,NULL,NULL,NULL,NULL,NULL,NULL,NULL,NULL),(14,7,3,127,NULL,NULL,NULL,NULL,'92126','admin','sfsf','sfsf','admin3@gmail.com','234234','VI','admin','billing',NULL,NULL,NULL,NULL,NULL,NULL,NULL,NULL,NULL),(15,8,4,143,2,NULL,NULL,'Alaska','213213123213','abc','cxzcxzcxz','xzcxczxc','abc@gmail.com','3213213123','US','abc','shipping',NULL,NULL,NULL,'ádsdsa',NULL,NULL,NULL,NULL,NULL),(16,8,NULL,144,2,NULL,NULL,'Alaska','213213123213','abc','cxzcxzcxz','xzcxczxc','abc@gmail.com','3213213123','US','abc','billing',NULL,NULL,NULL,'ádsdsa',NULL,NULL,NULL,NULL,NULL),(17,9,4,146,2,NULL,NULL,'Alaska','213213123213','abc','cxzcxzcxz','xzcxczxc','abc@gmail.com','3213213123','US','abc','shipping',NULL,NULL,NULL,'ádsdsa',NULL,NULL,NULL,NULL,NULL),(18,9,4,147,2,NULL,NULL,'Alaska','213213123213','abc','cxzcxzcxz','xzcxczxc','abc@gmail.com','3213213123','US','abc','billing',NULL,NULL,NULL,'ádsdsa',NULL,NULL,NULL,NULL,NULL),(19,10,4,149,2,NULL,NULL,'Alaska','213213123213','abc','cxzcxzcxz','xzcxczxc','abc@gmail.com','3213213123','US','abc','shipping',NULL,NULL,NULL,'ádsdsa',NULL,NULL,NULL,NULL,NULL),(20,10,4,150,2,NULL,NULL,'Alaska','213213123213','abc','cxzcxzcxz','xzcxczxc','abc@gmail.com','3213213123','US','abc','billing',NULL,NULL,NULL,'ádsdsa',NULL,NULL,NULL,NULL,NULL),(21,11,4,152,2,NULL,NULL,'Alaska','213213123213','abc','cxzcxzcxz','xzcxczxc','abc@gmail.com','3213213123','US','abc','shipping',NULL,NULL,NULL,'ádsdsa',NULL,NULL,NULL,NULL,NULL),(22,11,4,153,2,NULL,NULL,'Alaska','213213123213','abc','cxzcxzcxz','xzcxczxc','abc@gmail.com','3213213123','US','abc','billing',NULL,NULL,NULL,'ádsdsa',NULL,NULL,NULL,NULL,NULL),(23,12,4,155,2,NULL,NULL,'Alaska','213213123213','abc','cxzcxzcxz','xzcxczxc','abc@gmail.com','3213213123','US','abc','shipping',NULL,NULL,NULL,'ádsdsa',NULL,NULL,NULL,NULL,NULL),(24,12,4,156,2,NULL,NULL,'Alaska','213213123213','abc','cxzcxzcxz','xzcxczxc','abc@gmail.com','3213213123','US','abc','billing',NULL,NULL,NULL,'ádsdsa',NULL,NULL,NULL,NULL,NULL),(25,13,4,158,2,NULL,NULL,'Alaska','213213123213','abc','cxzcxzcxz','xzcxczxc','abc@gmail.com','3213213123','US','abc','shipping',NULL,NULL,NULL,'ádsdsa',NULL,NULL,NULL,NULL,NULL),(26,13,4,159,2,NULL,NULL,'Alaska','213213123213','abc','cxzcxzcxz','xzcxczxc','abc@gmail.com','3213213123','US','abc','billing',NULL,NULL,NULL,'ádsdsa',NULL,NULL,NULL,NULL,NULL),(27,14,4,161,2,NULL,NULL,'Alaska','213213123213','abc','cxzcxzcxz','xzcxczxc','abc@gmail.com','3213213123','US','abc','shipping',NULL,NULL,NULL,'ádsdsa',NULL,NULL,NULL,NULL,NULL),(28,14,4,162,2,NULL,NULL,'Alaska','213213123213','abc','cxzcxzcxz','xzcxczxc','abc@gmail.com','3213213123','US','abc','billing',NULL,NULL,NULL,'ádsdsa',NULL,NULL,NULL,NULL,NULL),(29,15,4,164,2,NULL,NULL,'Alaska','213213123213','abc','cxzcxzcxz','xzcxczxc','abc@gmail.com','3213213123','US','abc','shipping',NULL,NULL,NULL,'ádsdsa',NULL,NULL,NULL,NULL,NULL),(30,15,4,165,2,NULL,NULL,'Alaska','213213123213','abc','cxzcxzcxz','xzcxczxc','abc@gmail.com','3213213123','US','abc','billing',NULL,NULL,NULL,'ádsdsa',NULL,NULL,NULL,NULL,NULL),(31,16,5,167,NULL,NULL,NULL,NULL,'92126','admin','fghfgh','fhfh','admin34@gmail.com','4564','TZ','admin','shipping',NULL,NULL,NULL,NULL,NULL,NULL,NULL,NULL,NULL),(32,16,NULL,168,NULL,NULL,NULL,NULL,'92126','admin','fghfgh','fhfh','admin34@gmail.com','4564','TZ','admin','billing',NULL,NULL,NULL,NULL,NULL,NULL,NULL,NULL,NULL),(33,17,6,172,17,NULL,NULL,'Federated States Of Micronesia','23213123213','tiennv','sadsadasda','dsadadasd','tiennv@gmail.com','2321312312','US','tiennv','shipping',NULL,NULL,NULL,NULL,NULL,NULL,NULL,NULL,NULL),(34,17,NULL,173,17,NULL,NULL,'Federated States Of Micronesia','23213123213','tiennv','sadsadasda','dsadadasd','tiennv@gmail.com','2321312312','US','tiennv','billing',NULL,NULL,NULL,NULL,NULL,NULL,NULL,NULL,NULL),(35,18,6,175,17,NULL,NULL,'Federated States Of Micronesia','23213123213','tiennv','sadsadasda','dsadadasd','tiennv@gmail.com','2321312312','US','tiennv','shipping',NULL,NULL,NULL,NULL,NULL,NULL,NULL,NULL,NULL),(36,18,6,176,17,NULL,NULL,'Federated States Of Micronesia','23213123213','tiennv','sadsadasda','dsadadasd','tiennv@gmail.com','2321312312','US','tiennv','billing',NULL,NULL,NULL,NULL,NULL,NULL,NULL,NULL,NULL),(37,19,6,178,17,NULL,NULL,'Federated States Of Micronesia','23213123213','tiennv','sadsadasda','dsadadasd','tiennv@gmail.com','2321312312','US','tiennv','shipping',NULL,NULL,NULL,NULL,NULL,NULL,NULL,NULL,NULL),(38,19,6,179,17,NULL,NULL,'Federated States Of Micronesia','23213123213','tiennv','sadsadasda','dsadadasd','tiennv@gmail.com','2321312312','US','tiennv','billing',NULL,NULL,NULL,NULL,NULL,NULL,NULL,NULL,NULL),(39,20,6,181,17,NULL,NULL,'Federated States Of Micronesia','23213123213','tiennv','sadsadasda','dsadadasd','tiennv@gmail.com','2321312312','US','tiennv','shipping',NULL,NULL,NULL,NULL,NULL,NULL,NULL,NULL,NULL),(40,20,6,182,17,NULL,NULL,'Federated States Of Micronesia','23213123213','tiennv','sadsadasda','dsadadasd','tiennv@gmail.com','2321312312','US','tiennv','billing',NULL,NULL,NULL,NULL,NULL,NULL,NULL,NULL,NULL),(41,21,NULL,260,724,NULL,NULL,'Frosinone','03025','Abballe','Via Casa Nuova 10','Chiaiamari','Frabb83@gmail.com','3466644108','IT','Francesco','shipping',NULL,NULL,NULL,NULL,NULL,NULL,NULL,NULL,NULL),(42,21,NULL,261,724,NULL,NULL,'Frosinone','03025','Abballe','Via Casa Nuova 10','Chiaiamari','Frabb83@gmail.com','3466644108','IT','Francesco','billing',NULL,NULL,NULL,NULL,NULL,NULL,NULL,NULL,NULL),(43,22,NULL,287,4,NULL,NULL,'Arizona','12345-1234','teste','teste','teste','teste@ksdjvks.com','123456789','US','teste','shipping',NULL,NULL,NULL,'teste',NULL,NULL,NULL,NULL,NULL),(44,22,NULL,288,4,NULL,NULL,'Arizona','12345-1234','teste','teste','teste','teste@ksdjvks.com','123456789','US','teste','billing',NULL,NULL,NULL,'teste',NULL,NULL,NULL,NULL,NULL),(45,23,NULL,376,43,NULL,NULL,'New York','11105','Example','23-15 31st Street','Astoria','someone@example.com','9176358867','US','Someone','shipping',NULL,NULL,NULL,NULL,NULL,NULL,NULL,NULL,NULL),(46,23,NULL,377,43,NULL,NULL,'New York','11105','Example','23-15 31st Street','Astoria','someone@example.com','9176358867','US','Someone','billing',NULL,NULL,NULL,NULL,NULL,NULL,NULL,NULL,NULL),(47,24,NULL,437,51,NULL,NULL,'Pennsylvania','97139','test','test\nteste','abymes','serv-royale@live.fr','069000000000','US','test','shipping',NULL,NULL,NULL,NULL,NULL,NULL,NULL,NULL,NULL),(48,24,NULL,438,51,NULL,NULL,'Pennsylvania','97139','test','test\nteste','abymes','serv-royale@live.fr','069000000000','US','test','billing',NULL,NULL,NULL,NULL,NULL,NULL,NULL,NULL,NULL),(49,25,NULL,450,NULL,NULL,NULL,'Dhaka','1229','Babu','Flat: 2B, Cumilla Abason, Ka-200/7/1,, Boatghat, Namapara, khilkhet\nBoatghat, Namapara, khilkhet','Dhaka','ashraful388@gmail.com','01720810780','BD','Dr. Md. Ashraful','shipping',NULL,NULL,NULL,'Personal',NULL,NULL,NULL,NULL,NULL),(50,25,NULL,451,NULL,NULL,NULL,'Dhaka','1229','Babu','Flat: 2B, Cumilla Abason, Ka-200/7/1,, Boatghat, Namapara, khilkhet\nBoatghat, Namapara, khilkhet','Dhaka','ashraful388@gmail.com','01720810780','BD','Dr. Md. Ashraful','billing',NULL,NULL,NULL,'Personal',NULL,NULL,NULL,NULL,NULL),(51,26,NULL,511,11,NULL,NULL,'Armed Forces Pacific','12345','asdfad','fasdfasdf','asdf','asdf@asdf.com','234234','US','sdfads','shipping',NULL,NULL,NULL,NULL,NULL,NULL,NULL,NULL,NULL),(52,26,NULL,512,11,NULL,NULL,'Armed Forces Pacific','12345','asdfad','fasdfasdf','asdf','asdf@asdf.com','234234','US','sdfads','billing',NULL,NULL,NULL,NULL,NULL,NULL,NULL,NULL,NULL),(53,27,NULL,518,12,NULL,NULL,'California','91351','Antona','27251 Camp Plenty Rd','Santa Clarita','johnhenryantona@gmail.com','123123123','US','Henry','shipping',NULL,NULL,NULL,NULL,NULL,NULL,NULL,NULL,NULL),(54,27,NULL,519,12,NULL,NULL,'California','91351','Antona','27251 Camp Plenty Rd','Santa Clarita','johnhenryantona@gmail.com','123123123','US','Henry','billing',NULL,NULL,NULL,NULL,NULL,NULL,NULL,NULL,NULL),(55,28,NULL,545,NULL,NULL,NULL,NULL,'08212','Lebeda','Lada 195','Prešov','robertliberty24@ttu.com','0948900180','SK','Robert','shipping',NULL,NULL,NULL,'52952258',NULL,NULL,NULL,NULL,NULL),(56,28,NULL,546,NULL,NULL,NULL,NULL,'08212','Lebeda','Lada 195','Prešov','robertliberty24@ttu.com','0948900180','SK','Robert','billing',NULL,NULL,NULL,'52952258',NULL,NULL,NULL,NULL,NULL);

--
-- Table structure for table `sales_order_aggregated_created`
--

CREATE TABLE `sales_order_aggregated_created` (
  `id` int unsigned NOT NULL AUTO_INCREMENT COMMENT 'ID',
  `period` date DEFAULT NULL COMMENT 'Period',
  `store_id` smallint unsigned DEFAULT NULL COMMENT 'Store ID',
  `order_status` varchar(50) NOT NULL COMMENT 'Order Status',
  `orders_count` int NOT NULL DEFAULT '0' COMMENT 'Orders Count',
  `total_qty_ordered` decimal(12,4) NOT NULL DEFAULT '0.0000' COMMENT 'Total Qty Ordered',
  `total_qty_invoiced` decimal(12,4) NOT NULL DEFAULT '0.0000' COMMENT 'Total Qty Invoiced',
  `total_income_amount` decimal(20,4) NOT NULL DEFAULT '0.0000' COMMENT 'Total Income Amount',
  `total_revenue_amount` decimal(20,4) NOT NULL DEFAULT '0.0000' COMMENT 'Total Revenue Amount',
  `total_profit_amount` decimal(20,4) NOT NULL DEFAULT '0.0000' COMMENT 'Total Profit Amount',
  `total_invoiced_amount` decimal(20,4) NOT NULL DEFAULT '0.0000' COMMENT 'Total Invoiced Amount',
  `total_canceled_amount` decimal(20,4) NOT NULL DEFAULT '0.0000' COMMENT 'Total Canceled Amount',
  `total_paid_amount` decimal(20,4) NOT NULL DEFAULT '0.0000' COMMENT 'Total Paid Amount',
  `total_refunded_amount` decimal(20,4) NOT NULL DEFAULT '0.0000' COMMENT 'Total Refunded Amount',
  `total_tax_amount` decimal(20,4) NOT NULL DEFAULT '0.0000' COMMENT 'Total Tax Amount',
  `total_tax_amount_actual` decimal(20,4) NOT NULL DEFAULT '0.0000' COMMENT 'Total Tax Amount Actual',
  `total_shipping_amount` decimal(20,4) NOT NULL DEFAULT '0.0000' COMMENT 'Total Shipping Amount',
  `total_shipping_amount_actual` decimal(20,4) NOT NULL DEFAULT '0.0000' COMMENT 'Total Shipping Amount Actual',
  `total_discount_amount` decimal(20,4) NOT NULL DEFAULT '0.0000' COMMENT 'Total Discount Amount',
  `total_discount_amount_actual` decimal(20,4) NOT NULL DEFAULT '0.0000' COMMENT 'Total Discount Amount Actual',
  PRIMARY KEY (`id`),
  UNIQUE KEY `SALES_ORDER_AGGREGATED_CREATED_PERIOD_STORE_ID_ORDER_STATUS` (`period`,`store_id`,`order_status`),
  KEY `SALES_ORDER_AGGREGATED_CREATED_STORE_ID` (`store_id`),
  CONSTRAINT `SALES_ORDER_AGGREGATED_CREATED_STORE_ID_STORE_STORE_ID` FOREIGN KEY (`store_id`) REFERENCES `store` (`store_id`) ON DELETE SET NULL
) ENGINE=InnoDB DEFAULT CHARSET=utf8 COMMENT='Sales Order Aggregated Created';

--
-- Dumping data for table `sales_order_aggregated_created`
--


--
-- Table structure for table `sales_order_aggregated_updated`
--

CREATE TABLE `sales_order_aggregated_updated` (
  `id` int unsigned NOT NULL AUTO_INCREMENT COMMENT 'ID',
  `period` date DEFAULT NULL COMMENT 'Period',
  `store_id` smallint unsigned DEFAULT NULL COMMENT 'Store ID',
  `order_status` varchar(50) NOT NULL COMMENT 'Order Status',
  `orders_count` int NOT NULL DEFAULT '0' COMMENT 'Orders Count',
  `total_qty_ordered` decimal(12,4) NOT NULL DEFAULT '0.0000' COMMENT 'Total Qty Ordered',
  `total_qty_invoiced` decimal(12,4) NOT NULL DEFAULT '0.0000' COMMENT 'Total Qty Invoiced',
  `total_income_amount` decimal(20,4) NOT NULL DEFAULT '0.0000' COMMENT 'Total Income Amount',
  `total_revenue_amount` decimal(20,4) NOT NULL DEFAULT '0.0000' COMMENT 'Total Revenue Amount',
  `total_profit_amount` decimal(20,4) NOT NULL DEFAULT '0.0000' COMMENT 'Total Profit Amount',
  `total_invoiced_amount` decimal(20,4) NOT NULL DEFAULT '0.0000' COMMENT 'Total Invoiced Amount',
  `total_canceled_amount` decimal(20,4) NOT NULL DEFAULT '0.0000' COMMENT 'Total Canceled Amount',
  `total_paid_amount` decimal(20,4) NOT NULL DEFAULT '0.0000' COMMENT 'Total Paid Amount',
  `total_refunded_amount` decimal(20,4) NOT NULL DEFAULT '0.0000' COMMENT 'Total Refunded Amount',
  `total_tax_amount` decimal(20,4) NOT NULL DEFAULT '0.0000' COMMENT 'Total Tax Amount',
  `total_tax_amount_actual` decimal(20,4) NOT NULL DEFAULT '0.0000' COMMENT 'Total Tax Amount Actual',
  `total_shipping_amount` decimal(20,4) NOT NULL DEFAULT '0.0000' COMMENT 'Total Shipping Amount',
  `total_shipping_amount_actual` decimal(20,4) NOT NULL DEFAULT '0.0000' COMMENT 'Total Shipping Amount Actual',
  `total_discount_amount` decimal(20,4) NOT NULL DEFAULT '0.0000' COMMENT 'Total Discount Amount',
  `total_discount_amount_actual` decimal(20,4) NOT NULL DEFAULT '0.0000' COMMENT 'Total Discount Amount Actual',
  PRIMARY KEY (`id`),
  UNIQUE KEY `SALES_ORDER_AGGREGATED_UPDATED_PERIOD_STORE_ID_ORDER_STATUS` (`period`,`store_id`,`order_status`),
  KEY `SALES_ORDER_AGGREGATED_UPDATED_STORE_ID` (`store_id`),
  CONSTRAINT `SALES_ORDER_AGGREGATED_UPDATED_STORE_ID_STORE_STORE_ID` FOREIGN KEY (`store_id`) REFERENCES `store` (`store_id`) ON DELETE SET NULL
) ENGINE=InnoDB DEFAULT CHARSET=utf8 COMMENT='Sales Order Aggregated Updated';

--
-- Dumping data for table `sales_order_aggregated_updated`
--


--
-- Table structure for table `sales_order_grid`
--

CREATE TABLE `sales_order_grid` (
  `entity_id` int unsigned NOT NULL COMMENT 'Entity ID',
  `status` varchar(32) DEFAULT NULL COMMENT 'Status',
  `store_id` smallint unsigned DEFAULT NULL COMMENT 'Store ID',
  `store_name` varchar(255) DEFAULT NULL COMMENT 'Store Name',
  `customer_id` int unsigned DEFAULT NULL COMMENT 'Customer ID',
  `base_grand_total` decimal(20,4) DEFAULT NULL COMMENT 'Base Grand Total',
  `base_total_paid` decimal(20,4) DEFAULT NULL COMMENT 'Base Total Paid',
  `grand_total` decimal(20,4) DEFAULT NULL COMMENT 'Grand Total',
  `total_paid` decimal(20,4) DEFAULT NULL COMMENT 'Total Paid',
  `increment_id` varchar(50) DEFAULT NULL COMMENT 'Increment ID',
  `base_currency_code` varchar(3) DEFAULT NULL COMMENT 'Base Currency Code',
  `order_currency_code` varchar(255) DEFAULT NULL COMMENT 'Order Currency Code',
  `shipping_name` varchar(255) DEFAULT NULL COMMENT 'Shipping Name',
  `billing_name` varchar(255) DEFAULT NULL COMMENT 'Billing Name',
  `created_at` timestamp NULL DEFAULT NULL COMMENT 'Created At',
  `updated_at` timestamp NULL DEFAULT NULL COMMENT 'Updated At',
  `billing_address` varchar(255) DEFAULT NULL COMMENT 'Billing Address',
  `shipping_address` varchar(255) DEFAULT NULL COMMENT 'Shipping Address',
  `shipping_information` varchar(255) DEFAULT NULL COMMENT 'Shipping Method Name',
  `customer_email` varchar(255) DEFAULT NULL COMMENT 'Customer Email',
  `customer_group` varchar(255) DEFAULT NULL COMMENT 'Customer Group',
  `subtotal` decimal(20,4) DEFAULT NULL COMMENT 'Subtotal',
  `shipping_and_handling` decimal(20,4) DEFAULT NULL COMMENT 'Shipping and handling amount',
  `customer_name` varchar(255) DEFAULT NULL COMMENT 'Customer Name',
  `payment_method` varchar(255) DEFAULT NULL COMMENT 'Payment Method',
  `total_refunded` decimal(20,4) DEFAULT NULL COMMENT 'Total Refunded',
  `signifyd_guarantee_status` varchar(32) DEFAULT NULL COMMENT 'Signifyd Guarantee Disposition Status',
  `pickup_location_code` varchar(255) DEFAULT NULL COMMENT 'Pickup Location Code',
  PRIMARY KEY (`entity_id`),
  UNIQUE KEY `SALES_ORDER_GRID_INCREMENT_ID_STORE_ID` (`increment_id`,`store_id`),
  KEY `SALES_ORDER_GRID_STATUS` (`status`),
  KEY `SALES_ORDER_GRID_STORE_ID` (`store_id`),
  KEY `SALES_ORDER_GRID_BASE_GRAND_TOTAL` (`base_grand_total`),
  KEY `SALES_ORDER_GRID_BASE_TOTAL_PAID` (`base_total_paid`),
  KEY `SALES_ORDER_GRID_GRAND_TOTAL` (`grand_total`),
  KEY `SALES_ORDER_GRID_TOTAL_PAID` (`total_paid`),
  KEY `SALES_ORDER_GRID_SHIPPING_NAME` (`shipping_name`),
  KEY `SALES_ORDER_GRID_BILLING_NAME` (`billing_name`),
  KEY `SALES_ORDER_GRID_CREATED_AT` (`created_at`),
  KEY `SALES_ORDER_GRID_CUSTOMER_ID` (`customer_id`),
  KEY `SALES_ORDER_GRID_UPDATED_AT` (`updated_at`),
  KEY `SALES_ORDER_GRID_PICKUP_LOCATION_CODE` (`pickup_location_code`),
  FULLTEXT KEY `FTI_65B9E9925EC58F0C7C2E2F6379C233E7` (`increment_id`,`billing_name`,`shipping_name`,`shipping_address`,`billing_address`,`customer_name`,`customer_email`)
) ENGINE=InnoDB DEFAULT CHARSET=utf8 COMMENT='Sales Flat Order Grid';

--
-- Dumping data for table `sales_order_grid`
--

INSERT INTO `sales_order_grid` VALUES (1,'pending',1,'Main Website\r\nMain Website Store',NULL,10150.0000,NULL,10150.0000,NULL,'000000001','USD','USD','magentech magentech','magentech magentech','2017-10-16 03:25:29','2017-10-16 03:25:30','Thai Ha - Ha Noi - Viet Nam Ha Noi 123456','Thai Ha - Ha Noi - Viet Nam Ha Noi 123456','Flat Rate - Fixed','magentech@magentech.com','0',10000.0000,150.0000,'','checkmo',NULL,NULL,NULL),(2,'pending',1,'Main Website\r\nMain Website Store',2,1950.0000,NULL,1950.0000,NULL,'000000002','USD','USD','admin admin','admin admin','2017-10-17 09:35:11','2017-10-17 09:35:12','hanoi noi California 92126','hanoi noi California 92126','Flat Rate - Fixed','admin@gmail.com','1',1920.0000,30.0000,'admin admin','checkmo',NULL,NULL,NULL),(3,'pending',1,'Main Website\r\nMain Website Store',NULL,2874.0000,NULL,2874.0000,NULL,'000000003','USD','USD','admin admin','admin admin','2017-11-09 08:23:30','2017-11-09 08:23:30','ad dsf 92126','ad dsf 92126','Flat Rate - Fixed','admin@gmail.com','0',2839.0000,35.0000,'','checkmo',NULL,NULL,NULL),(4,'pending',1,'Main Website\r\nMain Website Store',3,2500.0000,NULL,2500.0000,NULL,'000000004','USD','USD','admin admin','admin admin','2017-11-27 03:12:20','2017-11-27 03:12:20','sdad ád California 92126','sdad ád California 92126','Flat Rate - Fixed','admin0@gmail.com','1',2460.0000,40.0000,'admin admin','checkmo',NULL,NULL,NULL),(5,'pending',1,'Main Website\r\nMain Website Store',4,1705.0000,NULL,1705.0000,NULL,'000000005','USD','USD','admin admin','admin admin','2017-12-26 04:04:46','2017-12-26 04:04:47','sfsf sfsf 92126','sfsf sfsf 92126','Flat Rate - Fixed','admin3@gmail.com','1',1680.0000,25.0000,'admin admin','checkmo',NULL,NULL,NULL),(6,'pending',1,'Main Website\r\nMain Website Store',4,305.0000,NULL,305.0000,NULL,'000000006','USD','USD','admin admin','admin admin','2017-12-26 04:10:01','2017-12-26 04:10:01','sfsf sfsf 92126','sfsf sfsf 92126','Flat Rate - Fixed','admin3@gmail.com','1',300.0000,5.0000,'admin admin','checkmo',NULL,NULL,NULL),(7,'pending',1,'Main Website\r\nMain Website Store',4,1540.0000,NULL,1540.0000,NULL,'000000007','USD','USD','admin admin','admin admin','2017-12-28 02:34:38','2017-12-28 02:34:39','sfsf sfsf 92126','sfsf sfsf 92126','Flat Rate - Fixed','admin3@gmail.com','1',1520.0000,20.0000,'admin admin','checkmo',NULL,NULL,NULL),(8,'pending',1,'Main Website\nMain Website Store\n',5,255.0000,NULL,255.0000,NULL,'000000008','USD','USD','abc abc','abc abc','2018-10-11 04:52:23','2018-10-11 04:52:24','cxzcxzcxz xzcxczxc Alaska 213213123213','cxzcxzcxz xzcxczxc Alaska 213213123213','Flat Rate - Fixed','abc@gmail.com','1',250.0000,5.0000,'abc abc','checkmo',NULL,NULL,NULL),(9,'pending',1,'Main Website\nMain Website Store\n',5,610.0000,NULL,610.0000,NULL,'000000009','USD','USD','abc abc','abc abc','2018-10-11 04:54:41','2018-10-11 04:54:41','cxzcxzcxz xzcxczxc Alaska 213213123213','cxzcxzcxz xzcxczxc Alaska 213213123213','Flat Rate - Fixed','abc@gmail.com','1',600.0000,10.0000,'abc abc','checkmo',NULL,NULL,NULL),(10,'pending',1,'Main Website\nMain Website Store\n',5,525.0000,NULL,525.0000,NULL,'000000010','USD','USD','abc abc','abc abc','2018-10-11 04:57:05','2018-10-11 04:57:05','cxzcxzcxz xzcxczxc Alaska 213213123213','cxzcxzcxz xzcxczxc Alaska 213213123213','Flat Rate - Fixed','abc@gmail.com','1',520.0000,5.0000,'abc abc','checkmo',NULL,NULL,NULL),(11,'pending',1,'Main Website\nMain Website Store\n',5,2625.0000,NULL,2625.0000,NULL,'000000011','USD','USD','abc abc','abc abc','2018-10-11 05:02:33','2018-10-11 05:02:33','cxzcxzcxz xzcxczxc Alaska 213213123213','cxzcxzcxz xzcxczxc Alaska 213213123213','Flat Rate - Fixed','abc@gmail.com','1',2600.0000,25.0000,'abc abc','checkmo',NULL,NULL,NULL),(12,'pending',1,'Main Website\nMain Website Store\n',5,830.0000,NULL,830.0000,NULL,'000000012','USD','USD','abc abc','abc abc','2018-10-11 06:43:18','2018-10-11 06:43:18','cxzcxzcxz xzcxczxc Alaska 213213123213','cxzcxzcxz xzcxczxc Alaska 213213123213','Flat Rate - Fixed','abc@gmail.com','1',820.0000,10.0000,'abc abc','checkmo',NULL,NULL,NULL),(13,'pending',1,'Main Website\nMain Website Store\n',5,830.0000,NULL,830.0000,NULL,'000000013','USD','USD','abc abc','abc abc','2018-10-11 06:47:12','2018-10-11 06:47:12','cxzcxzcxz xzcxczxc Alaska 213213123213','cxzcxzcxz xzcxczxc Alaska 213213123213','Flat Rate - Fixed','abc@gmail.com','1',820.0000,10.0000,'abc abc','checkmo',NULL,NULL,NULL),(14,'pending',1,'Main Website\nMain Website Store\n',5,525.0000,NULL,525.0000,NULL,'000000014','USD','USD','abc abc','abc abc','2018-10-11 06:54:50','2018-10-11 06:54:50','cxzcxzcxz xzcxczxc Alaska 213213123213','cxzcxzcxz xzcxczxc Alaska 213213123213','Flat Rate - Fixed','abc@gmail.com','1',520.0000,5.0000,'abc abc','checkmo',NULL,NULL,NULL),(15,'pending',1,'Main Website\nMain Website Store\n',5,570.0000,NULL,570.0000,NULL,'000000015','USD','USD','abc abc','abc abc','2018-10-11 07:44:46','2018-10-11 07:44:46','cxzcxzcxz xzcxczxc Alaska 213213123213','cxzcxzcxz xzcxczxc Alaska 213213123213','Flat Rate - Fixed','abc@gmail.com','1',560.0000,10.0000,'abc abc','checkmo',NULL,NULL,NULL),(16,'pending',1,'Main Website\nMain Website Store\n',6,2551.0000,NULL,2551.0000,NULL,'000000016','USD','USD','admin admin','admin admin','2018-10-12 02:58:59','2018-10-12 02:59:00','fghfgh fhfh 92126','fghfgh fhfh 92126','Flat Rate - Fixed','admin34@gmail.com','1',2516.0000,35.0000,'admin admin','checkmo',NULL,NULL,NULL),(17,'pending',1,'Main Website\nMain Website Store\n',7,510.0000,NULL,510.0000,NULL,'000000017','USD','USD','tiennv tiennv','tiennv tiennv','2018-10-12 04:38:58','2018-10-12 04:38:58','sadsadasda dsadadasd Federated States Of Micronesia 23213123213','sadsadasda dsadadasd Federated States Of Micronesia 23213123213','Flat Rate - Fixed','tiennv@gmail.com','1',500.0000,10.0000,'tiennv tiennv','checkmo',NULL,NULL,NULL),(18,'pending',1,'Main Website\nMain Website Store\n',7,525.0000,NULL,525.0000,NULL,'000000018','USD','USD','tiennv tiennv','tiennv tiennv','2018-10-12 04:44:55','2018-10-12 04:44:55','sadsadasda dsadadasd Federated States Of Micronesia 23213123213','sadsadasda dsadadasd Federated States Of Micronesia 23213123213','Flat Rate - Fixed','tiennv@gmail.com','1',520.0000,5.0000,'tiennv tiennv','checkmo',NULL,NULL,NULL),(19,'pending',1,'Main Website\nMain Website Store\n',7,525.0000,NULL,525.0000,NULL,'000000019','USD','USD','tiennv tiennv','tiennv tiennv','2018-10-12 07:53:36','2018-10-12 07:53:36','sadsadasda dsadadasd Federated States Of Micronesia 23213123213','sadsadasda dsadadasd Federated States Of Micronesia 23213123213','Flat Rate - Fixed','tiennv@gmail.com','1',520.0000,5.0000,'tiennv tiennv','checkmo',NULL,NULL,NULL),(20,'pending',1,'Main Website\nMain Website Store\n',7,525.0000,NULL,525.0000,NULL,'000000020','USD','USD','tiennv tiennv','tiennv tiennv','2018-10-12 08:00:31','2018-10-12 08:00:31','sadsadasda dsadadasd Federated States Of Micronesia 23213123213','sadsadasda dsadadasd Federated States Of Micronesia 23213123213','Flat Rate - Fixed','tiennv@gmail.com','1',520.0000,5.0000,'tiennv tiennv','checkmo',NULL,NULL,NULL),(21,'pending',1,'Main Website\nMain Website Store\nEnglish',NULL,555.0000,NULL,555.0000,NULL,'000000021','USD','USD','Francesco Abballe','Francesco Abballe','2020-11-12 02:28:43','2020-11-12 02:28:44','Via Casa Nuova 10,Chiaiamari,Frosinone,03025','Via Casa Nuova 10,Chiaiamari,Frosinone,03025','Flat Rate - Fixed','Frabb83@gmail.com','0',550.0000,5.0000,'Francesco Abballe','checkmo',NULL,NULL,NULL),(22,'pending',1,'Main Website\nMain Website Store\nEnglish',NULL,445.0000,NULL,445.0000,NULL,'000000022','USD','USD','teste teste','teste teste','2020-12-09 21:19:24','2020-12-09 21:19:25','teste,teste,teste,Arizona,12345-1234','teste,teste,teste,Arizona,12345-1234','Flat Rate - Fixed','teste@ksdjvks.com','0',440.0000,5.0000,'teste teste','checkmo',NULL,NULL,NULL),(23,'pending',1,'Main Website\nMain Website Store\nEnglish',NULL,750.0000,NULL,750.0000,NULL,'000000023','USD','USD','Someone Example','Someone Example','2021-04-29 01:02:25','2021-04-29 01:02:26','23-15 31st Street,Astoria,New York,11105','23-15 31st Street,Astoria,New York,11105','Flat Rate - Fixed','someone@example.com','0',740.0000,10.0000,'Someone Example','checkmo',NULL,NULL,NULL),(24,'pending',1,'Main Website\nMain Website Store\nEnglish',NULL,555.0000,NULL,555.0000,NULL,'000000024','USD','USD','test test','test test','2021-10-13 01:57:04','2021-10-13 01:57:05','test\nteste,abymes,Pennsylvania,97139','test\nteste,abymes,Pennsylvania,97139','Flat Rate - Fixed','serv-royale@live.fr','0',550.0000,5.0000,'test test','checkmo',NULL,NULL,NULL),(25,'pending',2,'Main Website\nMain Website Store\nFrench',NULL,445.0000,NULL,445.0000,NULL,'2000000001','USD','USD','Dr. Md. Ashraful Babu','Dr. Md. Ashraful Babu','2021-11-24 10:52:15','2021-11-24 10:52:17','Personal,Flat: 2B, Cumilla Abason, Ka-200/7/1,, Boatghat, Namapara, khilkhet\nBoatghat, Namapara, khilkhet,Dhaka,Dhaka,1229','Personal,Flat: 2B, Cumilla Abason, Ka-200/7/1,, Boatghat, Namapara, khilkhet\nBoatghat, Namapara, khilkhet,Dhaka,Dhaka,1229','Flat Rate - Fixed','ashraful388@gmail.com','0',440.0000,5.0000,'Dr. Md. Ashraful Babu','checkmo',NULL,NULL,NULL),(26,'pending',6,'Main Website\nMain Website Store\nBolivia',NULL,700.0000,NULL,700.0000,NULL,'6000000001','USD','USD','sdfads asdfad','sdfads asdfad','2022-08-16 07:08:07','2022-08-16 07:08:09','fasdfasdf,asdf,Armed Forces Pacific,12345','fasdfasdf,asdf,Armed Forces Pacific,12345','Flat Rate - Fixed','asdf@asdf.com','0',690.0000,10.0000,'sdfads asdfad','checkmo',NULL,NULL,NULL),(27,'pending',1,'Main Website\nMain Website Store\nEnglish',9,265.0000,NULL,265.0000,NULL,'000000025','USD','USD','Henry Antona','Henry Antona','2022-10-05 05:14:12','2022-10-05 05:16:50','27251 Camp Plenty Rd,Santa Clarita,California,91351','27251 Camp Plenty Rd,Santa Clarita,California,91351','Flat Rate - Fixed','johnhenryantona@gmail.com','1',260.0000,5.0000,'Henry Antona','checkmo',NULL,NULL,NULL),(28,'pending',4,'Main Website\nMain Website Store\nSomaliland',NULL,386.0000,NULL,386.0000,NULL,'4000000001','USD','USD','Robert Lebeda','Robert Lebeda','2023-03-23 18:24:30','2023-03-23 18:24:31','52952258,Lada 195,Prešov,08212','52952258,Lada 195,Prešov,08212','Flat Rate - Fixed','robertliberty24@ttu.com',NULL,376.0000,10.0000,'Robert Lebeda','checkmo',NULL,NULL,NULL);

--
-- Table structure for table `sales_order_item`
--

CREATE TABLE `sales_order_item` (
  `item_id` int unsigned NOT NULL AUTO_INCREMENT COMMENT 'Item ID',
  `order_id` int unsigned NOT NULL DEFAULT '0' COMMENT 'Order ID',
  `parent_item_id` int unsigned DEFAULT NULL COMMENT 'Parent Item ID',
  `quote_item_id` int unsigned DEFAULT NULL COMMENT 'Quote Item ID',
  `store_id` smallint unsigned DEFAULT NULL COMMENT 'Store ID',
  `created_at` timestamp NOT NULL DEFAULT CURRENT_TIMESTAMP COMMENT 'Created At',
  `updated_at` timestamp NOT NULL DEFAULT CURRENT_TIMESTAMP ON UPDATE CURRENT_TIMESTAMP COMMENT 'Updated At',
  `product_id` int unsigned DEFAULT NULL COMMENT 'Product ID',
  `product_type` varchar(255) DEFAULT NULL COMMENT 'Product Type',
  `product_options` longtext COMMENT 'Product Options',
  `weight` decimal(12,4) DEFAULT '0.0000' COMMENT 'Weight',
  `is_virtual` smallint unsigned DEFAULT NULL COMMENT 'Is Virtual',
  `sku` varchar(255) DEFAULT NULL COMMENT 'Sku',
  `name` varchar(255) DEFAULT NULL COMMENT 'Name',
  `description` text COMMENT 'Description',
  `applied_rule_ids` text COMMENT 'Applied Rule Ids',
  `additional_data` text COMMENT 'Additional Data',
  `is_qty_decimal` smallint unsigned DEFAULT NULL COMMENT 'Is Qty Decimal',
  `no_discount` smallint unsigned NOT NULL DEFAULT '0' COMMENT 'No Discount',
  `qty_backordered` decimal(12,4) DEFAULT '0.0000' COMMENT 'Qty Backordered',
  `qty_canceled` decimal(12,4) DEFAULT '0.0000' COMMENT 'Qty Canceled',
  `qty_invoiced` decimal(12,4) DEFAULT '0.0000' COMMENT 'Qty Invoiced',
  `qty_ordered` decimal(12,4) DEFAULT '0.0000' COMMENT 'Qty Ordered',
  `qty_refunded` decimal(12,4) DEFAULT '0.0000' COMMENT 'Qty Refunded',
  `qty_shipped` decimal(12,4) DEFAULT '0.0000' COMMENT 'Qty Shipped',
  `base_cost` decimal(12,4) DEFAULT '0.0000' COMMENT 'Base Cost',
  `price` decimal(12,4) NOT NULL DEFAULT '0.0000' COMMENT 'Price',
  `base_price` decimal(12,4) NOT NULL DEFAULT '0.0000' COMMENT 'Base Price',
  `original_price` decimal(12,4) DEFAULT NULL COMMENT 'Original Price',
  `base_original_price` decimal(12,4) DEFAULT NULL COMMENT 'Base Original Price',
  `tax_percent` decimal(12,4) DEFAULT '0.0000' COMMENT 'Tax Percent',
  `tax_amount` decimal(20,4) DEFAULT '0.0000' COMMENT 'Tax Amount',
  `base_tax_amount` decimal(20,4) DEFAULT '0.0000' COMMENT 'Base Tax Amount',
  `tax_invoiced` decimal(20,4) DEFAULT '0.0000' COMMENT 'Tax Invoiced',
  `base_tax_invoiced` decimal(20,4) DEFAULT '0.0000' COMMENT 'Base Tax Invoiced',
  `discount_percent` decimal(12,4) DEFAULT '0.0000' COMMENT 'Discount Percent',
  `discount_amount` decimal(20,4) DEFAULT '0.0000' COMMENT 'Discount Amount',
  `base_discount_amount` decimal(20,4) DEFAULT '0.0000' COMMENT 'Base Discount Amount',
  `discount_invoiced` decimal(20,4) DEFAULT '0.0000' COMMENT 'Discount Invoiced',
  `base_discount_invoiced` decimal(20,4) DEFAULT '0.0000' COMMENT 'Base Discount Invoiced',
  `amount_refunded` decimal(20,4) DEFAULT '0.0000' COMMENT 'Amount Refunded',
  `base_amount_refunded` decimal(20,4) DEFAULT '0.0000' COMMENT 'Base Amount Refunded',
  `row_total` decimal(20,4) NOT NULL DEFAULT '0.0000' COMMENT 'Row Total',
  `base_row_total` decimal(20,4) NOT NULL DEFAULT '0.0000' COMMENT 'Base Row Total',
  `row_invoiced` decimal(20,4) NOT NULL DEFAULT '0.0000' COMMENT 'Row Invoiced',
  `base_row_invoiced` decimal(20,4) NOT NULL DEFAULT '0.0000' COMMENT 'Base Row Invoiced',
  `row_weight` decimal(12,4) DEFAULT '0.0000' COMMENT 'Row Weight',
  `base_tax_before_discount` decimal(20,4) DEFAULT NULL COMMENT 'Base Tax Before Discount',
  `tax_before_discount` decimal(20,4) DEFAULT NULL COMMENT 'Tax Before Discount',
  `ext_order_item_id` varchar(255) DEFAULT NULL COMMENT 'Ext Order Item ID',
  `locked_do_invoice` smallint unsigned DEFAULT NULL COMMENT 'Locked Do Invoice',
  `locked_do_ship` smallint unsigned DEFAULT NULL COMMENT 'Locked Do Ship',
  `price_incl_tax` decimal(20,4) DEFAULT NULL COMMENT 'Price Incl Tax',
  `base_price_incl_tax` decimal(20,4) DEFAULT NULL COMMENT 'Base Price Incl Tax',
  `row_total_incl_tax` decimal(20,4) DEFAULT NULL COMMENT 'Row Total Incl Tax',
  `base_row_total_incl_tax` decimal(20,4) DEFAULT NULL COMMENT 'Base Row Total Incl Tax',
  `discount_tax_compensation_amount` decimal(20,4) DEFAULT NULL COMMENT 'Discount Tax Compensation Amount',
  `base_discount_tax_compensation_amount` decimal(20,4) DEFAULT NULL COMMENT 'Base Discount Tax Compensation Amount',
  `discount_tax_compensation_invoiced` decimal(20,4) DEFAULT NULL COMMENT 'Discount Tax Compensation Invoiced',
  `base_discount_tax_compensation_invoiced` decimal(20,4) DEFAULT NULL COMMENT 'Base Discount Tax Compensation Invoiced',
  `discount_tax_compensation_refunded` decimal(20,4) DEFAULT NULL COMMENT 'Discount Tax Compensation Refunded',
  `base_discount_tax_compensation_refunded` decimal(20,4) DEFAULT NULL COMMENT 'Base Discount Tax Compensation Refunded',
  `tax_canceled` decimal(12,4) DEFAULT NULL COMMENT 'Tax Canceled',
  `discount_tax_compensation_canceled` decimal(20,4) DEFAULT NULL COMMENT 'Discount Tax Compensation Canceled',
  `tax_refunded` decimal(20,4) DEFAULT NULL COMMENT 'Tax Refunded',
  `base_tax_refunded` decimal(20,4) DEFAULT NULL COMMENT 'Base Tax Refunded',
  `discount_refunded` decimal(20,4) DEFAULT NULL COMMENT 'Discount Refunded',
  `base_discount_refunded` decimal(20,4) DEFAULT NULL COMMENT 'Base Discount Refunded',
  `free_shipping` smallint unsigned NOT NULL DEFAULT '0' COMMENT 'Free Shipping',
  `gift_message_id` int DEFAULT NULL COMMENT 'Gift Message ID',
  `gift_message_available` int DEFAULT NULL COMMENT 'Gift Message Available',
  `weee_tax_applied` text COMMENT 'Weee Tax Applied',
  `weee_tax_applied_amount` decimal(12,4) DEFAULT NULL COMMENT 'Weee Tax Applied Amount',
  `weee_tax_applied_row_amount` decimal(12,4) DEFAULT NULL COMMENT 'Weee Tax Applied Row Amount',
  `weee_tax_disposition` decimal(12,4) DEFAULT NULL COMMENT 'Weee Tax Disposition',
  `weee_tax_row_disposition` decimal(12,4) DEFAULT NULL COMMENT 'Weee Tax Row Disposition',
  `base_weee_tax_applied_amount` decimal(12,4) DEFAULT NULL COMMENT 'Base Weee Tax Applied Amount',
  `base_weee_tax_applied_row_amnt` decimal(12,4) DEFAULT NULL COMMENT 'Base Weee Tax Applied Row Amnt',
  `base_weee_tax_disposition` decimal(12,4) DEFAULT NULL COMMENT 'Base Weee Tax Disposition',
  `base_weee_tax_row_disposition` decimal(12,4) DEFAULT NULL COMMENT 'Base Weee Tax Row Disposition',
  PRIMARY KEY (`item_id`),
  KEY `SALES_ORDER_ITEM_ORDER_ID` (`order_id`),
  KEY `SALES_ORDER_ITEM_STORE_ID` (`store_id`),
  CONSTRAINT `SALES_ORDER_ITEM_ORDER_ID_SALES_ORDER_ENTITY_ID` FOREIGN KEY (`order_id`) REFERENCES `sales_order` (`entity_id`) ON DELETE CASCADE,
  CONSTRAINT `SALES_ORDER_ITEM_STORE_ID_STORE_STORE_ID` FOREIGN KEY (`store_id`) REFERENCES `store` (`store_id`) ON DELETE SET NULL
) ENGINE=InnoDB AUTO_INCREMENT=59 DEFAULT CHARSET=utf8 COMMENT='Sales Flat Order Item';

--
-- Dumping data for table `sales_order_item`
--

INSERT INTO `sales_order_item` VALUES (1,1,NULL,1,1,'2017-10-16 03:25:29','2017-10-16 03:25:29',1,'simple','{\"info_buyRequest\":{\"uenc\":\"aHR0cDovL2Rldi55dGN2bi5jb20veXRjX3RlbXBsYXRlcy9tYWdlbnRvMi9zbS1iZXN0c2hvcC1uZXcv\",\"product\":\"1\",\"qty\":1}}',NULL,0,'B-145269','Apple Iphone 7 Plus 128Gb',NULL,NULL,NULL,0,0,NULL,0.0000,0.0000,10.0000,0.0000,0.0000,NULL,240.0000,240.0000,250.0000,250.0000,0.0000,0.0000,0.0000,0.0000,0.0000,0.0000,0.0000,0.0000,0.0000,0.0000,0.0000,0.0000,2400.0000,2400.0000,0.0000,0.0000,0.0000,NULL,NULL,NULL,NULL,NULL,240.0000,240.0000,2400.0000,2400.0000,0.0000,0.0000,NULL,NULL,NULL,NULL,NULL,NULL,NULL,NULL,NULL,NULL,0,NULL,NULL,NULL,NULL,NULL,NULL,NULL,NULL,NULL,NULL,NULL),(2,1,NULL,2,1,'2017-10-16 03:25:29','2017-10-16 03:25:29',6,'simple','{\"info_buyRequest\":{\"uenc\":\"aHR0cDovL2Rldi55dGN2bi5jb20veXRjX3RlbXBsYXRlcy9tYWdlbnRvMi9zbS1iZXN0c2hvcC1uZXcv\",\"product\":\"6\",\"qty\":1}}',NULL,0,'B-456852','Camera Night Vision Facial',NULL,NULL,NULL,0,0,NULL,0.0000,0.0000,10.0000,0.0000,0.0000,NULL,310.0000,310.0000,310.0000,310.0000,0.0000,0.0000,0.0000,0.0000,0.0000,0.0000,0.0000,0.0000,0.0000,0.0000,0.0000,0.0000,3100.0000,3100.0000,0.0000,0.0000,0.0000,NULL,NULL,NULL,NULL,NULL,310.0000,310.0000,3100.0000,3100.0000,0.0000,0.0000,NULL,NULL,NULL,NULL,NULL,NULL,NULL,NULL,NULL,NULL,0,NULL,NULL,NULL,NULL,NULL,NULL,NULL,NULL,NULL,NULL,NULL),(3,1,NULL,3,1,'2017-10-16 03:25:29','2017-10-16 03:25:29',3,'simple','{\"info_buyRequest\":{\"uenc\":\"aHR0cDovL2Rldi55dGN2bi5jb20veXRjX3RlbXBsYXRlcy9tYWdlbnRvMi9zbS1iZXN0c2hvcC1uZXcv\",\"product\":\"3\",\"qty\":1}}',NULL,0,'B-741236','Logitech Z906 Surround Sound',NULL,NULL,NULL,0,0,NULL,0.0000,0.0000,10.0000,0.0000,0.0000,NULL,450.0000,450.0000,450.0000,450.0000,0.0000,0.0000,0.0000,0.0000,0.0000,0.0000,0.0000,0.0000,0.0000,0.0000,0.0000,0.0000,4500.0000,4500.0000,0.0000,0.0000,0.0000,NULL,NULL,NULL,NULL,NULL,450.0000,450.0000,4500.0000,4500.0000,0.0000,0.0000,NULL,NULL,NULL,NULL,NULL,NULL,NULL,NULL,NULL,NULL,0,NULL,NULL,NULL,NULL,NULL,NULL,NULL,NULL,NULL,NULL,NULL),(4,2,NULL,8,1,'2017-10-17 09:35:11','2017-10-17 09:35:11',4,'simple','{\"info_buyRequest\":{\"uenc\":\"aHR0cDovLzE5Mi4xNjguMS40OS95dGNfdGVtcGxhdGVzL21hZ2VudG8yL3NtLWJlc3RzaG9wLW5ldy8,\",\"product\":\"4\",\"qty\":1}}',NULL,0,'B-789632','3D Reality Headset Glasses',NULL,NULL,NULL,0,0,NULL,0.0000,0.0000,4.0000,0.0000,0.0000,NULL,360.0000,360.0000,360.0000,360.0000,0.0000,0.0000,0.0000,0.0000,0.0000,0.0000,0.0000,0.0000,0.0000,0.0000,0.0000,0.0000,1440.0000,1440.0000,0.0000,0.0000,0.0000,NULL,NULL,NULL,NULL,NULL,360.0000,360.0000,1440.0000,1440.0000,0.0000,0.0000,NULL,NULL,NULL,NULL,NULL,NULL,NULL,NULL,NULL,NULL,0,NULL,NULL,NULL,NULL,NULL,NULL,NULL,NULL,NULL,NULL,NULL),(5,2,NULL,9,1,'2017-10-17 09:35:12','2017-10-17 09:35:12',14,'simple','{\"info_buyRequest\":{\"uenc\":\"aHR0cDovLzE5Mi4xNjguMS40OS95dGNfdGVtcGxhdGVzL21hZ2VudG8yL3NtLWJlc3RzaG9wLW5ldy9saXN0aW5ndGFicy9pbmRleC9pbmRleA,,\",\"product\":\"14\",\"qty\":1}}',NULL,0,'B-749610','Bluetooth Gaming Controller',NULL,NULL,NULL,0,0,NULL,0.0000,0.0000,1.0000,0.0000,0.0000,NULL,250.0000,250.0000,250.0000,250.0000,0.0000,0.0000,0.0000,0.0000,0.0000,0.0000,0.0000,0.0000,0.0000,0.0000,0.0000,0.0000,250.0000,250.0000,0.0000,0.0000,0.0000,NULL,NULL,NULL,NULL,NULL,250.0000,250.0000,250.0000,250.0000,0.0000,0.0000,NULL,NULL,NULL,NULL,NULL,NULL,NULL,NULL,NULL,NULL,0,NULL,NULL,NULL,NULL,NULL,NULL,NULL,NULL,NULL,NULL,NULL),(6,2,NULL,11,1,'2017-10-17 09:35:12','2017-10-17 09:35:12',8,'simple','{\"info_buyRequest\":{\"uenc\":\"aHR0cDovLzE5Mi4xNjguMS40OS95dGNfdGVtcGxhdGVzL21hZ2VudG8yL3NtLWJlc3RzaG9wLW5ldy9saXN0aW5ndGFicy9pbmRleC9pbmRleA,,\",\"product\":\"8\",\"qty\":1}}',NULL,0,'B-879546','Samsung Galaxy Lite 8GB Wifi',NULL,NULL,NULL,0,0,NULL,0.0000,0.0000,1.0000,0.0000,0.0000,NULL,230.0000,230.0000,230.0000,230.0000,0.0000,0.0000,0.0000,0.0000,0.0000,0.0000,0.0000,0.0000,0.0000,0.0000,0.0000,0.0000,230.0000,230.0000,0.0000,0.0000,0.0000,NULL,NULL,NULL,NULL,NULL,230.0000,230.0000,230.0000,230.0000,0.0000,0.0000,NULL,NULL,NULL,NULL,NULL,NULL,NULL,NULL,NULL,NULL,0,NULL,NULL,NULL,NULL,NULL,NULL,NULL,NULL,NULL,NULL,NULL),(7,3,NULL,68,1,'2017-11-09 08:23:30','2017-11-09 08:23:30',11,'simple','{\"info_buyRequest\":{\"uenc\":\"aHR0cDovLzE5Mi4xNjguMS4xMS95dGNfdGVtcGxhdGVzL21hZ2VudG8yL3NtLWJlc3RzaG9wLW5ldy8_X19fc3RvcmU9ZGVmYXVsdA,,\",\"product\":\"11\",\"qty\":1}}',NULL,0,'B-845031','Philips Rice Cookers HD3128',NULL,NULL,NULL,0,0,NULL,0.0000,0.0000,1.0000,0.0000,0.0000,NULL,520.0000,520.0000,560.0000,560.0000,0.0000,0.0000,0.0000,0.0000,0.0000,0.0000,0.0000,0.0000,0.0000,0.0000,0.0000,0.0000,520.0000,520.0000,0.0000,0.0000,0.0000,NULL,NULL,NULL,NULL,NULL,520.0000,520.0000,520.0000,520.0000,0.0000,0.0000,NULL,NULL,NULL,NULL,NULL,NULL,NULL,NULL,NULL,NULL,0,NULL,NULL,NULL,NULL,NULL,NULL,NULL,NULL,NULL,NULL,NULL),(8,3,NULL,69,1,'2017-11-09 08:23:30','2017-11-09 08:23:30',17,'simple','{\"info_buyRequest\":{\"uenc\":\"aHR0cDovLzE5Mi4xNjguMS4xMS95dGNfdGVtcGxhdGVzL21hZ2VudG8yL3NtLWJlc3RzaG9wLW5ldy8_X19fc3RvcmU9ZGVmYXVsdA,,\",\"product\":\"17\",\"qty\":1}}',NULL,0,'B-478569','Canon PowerShot SX0 Digital',NULL,NULL,NULL,0,0,NULL,0.0000,0.0000,1.0000,0.0000,0.0000,NULL,260.0000,260.0000,260.0000,260.0000,0.0000,0.0000,0.0000,0.0000,0.0000,0.0000,0.0000,0.0000,0.0000,0.0000,0.0000,0.0000,260.0000,260.0000,0.0000,0.0000,0.0000,NULL,NULL,NULL,NULL,NULL,260.0000,260.0000,260.0000,260.0000,0.0000,0.0000,NULL,NULL,NULL,NULL,NULL,NULL,NULL,NULL,NULL,NULL,0,NULL,NULL,NULL,NULL,NULL,NULL,NULL,NULL,NULL,NULL,NULL),(9,3,NULL,70,1,'2017-11-09 08:23:30','2017-11-09 08:23:30',9,'simple','{\"info_buyRequest\":{\"uenc\":\"aHR0cDovLzE5Mi4xNjguMS4xMS95dGNfdGVtcGxhdGVzL21hZ2VudG8yL3NtLWJlc3RzaG9wLW5ldy8_X19fc3RvcmU9ZGVmYXVsdA,,\",\"product\":\"9\",\"qty\":1}}',NULL,0,'B-452893','Digital Camera 28x Optical',NULL,NULL,NULL,0,0,NULL,0.0000,0.0000,1.0000,0.0000,0.0000,NULL,250.0000,250.0000,250.0000,250.0000,0.0000,0.0000,0.0000,0.0000,0.0000,0.0000,0.0000,0.0000,0.0000,0.0000,0.0000,0.0000,250.0000,250.0000,0.0000,0.0000,0.0000,NULL,NULL,NULL,NULL,NULL,250.0000,250.0000,250.0000,250.0000,0.0000,0.0000,NULL,NULL,NULL,NULL,NULL,NULL,NULL,NULL,NULL,NULL,0,NULL,NULL,NULL,NULL,NULL,NULL,NULL,NULL,NULL,NULL,NULL),(10,3,NULL,71,1,'2017-11-09 08:23:30','2017-11-09 08:23:30',12,'simple','{\"info_buyRequest\":{\"uenc\":\"aHR0cDovLzE5Mi4xNjguMS4xMS95dGNfdGVtcGxhdGVzL21hZ2VudG8yL3NtLWJlc3RzaG9wLW5ldy8_X19fc3RvcmU9ZGVmYXVsdA,,\",\"product\":\"12\",\"qty\":1}}',NULL,0,'B-896412','Rice Cookers Philips HD4569',NULL,NULL,NULL,0,0,NULL,0.0000,0.0000,1.0000,0.0000,0.0000,NULL,450.0000,450.0000,450.0000,450.0000,0.0000,0.0000,0.0000,0.0000,0.0000,0.0000,0.0000,0.0000,0.0000,0.0000,0.0000,0.0000,450.0000,450.0000,0.0000,0.0000,0.0000,NULL,NULL,NULL,NULL,NULL,450.0000,450.0000,450.0000,450.0000,0.0000,0.0000,NULL,NULL,NULL,NULL,NULL,NULL,NULL,NULL,NULL,NULL,0,NULL,NULL,NULL,NULL,NULL,NULL,NULL,NULL,NULL,NULL,NULL),(11,3,NULL,72,1,'2017-11-09 08:23:30','2017-11-09 08:23:30',16,'simple','{\"info_buyRequest\":{\"uenc\":\"aHR0cDovLzE5Mi4xNjguMS4xMS95dGNfdGVtcGxhdGVzL21hZ2VudG8yL3NtLWJlc3RzaG9wLW5ldy8_X19fc3RvcmU9ZGVmYXVsdA,,\",\"product\":\"16\",\"qty\":1}}',NULL,0,'B-102030','Digital Camera KINGEAR 2.7',NULL,NULL,NULL,0,0,NULL,0.0000,0.0000,3.0000,0.0000,0.0000,NULL,453.0000,453.0000,453.0000,453.0000,0.0000,0.0000,0.0000,0.0000,0.0000,0.0000,0.0000,0.0000,0.0000,0.0000,0.0000,0.0000,1359.0000,1359.0000,0.0000,0.0000,0.0000,NULL,NULL,NULL,NULL,NULL,453.0000,453.0000,1359.0000,1359.0000,0.0000,0.0000,NULL,NULL,NULL,NULL,NULL,NULL,NULL,NULL,NULL,NULL,0,NULL,NULL,NULL,NULL,NULL,NULL,NULL,NULL,NULL,NULL,NULL),(12,4,NULL,130,1,'2017-11-27 03:12:20','2017-11-27 03:12:20',15,'simple','{\"info_buyRequest\":{\"uenc\":\"aHR0cDovLzE5Mi4xNjguMS4zNS95dGNfdGVtcGxhdGVzL21hZ2VudG8yL3NtLXNoaW55MjIxLw,,\",\"product\":\"15\",\"qty\":1}}',NULL,0,'B-525463','Digital Camera with Colors',NULL,NULL,NULL,0,0,NULL,0.0000,0.0000,1.0000,0.0000,0.0000,NULL,450.0000,450.0000,450.0000,450.0000,0.0000,0.0000,0.0000,0.0000,0.0000,0.0000,0.0000,0.0000,0.0000,0.0000,0.0000,0.0000,450.0000,450.0000,0.0000,0.0000,0.0000,NULL,NULL,NULL,NULL,NULL,450.0000,450.0000,450.0000,450.0000,0.0000,0.0000,NULL,NULL,NULL,NULL,NULL,NULL,NULL,NULL,NULL,NULL,0,NULL,NULL,NULL,NULL,NULL,NULL,NULL,NULL,NULL,NULL,NULL),(13,4,NULL,131,1,'2017-11-27 03:12:20','2017-11-27 03:12:20',9,'simple','{\"info_buyRequest\":{\"uenc\":\"aHR0cDovLzE5Mi4xNjguMS4zNS95dGNfdGVtcGxhdGVzL21hZ2VudG8yL3NtLXNoaW55MjIxL2NhcnRxdWlja3Byby9jYXRhbG9nX3Byb2R1Y3Qvdmlldy9pZC85L3JhbmR0aW1lLzE1MTE3NTEzMDQ4OTcv\",\"product\":\"9\",\"selected_configurable_option\":\"\",\"related_product\":\"\",\"qty\":\"1\"}}',NULL,0,'B-452893','Digital Camera 28x Optical',NULL,NULL,NULL,0,0,NULL,0.0000,0.0000,2.0000,0.0000,0.0000,NULL,250.0000,250.0000,250.0000,250.0000,0.0000,0.0000,0.0000,0.0000,0.0000,0.0000,0.0000,0.0000,0.0000,0.0000,0.0000,0.0000,500.0000,500.0000,0.0000,0.0000,0.0000,NULL,NULL,NULL,NULL,NULL,250.0000,250.0000,500.0000,500.0000,0.0000,0.0000,NULL,NULL,NULL,NULL,NULL,NULL,NULL,NULL,NULL,NULL,0,NULL,NULL,NULL,NULL,NULL,NULL,NULL,NULL,NULL,NULL,NULL),(14,4,NULL,132,1,'2017-11-27 03:12:20','2017-11-27 03:12:20',13,'simple','{\"info_buyRequest\":{\"uenc\":\"aHR0cDovLzE5Mi4xNjguMS4zNS95dGNfdGVtcGxhdGVzL21hZ2VudG8yL3NtLXNoaW55MjIxL2xpc3Rpbmd0YWJzL2luZGV4L2luZGV4\",\"product\":\"13\",\"qty\":1}}',NULL,0,'B-7891235','Hitachi KC18 18Volt Cordless',NULL,NULL,NULL,0,0,NULL,0.0000,0.0000,2.0000,0.0000,0.0000,NULL,300.0000,300.0000,316.0000,316.0000,0.0000,0.0000,0.0000,0.0000,0.0000,0.0000,0.0000,0.0000,0.0000,0.0000,0.0000,0.0000,600.0000,600.0000,0.0000,0.0000,0.0000,NULL,NULL,NULL,NULL,NULL,300.0000,300.0000,600.0000,600.0000,0.0000,0.0000,NULL,NULL,NULL,NULL,NULL,NULL,NULL,NULL,NULL,NULL,0,NULL,NULL,NULL,NULL,NULL,NULL,NULL,NULL,NULL,NULL,NULL),(15,4,NULL,133,1,'2017-11-27 03:12:20','2017-11-27 03:12:20',8,'simple','{\"info_buyRequest\":{\"uenc\":\"aHR0cDovLzE5Mi4xNjguMS4zNS95dGNfdGVtcGxhdGVzL21hZ2VudG8yL3NtLXNoaW55MjIxL2xpc3Rpbmd0YWJzL2luZGV4L2luZGV4\",\"product\":\"8\",\"qty\":1}}',NULL,0,'B-879546','Samsung Galaxy Lite 8GB Wifi',NULL,NULL,NULL,0,0,NULL,0.0000,0.0000,1.0000,0.0000,0.0000,NULL,230.0000,230.0000,230.0000,230.0000,0.0000,0.0000,0.0000,0.0000,0.0000,0.0000,0.0000,0.0000,0.0000,0.0000,0.0000,0.0000,230.0000,230.0000,0.0000,0.0000,0.0000,NULL,NULL,NULL,NULL,NULL,230.0000,230.0000,230.0000,230.0000,0.0000,0.0000,NULL,NULL,NULL,NULL,NULL,NULL,NULL,NULL,NULL,NULL,0,NULL,NULL,NULL,NULL,NULL,NULL,NULL,NULL,NULL,NULL,NULL),(16,4,NULL,134,1,'2017-11-27 03:12:20','2017-11-27 03:12:20',4,'simple','{\"info_buyRequest\":{\"uenc\":\"aHR0cDovLzE5Mi4xNjguMS4zNS95dGNfdGVtcGxhdGVzL21hZ2VudG8yL3NtLXNoaW55MjIxL2NoZWNrb3V0L2NhcnQv\",\"product\":\"4\",\"in_cart\":\"1\",\"isCheckoutPage\":\"1\",\"qty\":1}}',NULL,0,'B-789632','3D Reality Headset Glasses',NULL,NULL,NULL,0,0,NULL,0.0000,0.0000,1.0000,0.0000,0.0000,NULL,360.0000,360.0000,360.0000,360.0000,0.0000,0.0000,0.0000,0.0000,0.0000,0.0000,0.0000,0.0000,0.0000,0.0000,0.0000,0.0000,360.0000,360.0000,0.0000,0.0000,0.0000,NULL,NULL,NULL,NULL,NULL,360.0000,360.0000,360.0000,360.0000,0.0000,0.0000,NULL,NULL,NULL,NULL,NULL,NULL,NULL,NULL,NULL,NULL,0,NULL,NULL,NULL,NULL,NULL,NULL,NULL,NULL,NULL,NULL,NULL),(17,4,NULL,135,1,'2017-11-27 03:12:20','2017-11-27 03:12:20',2,'simple','{\"info_buyRequest\":{\"uenc\":\"aHR0cDovLzE5Mi4xNjguMS4zNS95dGNfdGVtcGxhdGVzL21hZ2VudG8yL3NtLXNoaW55MjIxL2NoZWNrb3V0L2NhcnQv\",\"product\":\"2\",\"in_cart\":\"1\",\"isCheckoutPage\":\"1\",\"qty\":1}}',NULL,0,'B-7896521','Chroma Expert Gaming Keypad',NULL,NULL,NULL,0,0,NULL,0.0000,0.0000,1.0000,0.0000,0.0000,NULL,320.0000,320.0000,320.0000,320.0000,0.0000,0.0000,0.0000,0.0000,0.0000,0.0000,0.0000,0.0000,0.0000,0.0000,0.0000,0.0000,320.0000,320.0000,0.0000,0.0000,0.0000,NULL,NULL,NULL,NULL,NULL,320.0000,320.0000,320.0000,320.0000,0.0000,0.0000,NULL,NULL,NULL,NULL,NULL,NULL,NULL,NULL,NULL,NULL,0,NULL,NULL,NULL,NULL,NULL,NULL,NULL,NULL,NULL,NULL,NULL),(18,5,NULL,193,1,'2017-12-26 04:04:47','2017-12-26 04:04:47',10,'simple','{\"info_buyRequest\":{\"uenc\":\"aHR0cDovLzE5Mi4xNjguMS4xNC95dGNfdGVtcGxhdGVzL21hZ2VudG8yL3NtLW11bHRlMjIyLw,,\",\"product\":\"10\",\"qty\":1}}',NULL,0,'A-801367','Three Grain Salad Mint',NULL,NULL,NULL,0,0,NULL,0.0000,0.0000,1.0000,0.0000,0.0000,NULL,350.0000,350.0000,355.0000,355.0000,0.0000,0.0000,0.0000,0.0000,0.0000,0.0000,0.0000,0.0000,0.0000,0.0000,0.0000,0.0000,350.0000,350.0000,0.0000,0.0000,0.0000,NULL,NULL,NULL,NULL,NULL,350.0000,350.0000,350.0000,350.0000,0.0000,0.0000,NULL,NULL,NULL,NULL,NULL,NULL,NULL,NULL,NULL,NULL,0,NULL,NULL,NULL,NULL,NULL,NULL,NULL,NULL,NULL,NULL,NULL),(19,5,NULL,197,1,'2017-12-26 04:04:47','2017-12-26 04:04:47',33,'simple','{\"info_buyRequest\":{\"uenc\":\"aHR0cDovLzE5Mi4xNjguMS4xNC95dGNfdGVtcGxhdGVzL21hZ2VudG8yL3NtLW11bHRlMjIyL291ci1tZW51Lmh0bWw,\",\"product\":\"33\",\"qty\":1}}',NULL,0,'B-852410','Concord Grape Jam',NULL,NULL,NULL,0,0,NULL,0.0000,0.0000,1.0000,0.0000,0.0000,NULL,310.0000,310.0000,310.0000,310.0000,0.0000,0.0000,0.0000,0.0000,0.0000,0.0000,0.0000,0.0000,0.0000,0.0000,0.0000,0.0000,310.0000,310.0000,0.0000,0.0000,0.0000,NULL,NULL,NULL,NULL,NULL,310.0000,310.0000,310.0000,310.0000,0.0000,0.0000,NULL,NULL,NULL,NULL,NULL,NULL,NULL,NULL,NULL,NULL,0,NULL,NULL,NULL,NULL,NULL,NULL,NULL,NULL,NULL,NULL,NULL),(20,5,NULL,199,1,'2017-12-26 04:04:47','2017-12-26 04:04:47',31,'simple','{\"info_buyRequest\":{\"uenc\":\"aHR0cDovLzE5Mi4xNjguMS4xNC95dGNfdGVtcGxhdGVzL21hZ2VudG8yL3NtLW11bHRlMjIyL291ci1tZW51Lmh0bWw,\",\"product\":\"31\",\"qty\":1}}',NULL,0,'B-748510','Green Apple Sorrel',NULL,NULL,NULL,0,0,NULL,0.0000,0.0000,1.0000,0.0000,0.0000,NULL,250.0000,250.0000,250.0000,250.0000,0.0000,0.0000,0.0000,0.0000,0.0000,0.0000,0.0000,0.0000,0.0000,0.0000,0.0000,0.0000,250.0000,250.0000,0.0000,0.0000,0.0000,NULL,NULL,NULL,NULL,NULL,250.0000,250.0000,250.0000,250.0000,0.0000,0.0000,NULL,NULL,NULL,NULL,NULL,NULL,NULL,NULL,NULL,NULL,0,NULL,NULL,NULL,NULL,NULL,NULL,NULL,NULL,NULL,NULL,NULL),(21,5,NULL,202,1,'2017-12-26 04:04:47','2017-12-26 04:04:47',15,'simple','{\"info_buyRequest\":{\"uenc\":\"aHR0cDovLzE5Mi4xNjguMS4xNC95dGNfdGVtcGxhdGVzL21hZ2VudG8yL3NtLW11bHRlMjIyL291ci1tZW51Lmh0bWw,\",\"product\":\"15\",\"qty\":1}}',NULL,0,'B-525463','Fingerling Potato Squash',NULL,NULL,NULL,0,0,NULL,0.0000,0.0000,1.0000,0.0000,0.0000,NULL,450.0000,450.0000,450.0000,450.0000,0.0000,0.0000,0.0000,0.0000,0.0000,0.0000,0.0000,0.0000,0.0000,0.0000,0.0000,0.0000,450.0000,450.0000,0.0000,0.0000,0.0000,NULL,NULL,NULL,NULL,NULL,450.0000,450.0000,450.0000,450.0000,0.0000,0.0000,NULL,NULL,NULL,NULL,NULL,NULL,NULL,NULL,NULL,NULL,0,NULL,NULL,NULL,NULL,NULL,NULL,NULL,NULL,NULL,NULL,NULL),(22,5,NULL,204,1,'2017-12-26 04:04:47','2017-12-26 04:04:47',2,'simple','{\"info_buyRequest\":{\"uenc\":\"aHR0cDovLzE5Mi4xNjguMS4xNC95dGNfdGVtcGxhdGVzL21hZ2VudG8yL3NtLW11bHRlMjIyL2NhcnRxdWlja3Byby9jYXRhbG9nX3Byb2R1Y3Qvdmlldy9pZC8yL3JhbmR0aW1lLzE1MTQyNjA4NTA1OTEv\",\"product\":\"2\",\"selected_configurable_option\":\"\",\"related_product\":\"\",\"qty\":\"1\",\"isCheckoutPage\":\"1\"}}',NULL,0,'B-7896521','Heirloom Beet Tartare',NULL,NULL,NULL,0,0,NULL,0.0000,0.0000,1.0000,0.0000,0.0000,NULL,320.0000,320.0000,320.0000,320.0000,0.0000,0.0000,0.0000,0.0000,0.0000,0.0000,0.0000,0.0000,0.0000,0.0000,0.0000,0.0000,320.0000,320.0000,0.0000,0.0000,0.0000,NULL,NULL,NULL,NULL,NULL,320.0000,320.0000,320.0000,320.0000,0.0000,0.0000,NULL,NULL,NULL,NULL,NULL,NULL,NULL,NULL,NULL,NULL,0,NULL,NULL,NULL,NULL,NULL,NULL,NULL,NULL,NULL,NULL,NULL),(23,6,NULL,205,1,'2017-12-26 04:10:01','2017-12-26 04:10:01',13,'simple','{\"info_buyRequest\":{\"uenc\":\"aHR0cDovLzE5Mi4xNjguMS4xNC95dGNfdGVtcGxhdGVzL21hZ2VudG8yL3NtLW11bHRlMjIyLw,,\",\"product\":\"13\",\"qty\":1}}',NULL,0,'B-7891235','Fermented Carrots',NULL,NULL,NULL,0,0,NULL,0.0000,0.0000,1.0000,0.0000,0.0000,NULL,300.0000,300.0000,316.0000,316.0000,0.0000,0.0000,0.0000,0.0000,0.0000,0.0000,0.0000,0.0000,0.0000,0.0000,0.0000,0.0000,300.0000,300.0000,0.0000,0.0000,0.0000,NULL,NULL,NULL,NULL,NULL,300.0000,300.0000,300.0000,300.0000,0.0000,0.0000,NULL,NULL,NULL,NULL,NULL,NULL,NULL,NULL,NULL,NULL,0,NULL,NULL,NULL,NULL,NULL,NULL,NULL,NULL,NULL,NULL,NULL),(24,7,NULL,213,1,'2017-12-28 02:34:39','2017-12-28 02:34:39',22,'virtual','{\"info_buyRequest\":{\"uenc\":\"aHR0cDovLzE5Mi4xNjguMS4xNC95dGNfdGVtcGxhdGVzL21hZ2VudG8yL3NtLW11bHRlMjIyL2NhcnRxdWlja3Byby9jYXRhbG9nX3Byb2R1Y3Qvdmlldy9pZC8yMi9yYW5kdGltZS8xNTE0MjYyMzk1MTI5Lw,,\",\"product\":\"22\",\"selected_configurable_option\":\"\",\"related_product\":\"\",\"options\":{\"1\":\"2\"},\"qty\":\"1\"},\"options\":[{\"label\":\"Size\",\"value\":\"Medium\",\"print_value\":\"Medium\",\"option_id\":\"1\",\"option_type\":\"drop_down\",\"option_value\":\"2\",\"custom_view\":false}]}',NULL,1,'B-759153741','Virtual Product ',NULL,NULL,NULL,0,0,NULL,0.0000,0.0000,1.0000,0.0000,0.0000,NULL,380.0000,380.0000,380.0000,380.0000,0.0000,0.0000,0.0000,0.0000,0.0000,0.0000,0.0000,0.0000,0.0000,0.0000,0.0000,0.0000,380.0000,380.0000,0.0000,0.0000,0.0000,NULL,NULL,NULL,NULL,NULL,380.0000,380.0000,380.0000,380.0000,0.0000,0.0000,NULL,NULL,NULL,NULL,NULL,NULL,NULL,NULL,NULL,NULL,0,NULL,NULL,NULL,NULL,NULL,NULL,NULL,NULL,NULL,NULL,NULL),(25,7,NULL,248,1,'2017-12-28 02:34:39','2017-12-28 02:34:39',31,'simple','{\"info_buyRequest\":{\"item\":\"32\",\"uenc\":\"aHR0cDovLzE5Mi4xNjguMS4xNC95dGNfdGVtcGxhdGVzL21hZ2VudG8yL3NtLW11bHRlMjIyL2NhcnRxdWlja3Byby93aXNobGlzdF9pbmRleC9jYXJ0Lw,,\",\"isWishlistPage\":\"1\",\"product\":\"31\",\"original_qty\":1,\"qty\":1}}',NULL,0,'B-748510','Green Apple Sorrel',NULL,NULL,NULL,0,0,NULL,0.0000,0.0000,1.0000,0.0000,0.0000,NULL,250.0000,250.0000,250.0000,250.0000,0.0000,0.0000,0.0000,0.0000,0.0000,0.0000,0.0000,0.0000,0.0000,0.0000,0.0000,0.0000,250.0000,250.0000,0.0000,0.0000,0.0000,NULL,NULL,NULL,NULL,NULL,250.0000,250.0000,250.0000,250.0000,0.0000,0.0000,NULL,NULL,NULL,NULL,NULL,NULL,NULL,NULL,NULL,NULL,0,NULL,NULL,NULL,NULL,NULL,NULL,NULL,NULL,NULL,NULL,NULL),(26,7,NULL,249,1,'2017-12-28 02:34:39','2017-12-28 02:34:39',1,'simple','{\"info_buyRequest\":{\"uenc\":\"aHR0cDovLzE5Mi4xNjguMS4xNC95dGNfdGVtcGxhdGVzL21hZ2VudG8yL3NtLW11bHRlMjIyLw,,\",\"product\":\"1\",\"qty\":1}}',NULL,0,'B-145269','Katsudon Pork Cutlet Rice',NULL,NULL,NULL,0,0,NULL,0.0000,0.0000,1.0000,0.0000,0.0000,NULL,240.0000,240.0000,250.0000,250.0000,0.0000,0.0000,0.0000,0.0000,0.0000,0.0000,0.0000,0.0000,0.0000,0.0000,0.0000,0.0000,240.0000,240.0000,0.0000,0.0000,0.0000,NULL,NULL,NULL,NULL,NULL,240.0000,240.0000,240.0000,240.0000,0.0000,0.0000,NULL,NULL,NULL,NULL,NULL,NULL,NULL,NULL,NULL,NULL,0,NULL,NULL,NULL,NULL,NULL,NULL,NULL,NULL,NULL,NULL,NULL),(27,7,NULL,250,1,'2017-12-28 02:34:39','2017-12-28 02:34:39',13,'simple','{\"info_buyRequest\":{\"uenc\":\"aHR0cDovLzE5Mi4xNjguMS4xNC95dGNfdGVtcGxhdGVzL21hZ2VudG8yL3NtLW11bHRlMjIyLw,,\",\"product\":\"13\",\"qty\":1}}',NULL,0,'B-7891235','Fermented Carrots',NULL,NULL,NULL,0,0,NULL,0.0000,0.0000,1.0000,0.0000,0.0000,NULL,300.0000,300.0000,316.0000,316.0000,0.0000,0.0000,0.0000,0.0000,0.0000,0.0000,0.0000,0.0000,0.0000,0.0000,0.0000,0.0000,300.0000,300.0000,0.0000,0.0000,0.0000,NULL,NULL,NULL,NULL,NULL,300.0000,300.0000,300.0000,300.0000,0.0000,0.0000,NULL,NULL,NULL,NULL,NULL,NULL,NULL,NULL,NULL,NULL,0,NULL,NULL,NULL,NULL,NULL,NULL,NULL,NULL,NULL,NULL,NULL),(28,7,NULL,251,1,'2017-12-28 02:34:39','2017-12-28 02:34:39',10,'simple','{\"info_buyRequest\":{\"uenc\":\"aHR0cDovLzE5Mi4xNjguMS4xNC95dGNfdGVtcGxhdGVzL21hZ2VudG8yL3NtLW11bHRlMjIyLw,,\",\"product\":\"10\",\"qty\":1}}',NULL,0,'A-801367','Three Grain Salad Mint',NULL,NULL,NULL,0,0,NULL,0.0000,0.0000,1.0000,0.0000,0.0000,NULL,350.0000,350.0000,355.0000,355.0000,0.0000,0.0000,0.0000,0.0000,0.0000,0.0000,0.0000,0.0000,0.0000,0.0000,0.0000,0.0000,350.0000,350.0000,0.0000,0.0000,0.0000,NULL,NULL,NULL,NULL,NULL,350.0000,350.0000,350.0000,350.0000,0.0000,0.0000,NULL,NULL,NULL,NULL,NULL,NULL,NULL,NULL,NULL,NULL,0,NULL,NULL,NULL,NULL,NULL,NULL,NULL,NULL,NULL,NULL,NULL),(29,8,NULL,286,1,'2018-10-11 04:52:23','2018-10-11 04:52:23',1,'simple','{\"info_buyRequest\":{\"uenc\":\"aHR0cDovL2xvY2FsaG9zdC95dGNfdGVtcGxhdGVzL21hZ2VudG8yL3NtX211bHRlXzIyNi9rYXRzdWRvbi1wb3JrLWN1dGxldC1yaWNlLmh0bWw,\",\"product\":\"1\",\"selected_configurable_option\":\"\",\"related_product\":\"\",\"item\":\"1\",\"qty\":\"1\"}}',NULL,0,'B-145269','Katsudon Pork Cutlet Rice',NULL,NULL,NULL,0,0,NULL,0.0000,0.0000,1.0000,0.0000,0.0000,NULL,250.0000,250.0000,250.0000,250.0000,0.0000,0.0000,0.0000,0.0000,0.0000,0.0000,0.0000,0.0000,0.0000,0.0000,0.0000,0.0000,250.0000,250.0000,0.0000,0.0000,0.0000,NULL,NULL,NULL,NULL,NULL,250.0000,250.0000,250.0000,250.0000,0.0000,0.0000,NULL,NULL,NULL,NULL,NULL,NULL,NULL,NULL,NULL,NULL,0,NULL,NULL,NULL,NULL,NULL,NULL,NULL,NULL,NULL,NULL,NULL),(30,9,NULL,287,1,'2018-10-11 04:54:41','2018-10-11 04:54:41',13,'simple','{\"info_buyRequest\":{\"uenc\":\"aHR0cDovL2xvY2FsaG9zdC95dGNfdGVtcGxhdGVzL21hZ2VudG8yL3NtX211bHRlXzIyNi9mZXJtZW50ZWQtY2Fycm90cy5odG1s\",\"product\":\"13\",\"selected_configurable_option\":\"\",\"related_product\":\"\",\"item\":\"13\",\"qty\":\"2\"}}',NULL,0,'B-7891235','Fermented Carrots',NULL,NULL,NULL,0,0,NULL,0.0000,0.0000,2.0000,0.0000,0.0000,NULL,300.0000,300.0000,316.0000,316.0000,0.0000,0.0000,0.0000,0.0000,0.0000,0.0000,0.0000,0.0000,0.0000,0.0000,0.0000,0.0000,600.0000,600.0000,0.0000,0.0000,0.0000,NULL,NULL,NULL,NULL,NULL,300.0000,300.0000,600.0000,600.0000,0.0000,0.0000,NULL,NULL,NULL,NULL,NULL,NULL,NULL,NULL,NULL,NULL,0,NULL,NULL,NULL,NULL,NULL,NULL,NULL,NULL,NULL,NULL,NULL),(31,10,NULL,288,1,'2018-10-11 04:57:05','2018-10-11 04:57:05',11,'simple','{\"info_buyRequest\":{\"uenc\":\"aHR0cDovL2xvY2FsaG9zdC95dGNfdGVtcGxhdGVzL21hZ2VudG8yL3NtX211bHRlXzIyNi8,\",\"product\":\"11\",\"qty\":1}}',NULL,0,'B-845031','Wagyu Beef Tataki',NULL,NULL,NULL,0,0,NULL,0.0000,0.0000,1.0000,0.0000,0.0000,NULL,520.0000,520.0000,560.0000,560.0000,0.0000,0.0000,0.0000,0.0000,0.0000,0.0000,0.0000,0.0000,0.0000,0.0000,0.0000,0.0000,520.0000,520.0000,0.0000,0.0000,0.0000,NULL,NULL,NULL,NULL,NULL,520.0000,520.0000,520.0000,520.0000,0.0000,0.0000,NULL,NULL,NULL,NULL,NULL,NULL,NULL,NULL,NULL,NULL,0,NULL,NULL,NULL,NULL,NULL,NULL,NULL,NULL,NULL,NULL,NULL),(32,11,NULL,289,1,'2018-10-11 05:02:33','2018-10-11 05:02:33',11,'simple','{\"info_buyRequest\":{\"uenc\":\"aHR0cDovL2xvY2FsaG9zdC95dGNfdGVtcGxhdGVzL21hZ2VudG8yL3NtX211bHRlXzIyNi8,\",\"product\":\"11\",\"qty\":1}}',NULL,0,'B-845031','Wagyu Beef Tataki',NULL,NULL,NULL,0,0,NULL,0.0000,0.0000,5.0000,0.0000,0.0000,NULL,520.0000,520.0000,560.0000,560.0000,0.0000,0.0000,0.0000,0.0000,0.0000,0.0000,0.0000,0.0000,0.0000,0.0000,0.0000,0.0000,2600.0000,2600.0000,0.0000,0.0000,0.0000,NULL,NULL,NULL,NULL,NULL,520.0000,520.0000,2600.0000,2600.0000,0.0000,0.0000,NULL,NULL,NULL,NULL,NULL,NULL,NULL,NULL,NULL,NULL,0,NULL,NULL,NULL,NULL,NULL,NULL,NULL,NULL,NULL,NULL,NULL),(33,12,NULL,290,1,'2018-10-11 06:43:18','2018-10-11 06:43:18',11,'simple','{\"info_buyRequest\":{\"uenc\":\"aHR0cDovL2xvY2FsaG9zdC95dGNfdGVtcGxhdGVzL21hZ2VudG8yL3NtX211bHRlXzIyNi8,\",\"product\":\"11\",\"qty\":1}}',NULL,0,'B-845031','Wagyu Beef Tataki',NULL,NULL,NULL,0,0,NULL,0.0000,0.0000,1.0000,0.0000,0.0000,NULL,520.0000,520.0000,560.0000,560.0000,0.0000,0.0000,0.0000,0.0000,0.0000,0.0000,0.0000,0.0000,0.0000,0.0000,0.0000,0.0000,520.0000,520.0000,0.0000,0.0000,0.0000,NULL,NULL,NULL,NULL,NULL,520.0000,520.0000,520.0000,520.0000,0.0000,0.0000,NULL,NULL,NULL,NULL,NULL,NULL,NULL,NULL,NULL,NULL,0,NULL,NULL,NULL,NULL,NULL,NULL,NULL,NULL,NULL,NULL,NULL),(34,12,NULL,291,1,'2018-10-11 06:43:18','2018-10-11 06:43:18',13,'simple','{\"info_buyRequest\":{\"uenc\":\"aHR0cDovL2xvY2FsaG9zdC95dGNfdGVtcGxhdGVzL21hZ2VudG8yL3NtX211bHRlXzIyNi8,\",\"product\":\"13\",\"qty\":1}}',NULL,0,'B-7891235','Fermented Carrots',NULL,NULL,NULL,0,0,NULL,0.0000,0.0000,1.0000,0.0000,0.0000,NULL,300.0000,300.0000,316.0000,316.0000,0.0000,0.0000,0.0000,0.0000,0.0000,0.0000,0.0000,0.0000,0.0000,0.0000,0.0000,0.0000,300.0000,300.0000,0.0000,0.0000,0.0000,NULL,NULL,NULL,NULL,NULL,300.0000,300.0000,300.0000,300.0000,0.0000,0.0000,NULL,NULL,NULL,NULL,NULL,NULL,NULL,NULL,NULL,NULL,0,NULL,NULL,NULL,NULL,NULL,NULL,NULL,NULL,NULL,NULL,NULL),(35,13,NULL,292,1,'2018-10-11 06:47:12','2018-10-11 06:47:12',11,'simple','{\"info_buyRequest\":{\"uenc\":\"aHR0cDovL2xvY2FsaG9zdC95dGNfdGVtcGxhdGVzL21hZ2VudG8yL3NtX211bHRlXzIyNi8,\",\"product\":\"11\",\"qty\":1}}',NULL,0,'B-845031','Wagyu Beef Tataki',NULL,NULL,NULL,0,0,NULL,0.0000,0.0000,1.0000,0.0000,0.0000,NULL,520.0000,520.0000,560.0000,560.0000,0.0000,0.0000,0.0000,0.0000,0.0000,0.0000,0.0000,0.0000,0.0000,0.0000,0.0000,0.0000,520.0000,520.0000,0.0000,0.0000,0.0000,NULL,NULL,NULL,NULL,NULL,520.0000,520.0000,520.0000,520.0000,0.0000,0.0000,NULL,NULL,NULL,NULL,NULL,NULL,NULL,NULL,NULL,NULL,0,NULL,NULL,NULL,NULL,NULL,NULL,NULL,NULL,NULL,NULL,NULL),(36,13,NULL,293,1,'2018-10-11 06:47:12','2018-10-11 06:47:12',13,'simple','{\"info_buyRequest\":{\"uenc\":\"aHR0cDovL2xvY2FsaG9zdC95dGNfdGVtcGxhdGVzL21hZ2VudG8yL3NtX211bHRlXzIyNi8,\",\"product\":\"13\",\"qty\":1}}',NULL,0,'B-7891235','Fermented Carrots',NULL,NULL,NULL,0,0,NULL,0.0000,0.0000,1.0000,0.0000,0.0000,NULL,300.0000,300.0000,316.0000,316.0000,0.0000,0.0000,0.0000,0.0000,0.0000,0.0000,0.0000,0.0000,0.0000,0.0000,0.0000,0.0000,300.0000,300.0000,0.0000,0.0000,0.0000,NULL,NULL,NULL,NULL,NULL,300.0000,300.0000,300.0000,300.0000,0.0000,0.0000,NULL,NULL,NULL,NULL,NULL,NULL,NULL,NULL,NULL,NULL,0,NULL,NULL,NULL,NULL,NULL,NULL,NULL,NULL,NULL,NULL,NULL),(37,14,NULL,294,1,'2018-10-11 06:54:50','2018-10-11 06:54:50',11,'simple','{\"info_buyRequest\":{\"uenc\":\"aHR0cDovL2xvY2FsaG9zdC95dGNfdGVtcGxhdGVzL21hZ2VudG8yL3NtX211bHRlXzIyNi8,\",\"product\":\"11\",\"qty\":1}}',NULL,0,'B-845031','Wagyu Beef Tataki',NULL,NULL,NULL,0,0,NULL,0.0000,0.0000,1.0000,0.0000,0.0000,NULL,520.0000,520.0000,560.0000,560.0000,0.0000,0.0000,0.0000,0.0000,0.0000,0.0000,0.0000,0.0000,0.0000,0.0000,0.0000,0.0000,520.0000,520.0000,0.0000,0.0000,0.0000,NULL,NULL,NULL,NULL,NULL,520.0000,520.0000,520.0000,520.0000,0.0000,0.0000,NULL,NULL,NULL,NULL,NULL,NULL,NULL,NULL,NULL,NULL,0,NULL,NULL,NULL,NULL,NULL,NULL,NULL,NULL,NULL,NULL,NULL),(38,15,NULL,295,1,'2018-10-11 07:44:46','2018-10-11 07:44:46',33,'simple','{\"info_buyRequest\":{\"uenc\":\"aHR0cDovL2xvY2FsaG9zdC95dGNfdGVtcGxhdGVzL21hZ2VudG8yL3NtX211bHRlXzIyNi9jYXRlZ29yaWVzLWRlbW8vbGVmdC1zaWRlYmFyLmh0bWw,\",\"product\":\"33\",\"qty\":1}}',NULL,0,'B-852410','Concord Grape Jam',NULL,NULL,NULL,0,0,NULL,0.0000,0.0000,1.0000,0.0000,0.0000,NULL,310.0000,310.0000,310.0000,310.0000,0.0000,0.0000,0.0000,0.0000,0.0000,0.0000,0.0000,0.0000,0.0000,0.0000,0.0000,0.0000,310.0000,310.0000,0.0000,0.0000,0.0000,NULL,NULL,NULL,NULL,NULL,310.0000,310.0000,310.0000,310.0000,0.0000,0.0000,NULL,NULL,NULL,NULL,NULL,NULL,NULL,NULL,NULL,NULL,0,NULL,NULL,NULL,NULL,NULL,NULL,NULL,NULL,NULL,NULL,NULL),(39,15,NULL,296,1,'2018-10-11 07:44:46','2018-10-11 07:44:46',14,'simple','{\"info_buyRequest\":{\"uenc\":\"aHR0cDovL2xvY2FsaG9zdC95dGNfdGVtcGxhdGVzL21hZ2VudG8yL3NtX211bHRlXzIyNi9jYXRlZ29yaWVzLWRlbW8vbGVmdC1zaWRlYmFyLmh0bWw,\",\"product\":\"14\",\"qty\":1}}',NULL,0,'B-749610','White Lasagna Olive',NULL,NULL,NULL,0,0,NULL,0.0000,0.0000,1.0000,0.0000,0.0000,NULL,250.0000,250.0000,250.0000,250.0000,0.0000,0.0000,0.0000,0.0000,0.0000,0.0000,0.0000,0.0000,0.0000,0.0000,0.0000,0.0000,250.0000,250.0000,0.0000,0.0000,0.0000,NULL,NULL,NULL,NULL,NULL,250.0000,250.0000,250.0000,250.0000,0.0000,0.0000,NULL,NULL,NULL,NULL,NULL,NULL,NULL,NULL,NULL,NULL,0,NULL,NULL,NULL,NULL,NULL,NULL,NULL,NULL,NULL,NULL,NULL),(40,16,NULL,297,1,'2018-10-12 02:58:59','2018-10-12 02:58:59',10,'simple','{\"info_buyRequest\":{\"uenc\":\"aHR0cDovLzE5Mi4xNjguMS4yMS95dGNfdGVtcGxhdGVzL21hZ2VudG8yL3NtX211bHRlXzIyNi9jYXJ0cXVpY2twcm8vY2F0YWxvZ19wcm9kdWN0L3ZpZXcvaWQvMTAvcmFuZHRpbWUvMTUzOTMxMjc0MDcyMS8,\",\"product\":\"10\",\"selected_configurable_option\":\"\",\"related_product\":\"\",\"item\":\"10\",\"qty\":\"1\"}}',NULL,0,'A-801367','Three Grain Salad Mint',NULL,NULL,NULL,0,0,NULL,0.0000,0.0000,4.0000,0.0000,0.0000,NULL,350.0000,350.0000,355.0000,355.0000,0.0000,0.0000,0.0000,0.0000,0.0000,0.0000,0.0000,0.0000,0.0000,0.0000,0.0000,0.0000,1400.0000,1400.0000,0.0000,0.0000,0.0000,NULL,NULL,NULL,NULL,NULL,350.0000,350.0000,1400.0000,1400.0000,0.0000,0.0000,NULL,NULL,NULL,NULL,NULL,NULL,NULL,NULL,NULL,NULL,0,NULL,NULL,NULL,NULL,NULL,NULL,NULL,NULL,NULL,NULL,NULL),(41,16,NULL,298,1,'2018-10-12 02:58:59','2018-10-12 02:58:59',11,'simple','{\"info_buyRequest\":{\"uenc\":\"aHR0cDovLzE5Mi4xNjguMS4yMS95dGNfdGVtcGxhdGVzL21hZ2VudG8yL3NtX211bHRlXzIyNi8,\",\"product\":\"11\",\"qty\":1}}',NULL,0,'B-845031','Wagyu Beef Tataki',NULL,NULL,NULL,0,0,NULL,0.0000,0.0000,1.0000,0.0000,0.0000,NULL,520.0000,520.0000,560.0000,560.0000,0.0000,0.0000,0.0000,0.0000,0.0000,0.0000,0.0000,0.0000,0.0000,0.0000,0.0000,0.0000,520.0000,520.0000,0.0000,0.0000,0.0000,NULL,NULL,NULL,NULL,NULL,520.0000,520.0000,520.0000,520.0000,0.0000,0.0000,NULL,NULL,NULL,NULL,NULL,NULL,NULL,NULL,NULL,NULL,0,NULL,NULL,NULL,NULL,NULL,NULL,NULL,NULL,NULL,NULL,NULL),(42,16,NULL,299,1,'2018-10-12 02:58:59','2018-10-12 02:58:59',3,'simple','{\"info_buyRequest\":{\"uenc\":\"aHR0cDovLzE5Mi4xNjguMS4yMS95dGNfdGVtcGxhdGVzL21hZ2VudG8yL3NtX211bHRlXzIyNi90aHJlZS1ncmFpbi1zYWxhZC1taW50Lmh0bWw,\",\"product\":\"3\",\"qty\":1}}',NULL,0,'B-741236','Goat Cheese Mousse',NULL,NULL,NULL,0,0,NULL,0.0000,0.0000,1.0000,0.0000,0.0000,NULL,450.0000,450.0000,450.0000,450.0000,0.0000,0.0000,0.0000,0.0000,0.0000,0.0000,0.0000,0.0000,0.0000,0.0000,0.0000,0.0000,450.0000,450.0000,0.0000,0.0000,0.0000,NULL,NULL,NULL,NULL,NULL,450.0000,450.0000,450.0000,450.0000,0.0000,0.0000,NULL,NULL,NULL,NULL,NULL,NULL,NULL,NULL,NULL,NULL,0,NULL,NULL,NULL,NULL,NULL,NULL,NULL,NULL,NULL,NULL,NULL),(43,16,NULL,300,1,'2018-10-12 02:58:59','2018-10-12 02:58:59',5,'simple','{\"info_buyRequest\":{\"uenc\":\"aHR0cDovLzE5Mi4xNjguMS4yMS95dGNfdGVtcGxhdGVzL21hZ2VudG8yL3NtX211bHRlXzIyNi90aHJlZS1ncmFpbi1zYWxhZC1taW50Lmh0bWw,\",\"product\":\"5\",\"qty\":1}}',NULL,0,'B785214','Mushrooms Cured Ricotta',NULL,NULL,NULL,0,0,NULL,0.0000,0.0000,1.0000,0.0000,0.0000,NULL,146.0000,146.0000,146.0000,146.0000,0.0000,0.0000,0.0000,0.0000,0.0000,0.0000,0.0000,0.0000,0.0000,0.0000,0.0000,0.0000,146.0000,146.0000,0.0000,0.0000,0.0000,NULL,NULL,NULL,NULL,NULL,146.0000,146.0000,146.0000,146.0000,0.0000,0.0000,NULL,NULL,NULL,NULL,NULL,NULL,NULL,NULL,NULL,NULL,0,NULL,NULL,NULL,NULL,NULL,NULL,NULL,NULL,NULL,NULL,NULL),(44,17,NULL,308,1,'2018-10-12 04:38:58','2018-10-12 04:38:58',1,'simple','{\"info_buyRequest\":{\"uenc\":\"aHR0cDovLzE5Mi4xNjguMS4yMS95dGNfdGVtcGxhdGVzL21hZ2VudG8yL3NtX211bHRlXzIyNi9rYXRzdWRvbi1wb3JrLWN1dGxldC1yaWNlLmh0bWw_X19fc3RvcmU9Y2FtZXJvb24,\",\"product\":\"1\",\"selected_configurable_option\":\"\",\"related_product\":\"\",\"item\":\"1\",\"qty\":\"2\"}}',NULL,0,'B-145269','Katsudon Pork Cutlet Rice',NULL,NULL,NULL,0,0,NULL,0.0000,0.0000,2.0000,0.0000,0.0000,NULL,250.0000,250.0000,250.0000,250.0000,0.0000,0.0000,0.0000,0.0000,0.0000,0.0000,0.0000,0.0000,0.0000,0.0000,0.0000,0.0000,500.0000,500.0000,0.0000,0.0000,0.0000,NULL,NULL,NULL,NULL,NULL,250.0000,250.0000,500.0000,500.0000,0.0000,0.0000,NULL,NULL,NULL,NULL,NULL,NULL,NULL,NULL,NULL,NULL,0,NULL,NULL,NULL,NULL,NULL,NULL,NULL,NULL,NULL,NULL,NULL),(45,18,NULL,309,1,'2018-10-12 04:44:55','2018-10-12 04:44:55',11,'simple','{\"info_buyRequest\":{\"uenc\":\"aHR0cDovLzE5Mi4xNjguMS4yMS95dGNfdGVtcGxhdGVzL21hZ2VudG8yL3NtX211bHRlXzIyNi8,\",\"product\":\"11\",\"qty\":1}}',NULL,0,'B-845031','Wagyu Beef Tataki',NULL,NULL,NULL,0,0,NULL,0.0000,0.0000,1.0000,0.0000,0.0000,NULL,520.0000,520.0000,560.0000,560.0000,0.0000,0.0000,0.0000,0.0000,0.0000,0.0000,0.0000,0.0000,0.0000,0.0000,0.0000,0.0000,520.0000,520.0000,0.0000,0.0000,0.0000,NULL,NULL,NULL,NULL,NULL,520.0000,520.0000,520.0000,520.0000,0.0000,0.0000,NULL,NULL,NULL,NULL,NULL,NULL,NULL,NULL,NULL,NULL,0,NULL,NULL,NULL,NULL,NULL,NULL,NULL,NULL,NULL,NULL,NULL),(46,19,NULL,310,1,'2018-10-12 07:53:36','2018-10-12 07:53:36',11,'simple','{\"info_buyRequest\":{\"uenc\":\"aHR0cDovLzE5Mi4xNjguMS4yMS95dGNfdGVtcGxhdGVzL21hZ2VudG8yL3NtX211bHRlXzIyNi8,\",\"product\":\"11\",\"qty\":1}}',NULL,0,'B-845031','Wagyu Beef Tataki',NULL,NULL,NULL,0,0,NULL,0.0000,0.0000,1.0000,0.0000,0.0000,NULL,520.0000,520.0000,560.0000,560.0000,0.0000,0.0000,0.0000,0.0000,0.0000,0.0000,0.0000,0.0000,0.0000,0.0000,0.0000,0.0000,520.0000,520.0000,0.0000,0.0000,0.0000,NULL,NULL,NULL,NULL,NULL,520.0000,520.0000,520.0000,520.0000,0.0000,0.0000,NULL,NULL,NULL,NULL,NULL,NULL,NULL,NULL,NULL,NULL,0,NULL,NULL,NULL,NULL,NULL,NULL,NULL,NULL,NULL,NULL,NULL),(47,20,NULL,311,1,'2018-10-12 08:00:31','2018-10-12 08:00:31',11,'simple','{\"info_buyRequest\":{\"uenc\":\"aHR0cDovLzE5Mi4xNjguMS4yMS95dGNfdGVtcGxhdGVzL21hZ2VudG8yL3NtX211bHRlXzIyNi8,\",\"product\":\"11\",\"qty\":1}}',NULL,0,'B-845031','Wagyu Beef Tataki',NULL,NULL,NULL,0,0,NULL,0.0000,0.0000,1.0000,0.0000,0.0000,NULL,520.0000,520.0000,560.0000,560.0000,0.0000,0.0000,0.0000,0.0000,0.0000,0.0000,0.0000,0.0000,0.0000,0.0000,0.0000,0.0000,520.0000,520.0000,0.0000,0.0000,0.0000,NULL,NULL,NULL,NULL,NULL,520.0000,520.0000,520.0000,520.0000,0.0000,0.0000,NULL,NULL,NULL,NULL,NULL,NULL,NULL,NULL,NULL,NULL,0,NULL,NULL,NULL,NULL,NULL,NULL,NULL,NULL,NULL,NULL,NULL),(48,21,NULL,360,1,'2020-11-12 02:28:44','2020-11-12 02:28:44',7,'simple','{\"info_buyRequest\":{\"uenc\":\"aHR0cDovL21hZ2VudG8yLm1hZ2VudGVjaC5jb20vdGhlbWVzL3NtX211bHRlL2RlZmF1bHQvY2hvY29sYXRlLWJlaWduZXRzLmh0bWw,\",\"product\":\"7\",\"selected_configurable_option\":\"\",\"related_product\":\"\",\"item\":\"7\",\"qty\":\"1\"}}',NULL,0,'B-478523','Chocolate Beignets',NULL,NULL,NULL,0,0,NULL,0.0000,0.0000,1.0000,0.0000,0.0000,NULL,550.0000,550.0000,550.0000,550.0000,0.0000,0.0000,0.0000,0.0000,0.0000,0.0000,0.0000,0.0000,0.0000,0.0000,0.0000,0.0000,550.0000,550.0000,0.0000,0.0000,0.0000,NULL,NULL,NULL,NULL,NULL,550.0000,550.0000,550.0000,550.0000,0.0000,0.0000,NULL,NULL,NULL,NULL,NULL,NULL,NULL,NULL,NULL,NULL,0,NULL,NULL,NULL,NULL,NULL,NULL,NULL,NULL,NULL,NULL,NULL),(49,22,NULL,382,1,'2020-12-09 21:19:25','2020-12-09 21:19:25',3,'simple','{\"info_buyRequest\":{\"uenc\":\"aHR0cDovL21hZ2VudG8yLm1hZ2VudGVjaC5jb20vdGhlbWVzL3NtX211bHRlL2RlZmF1bHQvZ29hdC1jaGVlc2UtbW91c3NlLmh0bWw,\",\"product\":\"3\",\"selected_configurable_option\":\"\",\"related_product\":\"\",\"item\":\"3\",\"qty\":\"1\"}}',NULL,0,'B-741236','Goat Cheese Mousse',NULL,NULL,NULL,0,0,NULL,0.0000,0.0000,1.0000,0.0000,0.0000,NULL,440.0000,440.0000,450.0000,450.0000,0.0000,0.0000,0.0000,0.0000,0.0000,0.0000,0.0000,0.0000,0.0000,0.0000,0.0000,0.0000,440.0000,440.0000,0.0000,0.0000,0.0000,NULL,NULL,NULL,NULL,NULL,440.0000,440.0000,440.0000,440.0000,0.0000,0.0000,NULL,NULL,NULL,NULL,NULL,NULL,NULL,NULL,NULL,NULL,0,NULL,NULL,NULL,NULL,NULL,NULL,NULL,NULL,NULL,NULL,NULL),(50,23,NULL,439,1,'2021-04-29 01:02:25','2021-04-29 01:02:25',2,'simple','{\"info_buyRequest\":{\"uenc\":\"aHR0cDovL21hZ2VudG8yLm1hZ2VudGVjaC5jb20vdGhlbWVzL3NtX211bHRlL2RlZmF1bHQv\",\"product\":\"2\",\"qty\":1}}',NULL,0,'B-7896521','Heirloom Beet Tartare',NULL,NULL,NULL,0,0,NULL,0.0000,0.0000,1.0000,0.0000,0.0000,NULL,300.0000,300.0000,320.0000,320.0000,0.0000,0.0000,0.0000,0.0000,0.0000,0.0000,0.0000,0.0000,0.0000,0.0000,0.0000,0.0000,300.0000,300.0000,0.0000,0.0000,0.0000,NULL,NULL,NULL,NULL,NULL,300.0000,300.0000,300.0000,300.0000,0.0000,0.0000,NULL,NULL,NULL,NULL,NULL,NULL,NULL,NULL,NULL,NULL,0,NULL,NULL,NULL,NULL,NULL,NULL,NULL,NULL,NULL,NULL,NULL),(51,23,NULL,440,1,'2021-04-29 01:02:25','2021-04-29 01:02:25',3,'simple','{\"info_buyRequest\":{\"uenc\":\"aHR0cDovL21hZ2VudG8yLm1hZ2VudGVjaC5jb20vdGhlbWVzL3NtX211bHRlL2RlZmF1bHQv\",\"product\":\"3\",\"qty\":1}}',NULL,0,'B-741236','Goat Cheese Mousse',NULL,NULL,NULL,0,0,NULL,0.0000,0.0000,1.0000,0.0000,0.0000,NULL,440.0000,440.0000,450.0000,450.0000,0.0000,0.0000,0.0000,0.0000,0.0000,0.0000,0.0000,0.0000,0.0000,0.0000,0.0000,0.0000,440.0000,440.0000,0.0000,0.0000,0.0000,NULL,NULL,NULL,NULL,NULL,440.0000,440.0000,440.0000,440.0000,0.0000,0.0000,NULL,NULL,NULL,NULL,NULL,NULL,NULL,NULL,NULL,NULL,0,NULL,NULL,NULL,NULL,NULL,NULL,NULL,NULL,NULL,NULL,NULL),(52,24,NULL,475,1,'2021-10-13 01:57:04','2021-10-13 01:57:04',7,'simple','{\"info_buyRequest\":{\"uenc\":\"aHR0cDovL21hZ2VudG8yLm1hZ2VudGVjaC5jb20vdGhlbWVzL3NtX211bHRlL2RlZmF1bHQvY2hvY29sYXRlLWJlaWduZXRzLmh0bWw,\",\"product\":\"7\",\"selected_configurable_option\":\"\",\"related_product\":\"\",\"item\":\"7\",\"qty\":\"1\"}}',NULL,0,'B-478523','Chocolate Beignets',NULL,NULL,NULL,0,0,NULL,0.0000,0.0000,1.0000,0.0000,0.0000,NULL,550.0000,550.0000,550.0000,550.0000,0.0000,0.0000,0.0000,0.0000,0.0000,0.0000,0.0000,0.0000,0.0000,0.0000,0.0000,0.0000,550.0000,550.0000,0.0000,0.0000,0.0000,NULL,NULL,NULL,NULL,NULL,550.0000,550.0000,550.0000,550.0000,0.0000,0.0000,NULL,NULL,NULL,NULL,NULL,NULL,NULL,NULL,NULL,NULL,0,NULL,NULL,NULL,NULL,NULL,NULL,NULL,NULL,NULL,NULL,NULL),(53,25,NULL,481,2,'2021-11-24 10:52:16','2021-11-24 10:52:16',3,'simple','{\"info_buyRequest\":{\"uenc\":\"aHR0cDovL21hZ2VudG8yLm1hZ2VudGVjaC5jb20vdGhlbWVzL3NtX211bHRlL2ZyZW5jaA,,\",\"product\":\"3\",\"qty\":1}}',NULL,0,'B-741236','Goat Cheese Mousse',NULL,NULL,NULL,0,0,NULL,0.0000,0.0000,1.0000,0.0000,0.0000,NULL,440.0000,440.0000,450.0000,450.0000,0.0000,0.0000,0.0000,0.0000,0.0000,0.0000,0.0000,0.0000,0.0000,0.0000,0.0000,0.0000,440.0000,440.0000,0.0000,0.0000,0.0000,NULL,NULL,NULL,NULL,NULL,440.0000,440.0000,440.0000,440.0000,0.0000,0.0000,NULL,NULL,NULL,NULL,NULL,NULL,NULL,NULL,NULL,NULL,0,NULL,NULL,NULL,NULL,NULL,NULL,NULL,NULL,NULL,NULL,NULL),(54,26,NULL,518,6,'2022-08-16 07:08:08','2022-08-16 07:08:08',1,'simple','{\"info_buyRequest\":{\"uenc\":\"aHR0cDovL21hZ2VudG8yLm1hZ2VudGVjaC5jb20vdGhlbWVzL3NtX211bHRlL2JvbGl2aWEva2F0c3Vkb24tcG9yay1jdXRsZXQtcmljZS5odG1s\",\"product\":\"1\",\"selected_configurable_option\":\"\",\"related_product\":\"\",\"item\":\"1\",\"qty\":\"1\"}}',NULL,0,'B-145269','Katsudon Pork Cutlet Rice',NULL,NULL,NULL,0,0,NULL,0.0000,0.0000,1.0000,0.0000,0.0000,NULL,250.0000,250.0000,250.0000,250.0000,0.0000,0.0000,0.0000,0.0000,0.0000,0.0000,0.0000,0.0000,0.0000,0.0000,0.0000,0.0000,250.0000,250.0000,0.0000,0.0000,0.0000,NULL,NULL,NULL,NULL,NULL,250.0000,250.0000,250.0000,250.0000,0.0000,0.0000,NULL,NULL,NULL,NULL,NULL,NULL,NULL,NULL,NULL,NULL,0,NULL,NULL,NULL,NULL,NULL,NULL,NULL,NULL,NULL,NULL,NULL),(55,26,NULL,519,6,'2022-08-16 07:08:08','2022-08-16 07:08:08',3,'simple','{\"info_buyRequest\":{\"uenc\":\"aHR0cDovL21hZ2VudG8yLm1hZ2VudGVjaC5jb20vdGhlbWVzL3NtX211bHRlL2JvbGl2aWEva2F0c3Vkb24tcG9yay1jdXRsZXQtcmljZS5odG1s\",\"product\":\"3\",\"qty\":1}}',NULL,0,'B-741236','Goat Cheese Mousse',NULL,NULL,NULL,0,0,NULL,0.0000,0.0000,1.0000,0.0000,0.0000,NULL,440.0000,440.0000,450.0000,450.0000,0.0000,0.0000,0.0000,0.0000,0.0000,0.0000,0.0000,0.0000,0.0000,0.0000,0.0000,0.0000,440.0000,440.0000,0.0000,0.0000,0.0000,NULL,NULL,NULL,NULL,NULL,440.0000,440.0000,440.0000,440.0000,0.0000,0.0000,NULL,NULL,NULL,NULL,NULL,NULL,NULL,NULL,NULL,NULL,0,NULL,NULL,NULL,NULL,NULL,NULL,NULL,NULL,NULL,NULL,NULL),(56,27,NULL,522,1,'2022-10-05 05:14:12','2022-10-05 05:14:12',17,'simple','{\"info_buyRequest\":{\"uenc\":\"aHR0cHM6Ly9tYWdlbnRvMi5tYWdlbnRlY2guY29tL3RoZW1lcy9zbV9tdWx0ZS9wdWIvZGVmYXVsdC9vdXItbWVudS9icmVha2Zhc3QuaHRtbA,,\",\"product\":\"17\",\"qty\":1}}',NULL,0,'B-478569','Five Course Vegetarian',NULL,NULL,NULL,0,0,NULL,0.0000,0.0000,1.0000,0.0000,0.0000,NULL,260.0000,260.0000,260.0000,260.0000,0.0000,0.0000,0.0000,0.0000,0.0000,0.0000,0.0000,0.0000,0.0000,0.0000,0.0000,0.0000,260.0000,260.0000,0.0000,0.0000,0.0000,NULL,NULL,NULL,NULL,NULL,260.0000,260.0000,260.0000,260.0000,0.0000,0.0000,NULL,NULL,NULL,NULL,NULL,NULL,NULL,NULL,NULL,NULL,0,NULL,NULL,NULL,NULL,NULL,NULL,NULL,NULL,NULL,NULL,NULL),(57,28,NULL,535,4,'2023-03-23 18:24:31','2023-03-23 18:24:31',5,'simple','{\"info_buyRequest\":{\"uenc\":\"aHR0cDovL21hZ2VudG8yLm1hZ2VudGVjaC5jb20vdGhlbWVzL3NtX211bHRlL3B1Yi9zb21hbGlsYW5kL291ci1tZW51Lmh0bWw,\",\"product\":\"5\",\"qty\":1}}',NULL,0,'B785214','Mushrooms Cured Ricotta',NULL,NULL,NULL,0,0,NULL,0.0000,0.0000,1.0000,0.0000,0.0000,NULL,146.0000,146.0000,146.0000,146.0000,0.0000,0.0000,0.0000,0.0000,0.0000,0.0000,0.0000,0.0000,0.0000,0.0000,0.0000,0.0000,146.0000,146.0000,0.0000,0.0000,0.0000,NULL,NULL,NULL,NULL,NULL,146.0000,146.0000,146.0000,146.0000,0.0000,0.0000,NULL,NULL,NULL,NULL,NULL,NULL,NULL,NULL,NULL,NULL,0,NULL,NULL,NULL,NULL,NULL,NULL,NULL,NULL,NULL,NULL,NULL),(58,28,NULL,536,4,'2023-03-23 18:24:31','2023-03-23 18:24:31',8,'simple','{\"info_buyRequest\":{\"uenc\":\"aHR0cDovL21hZ2VudG8yLm1hZ2VudGVjaC5jb20vdGhlbWVzL3NtX211bHRlL3B1Yi9zb21hbGlsYW5kL291ci1tZW51Lmh0bWw,\",\"product\":\"8\",\"qty\":1}}',NULL,0,'B-879546','House Made Cookies',NULL,NULL,NULL,0,0,NULL,0.0000,0.0000,1.0000,0.0000,0.0000,NULL,230.0000,230.0000,230.0000,230.0000,0.0000,0.0000,0.0000,0.0000,0.0000,0.0000,0.0000,0.0000,0.0000,0.0000,0.0000,0.0000,230.0000,230.0000,0.0000,0.0000,0.0000,NULL,NULL,NULL,NULL,NULL,230.0000,230.0000,230.0000,230.0000,0.0000,0.0000,NULL,NULL,NULL,NULL,NULL,NULL,NULL,NULL,NULL,NULL,0,NULL,NULL,NULL,NULL,NULL,NULL,NULL,NULL,NULL,NULL,NULL);

--
